000
CDUS41 KBOX 092137
CLIPVD


CLIMATE REPORT
NATIONAL WEATHER SERVICE TAUNTON MA
426 PM EST SAT DEC 9 2017


...................................

...THE PROVIDENCE RI CLIMATE SUMMARY FOR DECEMBER 9 2017...
VALID AS OF 0400 PM LOCAL TIME.

CLIMATE NORMAL PERIOD 1981 TO 2010
CLIMATE RECORD PERIOD 1904 TO 2017


WEATHER ITEM   OBSERVED TIME   RECORD YEAR NORMAL DEPARTURE LAST
                VALUE   (LST)  VALUE       VALUE  FROM      YEAR
                                                  NORMAL
..................................................................
TEMPERATURE (F)
 TODAY
  MAXIMUM         36    821 AM  66    1991  44     -8       38
  MINIMUM         32    259 PM   5    1934  29      3       24
  AVERAGE         34                        36     -2       31

PRECIPITATION (IN)
  TODAY            0.17          2.74 2014   0.15   0.02     0.00
  MONTH TO DATE    1.00                      1.37  -0.37     0.46
  SINCE DEC 1      1.00                      1.37  -0.37     0.46
  SINCE JAN 1     47.43                     44.33   3.10    37.32

SNOWFALL (IN)
  TODAY            1.3           3.8  2005   0.3    0.0      0.0
  MONTH TO DATE    1.3                       2.0   -0.7      0.4
  SINCE DEC 1      1.3                       2.0   -0.7      0.4
  SINCE JUL 1      1.3                       3.5   -2.2      0.4
  SNOW DEPTH       1

DEGREE DAYS
 HEATING
  TODAY           31                        29      2       34
  MONTH TO DATE  191                       244    -53      230
  SINCE DEC 1    191                       244    -53      230
  SINCE JUL 1   1005                      1319   -314     1117

 COOLING
  TODAY            0                         0      0        0
  MONTH TO DATE    0                         0      0        0
  SINCE DEC 1      0                         0      0        0
  SINCE JAN 1    880                       744    136     1049
..................................................................


WIND (MPH)
  HIGHEST WIND SPEED    14   HIGHEST WIND DIRECTION     N (20)
  HIGHEST GUST SPEED    16   HIGHEST GUST DIRECTION     N (360)
  AVERAGE WIND SPEED     5.3


SKY COVER
  POSSIBLE SUNSHINE  MM
  AVERAGE SKY COVER 1.0


WEATHER CONDITIONS
 THE FOLLOWING WEATHER WAS RECORDED TODAY.
  LIGHT SNOW
  FOG


RELATIVE HUMIDITY (PERCENT)
 HIGHEST   100           100 PM
 LOWEST     52          1200 AM
 AVERAGE    76

..........................................................


THE PROVIDENCE RI CLIMATE NORMALS FOR TOMORROW
                         NORMAL    RECORD    YEAR
 MAXIMUM TEMPERATURE (F)   44        67      1946
 MINIMUM TEMPERATURE (F)   28         5      1968


SUNRISE AND SUNSET
DECEMBER  9 2017......SUNRISE   701 AM EST   SUNSET   415 PM EST
DECEMBER 10 2017......SUNRISE   702 AM EST   SUNSET   415 PM EST


-  INDICATES NEGATIVE NUMBERS.
R  INDICATES RECORD WAS SET OR TIED.
MM INDICATES DATA IS MISSING.
T  INDICATES TRACE AMOUNT.




$$
