000
CDUS41 KBOX 170534
CLIPVD


CLIMATE REPORT
NATIONAL WEATHER SERVICE TAUNTON MA
1233 AM EST FRI FEB 17 2017


...................................

...THE PROVIDENCE RI CLIMATE SUMMARY FOR FEBRUARY 16 2017...

CLIMATE NORMAL PERIOD 1981 TO 2010
CLIMATE RECORD PERIOD 1904 TO 2017


WEATHER ITEM   OBSERVED TIME   RECORD YEAR NORMAL DEPARTURE LAST
                VALUE   (LST)  VALUE       VALUE  FROM      YEAR
                                                  NORMAL
..................................................................
TEMPERATURE (F)
 YESTERDAY
  MAXIMUM         37    141 PM  60    1910  40     -3       53
  MINIMUM         25   1159 PM -10    1943  24      1       28
  AVERAGE         31                        32     -1       41

PRECIPITATION (IN)
  YESTERDAY        0.00          2.32 1993   0.12  -0.12     0.68
  MONTH TO DATE    2.07                      1.80   0.27     3.63
  SINCE DEC 1     10.17                      9.88   0.29    11.46
  SINCE JAN 1      7.03                      5.66   1.37     6.66

SNOWFALL (IN)
  YESTERDAY        0.0           9.1  1958   0.4   -0.4      0.0
  MONTH TO DATE   16.8                       5.0   11.8     11.5
  SINCE DEC 1     38.2                      22.7   15.5     19.4
  SINCE JUL 1     38.2                      24.2   14.0     19.4
  SNOW DEPTH       7

DEGREE DAYS
 HEATING
  YESTERDAY       34                        33      1       24
  MONTH TO DATE  556                       545     11      572
  SINCE DEC 1   2413                      2607   -194     2165
  SINCE JUL 1   3300                      3682   -382     3046

 COOLING
  YESTERDAY        0                         0      0        0
  MONTH TO DATE    0                         0      0        0
  SINCE DEC 1      0                         0      0        0
  SINCE JAN 1      0                         0      0        0
..................................................................


WIND (MPH)
  RESULTANT WIND SPEED  14   RESULTANT WIND DIRECTION  NW (310)
  HIGHEST WIND SPEED    22   HIGHEST WIND DIRECTION    NW (310)
  HIGHEST GUST SPEED    30   HIGHEST GUST DIRECTION    NW (300)
  AVERAGE WIND SPEED    14.4


SKY COVER
  POSSIBLE SUNSHINE  MM
  AVERAGE SKY COVER 0.5


WEATHER CONDITIONS
 THE FOLLOWING WEATHER WAS RECORDED YESTERDAY.
  NO SIGNIFICANT WEATHER WAS OBSERVED.


RELATIVE HUMIDITY (PERCENT)
 HIGHEST    75          1200 AM
 LOWEST     47           200 PM
 AVERAGE    61

..........................................................


THE PROVIDENCE RI CLIMATE NORMALS FOR TODAY
                         NORMAL    RECORD    YEAR
 MAXIMUM TEMPERATURE (F)   41        66      1981
 MINIMUM TEMPERATURE (F)   24        -5      1922


SUNRISE AND SUNSET
FEBRUARY 17 2017......SUNRISE   638 AM EST   SUNSET   522 PM EST
FEBRUARY 18 2017......SUNRISE   637 AM EST   SUNSET   523 PM EST


-  INDICATES NEGATIVE NUMBERS.
R  INDICATES RECORD WAS SET OR TIED.
MM INDICATES DATA IS MISSING.
T  INDICATES TRACE AMOUNT.




$$
