000
CDUS41 KBOX 180539
CLIPVD


CLIMATE REPORT
NATIONAL WEATHER SERVICE TAUNTON MA
137 AM EDT SAT OCT 18 2014


...................................

...THE PROVIDENCE RI CLIMATE SUMMARY FOR OCTOBER 17 2014...

CLIMATE NORMAL PERIOD 1981 TO 2010
CLIMATE RECORD PERIOD 1904 TO 2014


WEATHER ITEM   OBSERVED TIME   RECORD YEAR NORMAL DEPARTURE LAST
                VALUE   (LST)  VALUE       VALUE  FROM      YEAR
                                                  NORMAL
..................................................................
TEMPERATURE (F)
 YESTERDAY
  MAXIMUM         72    128 PM  88    1947  63      9       71
  MINIMUM         56   1156 PM  30    1978  43     13       52
                                      1970
                                      1937
  AVERAGE         64                        53     11       62

PRECIPITATION (IN)
  YESTERDAY        0.00          1.56 1989   0.13  -0.13     0.02
  MONTH TO DATE    2.01                      2.13  -0.12     0.49
  SINCE SEP 1      2.75                      6.05  -3.30     5.08
  SINCE JAN 1     34.20                     36.65  -2.45    35.89

SNOWFALL (IN)
  YESTERDAY        0.0           T    1970   0.0    0.0      0.0
  MONTH TO DATE    0.0                       0.0    0.0      0.0
  SINCE SEP 1      0.0                       0.0    0.0      0.0
  SINCE JUL 1      0.0                       0.0    0.0      0.0
  SNOW DEPTH       0

DEGREE DAYS
 HEATING
  YESTERDAY        1                        12    -11        3
  MONTH TO DATE  119                       163    -44       91
  SINCE SEP 1    193                       251    -58      194
  SINCE JUL 1    193                       260    -67      194

 COOLING
  YESTERDAY        0                         0      0        0
  MONTH TO DATE   12                         6      6        7
  SINCE SEP 1    127                        86     41       70
  SINCE JAN 1    709                       742    -33      892
..................................................................


WIND (MPH)
  RESULTANT WIND SPEED   8   RESULTANT WIND DIRECTION  SW (220)
  HIGHEST WIND SPEED    22   HIGHEST WIND DIRECTION     S (200)
  HIGHEST GUST SPEED    27   HIGHEST GUST DIRECTION     S (200)
  AVERAGE WIND SPEED     9.0


SKY COVER
  POSSIBLE SUNSHINE  MM
  AVERAGE SKY COVER 0.2


WEATHER CONDITIONS
 THE FOLLOWING WEATHER WAS RECORDED YESTERDAY.
  FOG


RELATIVE HUMIDITY (PERCENT)
 HIGHEST   100           100 AM
 LOWEST     49          1200 PM
 AVERAGE    75

..........................................................


THE PROVIDENCE RI CLIMATE NORMALS FOR TODAY
                         NORMAL    RECORD    YEAR
 MAXIMUM TEMPERATURE (F)   63        85      1908
 MINIMUM TEMPERATURE (F)   43        28      1978
                                             1976
                                             1970


SUNRISE AND SUNSET
OCTOBER 18 2014.......SUNRISE   701 AM EDT   SUNSET   600 PM EDT
OCTOBER 19 2014.......SUNRISE   702 AM EDT   SUNSET   558 PM EDT


-  INDICATES NEGATIVE NUMBERS.
R  INDICATES RECORD WAS SET OR TIED.
MM INDICATES DATA IS MISSING.
T  INDICATES TRACE AMOUNT.




$$
