000
CDUS41 KBOX 170941
CLIPVD


CLIMATE REPORT
NATIONAL WEATHER SERVICE TAUNTON MA
431 AM EST SAT FEB 17 2018


...................................

...THE PROVIDENCE RI CLIMATE SUMMARY FOR FEBRUARY 16 2018...

CLIMATE NORMAL PERIOD 1981 TO 2010
CLIMATE RECORD PERIOD 1904 TO 2018


WEATHER ITEM   OBSERVED TIME   RECORD YEAR NORMAL DEPARTURE LAST
                VALUE   (LST)  VALUE       VALUE  FROM      YEAR
                                                  NORMAL
..................................................................
TEMPERATURE (F)
 YESTERDAY
  MAXIMUM         56    253 PM  60    1910  40     16       37
  MINIMUM         36   1159 PM -10    1943  24     12       25
  AVERAGE         46                        32     14       31

PRECIPITATION (IN)
  YESTERDAY        0.14          2.32 1993   0.12   0.02     0.00
  MONTH TO DATE    3.45                      1.80   1.65     2.07
  SINCE DEC 1     12.51                      9.88   2.63    10.17
  SINCE JAN 1      9.94                      5.66   4.28     7.03

SNOWFALL (IN)
  YESTERDAY        0.0           9.1  1958   0.4   -0.4      0.0
  MONTH TO DATE    0.5                       5.0   -4.5     16.8
  SINCE DEC 1     28.7                      22.7    6.0     38.2
  SINCE JUL 1     28.7                      24.2    4.5     38.2
  SNOW DEPTH       0

DEGREE DAYS
 HEATING
  YESTERDAY       19                        33    -14       34
  MONTH TO DATE  465                       545    -80      556
  SINCE DEC 1   2610                      2607      3     2413
  SINCE JUL 1   3424                      3682   -258     3300

 COOLING
  YESTERDAY        0                         0      0        0
  MONTH TO DATE    0                         0      0        0
  SINCE DEC 1      0                         0      0        0
  SINCE JAN 1      0                         0      0        0
..................................................................


WIND (MPH)
  RESULTANT WIND SPEED  10   RESULTANT WIND DIRECTION  NW (300)
  HIGHEST WIND SPEED    26   HIGHEST WIND DIRECTION    NW (310)
  HIGHEST GUST SPEED    38   HIGHEST GUST DIRECTION    NW (310)
  AVERAGE WIND SPEED     9.3


SKY COVER
  POSSIBLE SUNSHINE  MM
  AVERAGE SKY COVER 0.8


WEATHER CONDITIONS
 THE FOLLOWING WEATHER WAS RECORDED YESTERDAY.
  HEAVY RAIN
  RAIN
  LIGHT RAIN
  FOG


RELATIVE HUMIDITY (PERCENT)
 HIGHEST   100          1200 AM
 LOWEST     44          1100 PM
 AVERAGE    72

..........................................................


THE PROVIDENCE RI CLIMATE NORMALS FOR TODAY
                         NORMAL    RECORD    YEAR
 MAXIMUM TEMPERATURE (F)   41        66      1981
 MINIMUM TEMPERATURE (F)   24        -5      1922


SUNRISE AND SUNSET
FEBRUARY 17 2018......SUNRISE   638 AM EST   SUNSET   522 PM EST
FEBRUARY 18 2018......SUNRISE   637 AM EST   SUNSET   523 PM EST


-  INDICATES NEGATIVE NUMBERS.
R  INDICATES RECORD WAS SET OR TIED.
MM INDICATES DATA IS MISSING.
T  INDICATES TRACE AMOUNT.




$$
