770
CDUS41 KBOX 080552
CLIPVD


CLIMATE REPORT
NATIONAL WEATHER SERVICE TAUNTON MA
1241 AM EST THU DEC 8 2016


...................................

...THE PROVIDENCE RI CLIMATE SUMMARY FOR DECEMBER 7 2016...

CLIMATE NORMAL PERIOD 1981 TO 2010
CLIMATE RECORD PERIOD 1904 TO 2016


WEATHER ITEM   OBSERVED TIME   RECORD YEAR NORMAL DEPARTURE LAST
                VALUE   (LST)  VALUE       VALUE  FROM      YEAR
                                                  NORMAL
..................................................................
TEMPERATURE (F)
 YESTERDAY
  MAXIMUM         44    252 PM  77    1998  45     -1       55
  MINIMUM         37    642 AM   4    1906  29      8       31
  AVERAGE         41                        37      4       43

PRECIPITATION (IN)
  YESTERDAY        0.17          1.58 1908   0.15   0.02     0.00
  MONTH TO DATE    0.46                      1.07  -0.61     0.40
  SINCE DEC 1      0.46                      1.07  -0.61     0.40
  SINCE JAN 1     37.32                     44.03  -6.71    36.43

SNOWFALL (IN)
  YESTERDAY        0.0           4.0  2003   0.3   -0.3      0.0
  MONTH TO DATE    0.4                       1.5   -1.1      0.0
  SINCE DEC 1      0.4                       1.5   -1.1      0.0
  SINCE JUL 1      0.4                       3.0   -2.6      0.0
  SNOW DEPTH       0

DEGREE DAYS
 HEATING
  YESTERDAY       24                        28     -4       22
  MONTH TO DATE  168                       187    -19      149
  SINCE DEC 1    168                       187    -19      149
  SINCE JUL 1   1055                      1262   -207     1030

 COOLING
  YESTERDAY        0                         0      0        0
  MONTH TO DATE    0                         0      0        0
  SINCE DEC 1      0                         0      0        0
  SINCE JAN 1   1049                       744    305      955
..................................................................


WIND (MPH)
  RESULTANT WIND SPEED   1   RESULTANT WIND DIRECTION   N (20)
  HIGHEST WIND SPEED    13   HIGHEST WIND DIRECTION     E (80)
  HIGHEST GUST SPEED    18   HIGHEST GUST DIRECTION     E (70)
  AVERAGE WIND SPEED     4.6


SKY COVER
  POSSIBLE SUNSHINE  MM
  AVERAGE SKY COVER 0.9


WEATHER CONDITIONS
 THE FOLLOWING WEATHER WAS RECORDED YESTERDAY.
  RAIN
  LIGHT RAIN
  FOG


RELATIVE HUMIDITY (PERCENT)
 HIGHEST    92           600 AM
 LOWEST     70           900 PM
 AVERAGE    81

..........................................................


THE PROVIDENCE RI CLIMATE NORMALS FOR TODAY
                         NORMAL    RECORD    YEAR
 MAXIMUM TEMPERATURE (F)   45        64      1966
 MINIMUM TEMPERATURE (F)   29         0      1906


SUNRISE AND SUNSET
DECEMBER  8 2016......SUNRISE   701 AM EST   SUNSET   415 PM EST
DECEMBER  9 2016......SUNRISE   701 AM EST   SUNSET   415 PM EST


-  INDICATES NEGATIVE NUMBERS.
R  INDICATES RECORD WAS SET OR TIED.
MM INDICATES DATA IS MISSING.
T  INDICATES TRACE AMOUNT.




$$
