000
CDUS41 KBOX 242125
CLIPVD


CLIMATE REPORT
NATIONAL WEATHER SERVICE TAUNTON MA
424 PM EST MON NOV 24 2014


...................................

...THE PROVIDENCE RI CLIMATE SUMMARY FOR NOVEMBER 24 2014...
VALID AS OF 0400 PM LOCAL TIME.

CLIMATE NORMAL PERIOD 1981 TO 2010
CLIMATE RECORD PERIOD 1904 TO 2014


WEATHER ITEM   OBSERVED TIME   RECORD YEAR NORMAL DEPARTURE LAST
                VALUE   (LST)  VALUE       VALUE  FROM      YEAR
                                                  NORMAL
..................................................................
TEMPERATURE (F)
 TODAY
  MAXIMUM         65   1242 PM  73    1979  50     15       31
  MINIMUM         39    128 AM   6    1989  34      5       21
  AVERAGE         52                        42     10       26

PRECIPITATION (IN)
  TODAY            1.31          2.14 1923   0.16   1.15     0.00
  MONTH TO DATE    3.86                      3.57   0.29     1.29
  SINCE SEP 1      7.90                     11.42  -3.52     6.49
  SINCE JAN 1     39.35                     42.02  -2.67    37.30

SNOWFALL (IN)
  TODAY           MM             2.7  1936   0.1   MM        0.0
  MONTH TO DATE    1.0                       0.9    0.1      0.1
  SINCE SEP 1      1.0                       0.9    0.1      0.1
  SINCE JUL 1      1.0                       0.9    0.1      0.1
  SNOW DEPTH       0

DEGREE DAYS
 HEATING
  TODAY           13                        23    -10       39
  MONTH TO DATE  530                       471     59      504
  SINCE SEP 1    882                       920    -38      917
  SINCE JUL 1    882                       929    -47      917

 COOLING
  TODAY            0                         0      0        0
  MONTH TO DATE    0                         0      0        0
  SINCE SEP 1    127                        88     39       70
  SINCE JAN 1    709                       744    -35      892
..................................................................


WIND (MPH)
  HIGHEST WIND SPEED    30   HIGHEST WIND DIRECTION    SW (210)
  HIGHEST GUST SPEED    43   HIGHEST GUST DIRECTION    SW (210)
  AVERAGE WIND SPEED    15.3


SKY COVER
  POSSIBLE SUNSHINE  MM
  AVERAGE SKY COVER 0.9


WEATHER CONDITIONS
 THE FOLLOWING WEATHER WAS RECORDED TODAY.
  HEAVY RAIN
  RAIN
  LIGHT RAIN
  FOG


RELATIVE HUMIDITY (PERCENT)
 HIGHEST   100           700 AM
 LOWEST     82           300 AM
 AVERAGE    91

..........................................................


THE PROVIDENCE RI CLIMATE NORMALS FOR TOMORROW
                         NORMAL    RECORD    YEAR
 MAXIMUM TEMPERATURE (F)   50        71      1979
 MINIMUM TEMPERATURE (F)   33        12      1938


SUNRISE AND SUNSET
NOVEMBER 24 2014......SUNRISE   646 AM EST   SUNSET   419 PM EST
NOVEMBER 25 2014......SUNRISE   647 AM EST   SUNSET   418 PM EST


-  INDICATES NEGATIVE NUMBERS.
R  INDICATES RECORD WAS SET OR TIED.
MM INDICATES DATA IS MISSING.
T  INDICATES TRACE AMOUNT.




$$
