000
CDUS41 KBOX 230553
CLIPVD


CLIMATE REPORT
NATIONAL WEATHER SERVICE TAUNTON MA
1252 AM EST FRI JAN 23 2015


...................................

...THE PROVIDENCE RI CLIMATE SUMMARY FOR JANUARY 22 2015...

CLIMATE NORMAL PERIOD 1981 TO 2010
CLIMATE RECORD PERIOD 1904 TO 2015


WEATHER ITEM   OBSERVED TIME   RECORD YEAR NORMAL DEPARTURE LAST
                VALUE   (LST)  VALUE       VALUE  FROM      YEAR
                                                  NORMAL
..................................................................
TEMPERATURE (F)
 YESTERDAY
  MAXIMUM         39    247 PM  61    1916  37      2       19
  MINIMUM         29   1159 PM -10    1976  21      8        7
  AVERAGE         34                        29      5       13

PRECIPITATION (IN)
  YESTERDAY        0.01          1.26 1958   0.13  -0.12     0.04
  MONTH TO DATE    1.70                      2.76  -1.06     3.61
  SINCE DEC 1      7.95                      6.98   0.97     8.43
  SINCE JAN 1      1.70                      2.76  -1.06     3.61

SNOWFALL (IN)
  YESTERDAY        0.1           7.0  2005   0.3   -0.2      1.2
  MONTH TO DATE    3.4                       6.4   -3.0     13.9
  SINCE DEC 1      4.3                      15.1  -10.8     20.9
  SINCE JUL 1      5.9                      16.6  -10.7     21.0
  SNOW DEPTH       0

DEGREE DAYS
 HEATING
  YESTERDAY       31                        36     -5       52
  MONTH TO DATE  826                       788     38      783
  SINCE DEC 1   1661                      1740    -79     1759
  SINCE JUL 1   2697                      2815   -118     2862

 COOLING
  YESTERDAY        0                         0      0        0
  MONTH TO DATE    0                         0      0        0
  SINCE DEC 1      0                         0      0        0
  SINCE JAN 1      0                         0      0        0
..................................................................


WIND (MPH)
  RESULTANT WIND SPEED   5   RESULTANT WIND DIRECTION  NW (330)
  HIGHEST WIND SPEED    10   HIGHEST WIND DIRECTION     N (360)
  HIGHEST GUST SPEED    14   HIGHEST GUST DIRECTION    NW (330)
  AVERAGE WIND SPEED     6.0


SKY COVER
  POSSIBLE SUNSHINE  MM
  AVERAGE SKY COVER 0.8


WEATHER CONDITIONS
 THE FOLLOWING WEATHER WAS RECORDED YESTERDAY.
  LIGHT SNOW
  FOG


RELATIVE HUMIDITY (PERCENT)
 HIGHEST    85           300 AM
 LOWEST     52           200 PM
 AVERAGE    69

..........................................................


THE PROVIDENCE RI CLIMATE NORMALS FOR TODAY
                         NORMAL    RECORD    YEAR
 MAXIMUM TEMPERATURE (F)   37        64      1906
 MINIMUM TEMPERATURE (F)   21       -13      1976


SUNRISE AND SUNSET
JANUARY 23 2015.......SUNRISE   706 AM EST   SUNSET   450 PM EST
JANUARY 24 2015.......SUNRISE   705 AM EST   SUNSET   451 PM EST


-  INDICATES NEGATIVE NUMBERS.
R  INDICATES RECORD WAS SET OR TIED.
MM INDICATES DATA IS MISSING.
T  INDICATES TRACE AMOUNT.




$$
