364
CDUS41 KBOX 220548
CLIPVD


CLIMATE REPORT
NATIONAL WEATHER SERVICE TAUNTON MA
139 AM EDT SUN MAY 22 2016


...................................

...THE PROVIDENCE RI CLIMATE SUMMARY FOR MAY 21 2016...

CLIMATE NORMAL PERIOD 1981 TO 2010
CLIMATE RECORD PERIOD 1904 TO 2016


WEATHER ITEM   OBSERVED TIME   RECORD YEAR NORMAL DEPARTURE LAST
                VALUE   (LST)  VALUE       VALUE  FROM      YEAR
                                                  NORMAL
..................................................................
TEMPERATURE (F)
 YESTERDAY
  MAXIMUM         72    934 AM  93    1996  70      2       68
  MINIMUM         50    447 AM  36    2002  50      0       45
  AVERAGE         61                        60      1       57

PRECIPITATION (IN)
  YESTERDAY        0.00          1.10 1986   0.11  -0.11     0.00
  MONTH TO DATE    1.49                      2.30  -0.81     0.48
  SINCE MAR 1      8.08                     11.67  -3.59     7.39
  SINCE JAN 1     16.43                     18.82  -2.39    13.74

SNOWFALL (IN)
  YESTERDAY        0.0           T    1907   0.0    0.0      0.0
  MONTH TO DATE    0.0                       0.0    0.0      0.0
  SINCE MAR 1      9.3                       6.1    3.2     16.3
  SINCE JUL 1     28.7                      33.8   -5.1     76.2
  SNOW DEPTH       0

DEGREE DAYS
 HEATING
  YESTERDAY        4                         6     -2        8
  MONTH TO DATE  207                       178     29      111
  SINCE MAR 1   1363                      1466   -103     1575
  SINCE JUL 1   4734                      5528   -794     5937

 COOLING
  YESTERDAY        0                         1     -1        0
  MONTH TO DATE    1                         8     -7       29
  SINCE MAR 1      1                        10     -9       29
  SINCE JAN 1      1                        10     -9       29
..................................................................


WIND (MPH)
  RESULTANT WIND SPEED   6   RESULTANT WIND DIRECTION   S (170)
  HIGHEST WIND SPEED    16   HIGHEST WIND DIRECTION     S (160)
  HIGHEST GUST SPEED    21   HIGHEST GUST DIRECTION    SE (150)
  AVERAGE WIND SPEED     6.9


SKY COVER
  POSSIBLE SUNSHINE  MM
  AVERAGE SKY COVER 0.6


WEATHER CONDITIONS
 THE FOLLOWING WEATHER WAS RECORDED YESTERDAY.
  NO SIGNIFICANT WEATHER WAS OBSERVED.


RELATIVE HUMIDITY (PERCENT)
 HIGHEST    83          1000 PM
 LOWEST     37           800 AM
 AVERAGE    60

..........................................................


THE PROVIDENCE RI CLIMATE NORMALS FOR TODAY
                         NORMAL    RECORD    YEAR
 MAXIMUM TEMPERATURE (F)   70        94      1992
                                             1941
 MINIMUM TEMPERATURE (F)   50        37      1907


SUNRISE AND SUNSET
MAY 22 2016...........SUNRISE   519 AM EDT   SUNSET   806 PM EDT
MAY 23 2016...........SUNRISE   519 AM EDT   SUNSET   807 PM EDT


-  INDICATES NEGATIVE NUMBERS.
R  INDICATES RECORD WAS SET OR TIED.
MM INDICATES DATA IS MISSING.
T  INDICATES TRACE AMOUNT.




$$
