000
CDUS41 KBOX 160555
CLIPVD


CLIMATE REPORT
NATIONAL WEATHER SERVICE TAUNTON MA
155 AM EDT SAT SEP 16 2017


...................................

...THE PROVIDENCE RI CLIMATE SUMMARY FOR SEPTEMBER 15 2017...

CLIMATE NORMAL PERIOD 1981 TO 2010
CLIMATE RECORD PERIOD 1904 TO 2017


WEATHER ITEM   OBSERVED TIME   RECORD YEAR NORMAL DEPARTURE LAST
                VALUE   (LST)  VALUE       VALUE  FROM      YEAR
                                                  NORMAL
..................................................................
TEMPERATURE (F)
 YESTERDAY
  MAXIMUM         82    354 PM  90    1915  75      7       73
  MINIMUM         66   1159 PM  38    1975  56     10       55
  AVERAGE         74                        65      9       64

PRECIPITATION (IN)
  YESTERDAY        0.05          2.66 2005   0.13  -0.08     0.00
  MONTH TO DATE    1.67                      1.90  -0.23     0.75
  SINCE SEP 1      1.67                      1.90  -0.23     0.75
  SINCE JAN 1     35.87                     32.50   3.37    26.58

SNOWFALL (IN)
  YESTERDAY        0.0           0.0  2002   0.0    0.0      0.0
                                      2001
                                      2000
  MONTH TO DATE    0.0                       0.0    0.0      0.0
  SINCE SEP 1      0.0                       0.0    0.0      0.0
  SINCE JUL 1      0.0                       0.0    0.0      0.0
  SNOW DEPTH       0

DEGREE DAYS
 HEATING
  YESTERDAY        0                         2     -2        1
  MONTH TO DATE   15                        21     -6        1
  SINCE SEP 1     15                        21     -6        1
  SINCE JUL 1     23                        30     -7        1

 COOLING
  YESTERDAY        9                         3      6        0
  MONTH TO DATE   55                        58     -3      106
  SINCE SEP 1     55                        58     -3      106
  SINCE JAN 1    759                       714     45      989
..................................................................


WIND (MPH)
  RESULTANT WIND SPEED   5   RESULTANT WIND DIRECTION   S (180)
  HIGHEST WIND SPEED    15   HIGHEST WIND DIRECTION    SE (150)
  HIGHEST GUST SPEED    18   HIGHEST GUST DIRECTION    SE (150)
  AVERAGE WIND SPEED     5.6


SKY COVER
  POSSIBLE SUNSHINE  MM
  AVERAGE SKY COVER 0.6


WEATHER CONDITIONS
 THE FOLLOWING WEATHER WAS RECORDED YESTERDAY.
  LIGHT RAIN
  FOG


RELATIVE HUMIDITY (PERCENT)
 HIGHEST   100           100 AM
 LOWEST     55           400 PM
 AVERAGE    78

..........................................................


THE PROVIDENCE RI CLIMATE NORMALS FOR TODAY
                         NORMAL    RECORD    YEAR
 MAXIMUM TEMPERATURE (F)   74        92      1941
                                             1915
 MINIMUM TEMPERATURE (F)   55        41      1964


SUNRISE AND SUNSET
SEPTEMBER 16 2017.....SUNRISE   627 AM EDT   SUNSET   653 PM EDT
SEPTEMBER 17 2017.....SUNRISE   628 AM EDT   SUNSET   651 PM EDT


-  INDICATES NEGATIVE NUMBERS.
R  INDICATES RECORD WAS SET OR TIED.
MM INDICATES DATA IS MISSING.
T  INDICATES TRACE AMOUNT.




$$
