000
CDUS41 KBOX 271235
CLIPVD


CLIMATE REPORT
NATIONAL WEATHER SERVICE TAUNTON MA
835 AM EDT TUE SEP 27 2016


...................................

...THE PROVIDENCE RI CLIMATE SUMMARY FOR SEPTEMBER 26 2016...

CLIMATE NORMAL PERIOD 1981 TO 2010
CLIMATE RECORD PERIOD 1904 TO 2016


WEATHER ITEM   OBSERVED TIME   RECORD YEAR NORMAL DEPARTURE LAST
                VALUE   (LST)  VALUE       VALUE  FROM      YEAR
                                                  NORMAL
..................................................................
TEMPERATURE (F)
 YESTERDAY
  MAXIMUM         67    110 PM  89    2007  71     -4       69
                                      1930
                                      1920
  MINIMUM         42    433 AM  37    1967  51     -9       47
                                      1950
                                      1925
  AVERAGE         55                        61     -6       58

PRECIPITATION (IN)
  YESTERDAY        0.00          2.53 2008   0.14  -0.14     0.00
  MONTH TO DATE    1.94                      3.38  -1.44     1.11
  SINCE SEP 1      1.94                      3.38  -1.44     1.11
  SINCE JAN 1     27.77                     33.98  -6.21    28.53

SNOWFALL (IN)
  YESTERDAY        0.0           0.0  2002   0.0    0.0      0.0
                                      2001
                                      2000
  MONTH TO DATE    0.0                       0.0    0.0      0.0
  SINCE SEP 1      0.0                       0.0    0.0      0.0
  SINCE JUL 1      0.0                       0.0    0.0      0.0
  SNOW DEPTH       0

DEGREE DAYS
 HEATING
  YESTERDAY       10                         5      5        7
  MONTH TO DATE   26                        64    -38       15
  SINCE SEP 1     26                        64    -38       15
  SINCE JUL 1     26                        73    -47       15

 COOLING
  YESTERDAY        0                         1     -1        0
  MONTH TO DATE  151                        76     75      141
  SINCE SEP 1    151                        76     75      141
  SINCE JAN 1   1034                       732    302      942
..................................................................


WIND (MPH)
  RESULTANT WIND SPEED   4   RESULTANT WIND DIRECTION   S (190)
  HIGHEST WIND SPEED    17   HIGHEST WIND DIRECTION     S (160)
  HIGHEST GUST SPEED    21   HIGHEST GUST DIRECTION     S (160)
  AVERAGE WIND SPEED     5.8


SKY COVER
  POSSIBLE SUNSHINE  MM
  AVERAGE SKY COVER 0.4


WEATHER CONDITIONS
 THE FOLLOWING WEATHER WAS RECORDED YESTERDAY.
  NO SIGNIFICANT WEATHER WAS OBSERVED.


RELATIVE HUMIDITY (PERCENT)
 HIGHEST    77           900 PM
 LOWEST     37          1200 PM
 AVERAGE    57

..........................................................


THE PROVIDENCE RI CLIMATE NORMALS FOR TODAY
                         NORMAL    RECORD    YEAR
 MAXIMUM TEMPERATURE (F)   70        86      1998
 MINIMUM TEMPERATURE (F)   51        35      1980


SUNRISE AND SUNSET
SEPTEMBER 27 2016.....SUNRISE   639 AM EDT   SUNSET   633 PM EDT
SEPTEMBER 28 2016.....SUNRISE   640 AM EDT   SUNSET   632 PM EDT


-  INDICATES NEGATIVE NUMBERS.
R  INDICATES RECORD WAS SET OR TIED.
MM INDICATES DATA IS MISSING.
T  INDICATES TRACE AMOUNT.




$$
