000
CDUS41 KBOX 280620
CLIPVD


CLIMATE REPORT
NATIONAL WEATHER SERVICE TAUNTON MA
209 AM EDT SUN SEP 28 2014


...................................

...THE PROVIDENCE RI CLIMATE SUMMARY FOR SEPTEMBER 27 2014...

CLIMATE NORMAL PERIOD 1981 TO 2010
CLIMATE RECORD PERIOD 1904 TO 2014


WEATHER ITEM   OBSERVED TIME   RECORD YEAR NORMAL DEPARTURE LAST
                VALUE   (LST)  VALUE       VALUE  FROM      YEAR
                                                  NORMAL
..................................................................
TEMPERATURE (F)
 YESTERDAY
  MAXIMUM         85    240 PM  86    1998  70     15       67
  MINIMUM         50    454 AM  35    1980  51     -1       50
  AVERAGE         68                        60      8       59

PRECIPITATION (IN)
  YESTERDAY        0.00          2.02 1962   0.13  -0.13     0.00
  MONTH TO DATE    0.64                      3.51  -2.87     4.59
  SINCE SEP 1      0.64                      3.51  -2.87     4.59
  SINCE JAN 1     32.09                     34.11  -2.02    35.40

SNOWFALL (IN)
  YESTERDAY        0.0           0.0  2002   0.0    0.0      0.0
                                      2001
                                      2000
  MONTH TO DATE    0.0                       0.0    0.0      0.0
  SINCE SEP 1      0.0                       0.0    0.0      0.0
  SINCE JUL 1      0.0                       0.0    0.0      0.0
  SNOW DEPTH       0

DEGREE DAYS
 HEATING
  YESTERDAY        0                         6     -6        6
  MONTH TO DATE   67                        70     -3       88
  SINCE SEP 1     67                        70     -3       88
  SINCE JUL 1     67                        79    -12       88

 COOLING
  YESTERDAY        3                         1      2        0
  MONTH TO DATE  108                        77     31       63
  SINCE SEP 1    108                        77     31       63
  SINCE JAN 1    690                       733    -43      885
..................................................................


WIND (MPH)
  RESULTANT WIND SPEED   2   RESULTANT WIND DIRECTION  NW (300)
  HIGHEST WIND SPEED    10   HIGHEST WIND DIRECTION     S (190)
  HIGHEST GUST SPEED    13   HIGHEST GUST DIRECTION     N (20)
  AVERAGE WIND SPEED     5.2


SKY COVER
  POSSIBLE SUNSHINE  MM
  AVERAGE SKY COVER 0.0


WEATHER CONDITIONS
 THE FOLLOWING WEATHER WAS RECORDED YESTERDAY.
  NO SIGNIFICANT WEATHER WAS OBSERVED.


RELATIVE HUMIDITY (PERCENT)
 HIGHEST    96           400 AM
 LOWEST     34           200 PM
 AVERAGE    65

..........................................................


THE PROVIDENCE RI CLIMATE NORMALS FOR TODAY
                         NORMAL    RECORD    YEAR
 MAXIMUM TEMPERATURE (F)   70        84      1943
 MINIMUM TEMPERATURE (F)   50        33      1980


SUNRISE AND SUNSET
SEPTEMBER 28 2014.....SUNRISE   639 AM EDT   SUNSET   633 PM EDT
SEPTEMBER 29 2014.....SUNRISE   640 AM EDT   SUNSET   631 PM EDT


-  INDICATES NEGATIVE NUMBERS.
R  INDICATES RECORD WAS SET OR TIED.
MM INDICATES DATA IS MISSING.
T  INDICATES TRACE AMOUNT.




$$
