000
CDUS41 KBOX 210526
CLIPVD


CLIMATE REPORT
NATIONAL WEATHER SERVICE TAUNTON MA
126 AM EDT FRI APR 21 2017


...................................

...THE PROVIDENCE RI CLIMATE SUMMARY FOR APRIL 20 2017...

CLIMATE NORMAL PERIOD 1981 TO 2010
CLIMATE RECORD PERIOD 1904 TO 2017


WEATHER ITEM   OBSERVED TIME   RECORD YEAR NORMAL DEPARTURE LAST
                VALUE   (LST)  VALUE       VALUE  FROM      YEAR
                                                  NORMAL
..................................................................
TEMPERATURE (F)
 YESTERDAY
  MAXIMUM         63    416 PM  89    1976  60      3       62
  MINIMUM         45    123 AM  24    1926  41      4       40
  AVERAGE         54                        51      3       51

PRECIPITATION (IN)
  YESTERDAY        0.04          0.97 2015   0.13  -0.09     0.00
  MONTH TO DATE    3.93                      3.05   0.88     3.58
  SINCE MAR 1      7.78                      8.06  -0.28     6.26
  SINCE JAN 1     14.96                     15.21  -0.25    14.61

SNOWFALL (IN)
  YESTERDAY        0.0           T    1983   0.1   -0.1      0.0
  MONTH TO DATE    T                         0.6   -0.6      6.7
  SINCE MAR 1      7.7                       6.1    1.6      9.3
  SINCE JUL 1     45.9                      33.8   12.1     28.7
  SNOW DEPTH       0

DEGREE DAYS
 HEATING
  YESTERDAY       11                        14     -3       14
  MONTH TO DATE  282                       352    -70      385
  SINCE MAR 1   1202                      1161     41     1032
  SINCE JUL 1   4760                      5223   -463     4403

 COOLING
  YESTERDAY        0                         0      0        0
  MONTH TO DATE    7                         0      7        0
  SINCE MAR 1      7                         0      7        0
  SINCE JAN 1      7                         0      7        0
..................................................................


WIND (MPH)
  RESULTANT WIND SPEED   5   RESULTANT WIND DIRECTION  NE (50)
  HIGHEST WIND SPEED    16   HIGHEST WIND DIRECTION    NE (50)
  HIGHEST GUST SPEED    25   HIGHEST GUST DIRECTION    NE (60)
  AVERAGE WIND SPEED     7.9


SKY COVER
  POSSIBLE SUNSHINE  MM
  AVERAGE SKY COVER 0.9


WEATHER CONDITIONS
 THE FOLLOWING WEATHER WAS RECORDED YESTERDAY.
  LIGHT RAIN
  FOG


RELATIVE HUMIDITY (PERCENT)
 HIGHEST    93           400 AM
 LOWEST     60           400 PM
 AVERAGE    77

..........................................................


THE PROVIDENCE RI CLIMATE NORMALS FOR TODAY
                         NORMAL    RECORD    YEAR
 MAXIMUM TEMPERATURE (F)   61        87      1957
 MINIMUM TEMPERATURE (F)   41        27      1908
                                             1907


SUNRISE AND SUNSET
APRIL 21 2017.........SUNRISE   556 AM EDT   SUNSET   733 PM EDT
APRIL 22 2017.........SUNRISE   555 AM EDT   SUNSET   734 PM EDT


-  INDICATES NEGATIVE NUMBERS.
R  INDICATES RECORD WAS SET OR TIED.
MM INDICATES DATA IS MISSING.
T  INDICATES TRACE AMOUNT.




$$
