000
CDUS41 KBOX 202142
CLIPVD


CLIMATE REPORT
NATIONAL WEATHER SERVICE TAUNTON MA
542 PM EDT SAT AUG 20 2016


...................................

...THE PROVIDENCE RI CLIMATE SUMMARY FOR AUGUST 20 2016...
VALID TODAY AS OF 0500 PM LOCAL TIME.

CLIMATE NORMAL PERIOD 1981 TO 2010
CLIMATE RECORD PERIOD 1904 TO 2016


WEATHER ITEM   OBSERVED TIME   RECORD YEAR NORMAL DEPARTURE LAST
                VALUE   (LST)  VALUE       VALUE  FROM      YEAR
                                                  NORMAL
..................................................................
TEMPERATURE (F)
 TODAY
  MAXIMUM         83    104 PM  97    1937  81      2       84
  MINIMUM         68    505 AM  47    1981  63      5       72
  AVERAGE         76                        72      4       78

PRECIPITATION (IN)
  TODAY            0.00          1.70 2001   0.12  -0.12     0.00
  MONTH TO DATE    1.97                      2.36  -0.39     2.07
  SINCE JUN 1      6.97                      9.29  -2.32     9.76
  SINCE JAN 1     25.09                     29.36  -4.27    26.71

SNOWFALL (IN)
  TODAY            0.0           0.0  2002   0.0    0.0      0.0
                                      2001
                                      2000
  MONTH TO DATE    0.0                       0.0    0.0      0.0
  SINCE JUN 1      0.0                       0.0    0.0      0.0
  SINCE JUL 1      0.0                       0.0    0.0      0.0
  SNOW DEPTH       0

DEGREE DAYS
 HEATING
  TODAY            0                         0      0        0
  MONTH TO DATE    0                         0      0        0
  SINCE JUN 1     12                        46    -34       72
  SINCE JUL 1      0                         3     -3        0

 COOLING
  TODAY           11                         7      4       13
  MONTH TO DATE  236                       163     73      200
  SINCE JUN 1    719                       561    158      622
  SINCE JAN 1    770                       587    183      686
..................................................................


WIND (MPH)
  HIGHEST WIND SPEED    18   HIGHEST WIND DIRECTION     S (180)
  HIGHEST GUST SPEED    23   HIGHEST GUST DIRECTION     S (170)
  AVERAGE WIND SPEED     6.5


SKY COVER
  POSSIBLE SUNSHINE  MM
  AVERAGE SKY COVER 0.4


WEATHER CONDITIONS
 THE FOLLOWING WEATHER WAS RECORDED TODAY.
  NO SIGNIFICANT WEATHER WAS OBSERVED.


RELATIVE HUMIDITY (PERCENT)
 HIGHEST    90          1200 AM
 LOWEST     49           400 PM
 AVERAGE    70

..........................................................


THE PROVIDENCE RI CLIMATE NORMALS FOR TOMORROW
                         NORMAL    RECORD    YEAR
 MAXIMUM TEMPERATURE (F)   81        95      1937
 MINIMUM TEMPERATURE (F)   63        49      1981
                                             1913


SUNRISE AND SUNSET
AUGUST 20 2016........SUNRISE   600 AM EDT   SUNSET   737 PM EDT
AUGUST 21 2016........SUNRISE   601 AM EDT   SUNSET   736 PM EDT


-  INDICATES NEGATIVE NUMBERS.
R  INDICATES RECORD WAS SET OR TIED.
MM INDICATES DATA IS MISSING.
T  INDICATES TRACE AMOUNT.




$$
