000
CDUS41 KBOX 161042
CLIPVD


CLIMATE REPORT
NATIONAL WEATHER SERVICE TAUNTON MA
542 AM EST FRI FEB 16 2018


...................................

...THE PROVIDENCE RI CLIMATE SUMMARY FOR FEBRUARY 15 2018...

CLIMATE NORMAL PERIOD 1981 TO 2010
CLIMATE RECORD PERIOD 1904 TO 2018


WEATHER ITEM   OBSERVED TIME   RECORD YEAR NORMAL DEPARTURE LAST
                VALUE   (LST)  VALUE       VALUE  FROM      YEAR
                                                  NORMAL
..................................................................
TEMPERATURE (F)
 YESTERDAY
  MAXIMUM         53    338 PM  64    1939  40     13       41
  MINIMUM         36   1253 AM -14    1943  24     12       20
  AVERAGE         45                        32     13       31

PRECIPITATION (IN)
  YESTERDAY        0.06          2.31 1953   0.11  -0.05     0.09
  MONTH TO DATE    3.31                      1.68   1.63     2.07
  SINCE DEC 1     12.37                      9.76   2.61    10.17
  SINCE JAN 1      9.80                      5.54   4.26     7.03

SNOWFALL (IN)
  YESTERDAY        0.0           7.5  1940   0.3   -0.3      0.0
  MONTH TO DATE    0.5                       4.6   -4.1     16.8
  SINCE DEC 1     28.7                      22.3    6.4     38.2
  SINCE JUL 1     28.7                      23.8    4.9     38.2
  SNOW DEPTH       0

DEGREE DAYS
 HEATING
  YESTERDAY       20                        33    -13       34
  MONTH TO DATE  446                       512    -66      522
  SINCE DEC 1   2591                      2574     17     2379
  SINCE JUL 1   3405                      3649   -244     3266

 COOLING
  YESTERDAY        0                         0      0        0
  MONTH TO DATE    0                         0      0        0
  SINCE DEC 1      0                         0      0        0
  SINCE JAN 1      0                         0      0        0
..................................................................


WIND (MPH)
  RESULTANT WIND SPEED   5   RESULTANT WIND DIRECTION   S (200)
  HIGHEST WIND SPEED    12   HIGHEST WIND DIRECTION    SW (240)
  HIGHEST GUST SPEED    14   HIGHEST GUST DIRECTION    SW (230)
  AVERAGE WIND SPEED     5.9


SKY COVER
  POSSIBLE SUNSHINE  MM
  AVERAGE SKY COVER 1.0


WEATHER CONDITIONS
 THE FOLLOWING WEATHER WAS RECORDED YESTERDAY.
  LIGHT RAIN
  FOG


RELATIVE HUMIDITY (PERCENT)
 HIGHEST   100           100 AM
 LOWEST     86           100 PM
 AVERAGE    93

..........................................................


THE PROVIDENCE RI CLIMATE NORMALS FOR TODAY
                         NORMAL    RECORD    YEAR
 MAXIMUM TEMPERATURE (F)   40        60      1910
 MINIMUM TEMPERATURE (F)   24       -10      1943


SUNRISE AND SUNSET
FEBRUARY 16 2018......SUNRISE   640 AM EST   SUNSET   520 PM EST
FEBRUARY 17 2018......SUNRISE   638 AM EST   SUNSET   522 PM EST


-  INDICATES NEGATIVE NUMBERS.
R  INDICATES RECORD WAS SET OR TIED.
MM INDICATES DATA IS MISSING.
T  INDICATES TRACE AMOUNT.




$$
