000
CDUS41 KBOX 242122
CLIPVD


CLIMATE REPORT
NATIONAL WEATHER SERVICE TAUNTON MA
522 PM EDT SUN AUG 24 2014


...................................

...THE PROVIDENCE RI CLIMATE SUMMARY FOR AUGUST 24 2014...
VALID AS OF 0500 PM LOCAL TIME.

CLIMATE NORMAL PERIOD 1981 TO 2010
CLIMATE RECORD PERIOD 1904 TO 2014


WEATHER ITEM   OBSERVED TIME   RECORD YEAR NORMAL DEPARTURE LAST
                VALUE   (LST)  VALUE       VALUE  FROM      YEAR
                                                  NORMAL
..................................................................
TEMPERATURE (F)
 TODAY
  MAXIMUM         80    300 PM  94    1947  80      0       77
  MINIMUM         56    108 AM  46    1957  62     -6       57
  AVERAGE         68                        71     -3       67

PRECIPITATION (IN)
  TODAY            0.00          3.62 1927   0.12  -0.12     0.00
  MONTH TO DATE    2.48                      2.84  -0.36     2.67
  SINCE JUN 1      8.43                      9.77  -1.34    15.01
  SINCE JAN 1     31.23                     29.84   1.39    29.61

SNOWFALL (IN)
  TODAY            0.0           0.0  2002   0.0    0.0      0.0
                                      2001
                                      2000
  MONTH TO DATE    0.0                       0.0    0.0      0.0
  SINCE JUN 1      0.0                       0.0    0.0      0.0
  SINCE JUL 1      0.0                       0.0    0.0      0.0
  SNOW DEPTH       0

DEGREE DAYS
 HEATING
  TODAY            0                         0      0        0
  MONTH TO DATE    0                         0      0        0
  SINCE JUN 1     13                        46    -33       24
  SINCE JUL 1      0                         3     -3        0

 COOLING
  TODAY            3                         7     -4        2
  MONTH TO DATE  131                       191    -60      145
  SINCE JUN 1    523                       589    -66      731
  SINCE JAN 1    534                       615    -81      775
..................................................................


WIND (MPH)
  HIGHEST WIND SPEED    16   HIGHEST WIND DIRECTION    NE (50)
  HIGHEST GUST SPEED    20   HIGHEST GUST DIRECTION    NE (40)
  AVERAGE WIND SPEED     6.5


SKY COVER
  POSSIBLE SUNSHINE  MM
  AVERAGE SKY COVER 0.4


WEATHER CONDITIONS
 THE FOLLOWING WEATHER WAS RECORDED TODAY.
  NO SIGNIFICANT WEATHER WAS OBSERVED.


RELATIVE HUMIDITY (PERCENT)
 HIGHEST    86           200 AM
 LOWEST     39           300 PM
 AVERAGE    63

..........................................................


THE PROVIDENCE RI CLIMATE NORMALS FOR TOMORROW
                         NORMAL    RECORD    YEAR
 MAXIMUM TEMPERATURE (F)   80        96      1947
 MINIMUM TEMPERATURE (F)   62        44      1940


SUNRISE AND SUNSET
AUGUST 24 2014........SUNRISE   603 AM EDT   SUNSET   732 PM EDT
AUGUST 25 2014........SUNRISE   604 AM EDT   SUNSET   730 PM EDT


-  INDICATES NEGATIVE NUMBERS.
R  INDICATES RECORD WAS SET OR TIED.
MM INDICATES DATA IS MISSING.
T  INDICATES TRACE AMOUNT.




$$
