000
CDUS41 KBOX 250555
CLIPVD


CLIMATE REPORT
NATIONAL WEATHER SERVICE TAUNTON MA
152 AM EDT WED MAR 25 2015


...................................

...THE PROVIDENCE RI CLIMATE SUMMARY FOR MARCH 24 2015...

CLIMATE NORMAL PERIOD 1981 TO 2010
CLIMATE RECORD PERIOD 1904 TO 2015


WEATHER ITEM   OBSERVED TIME   RECORD YEAR NORMAL DEPARTURE LAST
                VALUE   (LST)  VALUE       VALUE  FROM      YEAR
                                                  NORMAL
..................................................................
TEMPERATURE (F)
 YESTERDAY
  MAXIMUM         41    233 PM  67    1938  50     -9       34
  MINIMUM         21    617 AM   9    1906  32    -11       17
  AVERAGE         31                        41    -10       26

PRECIPITATION (IN)
  YESTERDAY        0.00          1.44 1993   0.18  -0.18     0.00
  MONTH TO DATE    3.26                      3.81  -0.55     1.33
  SINCE MAR 1      3.26                      3.81  -0.55     1.33
  SINCE JAN 1      9.61                     10.96  -1.35     9.73

SNOWFALL (IN)
  YESTERDAY        0.0           2.8  1956   0.1   -0.1      0.0
  MONTH TO DATE   15.2                       4.8   10.4      1.2
  SINCE MAR 1     15.2                       4.8   10.4      1.2
  SINCE JUL 1     75.1                      32.5   42.6     43.3
  SNOW DEPTH       0

DEGREE DAYS
 HEATING
  YESTERDAY       34                        24     10       39
  MONTH TO DATE  811                       653    158      760
  SINCE MAR 1    811                       653    158      760
  SINCE JUL 1   5173                      4715    458     5032

 COOLING
  YESTERDAY        0                         0      0        0
  MONTH TO DATE    0                         0      0        0
  SINCE MAR 1      0                         0      0        0
  SINCE JAN 1      0                         0      0        0
..................................................................


WIND (MPH)
  RESULTANT WIND SPEED   2   RESULTANT WIND DIRECTION   N (340)
  HIGHEST WIND SPEED    12   HIGHEST WIND DIRECTION     N (360)
  HIGHEST GUST SPEED    14   HIGHEST GUST DIRECTION     N (360)
  AVERAGE WIND SPEED     4.8


SKY COVER
  POSSIBLE SUNSHINE  MM
  AVERAGE SKY COVER 0.4


WEATHER CONDITIONS
 THE FOLLOWING WEATHER WAS RECORDED YESTERDAY.
  NO SIGNIFICANT WEATHER WAS OBSERVED.


RELATIVE HUMIDITY (PERCENT)
 HIGHEST    68          1100 PM
 LOWEST     30           200 PM
 AVERAGE    49

..........................................................


THE PROVIDENCE RI CLIMATE NORMALS FOR TODAY
                         NORMAL    RECORD    YEAR
 MAXIMUM TEMPERATURE (F)   51        73      1964
 MINIMUM TEMPERATURE (F)   33        13      1956


SUNRISE AND SUNSET
MARCH 25 2015.........SUNRISE   641 AM EDT   SUNSET   703 PM EDT
MARCH 26 2015.........SUNRISE   639 AM EDT   SUNSET   704 PM EDT


-  INDICATES NEGATIVE NUMBERS.
R  INDICATES RECORD WAS SET OR TIED.
MM INDICATES DATA IS MISSING.
T  INDICATES TRACE AMOUNT.




$$
