000
CDUS41 KBOX 290627
CLIPVD


CLIMATE REPORT
NATIONAL WEATHER SERVICE TAUNTON MA
221 AM EDT MON JUN 29 2015


...................................

...THE PROVIDENCE RI CLIMATE SUMMARY FOR JUNE 28 2015...

CLIMATE NORMAL PERIOD 1981 TO 2010
CLIMATE RECORD PERIOD 1904 TO 2015


WEATHER ITEM   OBSERVED TIME   RECORD YEAR NORMAL DEPARTURE LAST
                VALUE   (LST)  VALUE       VALUE  FROM      YEAR
                                                  NORMAL
..................................................................
TEMPERATURE (F)
 YESTERDAY
  MAXIMUM         65   1140 AM  96    1991  81    -16       81
  MINIMUM         54   1159 PM  49    1995  62     -8       57
                                      1970
  AVERAGE         60                        71    -11       69

PRECIPITATION (IN)
  YESTERDAY        1.77          2.38 1938   0.09   1.68     0.00
  MONTH TO DATE    5.35                      3.46   1.89     2.36
  SINCE JUN 1      5.35                      3.46   1.89     2.36
  SINCE JAN 1     22.30                     23.53  -1.23    25.16

SNOWFALL (IN)
  YESTERDAY        0.0           0.0  2002   0.0    0.0      0.0
                                      2001
                                      2000
  MONTH TO DATE    0.0                       0.0    0.0      0.0
  SINCE JUN 1      0.0                       0.0    0.0      0.0
  SINCE JUL 1     76.2                      33.8   42.4     43.6
  SNOW DEPTH       0

DEGREE DAYS
 HEATING
  YESTERDAY        5                         0      5        0
  MONTH TO DATE   72                        41     31       13
  SINCE JUN 1     72                        41     31       13
  SINCE JUL 1   6020                      5616    404     5913

 COOLING
  YESTERDAY        0                         7     -7        4
  MONTH TO DATE  112                       119     -7       89
  SINCE JUN 1    112                       119     -7       89
  SINCE JAN 1    176                       145     31      100
..................................................................


WIND (MPH)
  RESULTANT WIND SPEED  10   RESULTANT WIND DIRECTION  NE (30)
  HIGHEST WIND SPEED    20   HIGHEST WIND DIRECTION    NE (60)
  HIGHEST GUST SPEED    28   HIGHEST GUST DIRECTION    NE (50)
  AVERAGE WIND SPEED    11.1


SKY COVER
  POSSIBLE SUNSHINE  MM
  AVERAGE SKY COVER 1.0


WEATHER CONDITIONS
 THE FOLLOWING WEATHER WAS RECORDED YESTERDAY.
  HEAVY RAIN
  RAIN
  LIGHT RAIN
  FOG


RELATIVE HUMIDITY (PERCENT)
 HIGHEST   100           800 AM
 LOWEST     83          1100 PM
 AVERAGE    92

..........................................................


THE PROVIDENCE RI CLIMATE NORMALS FOR TODAY
                         NORMAL    RECORD    YEAR
 MAXIMUM TEMPERATURE (F)   81        96      1934
 MINIMUM TEMPERATURE (F)   62        46      1919


SUNRISE AND SUNSET
JUNE 29 2015..........SUNRISE   514 AM EDT   SUNSET   824 PM EDT
JUNE 30 2015..........SUNRISE   514 AM EDT   SUNSET   824 PM EDT


-  INDICATES NEGATIVE NUMBERS.
R  INDICATES RECORD WAS SET OR TIED.
MM INDICATES DATA IS MISSING.
T  INDICATES TRACE AMOUNT.




$$
