436
CDUS41 KBOX 140549
CLIPVD


CLIMATE REPORT
NATIONAL WEATHER SERVICE TAUNTON MA
141 AM EDT SAT OCT 14 2017


...................................

...THE PROVIDENCE RI CLIMATE SUMMARY FOR OCTOBER 13 2017...

CLIMATE NORMAL PERIOD 1981 TO 2010
CLIMATE RECORD PERIOD 1904 TO 2017


WEATHER ITEM   OBSERVED TIME   RECORD YEAR NORMAL DEPARTURE LAST
                VALUE   (LST)  VALUE       VALUE  FROM      YEAR
                                                  NORMAL
..................................................................
TEMPERATURE (F)
 YESTERDAY
  MAXIMUM         67    232 PM  85    1954  64      3       73
  MINIMUM         42    609 AM  22    1981  45     -3       47
  AVERAGE         55                        54      1       60

PRECIPITATION (IN)
  YESTERDAY        0.00          1.95 1927   0.12  -0.12      T
  MONTH TO DATE    0.43                      1.63  -1.20     2.22
  SINCE SEP 1      4.28                      5.55  -1.27     4.96
  SINCE JAN 1     38.48                     36.15   2.33    30.79

SNOWFALL (IN)
  YESTERDAY        0.0           T    1934   0.0    0.0      0.0
  MONTH TO DATE    0.0                       0.0    0.0      0.0
  SINCE SEP 1      0.0                       0.0    0.0      0.0
  SINCE JUL 1      0.0                       0.0    0.0      0.0
  SNOW DEPTH       0

DEGREE DAYS
 HEATING
  YESTERDAY       10                        11     -1        5
  MONTH TO DATE   47                       117    -70       96
  SINCE SEP 1     79                       205   -126      139
  SINCE JUL 1     87                       214   -127      139

 COOLING
  YESTERDAY        0                         0      0        0
  MONTH TO DATE   36                         6     30        0
  SINCE SEP 1    170                        86     84      151
  SINCE JAN 1    874                       742    132     1034
..................................................................


WIND (MPH)
  RESULTANT WIND SPEED   4   RESULTANT WIND DIRECTION  NE (60)
  HIGHEST WIND SPEED    14   HIGHEST WIND DIRECTION    SE (120)
  HIGHEST GUST SPEED    18   HIGHEST GUST DIRECTION     S (160)
  AVERAGE WIND SPEED     6.3


SKY COVER
  POSSIBLE SUNSHINE  MM
  AVERAGE SKY COVER 0.4


WEATHER CONDITIONS
 THE FOLLOWING WEATHER WAS RECORDED YESTERDAY.
  NO SIGNIFICANT WEATHER WAS OBSERVED.


RELATIVE HUMIDITY (PERCENT)
 HIGHEST    96           400 AM
 LOWEST     56          1200 PM
 AVERAGE    76

..........................................................


THE PROVIDENCE RI CLIMATE NORMALS FOR TODAY
                         NORMAL    RECORD    YEAR
 MAXIMUM TEMPERATURE (F)   64        81      1990
 MINIMUM TEMPERATURE (F)   44        28      1953


SUNRISE AND SUNSET
OCTOBER 14 2017.......SUNRISE   657 AM EDT   SUNSET   606 PM EDT
OCTOBER 15 2017.......SUNRISE   658 AM EDT   SUNSET   604 PM EDT


-  INDICATES NEGATIVE NUMBERS.
R  INDICATES RECORD WAS SET OR TIED.
MM INDICATES DATA IS MISSING.
T  INDICATES TRACE AMOUNT.




$$
