000
CDUS41 KBOX 100552
CLIPVD


CLIMATE REPORT
NATIONAL WEATHER SERVICE TAUNTON MA
151 AM EDT THU APR 10 2014


...................................

...THE PROVIDENCE RI CLIMATE SUMMARY FOR APRIL 9 2014...

CLIMATE NORMAL PERIOD 1981 TO 2010
CLIMATE RECORD PERIOD 1904 TO 2014


WEATHER ITEM   OBSERVED TIME   RECORD YEAR NORMAL DEPARTURE LAST
                VALUE   (LST)  VALUE       VALUE  FROM      YEAR
                                                  NORMAL
..................................................................
TEMPERATURE (F)
 YESTERDAY
  MAXIMUM         61    116 PM  83    1991  56      5       77
  MINIMUM         39    613 AM  23    1977  38      1       46
  AVERAGE         50                        47      3       62

PRECIPITATION (IN)
  YESTERDAY        0.00          1.39 1974   0.16  -0.16     0.01
  MONTH TO DATE    1.43                      1.44  -0.01     0.09
  SINCE MAR 1      8.41                      6.45   1.96     3.03
  SINCE JAN 1     16.81                     13.60   3.21     9.99

SNOWFALL (IN)
  YESTERDAY        0.0           8.8  1917   0.0    0.0      0.0
  MONTH TO DATE    0.0                       0.3   -0.3      0.0
  SINCE MAR 1      1.2                       5.8   -4.6      4.9
  SINCE JUL 1     43.3                      33.5    9.8     46.3
  SNOW DEPTH       0

DEGREE DAYS
 HEATING
  YESTERDAY       15                        18     -3        3
  MONTH TO DATE  165                       176    -11      173
  SINCE MAR 1   1119                       985    134      985
  SINCE JUL 1   5391                      5047    344     4806

 COOLING
  YESTERDAY        0                         0      0        0
  MONTH TO DATE    0                         0      0        0
  SINCE MAR 1      0                         0      0        0
  SINCE JAN 1      0                         0      0        0
..................................................................


WIND (MPH)
  RESULTANT WIND SPEED  11   RESULTANT WIND DIRECTION  NW (310)
  HIGHEST WIND SPEED    23   HIGHEST WIND DIRECTION    NW (300)
  HIGHEST GUST SPEED    29   HIGHEST GUST DIRECTION     N (340)
  AVERAGE WIND SPEED    11.6


SKY COVER
  POSSIBLE SUNSHINE  MM
  AVERAGE SKY COVER 0.2


WEATHER CONDITIONS
 THE FOLLOWING WEATHER WAS RECORDED YESTERDAY.
  NO SIGNIFICANT WEATHER WAS OBSERVED.


RELATIVE HUMIDITY (PERCENT)
 HIGHEST    76           600 AM
 LOWEST     21           900 PM
 AVERAGE    49

..........................................................


THE PROVIDENCE RI CLIMATE NORMALS FOR TODAY
                         NORMAL    RECORD    YEAR
 MAXIMUM TEMPERATURE (F)   57        82      1922
 MINIMUM TEMPERATURE (F)   38        25      1997
                                             1985
                                             1974


SUNRISE AND SUNSET
APRIL 10 2014.........SUNRISE   614 AM EDT   SUNSET   721 PM EDT
APRIL 11 2014.........SUNRISE   612 AM EDT   SUNSET   722 PM EDT


-  INDICATES NEGATIVE NUMBERS.
R  INDICATES RECORD WAS SET OR TIED.
MM INDICATES DATA IS MISSING.
T  INDICATES TRACE AMOUNT.




$$
