265
CDUS41 KBOX 152128
CLIPVD


CLIMATE REPORT
NATIONAL WEATHER SERVICE TAUNTON MA
417 PM EST FRI DEC 15 2017


...................................

...THE PROVIDENCE RI CLIMATE SUMMARY FOR DECEMBER 15 2017...
VALID AS OF 0400 PM LOCAL TIME.

CLIMATE NORMAL PERIOD 1981 TO 2010
CLIMATE RECORD PERIOD 1904 TO 2017


WEATHER ITEM   OBSERVED TIME   RECORD YEAR NORMAL DEPARTURE LAST
                VALUE   (LST)  VALUE       VALUE  FROM      YEAR
                                                  NORMAL
..................................................................
TEMPERATURE (F)
 TODAY
  MAXIMUM         26    304 PM  64    2015  42    -16       31
  MINIMUM         11    715 AM   6    1904  26    -15       18
  AVERAGE         19                        34    -15       25

PRECIPITATION (IN)
  TODAY            0.00          1.58 1981   0.14  -0.14      T
  MONTH TO DATE    1.46                      2.22  -0.76     0.92
  SINCE DEC 1      1.46                      2.22  -0.76     0.92
  SINCE JAN 1     47.89                     45.18   2.71    37.78

SNOWFALL (IN)
  TODAY            0.0           8.2  1916   0.3   -0.3       T
  MONTH TO DATE    4.9                       3.6    1.3      1.2
  SINCE DEC 1      4.9                       3.6    1.3      1.2
  SINCE JUL 1      4.9                       5.1   -0.2      1.2
  SNOW DEPTH       0

DEGREE DAYS
 HEATING
  TODAY           46                        31     15       40
  MONTH TO DATE  428                       423      5      439
  SINCE DEC 1    428                       423      5      439
  SINCE JUL 1   1242                      1498   -256     1326

 COOLING
  TODAY            0                         0      0        0
  MONTH TO DATE    0                         0      0        0
  SINCE DEC 1      0                         0      0        0
  SINCE JAN 1    880                       744    136     1049
..................................................................


WIND (MPH)
  HIGHEST WIND SPEED    12   HIGHEST WIND DIRECTION    NW (310)
  HIGHEST GUST SPEED    16   HIGHEST GUST DIRECTION     W (290)
  AVERAGE WIND SPEED     4.3


SKY COVER
  POSSIBLE SUNSHINE  MM
  AVERAGE SKY COVER 0.3


WEATHER CONDITIONS
 THE FOLLOWING WEATHER WAS RECORDED TODAY.
  NO SIGNIFICANT WEATHER WAS OBSERVED.


RELATIVE HUMIDITY (PERCENT)
 HIGHEST    76           500 AM
 LOWEST     55           100 PM
 AVERAGE    66

..........................................................


THE PROVIDENCE RI CLIMATE NORMALS FOR TOMORROW
                         NORMAL    RECORD    YEAR
 MAXIMUM TEMPERATURE (F)   42        62      1971
 MINIMUM TEMPERATURE (F)   26         3      1910


SUNRISE AND SUNSET
DECEMBER 15 2017......SUNRISE   706 AM EST   SUNSET   416 PM EST
DECEMBER 16 2017......SUNRISE   707 AM EST   SUNSET   416 PM EST


-  INDICATES NEGATIVE NUMBERS.
R  INDICATES RECORD WAS SET OR TIED.
MM INDICATES DATA IS MISSING.
T  INDICATES TRACE AMOUNT.




$$
