000
CDUS41 KBOX 221235
CLIPVD


CLIMATE REPORT
NATIONAL WEATHER SERVICE TAUNTON MA
835 AM EDT FRI MAY 22 2015


...................................

...THE PROVIDENCE RI CLIMATE SUMMARY FOR MAY 21 2015...

CLIMATE NORMAL PERIOD 1981 TO 2010
CLIMATE RECORD PERIOD 1904 TO 2015


WEATHER ITEM   OBSERVED TIME   RECORD YEAR NORMAL DEPARTURE LAST
                VALUE   (LST)  VALUE       VALUE  FROM      YEAR
                                                  NORMAL
..................................................................
TEMPERATURE (F)
 YESTERDAY
  MAXIMUM         68    136 PM  93    1996  70     -2       73
  MINIMUM         45    452 AM  36    2002  50     -5       46
  AVERAGE         57                        60     -3       60

PRECIPITATION (IN)
  YESTERDAY        0.00          1.10 1986   0.11  -0.11     0.00
  MONTH TO DATE    0.48                      2.30  -1.82     1.91
  SINCE MAR 1      7.39                     11.67  -4.28    14.06
  SINCE JAN 1     13.74                     18.82  -5.08    22.46

SNOWFALL (IN)
  YESTERDAY        0.0           T    1907   0.0    0.0      0.0
  MONTH TO DATE    0.0                       0.0    0.0      0.0
  SINCE MAR 1     16.3                       6.1   10.2      1.5
  SINCE JUL 1     76.2                      33.8   42.4     43.6
  SNOW DEPTH       0

DEGREE DAYS
 HEATING
  YESTERDAY        8                         6      2        5
  MONTH TO DATE  111                       178    -67      117
  SINCE MAR 1   1575                      1466    109     1557
  SINCE JUL 1   5937                      5528    409     5829

 COOLING
  YESTERDAY        0                         1     -1        0
  MONTH TO DATE   29                         8     21        9
  SINCE MAR 1     29                        10     19        9
  SINCE JAN 1     29                        10     19        9
..................................................................


WIND (MPH)
  RESULTANT WIND SPEED   7   RESULTANT WIND DIRECTION   S (200)
  HIGHEST WIND SPEED    22   HIGHEST WIND DIRECTION     S (180)
  HIGHEST GUST SPEED    28   HIGHEST GUST DIRECTION     S (180)
  AVERAGE WIND SPEED    10.0


SKY COVER
  POSSIBLE SUNSHINE  MM
  AVERAGE SKY COVER 0.6


WEATHER CONDITIONS
 THE FOLLOWING WEATHER WAS RECORDED YESTERDAY.
  NO SIGNIFICANT WEATHER WAS OBSERVED.


RELATIVE HUMIDITY (PERCENT)
 HIGHEST    76           500 AM
 LOWEST     30          1200 PM
 AVERAGE    53

..........................................................


THE PROVIDENCE RI CLIMATE NORMALS FOR TODAY
                         NORMAL    RECORD    YEAR
 MAXIMUM TEMPERATURE (F)   70        94      1992
                                             1941
 MINIMUM TEMPERATURE (F)   50        37      1907


SUNRISE AND SUNSET
MAY 22 2015...........SUNRISE   520 AM EDT   SUNSET   805 PM EDT
MAY 23 2015...........SUNRISE   519 AM EDT   SUNSET   806 PM EDT


-  INDICATES NEGATIVE NUMBERS.
R  INDICATES RECORD WAS SET OR TIED.
MM INDICATES DATA IS MISSING.
T  INDICATES TRACE AMOUNT.




$$
