401
CDUS41 KBOX 190532
CLIPVD


CLIMATE REPORT
NATIONAL WEATHER SERVICE TAUNTON MA
1232 AM EST SUN FEB 19 2017


...................................

...THE PROVIDENCE RI CLIMATE SUMMARY FOR FEBRUARY 18 2017...

CLIMATE NORMAL PERIOD 1981 TO 2010
CLIMATE RECORD PERIOD 1904 TO 2017


WEATHER ITEM   OBSERVED TIME   RECORD YEAR NORMAL DEPARTURE LAST
                VALUE   (LST)  VALUE       VALUE  FROM      YEAR
                                                  NORMAL
..................................................................
TEMPERATURE (F)
 YESTERDAY
  MAXIMUM         48    410 PM  72    1981  41      7       37
  MINIMUM         21    450 AM  -6    1979  24     -3       24
  AVERAGE         35                        33      2       31

PRECIPITATION (IN)
  YESTERDAY        0.00          1.87 1998   0.12  -0.12     0.00
  MONTH TO DATE    2.07                      2.03   0.04     3.63
  SINCE DEC 1     10.17                     10.11   0.06    11.46
  SINCE JAN 1      7.03                      5.89   1.14     6.66

SNOWFALL (IN)
  YESTERDAY        0.0           5.9  1952   0.3   -0.3      0.0
  MONTH TO DATE   16.8                       5.6   11.2     11.5
  SINCE DEC 1     38.2                      23.3   14.9     19.4
  SINCE JUL 1     38.2                      24.8   13.4     19.4
  SNOW DEPTH       4

DEGREE DAYS
 HEATING
  YESTERDAY       30                        33     -3       34
  MONTH TO DATE  619                       611      8      633
  SINCE DEC 1   2476                      2673   -197     2226
  SINCE JUL 1   3363                      3748   -385     3107

 COOLING
  YESTERDAY        0                         0      0        0
  MONTH TO DATE    0                         0      0        0
  SINCE DEC 1      0                         0      0        0
  SINCE JAN 1      0                         0      0        0
..................................................................


WIND (MPH)
  RESULTANT WIND SPEED   7   RESULTANT WIND DIRECTION  SW (220)
  HIGHEST WIND SPEED    24   HIGHEST WIND DIRECTION    SW (220)
  HIGHEST GUST SPEED    33   HIGHEST GUST DIRECTION    SW (220)
  AVERAGE WIND SPEED     7.9


SKY COVER
  POSSIBLE SUNSHINE  MM
  AVERAGE SKY COVER 0.2


WEATHER CONDITIONS
 THE FOLLOWING WEATHER WAS RECORDED YESTERDAY.
  NO SIGNIFICANT WEATHER WAS OBSERVED.


RELATIVE HUMIDITY (PERCENT)
 HIGHEST    79          1100 PM
 LOWEST     40          1200 PM
 AVERAGE    60

..........................................................


THE PROVIDENCE RI CLIMATE NORMALS FOR TODAY
                         NORMAL    RECORD    YEAR
 MAXIMUM TEMPERATURE (F)   41        64      1997
 MINIMUM TEMPERATURE (F)   24         2      1923


SUNRISE AND SUNSET
FEBRUARY 19 2017......SUNRISE   635 AM EST   SUNSET   524 PM EST
FEBRUARY 20 2017......SUNRISE   634 AM EST   SUNSET   526 PM EST


-  INDICATES NEGATIVE NUMBERS.
R  INDICATES RECORD WAS SET OR TIED.
MM INDICATES DATA IS MISSING.
T  INDICATES TRACE AMOUNT.




$$
