000
CDUS41 KBOX 030536
CLIPVD


CLIMATE REPORT
NATIONAL WEATHER SERVICE TAUNTON MA
135 AM EDT WED JUN 3 2015


...................................

...THE PROVIDENCE RI CLIMATE SUMMARY FOR JUNE 2 2015...

CLIMATE NORMAL PERIOD 1981 TO 2010
CLIMATE RECORD PERIOD 1904 TO 2015


WEATHER ITEM   OBSERVED TIME   RECORD YEAR NORMAL DEPARTURE LAST
                VALUE   (LST)  VALUE       VALUE  FROM      YEAR
                                                  NORMAL
..................................................................
TEMPERATURE (F)
 YESTERDAY
  MAXIMUM         51    400 PM  91    1918  74    -23       81
  MINIMUM         47   1137 PM  42    1915  54     -7       48
  AVERAGE         49                        64    -15       65

PRECIPITATION (IN)
  YESTERDAY        0.35          2.90 1982   0.15   0.20     0.00
  MONTH TO DATE    0.64                      0.29   0.35     0.00
  SINCE JUN 1      0.64                      0.29   0.35     0.00
  SINCE JAN 1     17.59                     20.36  -2.77    22.80

SNOWFALL (IN)
  YESTERDAY        0.0           0.0  2002   0.0    0.0      0.0
                                      2001
                                      2000
  MONTH TO DATE    0.0                       0.0    0.0      0.0
  SINCE JUN 1      0.0                       0.0    0.0      0.0
  SINCE JUL 1     76.2                      33.8   42.4     43.6
  SNOW DEPTH       0

DEGREE DAYS
 HEATING
  YESTERDAY       16                         3     13        0
  MONTH TO DATE   30                         6     24        4
  SINCE JUN 1     30                         6     24        4
  SINCE JUL 1   5978                      5581    397     5904

 COOLING
  YESTERDAY        0                         2     -2        0
  MONTH TO DATE    0                         4     -4        0
  SINCE JUN 1      0                         4     -4        0
  SINCE JAN 1     64                        30     34       11
..................................................................


WIND (MPH)
  RESULTANT WIND SPEED  11   RESULTANT WIND DIRECTION  NE (30)
  HIGHEST WIND SPEED    18   HIGHEST WIND DIRECTION     N (10)
  HIGHEST GUST SPEED    24   HIGHEST GUST DIRECTION     N (10)
  AVERAGE WIND SPEED    11.9


SKY COVER
  POSSIBLE SUNSHINE  MM
  AVERAGE SKY COVER 1.0


WEATHER CONDITIONS
 THE FOLLOWING WEATHER WAS RECORDED YESTERDAY.
  RAIN
  LIGHT RAIN
  FOG


RELATIVE HUMIDITY (PERCENT)
 HIGHEST    93           100 AM
 LOWEST     83           200 PM
 AVERAGE    88

..........................................................


THE PROVIDENCE RI CLIMATE NORMALS FOR TODAY
                         NORMAL    RECORD    YEAR
 MAXIMUM TEMPERATURE (F)   74        95      1943
                                             1925
 MINIMUM TEMPERATURE (F)   54        42      1915


SUNRISE AND SUNSET
JUNE  3 2015..........SUNRISE   513 AM EDT   SUNSET   815 PM EDT
JUNE  4 2015..........SUNRISE   512 AM EDT   SUNSET   816 PM EDT


-  INDICATES NEGATIVE NUMBERS.
R  INDICATES RECORD WAS SET OR TIED.
MM INDICATES DATA IS MISSING.
T  INDICATES TRACE AMOUNT.




$$
