966
CDUS41 KBOX 180600
CLIPVD


CLIMATE REPORT
NATIONAL WEATHER SERVICE TAUNTON MA
1250 AM EST THU JAN 18 2018


...................................

...THE PROVIDENCE RI CLIMATE SUMMARY FOR JANUARY 17 2018...

CLIMATE NORMAL PERIOD 1981 TO 2010
CLIMATE RECORD PERIOD 1904 TO 2018


WEATHER ITEM   OBSERVED TIME   RECORD YEAR NORMAL DEPARTURE LAST
                VALUE   (LST)  VALUE       VALUE  FROM      YEAR
                                                  NORMAL
..................................................................
TEMPERATURE (F)
 YESTERDAY
  MAXIMUM         36    305 PM  59    1995  37     -1       43
  MINIMUM         33   1159 PM  -8    1982  21     12       29
  AVERAGE         35                        29      6       36

PRECIPITATION (IN)
  YESTERDAY        0.17          1.04 1956   0.13   0.04     0.11
  MONTH TO DATE    4.56                      2.14   2.42     2.51
  SINCE DEC 1      7.13                      6.36   0.77     5.65
  SINCE JAN 1      4.56                      2.14   2.42     2.51

SNOWFALL (IN)
  YESTERDAY        1.1           9.6  1956   0.3    0.8      0.0
  MONTH TO DATE   15.6                       5.0   10.6     14.1
  SINCE DEC 1     22.7                      13.7    9.0     18.5
  SINCE JUL 1     22.7                      15.2    7.5     18.5
  SNOW DEPTH       0

DEGREE DAYS
 HEATING
  YESTERDAY       30                        36     -6       29
  MONTH TO DATE  675                       608     67      551
  SINCE DEC 1   1716                      1560    156     1479
  SINCE JUL 1   2530                      2635   -105     2366

 COOLING
  YESTERDAY        0                         0      0        0
  MONTH TO DATE    0                         0      0        0
  SINCE DEC 1      0                         0      0        0
  SINCE JAN 1      0                         0      0        0
..................................................................


WIND (MPH)
  RESULTANT WIND SPEED   4   RESULTANT WIND DIRECTION   N (10)
  HIGHEST WIND SPEED    12   HIGHEST WIND DIRECTION    NW (310)
  HIGHEST GUST SPEED    15   HIGHEST GUST DIRECTION    NW (310)
  AVERAGE WIND SPEED     5.8


SKY COVER
  POSSIBLE SUNSHINE  MM
  AVERAGE SKY COVER 1.0


WEATHER CONDITIONS
 THE FOLLOWING WEATHER WAS RECORDED YESTERDAY.
  LIGHT RAIN
  SNOW
  LIGHT SNOW
  FOG


RELATIVE HUMIDITY (PERCENT)
 HIGHEST   100           800 AM
 LOWEST     89           100 AM
 AVERAGE    95

..........................................................


THE PROVIDENCE RI CLIMATE NORMALS FOR TODAY
                         NORMAL    RECORD    YEAR
 MAXIMUM TEMPERATURE (F)   37        62      1973
 MINIMUM TEMPERATURE (F)   21        -9      1982


SUNRISE AND SUNSET
JANUARY 18 2018.......SUNRISE   709 AM EST   SUNSET   444 PM EST
JANUARY 19 2018.......SUNRISE   708 AM EST   SUNSET   445 PM EST


-  INDICATES NEGATIVE NUMBERS.
R  INDICATES RECORD WAS SET OR TIED.
MM INDICATES DATA IS MISSING.
T  INDICATES TRACE AMOUNT.




$$
