287
CDUS41 KBOX 202133
CLIPVD


CLIMATE REPORT
NATIONAL WEATHER SERVICE TAUNTON MA
427 PM EST MON NOV 20 2017


...................................

...THE PROVIDENCE RI CLIMATE SUMMARY FOR NOVEMBER 20 2017...
VALID AS OF 0400 PM LOCAL TIME.

CLIMATE NORMAL PERIOD 1981 TO 2010
CLIMATE RECORD PERIOD 1904 TO 2017


WEATHER ITEM   OBSERVED TIME   RECORD YEAR NORMAL DEPARTURE LAST
                VALUE   (LST)  VALUE       VALUE  FROM      YEAR
                                                  NORMAL
..................................................................
TEMPERATURE (F)
 TODAY
  MAXIMUM         43    228 PM  72    1991  52     -9       48
  MINIMUM         35    703 AM  17    1986  35      0       34
  AVERAGE         39                        43     -4       41

PRECIPITATION (IN)
  TODAY            0.00          2.52 1988   0.16  -0.16     0.16
  MONTH TO DATE    1.66                      2.93  -1.27     1.36
  SINCE SEP 1     10.95                     10.78   0.17     8.93
  SINCE JAN 1     45.15                     41.38   3.77    34.76

SNOWFALL (IN)
  TODAY            0.0           1.7  1961   0.0    0.0      0.0
  MONTH TO DATE    0.0                       0.5   -0.5      0.0
  SINCE SEP 1      0.0                       0.5   -0.5      0.0
  SINCE JUL 1      0.0                       0.5   -0.5      0.0
  SNOW DEPTH       0

DEGREE DAYS
 HEATING
  TODAY           26                        22      4       24
  MONTH TO DATE  396                       380     16      322
  SINCE SEP 1    578                       829   -251      660
  SINCE JUL 1    586                       838   -252      660

 COOLING
  TODAY            0                         0      0        0
  MONTH TO DATE    0                         0      0        0
  SINCE SEP 1    176                        88     88      166
  SINCE JAN 1    880                       744    136     1049
..................................................................


WIND (MPH)
  HIGHEST WIND SPEED    26   HIGHEST WIND DIRECTION     W (290)
  HIGHEST GUST SPEED    35   HIGHEST GUST DIRECTION    NW (310)
  AVERAGE WIND SPEED    13.4


SKY COVER
  POSSIBLE SUNSHINE  MM
  AVERAGE SKY COVER 0.4


WEATHER CONDITIONS
 THE FOLLOWING WEATHER WAS RECORDED TODAY.
  NO SIGNIFICANT WEATHER WAS OBSERVED.


RELATIVE HUMIDITY (PERCENT)
 HIGHEST    64          1200 AM
 LOWEST     41          1100 AM
 AVERAGE    53

..........................................................


THE PROVIDENCE RI CLIMATE NORMALS FOR TOMORROW
                         NORMAL    RECORD    YEAR
 MAXIMUM TEMPERATURE (F)   51        71      1931
 MINIMUM TEMPERATURE (F)   34        16      1987


SUNRISE AND SUNSET
NOVEMBER 20 2017......SUNRISE   641 AM EST   SUNSET   421 PM EST
NOVEMBER 21 2017......SUNRISE   642 AM EST   SUNSET   421 PM EST


-  INDICATES NEGATIVE NUMBERS.
R  INDICATES RECORD WAS SET OR TIED.
MM INDICATES DATA IS MISSING.
T  INDICATES TRACE AMOUNT.




$$
