000
CDUS41 KBOX 142133
CLIPVD


CLIMATE REPORT
NATIONAL WEATHER SERVICE TAUNTON MA
532 PM EDT FRI JUL 14 2017


...................................

...THE PROVIDENCE RI CLIMATE SUMMARY FOR JULY 14 2017...
VALID TODAY AS OF 0500 PM LOCAL TIME.

CLIMATE NORMAL PERIOD 1981 TO 2010
CLIMATE RECORD PERIOD 1904 TO 2017


WEATHER ITEM   OBSERVED TIME   RECORD YEAR NORMAL DEPARTURE LAST
                VALUE   (LST)  VALUE       VALUE  FROM      YEAR
                                                  NORMAL
..................................................................
TEMPERATURE (F)
 TODAY
  MAXIMUM         68    207 PM  98    1995  83    -15       84
  MINIMUM         60    604 AM  53    1999  64     -4       68
                                      1937
  AVERAGE         64                        74    -10       76

PRECIPITATION (IN)
  TODAY            0.01          2.21 1960   0.11  -0.10     0.53
  MONTH TO DATE    2.69                      1.36   1.33     1.39
  SINCE JUN 1      6.95                      5.00   1.95     2.44
  SINCE JAN 1     31.97                     25.07   6.90    20.56

SNOWFALL (IN)
  TODAY            0.0           0.0  2002   0.0    0.0      0.0
                                      2001
                                      2000
  MONTH TO DATE    0.0                       0.0    0.0      0.0
  SINCE JUN 1      0.0                       0.0    0.0      0.0
  SINCE JUL 1      0.0                       0.0    0.0      0.0
  SNOW DEPTH       0

DEGREE DAYS
 HEATING
  TODAY            1                         0      1        0
  MONTH TO DATE    1                         0      1        0
  SINCE JUN 1     50                        43      7       12
  SINCE JUL 1      1                         0      1        0

 COOLING
  TODAY            0                         9     -9       11
  MONTH TO DATE  124                       114     10      115
  SINCE JUN 1    293                       246     47      250
  SINCE JAN 1    351                       272     79      301
..................................................................


WIND (MPH)
  HIGHEST WIND SPEED    13   HIGHEST WIND DIRECTION    NE (30)
  HIGHEST GUST SPEED    15   HIGHEST GUST DIRECTION    NE (40)
  AVERAGE WIND SPEED     7.5


SKY COVER
  POSSIBLE SUNSHINE  MM
  AVERAGE SKY COVER 1.0


WEATHER CONDITIONS
 THE FOLLOWING WEATHER WAS RECORDED TODAY.
  LIGHT RAIN


RELATIVE HUMIDITY (PERCENT)
 HIGHEST   100           200 AM
 LOWEST     81           200 PM
 AVERAGE    91

..........................................................


THE PROVIDENCE RI CLIMATE NORMALS FOR TOMORROW
                         NORMAL    RECORD    YEAR
 MAXIMUM TEMPERATURE (F)   83        99      1995
 MINIMUM TEMPERATURE (F)   64        54      1926


SUNRISE AND SUNSET
JULY 14 2017..........SUNRISE   524 AM EDT   SUNSET   819 PM EDT
JULY 15 2017..........SUNRISE   524 AM EDT   SUNSET   819 PM EDT


-  INDICATES NEGATIVE NUMBERS.
R  INDICATES RECORD WAS SET OR TIED.
MM INDICATES DATA IS MISSING.
T  INDICATES TRACE AMOUNT.




$$
