000
CDUS41 KBOX 280556
CLIPVD


CLIMATE REPORT
NATIONAL WEATHER SERVICE TAUNTON MA
155 AM EDT THU APR 28 2016


...................................

...THE PROVIDENCE RI CLIMATE SUMMARY FOR APRIL 27 2016...

CLIMATE NORMAL PERIOD 1981 TO 2010
CLIMATE RECORD PERIOD 1904 TO 2016


WEATHER ITEM   OBSERVED TIME   RECORD YEAR NORMAL DEPARTURE LAST
                VALUE   (LST)  VALUE       VALUE  FROM      YEAR
                                                  NORMAL
..................................................................
TEMPERATURE (F)
 YESTERDAY
  MAXIMUM         57    301 PM  89    1990  63     -6       61
  MINIMUM         35    337 AM  32    1909  43     -8       45
  AVERAGE         46                        53     -7       53

PRECIPITATION (IN)
  YESTERDAY        0.00          1.94 1979   0.13  -0.13     0.03
  MONTH TO DATE    3.91                      3.98  -0.07     2.48
  SINCE MAR 1      6.59                      8.99  -2.40     6.88
  SINCE JAN 1     14.94                     16.14  -1.20    13.23

SNOWFALL (IN)
  YESTERDAY        0.0           0.2  1993   0.0    0.0      0.0
  MONTH TO DATE    6.7                       0.6    6.1       T
  SINCE MAR 1      9.3                       6.1    3.2     16.3
  SINCE JUL 1     28.7                      33.8   -5.1     76.2
  SNOW DEPTH       0

DEGREE DAYS
 HEATING
  YESTERDAY       19                        12      7       12
  MONTH TO DATE  464                       444     20      438
  SINCE MAR 1   1111                      1253   -142     1430
  SINCE JUL 1   4482                      5315   -833     5792

 COOLING
  YESTERDAY        0                         0      0        0
  MONTH TO DATE    0                         0      0        0
  SINCE MAR 1      0                         0      0        0
  SINCE JAN 1      0                         0      0        0
..................................................................


WIND (MPH)
  RESULTANT WIND SPEED   4   RESULTANT WIND DIRECTION  SW (210)
  HIGHEST WIND SPEED    20   HIGHEST WIND DIRECTION     S (200)
  HIGHEST GUST SPEED    24   HIGHEST GUST DIRECTION    SE (140)
  AVERAGE WIND SPEED     7.9


SKY COVER
  POSSIBLE SUNSHINE  MM
  AVERAGE SKY COVER 0.3


WEATHER CONDITIONS
 THE FOLLOWING WEATHER WAS RECORDED YESTERDAY.
  NO SIGNIFICANT WEATHER WAS OBSERVED.


RELATIVE HUMIDITY (PERCENT)
 HIGHEST    92           400 AM
 LOWEST     32          1200 PM
 AVERAGE    62

..........................................................


THE PROVIDENCE RI CLIMATE NORMALS FOR TODAY
                         NORMAL    RECORD    YEAR
 MAXIMUM TEMPERATURE (F)   63        91      1938
 MINIMUM TEMPERATURE (F)   43        31      1992
                                             1972


SUNRISE AND SUNSET
APRIL 28 2016.........SUNRISE   546 AM EDT   SUNSET   741 PM EDT
APRIL 29 2016.........SUNRISE   544 AM EDT   SUNSET   742 PM EDT


-  INDICATES NEGATIVE NUMBERS.
R  INDICATES RECORD WAS SET OR TIED.
MM INDICATES DATA IS MISSING.
T  INDICATES TRACE AMOUNT.




$$
