000
CDUS41 KBOX 100600
CLIPVD


CLIMATE REPORT
NATIONAL WEATHER SERVICE TAUNTON MA
100 AM EST TUE JAN 10 2017


...................................

...THE PROVIDENCE RI CLIMATE SUMMARY FOR JANUARY 9 2017...

CLIMATE NORMAL PERIOD 1981 TO 2010
CLIMATE RECORD PERIOD 1904 TO 2017


WEATHER ITEM   OBSERVED TIME   RECORD YEAR NORMAL DEPARTURE LAST
                VALUE   (LST)  VALUE       VALUE  FROM      YEAR
                                                  NORMAL
..................................................................
TEMPERATURE (F)
 YESTERDAY
  MAXIMUM         20    346 PM  65    1937  37    -17       47
  MINIMUM          5    722 AM  -8    1981  21    -16       38
  AVERAGE         13                        29    -16       43

PRECIPITATION (IN)
  YESTERDAY        0.00          2.06 1953   0.13  -0.13     0.00
  MONTH TO DATE    1.68                      1.10   0.58      T
  SINCE DEC 1      4.82                      5.32  -0.50     4.80
  SINCE JAN 1      1.68                      1.10   0.58      T

SNOWFALL (IN)
  YESTERDAY        0.0           5.8  1974   0.3   -0.3      0.0
  MONTH TO DATE   14.1                       2.6   11.5      0.3
  SINCE DEC 1     18.5                      11.3    7.2      0.9
  SINCE JUL 1     18.5                      12.8    5.7      0.9
  SNOW DEPTH       7

DEGREE DAYS
 HEATING
  YESTERDAY       52                        36     16       22
  MONTH TO DATE  323                       320      3      300
  SINCE DEC 1   1251                      1272    -21      883
  SINCE JUL 1   2138                      2347   -209     1764

 COOLING
  YESTERDAY        0                         0      0        0
  MONTH TO DATE    0                         0      0        0
  SINCE DEC 1      0                         0      0        0
  SINCE JAN 1      0                         0      0        0
..................................................................


WIND (MPH)
  RESULTANT WIND SPEED   3   RESULTANT WIND DIRECTION   W (270)
  HIGHEST WIND SPEED    10   HIGHEST WIND DIRECTION    NW (310)
  HIGHEST GUST SPEED    14   HIGHEST GUST DIRECTION     N (340)
  AVERAGE WIND SPEED     4.7


SKY COVER
  POSSIBLE SUNSHINE  MM
  AVERAGE SKY COVER 0.5


WEATHER CONDITIONS
 THE FOLLOWING WEATHER WAS RECORDED YESTERDAY.
  NO SIGNIFICANT WEATHER WAS OBSERVED.


RELATIVE HUMIDITY (PERCENT)
 HIGHEST    76          1200 AM
 LOWEST     39          1200 PM
 AVERAGE    58

..........................................................


THE PROVIDENCE RI CLIMATE NORMALS FOR TODAY
                         NORMAL    RECORD    YEAR
 MAXIMUM TEMPERATURE (F)   37        59      2016
 MINIMUM TEMPERATURE (F)   21        -1      2004


SUNRISE AND SUNSET
JANUARY 10 2017.......SUNRISE   712 AM EST   SUNSET   435 PM EST
JANUARY 11 2017.......SUNRISE   712 AM EST   SUNSET   436 PM EST


-  INDICATES NEGATIVE NUMBERS.
R  INDICATES RECORD WAS SET OR TIED.
MM INDICATES DATA IS MISSING.
T  INDICATES TRACE AMOUNT.




$$
