000
CDUS41 KBOX 240534
CLIPVD


CLIMATE REPORT
NATIONAL WEATHER SERVICE TAUNTON MA
1231 AM EST WED DEC 24 2014


...................................

...THE PROVIDENCE RI CLIMATE SUMMARY FOR DECEMBER 23 2014...

CLIMATE NORMAL PERIOD 1981 TO 2010
CLIMATE RECORD PERIOD 1904 TO 2014


WEATHER ITEM   OBSERVED TIME   RECORD YEAR NORMAL DEPARTURE LAST
                VALUE   (LST)  VALUE       VALUE  FROM      YEAR
                                                  NORMAL
..................................................................
TEMPERATURE (F)
 YESTERDAY
  MAXIMUM         47   1159 PM  62    1990  40      7       44
  MINIMUM         40    341 AM   2    1989  24     16       36
                                      1955
  AVERAGE         44                        32     12       40

PRECIPITATION (IN)
  YESTERDAY        0.24          1.43 1907   0.13   0.11     0.66
  MONTH TO DATE    5.30                      3.26   2.04     3.55
  SINCE DEC 1      5.30                      3.26   2.04     3.55
  SINCE JAN 1     46.24                     46.22   0.02    44.19

SNOWFALL (IN)
  YESTERDAY        0.0           6.4  1947   0.3   -0.3      0.0
  MONTH TO DATE    0.9                       6.1   -5.2      7.0
  SINCE DEC 1      0.9                       6.1   -5.2      7.0
  SINCE JUL 1      2.5                       7.6   -5.1      7.1
  SNOW DEPTH       0

DEGREE DAYS
 HEATING
  YESTERDAY       21                        33    -12       25
  MONTH TO DATE  629                       679    -50      702
  SINCE DEC 1    629                       679    -50      702
  SINCE JUL 1   1665                      1754    -89     1805

 COOLING
  YESTERDAY        0                         0      0        0
  MONTH TO DATE    0                         0      0        0
  SINCE DEC 1      0                         0      0        0
  SINCE JAN 1    709                       744    -35      892
..................................................................


WIND (MPH)
  RESULTANT WIND SPEED   9   RESULTANT WIND DIRECTION  NE (30)
  HIGHEST WIND SPEED    15   HIGHEST WIND DIRECTION    NE (30)
  HIGHEST GUST SPEED    19   HIGHEST GUST DIRECTION    NE (40)
  AVERAGE WIND SPEED     9.4


SKY COVER
  POSSIBLE SUNSHINE  MM
  AVERAGE SKY COVER 1.0


WEATHER CONDITIONS
 THE FOLLOWING WEATHER WAS RECORDED YESTERDAY.
  RAIN
  LIGHT RAIN
  FOG


RELATIVE HUMIDITY (PERCENT)
 HIGHEST   100           800 AM
 LOWEST     86           400 AM
 AVERAGE    93

..........................................................


THE PROVIDENCE RI CLIMATE NORMALS FOR TODAY
                         NORMAL    RECORD    YEAR
 MAXIMUM TEMPERATURE (F)   40        60      1990
 MINIMUM TEMPERATURE (F)   24        -4      1975


SUNRISE AND SUNSET
DECEMBER 24 2014......SUNRISE   711 AM EST   SUNSET   420 PM EST
DECEMBER 25 2014......SUNRISE   711 AM EST   SUNSET   420 PM EST


-  INDICATES NEGATIVE NUMBERS.
R  INDICATES RECORD WAS SET OR TIED.
MM INDICATES DATA IS MISSING.
T  INDICATES TRACE AMOUNT.




$$
