000
CDUS41 KBOX 270547
CLIPVD


CLIMATE REPORT
NATIONAL WEATHER SERVICE TAUNTON MA
147 AM EDT SAT SEP 27 2014


...................................

...THE PROVIDENCE RI CLIMATE SUMMARY FOR SEPTEMBER 26 2014...

CLIMATE NORMAL PERIOD 1981 TO 2010
CLIMATE RECORD PERIOD 1904 TO 2014


WEATHER ITEM   OBSERVED TIME   RECORD YEAR NORMAL DEPARTURE LAST
                VALUE   (LST)  VALUE       VALUE  FROM      YEAR
                                                  NORMAL
..................................................................
TEMPERATURE (F)
 YESTERDAY
  MAXIMUM         77    116 PM  89    2007  71      6       66
                                      1930
                                      1920
  MINIMUM         55   1159 PM  37    1967  51      4       52
                                      1950
                                      1925
  AVERAGE         66                        61      5       59

PRECIPITATION (IN)
  YESTERDAY        T             2.53 2008   0.14  -0.14     0.00
  MONTH TO DATE    0.64                      3.38  -2.74     4.59
  SINCE SEP 1      0.64                      3.38  -2.74     4.59
  SINCE JAN 1     32.09                     33.98  -1.89    35.40

SNOWFALL (IN)
  YESTERDAY        0.0           0.0  2002   0.0    0.0      0.0
                                      2001
                                      2000
  MONTH TO DATE    0.0                       0.0    0.0      0.0
  SINCE SEP 1      0.0                       0.0    0.0      0.0
  SINCE JUL 1      0.0                       0.0    0.0      0.0
  SNOW DEPTH       0

DEGREE DAYS
 HEATING
  YESTERDAY        0                         5     -5        6
  MONTH TO DATE   67                        64      3       82
  SINCE SEP 1     67                        64      3       82
  SINCE JUL 1     67                        73     -6       82

 COOLING
  YESTERDAY        1                         1      0        0
  MONTH TO DATE  105                        76     29       63
  SINCE SEP 1    105                        76     29       63
  SINCE JAN 1    687                       732    -45      885
..................................................................


WIND (MPH)
  RESULTANT WIND SPEED   8   RESULTANT WIND DIRECTION   N (20)
  HIGHEST WIND SPEED    20   HIGHEST WIND DIRECTION     N (20)
  HIGHEST GUST SPEED    25   HIGHEST GUST DIRECTION    NE (50)
  AVERAGE WIND SPEED     8.7


SKY COVER
  POSSIBLE SUNSHINE  MM
  AVERAGE SKY COVER 0.4


WEATHER CONDITIONS
 THE FOLLOWING WEATHER WAS RECORDED YESTERDAY.
  LIGHT RAIN


RELATIVE HUMIDITY (PERCENT)
 HIGHEST    93           100 AM
 LOWEST     19           100 PM
 AVERAGE    56

..........................................................


THE PROVIDENCE RI CLIMATE NORMALS FOR TODAY
                         NORMAL    RECORD    YEAR
 MAXIMUM TEMPERATURE (F)   70        86      1998
 MINIMUM TEMPERATURE (F)   51        35      1980


SUNRISE AND SUNSET
SEPTEMBER 27 2014.....SUNRISE   638 AM EDT   SUNSET   634 PM EDT
SEPTEMBER 28 2014.....SUNRISE   639 AM EDT   SUNSET   633 PM EDT


-  INDICATES NEGATIVE NUMBERS.
R  INDICATES RECORD WAS SET OR TIED.
MM INDICATES DATA IS MISSING.
T  INDICATES TRACE AMOUNT.




$$
