000
CDUS41 KBOX 272132
CLIPVD


CLIMATE REPORT
NATIONAL WEATHER SERVICE TAUNTON MA
532 PM EDT SAT JUN 27 2015


...................................

...THE PROVIDENCE RI CLIMATE SUMMARY FOR JUNE 27 2015...
VALID AS OF 0500 PM LOCAL TIME.

CLIMATE NORMAL PERIOD 1981 TO 2010
CLIMATE RECORD PERIOD 1904 TO 2015


WEATHER ITEM   OBSERVED TIME   RECORD YEAR NORMAL DEPARTURE LAST
                VALUE   (LST)  VALUE       VALUE  FROM      YEAR
                                                  NORMAL
..................................................................
TEMPERATURE (F)
 TODAY
  MAXIMUM         71   1249 PM  96    1980  81    -10       79
                                      1941
  MINIMUM         55    435 AM  47    1979  62     -7       59
  AVERAGE         63                        71     -8       69

PRECIPITATION (IN)
  TODAY            0.00          2.24 1938   0.09  -0.09     0.00
  MONTH TO DATE    3.28                      3.37  -0.09     2.36
  SINCE JUN 1      3.28                      3.37  -0.09     2.36
  SINCE JAN 1     20.23                     23.44  -3.21    25.16

SNOWFALL (IN)
  TODAY            0.0           0.0  2002   0.0    0.0      0.0
                                      2001
                                      2000
  MONTH TO DATE    0.0                       0.0    0.0      0.0
  SINCE JUN 1      0.0                       0.0    0.0      0.0
  SINCE JUL 1     76.2                      33.8   42.4     43.6
  SNOW DEPTH       0

DEGREE DAYS
 HEATING
  TODAY            2                         0      2        0
  MONTH TO DATE   67                        41     26       13
  SINCE JUN 1     67                        41     26       13
  SINCE JUL 1   6015                      5616    399     5913

 COOLING
  TODAY            0                         7     -7        4
  MONTH TO DATE  112                       112      0       85
  SINCE JUN 1    112                       112      0       85
  SINCE JAN 1    176                       138     38       96
..................................................................


WIND (MPH)
  HIGHEST WIND SPEED    15   HIGHEST WIND DIRECTION     S (170)
  HIGHEST GUST SPEED    19   HIGHEST GUST DIRECTION     S (180)
  AVERAGE WIND SPEED     5.2


SKY COVER
  POSSIBLE SUNSHINE  MM
  AVERAGE SKY COVER 0.7


WEATHER CONDITIONS
 THE FOLLOWING WEATHER WAS RECORDED TODAY.
  NO SIGNIFICANT WEATHER WAS OBSERVED.


RELATIVE HUMIDITY (PERCENT)
 HIGHEST    86           300 AM
 LOWEST     47          1000 AM
 AVERAGE    67

..........................................................


THE PROVIDENCE RI CLIMATE NORMALS FOR TOMORROW
                         NORMAL    RECORD    YEAR
 MAXIMUM TEMPERATURE (F)   81        96      1991
 MINIMUM TEMPERATURE (F)   62        49      1995
                                             1970


SUNRISE AND SUNSET
JUNE 27 2015..........SUNRISE   513 AM EDT   SUNSET   824 PM EDT
JUNE 28 2015..........SUNRISE   513 AM EDT   SUNSET   824 PM EDT


-  INDICATES NEGATIVE NUMBERS.
R  INDICATES RECORD WAS SET OR TIED.
MM INDICATES DATA IS MISSING.
T  INDICATES TRACE AMOUNT.




$$
