000
CDUS41 KBOX 050603
CLIPVD


CLIMATE REPORT
NATIONAL WEATHER SERVICE TAUNTON MA
1252 AM EST TUE DEC 5 2017


...................................

...THE PROVIDENCE RI CLIMATE SUMMARY FOR DECEMBER 4 2017...

CLIMATE NORMAL PERIOD 1981 TO 2010
CLIMATE RECORD PERIOD 1904 TO 2017


WEATHER ITEM   OBSERVED TIME   RECORD YEAR NORMAL DEPARTURE LAST
                VALUE   (LST)  VALUE       VALUE  FROM      YEAR
                                                  NORMAL
..................................................................
TEMPERATURE (F)
 YESTERDAY
  MAXIMUM         49    217 PM  71    1998  46      3       42
  MINIMUM         33   1154 PM   2    1940  30      3       28
  AVERAGE         41                        38      3       35

PRECIPITATION (IN)
  YESTERDAY        0.00          2.22 1968   0.16  -0.16     0.00
  MONTH TO DATE    0.04                      0.62  -0.58     0.19
  SINCE DEC 1      0.04                      0.62  -0.58     0.19
  SINCE JAN 1     46.47                     43.58   2.89    37.05

SNOWFALL (IN)
  YESTERDAY        0.0           2.8  1907   0.2   -0.2      0.0
  MONTH TO DATE    0.0                       0.8   -0.8      0.0
  SINCE DEC 1      0.0                       0.8   -0.8      0.0
  SINCE JUL 1      0.0                       2.3   -2.3       T
  SNOW DEPTH       0

DEGREE DAYS
 HEATING
  YESTERDAY       24                        27     -3       30
  MONTH TO DATE   98                       105     -7       88
  SINCE DEC 1     98                       105     -7       88
  SINCE JUL 1    912                      1180   -268      975

 COOLING
  YESTERDAY        0                         0      0        0
  MONTH TO DATE    0                         0      0        0
  SINCE DEC 1      0                         0      0        0
  SINCE JAN 1    880                       744    136     1049
..................................................................


WIND (MPH)
  RESULTANT WIND SPEED   2   RESULTANT WIND DIRECTION  NE (50)
  HIGHEST WIND SPEED     8   HIGHEST WIND DIRECTION     E (100)
  HIGHEST GUST SPEED    10   HIGHEST GUST DIRECTION    SE (150)
  AVERAGE WIND SPEED     3.9


SKY COVER
  POSSIBLE SUNSHINE  MM
  AVERAGE SKY COVER 0.5


WEATHER CONDITIONS
 THE FOLLOWING WEATHER WAS RECORDED YESTERDAY.
  NO SIGNIFICANT WEATHER WAS OBSERVED.


RELATIVE HUMIDITY (PERCENT)
 HIGHEST    92          1100 PM
 LOWEST     56           100 PM
 AVERAGE    74

..........................................................


THE PROVIDENCE RI CLIMATE NORMALS FOR TODAY
                         NORMAL    RECORD    YEAR
 MAXIMUM TEMPERATURE (F)   46        68      2001
 MINIMUM TEMPERATURE (F)   30         4      1926


SUNRISE AND SUNSET
DECEMBER  5 2017......SUNRISE   658 AM EST   SUNSET   415 PM EST
DECEMBER  6 2017......SUNRISE   659 AM EST   SUNSET   415 PM EST


-  INDICATES NEGATIVE NUMBERS.
R  INDICATES RECORD WAS SET OR TIED.
MM INDICATES DATA IS MISSING.
T  INDICATES TRACE AMOUNT.




$$
