000
CDUS41 KBOX 202235
CLIPVD


CLIMATE REPORT
NATIONAL WEATHER SERVICE TAUNTON MA
635 PM EDT TUE SEP 20 2016


...................................

...THE PROVIDENCE RI CLIMATE SUMMARY FOR SEPTEMBER 20 2016...
VALID TODAY AS OF 0600 PM LOCAL TIME.

CLIMATE NORMAL PERIOD 1981 TO 2010
CLIMATE RECORD PERIOD 1904 TO 2016


WEATHER ITEM   OBSERVED TIME   RECORD YEAR NORMAL DEPARTURE LAST
                VALUE   (LST)  VALUE       VALUE  FROM      YEAR
                                                  NORMAL
..................................................................
TEMPERATURE (F)
 TODAY
  MAXIMUM         79    200 PM  93    1983  73      6       79
  MINIMUM         69        MM  38    1979  54     15       58
  AVERAGE         74                        63     11       69

PRECIPITATION (IN)
  TODAY            0.05          1.87 1960   0.13  -0.08      T
  MONTH TO DATE    1.63                      2.57  -0.94     1.11
  SINCE SEP 1      1.63                      2.57  -0.94     1.11
  SINCE JAN 1     27.46                     33.17  -5.71    28.53

SNOWFALL (IN)
  TODAY            0.0           0.0  2002   0.0    0.0      0.0
                                      2001
                                      2000
  MONTH TO DATE    0.0                       0.0    0.0      0.0
  SINCE SEP 1      0.0                       0.0    0.0      0.0
  SINCE JUL 1      0.0                       0.0    0.0      0.0
  SNOW DEPTH       0

DEGREE DAYS
 HEATING
  TODAY            0                         4     -4        0
  MONTH TO DATE    6                        37    -31        1
  SINCE SEP 1      6                        37    -31        1
  SINCE JUL 1      6                        46    -40        1

 COOLING
  TODAY            9                         2      7        4
  MONTH TO DATE  132                        68     64      140
  SINCE SEP 1    132                        68     64      140
  SINCE JAN 1   1015                       724    291      941
..................................................................


WIND (MPH)
  HIGHEST WIND SPEED    10   HIGHEST WIND DIRECTION     S (170)
  HIGHEST GUST SPEED    MM   HIGHEST GUST DIRECTION    MM
  AVERAGE WIND SPEED     4.0


SKY COVER
  POSSIBLE SUNSHINE  MM
  AVERAGE SKY COVER 0.9


WEATHER CONDITIONS
 THE FOLLOWING WEATHER WAS RECORDED TODAY.
  LIGHT RAIN
  FOG


RELATIVE HUMIDITY (PERCENT)
 HIGHEST    97           600 AM
 LOWEST     71           200 PM
 AVERAGE    84

..........................................................


THE PROVIDENCE RI CLIMATE NORMALS FOR TOMORROW
                         NORMAL    RECORD    YEAR
 MAXIMUM TEMPERATURE (F)   72        89      1914
 MINIMUM TEMPERATURE (F)   53        35      1956


SUNRISE AND SUNSET
SEPTEMBER 20 2016.....SUNRISE   632 AM EDT   SUNSET   646 PM EDT
SEPTEMBER 21 2016.....SUNRISE   633 AM EDT   SUNSET   644 PM EDT


-  INDICATES NEGATIVE NUMBERS.
R  INDICATES RECORD WAS SET OR TIED.
MM INDICATES DATA IS MISSING.
T  INDICATES TRACE AMOUNT.




$$
