000
CDUS41 KBOX 120536
CLIPVD


CLIMATE REPORT
NATIONAL WEATHER SERVICE TAUNTON MA
136 AM EDT SAT AUG 12 2017


...................................

...THE PROVIDENCE RI CLIMATE SUMMARY FOR AUGUST 11 2017...

CLIMATE NORMAL PERIOD 1981 TO 2010
CLIMATE RECORD PERIOD 1904 TO 2017


WEATHER ITEM   OBSERVED TIME   RECORD YEAR NORMAL DEPARTURE LAST
                VALUE   (LST)  VALUE       VALUE  FROM      YEAR
                                                  NORMAL
..................................................................
TEMPERATURE (F)
 YESTERDAY
  MAXIMUM         81    235 PM 100    1944  82     -1       93
  MINIMUM         61    503 AM  50    1974  64     -3       77
  AVERAGE         71                        73     -2       85

PRECIPITATION (IN)
  YESTERDAY        0.00          2.26 1989   0.11  -0.11     0.00
  MONTH TO DATE    0.63                      1.31  -0.68     1.28
  SINCE JUN 1      8.35                      8.24   0.11     6.28
  SINCE JAN 1     33.37                     28.31   5.06    24.40

SNOWFALL (IN)
  YESTERDAY        0.0           0.0  2002   0.0    0.0      0.0
                                      2001
                                      2000
  MONTH TO DATE    0.0                       0.0    0.0      0.0
  SINCE JUN 1      0.0                       0.0    0.0      0.0
  SINCE JUL 1      0.0                       0.0    0.0      0.0
  SNOW DEPTH       0

DEGREE DAYS
 HEATING
  YESTERDAY        0                         0      0        0
  MONTH TO DATE    0                         0      0        0
  SINCE JUN 1     56                        46     10       12
  SINCE JUL 1      7                         3      4        0

 COOLING
  YESTERDAY        6                         8     -2       20
  MONTH TO DATE   80                        94    -14      104
  SINCE JUN 1    503                       492     11      587
  SINCE JAN 1    561                       518     43      638
..................................................................


WIND (MPH)
  RESULTANT WIND SPEED   4   RESULTANT WIND DIRECTION   S (180)
  HIGHEST WIND SPEED    13   HIGHEST WIND DIRECTION    SE (150)
  HIGHEST GUST SPEED    17   HIGHEST GUST DIRECTION    SE (150)
  AVERAGE WIND SPEED     5.3


SKY COVER
  POSSIBLE SUNSHINE  MM
  AVERAGE SKY COVER 0.6


WEATHER CONDITIONS
 THE FOLLOWING WEATHER WAS RECORDED YESTERDAY.
  FOG


RELATIVE HUMIDITY (PERCENT)
 HIGHEST   100           200 AM
 LOWEST     33           100 PM
 AVERAGE    67

..........................................................


THE PROVIDENCE RI CLIMATE NORMALS FOR TODAY
                         NORMAL    RECORD    YEAR
 MAXIMUM TEMPERATURE (F)   82       100      1944
 MINIMUM TEMPERATURE (F)   64        50      1968


SUNRISE AND SUNSET
AUGUST 12 2017........SUNRISE   551 AM EDT   SUNSET   749 PM EDT
AUGUST 13 2017........SUNRISE   552 AM EDT   SUNSET   748 PM EDT


-  INDICATES NEGATIVE NUMBERS.
R  INDICATES RECORD WAS SET OR TIED.
MM INDICATES DATA IS MISSING.
T  INDICATES TRACE AMOUNT.




$$
