000
CDUS41 KBOX 182129
CLIPVD


CLIMATE REPORT
NATIONAL WEATHER SERVICE TAUNTON MA
526 PM EDT FRI JUL 18 2014


...................................

...THE PROVIDENCE RI CLIMATE SUMMARY FOR JULY 18 2014...
VALID AS OF 0500 PM LOCAL TIME.

CLIMATE NORMAL PERIOD 1981 TO 2010
CLIMATE RECORD PERIOD 1904 TO 2014


WEATHER ITEM   OBSERVED TIME   RECORD YEAR NORMAL DEPARTURE LAST
                VALUE   (LST)  VALUE       VALUE  FROM      YEAR
                                                  NORMAL
..................................................................
TEMPERATURE (F)
 TODAY
  MAXIMUM         82        MM  98    1999  83     -1       96
                                      1982
  MINIMUM         60        MM  53    1956  65     -5       77
  AVERAGE         71                        74     -3       87

PRECIPITATION (IN)
  TODAY            0.00          1.21 1984   0.11  -0.11     0.00
  MONTH TO DATE    3.32                      1.79   1.53     0.80
  SINCE JUN 1      5.68                      5.43   0.25    10.88
  SINCE JAN 1     28.48                     25.50   2.98    25.48

SNOWFALL (IN)
  TODAY            0.0           0.0  2002   0.0    0.0      0.0
                                      2001
                                      2000
  MONTH TO DATE    0.0                       0.0    0.0      0.0
  SINCE JUN 1      0.0                       0.0    0.0      0.0
  SINCE JUL 1      0.0                       0.0    0.0      0.0
  SNOW DEPTH       0

DEGREE DAYS
 HEATING
  TODAY            0                         0      0        0
  MONTH TO DATE    0                         0      0        0
  SINCE JUN 1     13                        43    -30       24
  SINCE JUL 1      0                         0      0        0

 COOLING
  TODAY            6                         9     -3       22
  MONTH TO DATE  189                       150     39      275
  SINCE JUN 1    292                       282     10      439
  SINCE JAN 1    303                       308     -5      483
..................................................................


WIND (MPH)
  HIGHEST WIND SPEED    10   HIGHEST WIND DIRECTION     S (190)
  HIGHEST GUST SPEED    MM   HIGHEST GUST DIRECTION    MM
  AVERAGE WIND SPEED     4.9


SKY COVER
  POSSIBLE SUNSHINE  MM
  AVERAGE SKY COVER 0.4


WEATHER CONDITIONS
 THE FOLLOWING WEATHER WAS RECORDED TODAY.
  NO SIGNIFICANT WEATHER WAS OBSERVED.


RELATIVE HUMIDITY (PERCENT)
 HIGHEST    84           200 AM
 LOWEST     42           200 PM
 AVERAGE    63

..........................................................


THE PROVIDENCE RI CLIMATE NORMALS FOR TOMORROW
                         NORMAL    RECORD    YEAR
 MAXIMUM TEMPERATURE (F)   83       100      1977
 MINIMUM TEMPERATURE (F)   65        55      1956


SUNRISE AND SUNSET
JULY 18 2014..........SUNRISE   527 AM EDT   SUNSET   817 PM EDT
JULY 19 2014..........SUNRISE   528 AM EDT   SUNSET   816 PM EDT


-  INDICATES NEGATIVE NUMBERS.
R  INDICATES RECORD WAS SET OR TIED.
MM INDICATES DATA IS MISSING.
T  INDICATES TRACE AMOUNT.




$$
