000
CDUS41 KBOX 190716
CLIPVD


CLIMATE REPORT
NATIONAL WEATHER SERVICE TAUNTON MA
308 AM EDT TUE AUG 19 2014


...................................

...THE PROVIDENCE RI CLIMATE SUMMARY FOR AUGUST 18 2014...

CLIMATE NORMAL PERIOD 1981 TO 2010
CLIMATE RECORD PERIOD 1904 TO 2014


WEATHER ITEM   OBSERVED TIME   RECORD YEAR NORMAL DEPARTURE LAST
                VALUE   (LST)  VALUE       VALUE  FROM      YEAR
                                                  NORMAL
..................................................................
TEMPERATURE (F)
 YESTERDAY
  MAXIMUM         79    320 PM  94    2009  81     -2       79
  MINIMUM         57    506 AM  50    1923  63     -6       60
  AVERAGE         68                        72     -4       70

PRECIPITATION (IN)
  YESTERDAY        0.00          2.85 1955   0.12  -0.12      T
  MONTH TO DATE    2.45                      2.12   0.33     2.04
  SINCE JUN 1      8.40                      9.05  -0.65    14.38
  SINCE JAN 1     31.20                     29.12   2.08    28.98

SNOWFALL (IN)
  YESTERDAY        0.0           0.0  2002   0.0    0.0      0.0
                                      2001
                                      2000
  MONTH TO DATE    0.0                       0.0    0.0      0.0
  SINCE JUN 1      0.0                       0.0    0.0      0.0
  SINCE JUL 1      0.0                       0.0    0.0      0.0
  SNOW DEPTH       0

DEGREE DAYS
 HEATING
  YESTERDAY        0                         0      0        0
  MONTH TO DATE    0                         0      0        0
  SINCE JUN 1     13                        46    -33       24
  SINCE JUL 1      0                         3     -3        0

 COOLING
  YESTERDAY        3                         7     -4        5
  MONTH TO DATE  110                       149    -39       95
  SINCE JUN 1    502                       547    -45      681
  SINCE JAN 1    513                       573    -60      725
..................................................................


WIND (MPH)
  RESULTANT WIND SPEED   6   RESULTANT WIND DIRECTION  NW (320)
  HIGHEST WIND SPEED    15   HIGHEST WIND DIRECTION    NW (330)
  HIGHEST GUST SPEED    22   HIGHEST GUST DIRECTION    NW (330)
  AVERAGE WIND SPEED     8.1


SKY COVER
  POSSIBLE SUNSHINE  MM
  AVERAGE SKY COVER 0.4


WEATHER CONDITIONS
 THE FOLLOWING WEATHER WAS RECORDED YESTERDAY.
  NO SIGNIFICANT WEATHER WAS OBSERVED.


RELATIVE HUMIDITY (PERCENT)
 HIGHEST    86           400 AM
 LOWEST     35           400 PM
 AVERAGE    61

..........................................................


THE PROVIDENCE RI CLIMATE NORMALS FOR TODAY
                         NORMAL    RECORD    YEAR
 MAXIMUM TEMPERATURE (F)   81        94      2002
 MINIMUM TEMPERATURE (F)   63        48      1918


SUNRISE AND SUNSET
AUGUST 19 2014........SUNRISE   558 AM EDT   SUNSET   740 PM EDT
AUGUST 20 2014........SUNRISE   559 AM EDT   SUNSET   738 PM EDT


-  INDICATES NEGATIVE NUMBERS.
R  INDICATES RECORD WAS SET OR TIED.
MM INDICATES DATA IS MISSING.
T  INDICATES TRACE AMOUNT.




$$
