000
CDUS41 KBOX 230539
CLIPVD


CLIMATE REPORT
NATIONAL WEATHER SERVICE TAUNTON MA
139 AM EDT MON MAR 23 2015


...................................

...THE PROVIDENCE RI CLIMATE SUMMARY FOR MARCH 22 2015...

CLIMATE NORMAL PERIOD 1981 TO 2010
CLIMATE RECORD PERIOD 1904 TO 2015


WEATHER ITEM   OBSERVED TIME   RECORD YEAR NORMAL DEPARTURE LAST
                VALUE   (LST)  VALUE       VALUE  FROM      YEAR
                                                  NORMAL
..................................................................
TEMPERATURE (F)
 YESTERDAY
  MAXIMUM         37    126 AM  81    2012  50    -13       60
  MINIMUM         20   1159 PM  15    1988  32    -12       24
                                      1956
  AVERAGE         29                        41    -12       42

PRECIPITATION (IN)
  YESTERDAY        0.00          2.12 1955   0.18  -0.18      T
  MONTH TO DATE    3.26                      3.46  -0.20     1.33
  SINCE MAR 1      3.26                      3.46  -0.20     1.33
  SINCE JAN 1      9.61                     10.61  -1.00     9.73

SNOWFALL (IN)
  YESTERDAY        0.0           9.2  1967   0.1   -0.1      0.0
  MONTH TO DATE   15.2                       4.5   10.7      1.2
  SINCE MAR 1     15.2                       4.5   10.7      1.2
  SINCE JUL 1     75.1                      32.2   42.9     43.3
  SNOW DEPTH       0

DEGREE DAYS
 HEATING
  YESTERDAY       36                        24     12       23
  MONTH TO DATE  738                       605    133      692
  SINCE MAR 1    738                       605    133      692
  SINCE JUL 1   5100                      4667    433     4964

 COOLING
  YESTERDAY        0                         0      0        0
  MONTH TO DATE    0                         0      0        0
  SINCE MAR 1      0                         0      0        0
  SINCE JAN 1      0                         0      0        0
..................................................................


WIND (MPH)
  RESULTANT WIND SPEED  17   RESULTANT WIND DIRECTION  NW (300)
  HIGHEST WIND SPEED    29   HIGHEST WIND DIRECTION     W (290)
  HIGHEST GUST SPEED    40   HIGHEST GUST DIRECTION    NW (310)
  AVERAGE WIND SPEED    17.2


SKY COVER
  POSSIBLE SUNSHINE  MM
  AVERAGE SKY COVER 0.1


WEATHER CONDITIONS
 THE FOLLOWING WEATHER WAS RECORDED YESTERDAY.
  NO SIGNIFICANT WEATHER WAS OBSERVED.


RELATIVE HUMIDITY (PERCENT)
 HIGHEST    75          1200 AM
 LOWEST     22           400 PM
 AVERAGE    49

..........................................................


THE PROVIDENCE RI CLIMATE NORMALS FOR TODAY
                         NORMAL    RECORD    YEAR
 MAXIMUM TEMPERATURE (F)   50        77      1938
 MINIMUM TEMPERATURE (F)   32         8      1934


SUNRISE AND SUNSET
MARCH 23 2015.........SUNRISE   644 AM EDT   SUNSET   701 PM EDT
MARCH 24 2015.........SUNRISE   643 AM EDT   SUNSET   702 PM EDT


-  INDICATES NEGATIVE NUMBERS.
R  INDICATES RECORD WAS SET OR TIED.
MM INDICATES DATA IS MISSING.
T  INDICATES TRACE AMOUNT.




$$
