000
CDUS41 KBOX 240548
CLIPVD


CLIMATE REPORT
NATIONAL WEATHER SERVICE TAUNTON MA
138 AM EDT TUE MAY 24 2016


...................................

...THE PROVIDENCE RI CLIMATE SUMMARY FOR MAY 23 2016...

CLIMATE NORMAL PERIOD 1981 TO 2010
CLIMATE RECORD PERIOD 1904 TO 2016


WEATHER ITEM   OBSERVED TIME   RECORD YEAR NORMAL DEPARTURE LAST
                VALUE   (LST)  VALUE       VALUE  FROM      YEAR
                                                  NORMAL
..................................................................
TEMPERATURE (F)
 YESTERDAY
  MAXIMUM         79    309 PM  94    1964  70      9       65
  MINIMUM         48    410 AM  40    1950  51     -3       46
  AVERAGE         64                        61      3       56

PRECIPITATION (IN)
  YESTERDAY        0.00          2.92 1979   0.12  -0.12     0.00
  MONTH TO DATE    1.51                      2.54  -1.03     0.51
  SINCE MAR 1      8.10                     11.91  -3.81     7.42
  SINCE JAN 1     16.45                     19.06  -2.61    13.77

SNOWFALL (IN)
  YESTERDAY        0.0           T    1994   0.0    0.0      0.0
  MONTH TO DATE    0.0                       0.0    0.0      0.0
  SINCE MAR 1      9.3                       6.1    3.2     16.3
  SINCE JUL 1     28.7                      33.8   -5.1     76.2
  SNOW DEPTH       0

DEGREE DAYS
 HEATING
  YESTERDAY        1                         5     -4        9
  MONTH TO DATE  213                       189     24      122
  SINCE MAR 1   1369                      1477   -108     1586
  SINCE JUL 1   4740                      5539   -799     5948

 COOLING
  YESTERDAY        0                         1     -1        0
  MONTH TO DATE    1                        10     -9       29
  SINCE MAR 1      1                        12    -11       29
  SINCE JAN 1      1                        12    -11       29
..................................................................


WIND (MPH)
  RESULTANT WIND SPEED   4   RESULTANT WIND DIRECTION  NE (50)
  HIGHEST WIND SPEED    21   HIGHEST WIND DIRECTION    NE (50)
  HIGHEST GUST SPEED    26   HIGHEST GUST DIRECTION    NE (50)
  AVERAGE WIND SPEED     6.4


SKY COVER
  POSSIBLE SUNSHINE  MM
  AVERAGE SKY COVER 0.6


WEATHER CONDITIONS
 THE FOLLOWING WEATHER WAS RECORDED YESTERDAY.
  NO SIGNIFICANT WEATHER WAS OBSERVED.


RELATIVE HUMIDITY (PERCENT)
 HIGHEST    93           500 AM
 LOWEST     27           400 PM
 AVERAGE    60

..........................................................


THE PROVIDENCE RI CLIMATE NORMALS FOR TODAY
                         NORMAL    RECORD    YEAR
 MAXIMUM TEMPERATURE (F)   71        92      1964
                                             1936
 MINIMUM TEMPERATURE (F)   51        38      1967


SUNRISE AND SUNSET
MAY 24 2016...........SUNRISE   518 AM EDT   SUNSET   808 PM EDT
MAY 25 2016...........SUNRISE   517 AM EDT   SUNSET   809 PM EDT


-  INDICATES NEGATIVE NUMBERS.
R  INDICATES RECORD WAS SET OR TIED.
MM INDICATES DATA IS MISSING.
T  INDICATES TRACE AMOUNT.




$$
