406
CDUS41 KBOX 200540
CLIPVD


CLIMATE REPORT
NATIONAL WEATHER SERVICE TAUNTON MA
137 AM EDT MON MAR 20 2017


...................................

...THE PROVIDENCE RI CLIMATE SUMMARY FOR MARCH 19 2017...

CLIMATE NORMAL PERIOD 1981 TO 2010
CLIMATE RECORD PERIOD 1904 TO 2017


WEATHER ITEM   OBSERVED TIME   RECORD YEAR NORMAL DEPARTURE LAST
                VALUE   (LST)  VALUE       VALUE  FROM      YEAR
                                                  NORMAL
..................................................................
TEMPERATURE (F)
 YESTERDAY
  MAXIMUM         40    353 PM  73    2012  49     -9       47
  MINIMUM         32    651 AM   1    1967  31      1       29
  AVERAGE         36                        40     -4       38

PRECIPITATION (IN)
  YESTERDAY        T             1.68 1998   0.18  -0.18     0.00
  MONTH TO DATE    2.22                      2.92  -0.70     2.09
  SINCE MAR 1      2.22                      2.92  -0.70     2.09
  SINCE JAN 1      9.40                     10.07  -0.67    10.44

SNOWFALL (IN)
  YESTERDAY        T            14.7  1956   0.1   -0.1      0.0
  MONTH TO DATE    7.7                       4.1    3.6       T
  SINCE MAR 1      7.7                       4.1    3.6       T
  SINCE JUL 1     45.9                      31.8   14.1     19.4
  SNOW DEPTH       0

DEGREE DAYS
 HEATING
  YESTERDAY       29                        25      4       27
  MONTH TO DATE  614                       531     83      399
  SINCE MAR 1    614                       531     83      399
  SINCE JUL 1   4172                      4593   -421     3770

 COOLING
  YESTERDAY        0                         0      0        0
  MONTH TO DATE    0                         0      0        0
  SINCE MAR 1      0                         0      0        0
  SINCE JAN 1      0                         0      0        0
..................................................................


WIND (MPH)
  RESULTANT WIND SPEED  15   RESULTANT WIND DIRECTION   N (10)
  HIGHEST WIND SPEED    29   HIGHEST WIND DIRECTION     N (10)
  HIGHEST GUST SPEED    36   HIGHEST GUST DIRECTION    NE (30)
  AVERAGE WIND SPEED    15.8


SKY COVER
  POSSIBLE SUNSHINE  MM
  AVERAGE SKY COVER 0.8


WEATHER CONDITIONS
 THE FOLLOWING WEATHER WAS RECORDED YESTERDAY.
  LIGHT SNOW


RELATIVE HUMIDITY (PERCENT)
 HIGHEST    82           400 AM
 LOWEST     48           500 PM
 AVERAGE    65

..........................................................


THE PROVIDENCE RI CLIMATE NORMALS FOR TODAY
                         NORMAL    RECORD    YEAR
 MAXIMUM TEMPERATURE (F)   49        83      1945
 MINIMUM TEMPERATURE (F)   31         8      1949


SUNRISE AND SUNSET
MARCH 20 2017.........SUNRISE   649 AM EDT   SUNSET   658 PM EDT
MARCH 21 2017.........SUNRISE   647 AM EDT   SUNSET   659 PM EDT


-  INDICATES NEGATIVE NUMBERS.
R  INDICATES RECORD WAS SET OR TIED.
MM INDICATES DATA IS MISSING.
T  INDICATES TRACE AMOUNT.




$$
