000
CDUS41 KBOX 130550
CLIPVD


CLIMATE REPORT
NATIONAL WEATHER SERVICE TAUNTON MA
1245 AM EST SAT DEC 13 2014


...................................

...THE PROVIDENCE RI CLIMATE SUMMARY FOR DECEMBER 12 2014...

CLIMATE NORMAL PERIOD 1981 TO 2010
CLIMATE RECORD PERIOD 1904 TO 2014


WEATHER ITEM   OBSERVED TIME   RECORD YEAR NORMAL DEPARTURE LAST
                VALUE   (LST)  VALUE       VALUE  FROM      YEAR
                                                  NORMAL
..................................................................
TEMPERATURE (F)
 YESTERDAY
  MAXIMUM         39    127 PM  69    1979  43     -4       27
  MINIMUM         27    545 AM   2    1988  27      0       15
  AVERAGE         33                        35     -2       21

PRECIPITATION (IN)
  YESTERDAY        0.00          2.74 2010   0.15  -0.15     0.00
  MONTH TO DATE    4.61                      1.81   2.80     1.74
  SINCE DEC 1      4.61                      1.81   2.80     1.74
  SINCE JAN 1     45.55                     44.77   0.78    42.38

SNOWFALL (IN)
  YESTERDAY        0.0          10.6  1960   0.3   -0.3      0.0
  MONTH TO DATE    T                         2.8   -2.8      1.5
  SINCE DEC 1      T                         2.8   -2.8      1.5
  SINCE JUL 1      1.6                       4.3   -2.7      1.6
  SNOW DEPTH       0

DEGREE DAYS
 HEATING
  YESTERDAY       32                        30      2       44
  MONTH TO DATE  325                       332     -7      350
  SINCE DEC 1    325                       332     -7      350
  SINCE JUL 1   1361                      1407    -46     1453

 COOLING
  YESTERDAY        0                         0      0        0
  MONTH TO DATE    0                         0      0        0
  SINCE DEC 1      0                         0      0        0
  SINCE JAN 1    709                       744    -35      892
..................................................................


WIND (MPH)
  RESULTANT WIND SPEED   8   RESULTANT WIND DIRECTION   W (290)
  HIGHEST WIND SPEED    15   HIGHEST WIND DIRECTION     W (290)
  HIGHEST GUST SPEED    23   HIGHEST GUST DIRECTION     W (280)
  AVERAGE WIND SPEED     8.1


SKY COVER
  POSSIBLE SUNSHINE  MM
  AVERAGE SKY COVER 0.6


WEATHER CONDITIONS
 THE FOLLOWING WEATHER WAS RECORDED YESTERDAY.
  NO SIGNIFICANT WEATHER WAS OBSERVED.


RELATIVE HUMIDITY (PERCENT)
 HIGHEST    85           200 AM
 LOWEST     59          1100 AM
 AVERAGE    72

..........................................................


THE PROVIDENCE RI CLIMATE NORMALS FOR TODAY
                         NORMAL    RECORD    YEAR
 MAXIMUM TEMPERATURE (F)   43        63      1983
 MINIMUM TEMPERATURE (F)   27         4      1976
                                             1958


SUNRISE AND SUNSET
DECEMBER 13 2014......SUNRISE   704 AM EST   SUNSET   415 PM EST
DECEMBER 14 2014......SUNRISE   705 AM EST   SUNSET   416 PM EST


-  INDICATES NEGATIVE NUMBERS.
R  INDICATES RECORD WAS SET OR TIED.
MM INDICATES DATA IS MISSING.
T  INDICATES TRACE AMOUNT.




$$
