000
CDUS41 KBOX 240528
CLIPVD


CLIMATE REPORT
NATIONAL WEATHER SERVICE TAUNTON MA
128 AM EDT WED AUG 24 2016


...................................

...THE PROVIDENCE RI CLIMATE SUMMARY FOR AUGUST 23 2016...

CLIMATE NORMAL PERIOD 1981 TO 2010
CLIMATE RECORD PERIOD 1904 TO 2016


WEATHER ITEM   OBSERVED TIME   RECORD YEAR NORMAL DEPARTURE LAST
                VALUE   (LST)  VALUE       VALUE  FROM      YEAR
                                                  NORMAL
..................................................................
TEMPERATURE (F)
 YESTERDAY
  MAXIMUM         81    309 PM  91    1947  81      0       80
  MINIMUM         56    514 AM  45    1957  62     -6       68
  AVERAGE         69                        72     -3       74

PRECIPITATION (IN)
  YESTERDAY        0.00          3.02 1946   0.11  -0.11      T
  MONTH TO DATE    2.71                      2.72  -0.01     2.10
  SINCE JUN 1      7.71                      9.65  -1.94     9.79
  SINCE JAN 1     25.83                     29.72  -3.89    26.74

SNOWFALL (IN)
  YESTERDAY        0.0           0.0  2002   0.0    0.0      0.0
                                      2001
                                      2000
  MONTH TO DATE    0.0                       0.0    0.0      0.0
  SINCE JUN 1      0.0                       0.0    0.0      0.0
  SINCE JUL 1      0.0                       0.0    0.0      0.0
  SNOW DEPTH       0

DEGREE DAYS
 HEATING
  YESTERDAY        0                         0      0        0
  MONTH TO DATE    0                         0      0        0
  SINCE JUN 1     12                        46    -34       72
  SINCE JUL 1      0                         3     -3        0

 COOLING
  YESTERDAY        4                         7     -3        9
  MONTH TO DATE  256                       184     72      234
  SINCE JUN 1    739                       582    157      656
  SINCE JAN 1    790                       608    182      720
..................................................................


WIND (MPH)
  RESULTANT WIND SPEED   3   RESULTANT WIND DIRECTION   W (270)
  HIGHEST WIND SPEED    16   HIGHEST WIND DIRECTION    SE (150)
  HIGHEST GUST SPEED    19   HIGHEST GUST DIRECTION     S (160)
  AVERAGE WIND SPEED     6.9


SKY COVER
  POSSIBLE SUNSHINE  MM
  AVERAGE SKY COVER 0.1


WEATHER CONDITIONS
 THE FOLLOWING WEATHER WAS RECORDED YESTERDAY.
  NO SIGNIFICANT WEATHER WAS OBSERVED.


RELATIVE HUMIDITY (PERCENT)
 HIGHEST    77           100 AM
 LOWEST     30          1200 PM
 AVERAGE    54

..........................................................


THE PROVIDENCE RI CLIMATE NORMALS FOR TODAY
                         NORMAL    RECORD    YEAR
 MAXIMUM TEMPERATURE (F)   80        94      1947
 MINIMUM TEMPERATURE (F)   62        46      1957


SUNRISE AND SUNSET
AUGUST 24 2016........SUNRISE   604 AM EDT   SUNSET   731 PM EDT
AUGUST 25 2016........SUNRISE   605 AM EDT   SUNSET   730 PM EDT


-  INDICATES NEGATIVE NUMBERS.
R  INDICATES RECORD WAS SET OR TIED.
MM INDICATES DATA IS MISSING.
T  INDICATES TRACE AMOUNT.




$$
