854
CDUS41 KBOX 300557
CLIPVD


CLIMATE REPORT
NATIONAL WEATHER SERVICE TAUNTON MA
1257 AM EST WED NOV 30 2016


...................................

...THE PROVIDENCE RI CLIMATE SUMMARY FOR NOVEMBER 29 2016...

CLIMATE NORMAL PERIOD 1981 TO 2010
CLIMATE RECORD PERIOD 1904 TO 2016


WEATHER ITEM   OBSERVED TIME   RECORD YEAR NORMAL DEPARTURE LAST
                VALUE   (LST)  VALUE       VALUE  FROM      YEAR
                                                  NORMAL
..................................................................
TEMPERATURE (F)
 YESTERDAY
  MAXIMUM         60   1142 PM  65    2011  48     12       48
  MINIMUM         30    103 AM  12    1904  32     -2       33
  AVERAGE         45                        40      5       41

PRECIPITATION (IN)
  YESTERDAY        1.58          2.91 1963   0.16   1.42     0.00
  MONTH TO DATE    3.10                      4.35  -1.25     2.62
  SINCE SEP 1     10.67                     12.20  -1.53     8.61
  SINCE JAN 1     36.50                     42.80  -6.30    36.03

SNOWFALL (IN)
  YESTERDAY        0.0           4.0  1945   0.1   -0.1      0.0
  MONTH TO DATE    T                         1.4   -1.4      0.0
  SINCE SEP 1      T                         1.4   -1.4      0.0
  SINCE JUL 1      T                         1.4   -1.4      0.0
  SNOW DEPTH       0

DEGREE DAYS
 HEATING
  YESTERDAY       20                        25     -5       24
  MONTH TO DATE  538                       593    -55      484
  SINCE SEP 1    876                      1042   -166      851
  SINCE JUL 1    876                      1051   -175      851

 COOLING
  YESTERDAY        0                         0      0        0
  MONTH TO DATE    0                         0      0        2
  SINCE SEP 1    166                        88     78      154
  SINCE JAN 1   1049                       744    305      955
..................................................................


WIND (MPH)
  RESULTANT WIND SPEED   6   RESULTANT WIND DIRECTION   S (170)
  HIGHEST WIND SPEED    24   HIGHEST WIND DIRECTION     S (180)
  HIGHEST GUST SPEED    31   HIGHEST GUST DIRECTION     S (190)
  AVERAGE WIND SPEED     8.6


SKY COVER
  POSSIBLE SUNSHINE  MM
  AVERAGE SKY COVER 0.8


WEATHER CONDITIONS
 THE FOLLOWING WEATHER WAS RECORDED YESTERDAY.
  HEAVY RAIN
  RAIN
  LIGHT RAIN
  FOG


RELATIVE HUMIDITY (PERCENT)
 HIGHEST    96           400 PM
 LOWEST     80          1000 AM
 AVERAGE    88

..........................................................


THE PROVIDENCE RI CLIMATE NORMALS FOR TODAY
                         NORMAL    RECORD    YEAR
 MAXIMUM TEMPERATURE (F)   48        68      1933
 MINIMUM TEMPERATURE (F)   32        13      1936
                                             1929


SUNRISE AND SUNSET
NOVEMBER 30 2016......SUNRISE   653 AM EST   SUNSET   416 PM EST
DECEMBER  1 2016......SUNRISE   654 AM EST   SUNSET   416 PM EST


-  INDICATES NEGATIVE NUMBERS.
R  INDICATES RECORD WAS SET OR TIED.
MM INDICATES DATA IS MISSING.
T  INDICATES TRACE AMOUNT.




$$
