000
CDUS41 KBOX 260541
CLIPVD


CLIMATE REPORT
NATIONAL WEATHER SERVICE TAUNTON MA
137 AM EDT SUN JUL 26 2015


...................................

...THE PROVIDENCE RI CLIMATE SUMMARY FOR JULY 25 2015...

CLIMATE NORMAL PERIOD 1981 TO 2010
CLIMATE RECORD PERIOD 1904 TO 2015


WEATHER ITEM   OBSERVED TIME   RECORD YEAR NORMAL DEPARTURE LAST
                VALUE   (LST)  VALUE       VALUE  FROM      YEAR
                                                  NORMAL
..................................................................
TEMPERATURE (F)
 YESTERDAY
  MAXIMUM         77    235 PM  96    2001  83     -6       82
  MINIMUM         60    230 AM  53    1953  65     -5       62
  AVERAGE         69                        74     -5       72

PRECIPITATION (IN)
  YESTERDAY        0.00          2.51 1972   0.12  -0.12     0.00
  MONTH TO DATE    1.77                      2.55  -0.78     3.42
  SINCE JUN 1      7.12                      6.19   0.93     5.78
  SINCE JAN 1     24.07                     26.26  -2.19    28.58

SNOWFALL (IN)
  YESTERDAY        0.0           0.0  2002   0.0    0.0      0.0
                                      2001
                                      2000
  MONTH TO DATE    0.0                       0.0    0.0      0.0
  SINCE JUN 1      0.0                       0.0    0.0      0.0
  SINCE JUL 1      0.0                       0.0    0.0      0.0
  SNOW DEPTH       0

DEGREE DAYS
 HEATING
  YESTERDAY        0                         0      0        0
  MONTH TO DATE    0                         0      0        0
  SINCE JUN 1     72                        43     29       13
  SINCE JUL 1      0                         0      0        0

 COOLING
  YESTERDAY        4                         9     -5        7
  MONTH TO DATE  227                       213     14      246
  SINCE JUN 1    345                       345      0      349
  SINCE JAN 1    409                       371     38      360
..................................................................


WIND (MPH)
  RESULTANT WIND SPEED   5   RESULTANT WIND DIRECTION  NE (50)
  HIGHEST WIND SPEED    15   HIGHEST WIND DIRECTION    NE (40)
  HIGHEST GUST SPEED    17   HIGHEST GUST DIRECTION    NE (40)
  AVERAGE WIND SPEED     6.4


SKY COVER
  POSSIBLE SUNSHINE  MM
  AVERAGE SKY COVER 0.5


WEATHER CONDITIONS
 THE FOLLOWING WEATHER WAS RECORDED YESTERDAY.
  NO SIGNIFICANT WEATHER WAS OBSERVED.


RELATIVE HUMIDITY (PERCENT)
 HIGHEST    84           100 AM
 LOWEST     54           200 PM
 AVERAGE    69

..........................................................


THE PROVIDENCE RI CLIMATE NORMALS FOR TODAY
                         NORMAL    RECORD    YEAR
 MAXIMUM TEMPERATURE (F)   83        96      2005
 MINIMUM TEMPERATURE (F)   65        51      1976


SUNRISE AND SUNSET
JULY 26 2015..........SUNRISE   534 AM EDT   SUNSET   810 PM EDT
JULY 27 2015..........SUNRISE   535 AM EDT   SUNSET   809 PM EDT


-  INDICATES NEGATIVE NUMBERS.
R  INDICATES RECORD WAS SET OR TIED.
MM INDICATES DATA IS MISSING.
T  INDICATES TRACE AMOUNT.




$$
