478
CDUS41 KBOX 260546
CLIPVD


CLIMATE REPORT
NATIONAL WEATHER SERVICE TAUNTON MA
135 AM EDT THU MAY 26 2016


...................................

...THE PROVIDENCE RI CLIMATE SUMMARY FOR MAY 25 2016...

CLIMATE NORMAL PERIOD 1981 TO 2010
CLIMATE RECORD PERIOD 1904 TO 2016


WEATHER ITEM   OBSERVED TIME   RECORD YEAR NORMAL DEPARTURE LAST
                VALUE   (LST)  VALUE       VALUE  FROM      YEAR
                                                  NORMAL
..................................................................
TEMPERATURE (F)
 YESTERDAY
  MAXIMUM         89    432 PM  93    2007  71     18       78
  MINIMUM         54    457 AM  33    1956  51      3       52
  AVERAGE         72                        61     11       65

PRECIPITATION (IN)
  YESTERDAY        0.00          3.73 1967   0.12  -0.12     0.00
  MONTH TO DATE    1.68                      2.80  -1.12     0.51
  SINCE MAR 1      8.27                     12.17  -3.90     7.42
  SINCE JAN 1     16.62                     19.32  -2.70    13.77

SNOWFALL (IN)
  YESTERDAY        0.0           0.0  2002   0.0    0.0      0.0
                                      2001
                                      2000
  MONTH TO DATE    0.0                       0.0    0.0      0.0
  SINCE MAR 1      9.3                       6.1    3.2     16.3
  SINCE JUL 1     28.7                      33.8   -5.1     76.2
  SNOW DEPTH       0

DEGREE DAYS
 HEATING
  YESTERDAY        0                         5     -5        0
  MONTH TO DATE  218                       199     19      122
  SINCE MAR 1   1374                      1487   -113     1586
  SINCE JUL 1   4745                      5549   -804     5948

 COOLING
  YESTERDAY        7                         1      6        0
  MONTH TO DATE    8                        12     -4       30
  SINCE MAR 1      8                        14     -6       30
  SINCE JAN 1      8                        14     -6       30
..................................................................


WIND (MPH)
  RESULTANT WIND SPEED   3   RESULTANT WIND DIRECTION  SW (230)
  HIGHEST WIND SPEED    20   HIGHEST WIND DIRECTION    NW (320)
  HIGHEST GUST SPEED    26   HIGHEST GUST DIRECTION    NW (320)
  AVERAGE WIND SPEED     7.2


SKY COVER
  POSSIBLE SUNSHINE  MM
  AVERAGE SKY COVER 0.4


WEATHER CONDITIONS
 THE FOLLOWING WEATHER WAS RECORDED YESTERDAY.
  FOG


RELATIVE HUMIDITY (PERCENT)
 HIGHEST   100           500 AM
 LOWEST     19           400 PM
 AVERAGE    60

..........................................................


THE PROVIDENCE RI CLIMATE NORMALS FOR TODAY
                         NORMAL    RECORD    YEAR
 MAXIMUM TEMPERATURE (F)   71        96      2010
 MINIMUM TEMPERATURE (F)   52        35      1972


SUNRISE AND SUNSET
MAY 26 2016...........SUNRISE   517 AM EDT   SUNSET   810 PM EDT
MAY 27 2016...........SUNRISE   516 AM EDT   SUNSET   810 PM EDT


-  INDICATES NEGATIVE NUMBERS.
R  INDICATES RECORD WAS SET OR TIED.
MM INDICATES DATA IS MISSING.
T  INDICATES TRACE AMOUNT.




$$
