000
CDUS41 KBOX 250603
CLIPVD


CLIMATE REPORT
NATIONAL WEATHER SERVICE TAUNTON MA
158 AM EDT FRI JUL 25 2014


...................................

...THE PROVIDENCE RI CLIMATE SUMMARY FOR JULY 24 2014...

CLIMATE NORMAL PERIOD 1981 TO 2010
CLIMATE RECORD PERIOD 1904 TO 2014


WEATHER ITEM   OBSERVED TIME   RECORD YEAR NORMAL DEPARTURE LAST
                VALUE   (LST)  VALUE       VALUE  FROM      YEAR
                                                  NORMAL
..................................................................
TEMPERATURE (F)
 YESTERDAY
  MAXIMUM         79    936 AM  94    1987  83     -4       87
                                      1933
  MINIMUM         67   1154 PM  52    1950  65      2       71
                                      1923
  AVERAGE         73                        74     -1       79

PRECIPITATION (IN)
  YESTERDAY        0.02          1.52 2008   0.11  -0.09     0.00
  MONTH TO DATE    3.42                      2.43   0.99     1.20
  SINCE JUN 1      5.78                      6.07  -0.29    11.28
  SINCE JAN 1     28.58                     26.14   2.44    25.88

SNOWFALL (IN)
  YESTERDAY        0.0           T    1955   0.0    0.0      0.0
  MONTH TO DATE    0.0                       0.0    0.0      0.0
  SINCE JUN 1      0.0                       0.0    0.0      0.0
  SINCE JUL 1      0.0                       0.0    0.0      0.0
  SNOW DEPTH       0

DEGREE DAYS
 HEATING
  YESTERDAY        0                         0      0        0
  MONTH TO DATE    0                         0      0        0
  SINCE JUN 1     13                        43    -30       24
  SINCE JUL 1      0                         0      0        0

 COOLING
  YESTERDAY        8                         9     -1       14
  MONTH TO DATE  239                       204     35      371
  SINCE JUN 1    342                       336      6      535
  SINCE JAN 1    353                       362     -9      579
..................................................................


WIND (MPH)
  RESULTANT WIND SPEED   4   RESULTANT WIND DIRECTION  NE (40)
  HIGHEST WIND SPEED    16   HIGHEST WIND DIRECTION    NE (50)
  HIGHEST GUST SPEED    19   HIGHEST GUST DIRECTION    NE (50)
  AVERAGE WIND SPEED     6.4


SKY COVER
  POSSIBLE SUNSHINE  MM
  AVERAGE SKY COVER 0.7


WEATHER CONDITIONS
 THE FOLLOWING WEATHER WAS RECORDED YESTERDAY.
  RAIN
  LIGHT RAIN
  FOG


RELATIVE HUMIDITY (PERCENT)
 HIGHEST    90           600 AM
 LOWEST     60           400 PM
 AVERAGE    75

..........................................................


THE PROVIDENCE RI CLIMATE NORMALS FOR TODAY
                         NORMAL    RECORD    YEAR
 MAXIMUM TEMPERATURE (F)   83        96      2001
 MINIMUM TEMPERATURE (F)   65        53      1953


SUNRISE AND SUNSET
JULY 25 2014..........SUNRISE   533 AM EDT   SUNSET   811 PM EDT
JULY 26 2014..........SUNRISE   534 AM EDT   SUNSET   810 PM EDT


-  INDICATES NEGATIVE NUMBERS.
R  INDICATES RECORD WAS SET OR TIED.
MM INDICATES DATA IS MISSING.
T  INDICATES TRACE AMOUNT.




$$
