000
CDUS41 KBOX 250550
CLIPVD


CLIMATE REPORT
NATIONAL WEATHER SERVICE TAUNTON MA
149 AM EDT MON MAY 25 2015


...................................

...THE PROVIDENCE RI CLIMATE SUMMARY FOR MAY 24 2015...

CLIMATE NORMAL PERIOD 1981 TO 2010
CLIMATE RECORD PERIOD 1904 TO 2015


WEATHER ITEM   OBSERVED TIME   RECORD YEAR NORMAL DEPARTURE LAST
                VALUE   (LST)  VALUE       VALUE  FROM      YEAR
                                                  NORMAL
..................................................................
TEMPERATURE (F)
 YESTERDAY
  MAXIMUM         82    217 PM  92    1964  71     11       66
                                      1936
  MINIMUM         49    508 AM  38    1967  51     -2       53
  AVERAGE         66                        61      5       60

PRECIPITATION (IN)
  YESTERDAY        0.00          1.70 2001   0.14  -0.14     0.01
  MONTH TO DATE    0.51                      2.68  -2.17     2.08
  SINCE MAR 1      7.42                     12.05  -4.63    14.23
  SINCE JAN 1     13.77                     19.20  -5.43    22.63

SNOWFALL (IN)
  YESTERDAY        0.0           0.0  2014   0.0    0.0      0.0
  MONTH TO DATE    0.0                       0.0    0.0      0.0
  SINCE MAR 1     16.3                       6.1   10.2      1.5
  SINCE JUL 1     76.2                      33.8   42.4     43.6
  SNOW DEPTH       0

DEGREE DAYS
 HEATING
  YESTERDAY        0                         5     -5        5
  MONTH TO DATE  122                       194    -72      136
  SINCE MAR 1   1586                      1482    104     1576
  SINCE JUL 1   5948                      5544    404     5848

 COOLING
  YESTERDAY        1                         1      0        0
  MONTH TO DATE   30                        11     19        9
  SINCE MAR 1     30                        13     17        9
  SINCE JAN 1     30                        13     17        9
..................................................................


WIND (MPH)
  RESULTANT WIND SPEED  11   RESULTANT WIND DIRECTION  SW (230)
  HIGHEST WIND SPEED    21   HIGHEST WIND DIRECTION    SW (230)
  HIGHEST GUST SPEED    26   HIGHEST GUST DIRECTION    SW (230)
  AVERAGE WIND SPEED    11.5


SKY COVER
  POSSIBLE SUNSHINE  MM
  AVERAGE SKY COVER 0.4


WEATHER CONDITIONS
 THE FOLLOWING WEATHER WAS RECORDED YESTERDAY.
  NO SIGNIFICANT WEATHER WAS OBSERVED.


RELATIVE HUMIDITY (PERCENT)
 HIGHEST    86           500 AM
 LOWEST     19           300 PM
 AVERAGE    53

..........................................................


THE PROVIDENCE RI CLIMATE NORMALS FOR TODAY
                         NORMAL    RECORD    YEAR
 MAXIMUM TEMPERATURE (F)   71        93      2007
 MINIMUM TEMPERATURE (F)   51        33      1956


SUNRISE AND SUNSET
MAY 25 2015...........SUNRISE   518 AM EDT   SUNSET   808 PM EDT
MAY 26 2015...........SUNRISE   517 AM EDT   SUNSET   809 PM EDT


-  INDICATES NEGATIVE NUMBERS.
R  INDICATES RECORD WAS SET OR TIED.
MM INDICATES DATA IS MISSING.
T  INDICATES TRACE AMOUNT.




$$
