000
CDUS41 KBOX 162155
CLIPVD


CLIMATE REPORT
NATIONAL WEATHER SERVICE TAUNTON MA
551 PM EDT TUE MAY 16 2017


...................................

...THE PROVIDENCE RI CLIMATE SUMMARY FOR MAY 16 2017...
VALID AS OF 0500 PM LOCAL TIME.

CLIMATE NORMAL PERIOD 1981 TO 2010
CLIMATE RECORD PERIOD 1904 TO 2017


WEATHER ITEM   OBSERVED TIME   RECORD YEAR NORMAL DEPARTURE LAST
                VALUE   (LST)  VALUE       VALUE  FROM      YEAR
                                                  NORMAL
..................................................................
TEMPERATURE (F)
 TODAY
  MAXIMUM         80    359 PM  89    1951  68     12       62
  MINIMUM         55    342 AM  35    1936  49      6       41
  AVERAGE         68                        58     10       52

PRECIPITATION (IN)
  TODAY            0.00          1.08 1971   0.10  -0.10     0.00
  MONTH TO DATE    4.98                      1.74   3.24     1.48
  SINCE MAR 1     15.93                     11.11   4.82     8.07
  SINCE JAN 1     23.11                     18.26   4.85    16.42

SNOWFALL (IN)
  TODAY            0.0           0.0  2001   0.0    0.0      0.0
                                      2000
  MONTH TO DATE    0.0                       0.0    0.0      0.0
  SINCE MAR 1      7.7                       6.1    1.6      9.3
  SINCE JUL 1     45.9                      33.8   12.1     28.7
  SNOW DEPTH       0

DEGREE DAYS
 HEATING
  TODAY            0                         7     -7       13
  MONTH TO DATE  168                       146     22      181
  SINCE MAR 1   1471                      1434     37     1337
  SINCE JUL 1   5029                      5496   -467     4708

 COOLING
  TODAY            3                         1      2        0
  MONTH TO DATE    4                         3      1        1
  SINCE MAR 1     21                         5     16        1
  SINCE JAN 1     21                         5     16        1
..................................................................


WIND (MPH)
  HIGHEST WIND SPEED    17   HIGHEST WIND DIRECTION     W (280)
  HIGHEST GUST SPEED    23   HIGHEST GUST DIRECTION     W (280)
  AVERAGE WIND SPEED    10.3


SKY COVER
  POSSIBLE SUNSHINE  MM
  AVERAGE SKY COVER 0.3


WEATHER CONDITIONS
 THE FOLLOWING WEATHER WAS RECORDED TODAY.
  NO SIGNIFICANT WEATHER WAS OBSERVED.


RELATIVE HUMIDITY (PERCENT)
 HIGHEST    72          1200 AM
 LOWEST     28           400 PM
 AVERAGE    50

..........................................................


THE PROVIDENCE RI CLIMATE NORMALS FOR TOMORROW
                         NORMAL    RECORD    YEAR
 MAXIMUM TEMPERATURE (F)   69        91      1977
                                             1974
 MINIMUM TEMPERATURE (F)   49        35      1956


SUNRISE AND SUNSET
MAY 16 2017...........SUNRISE   525 AM EDT   SUNSET   800 PM EDT
MAY 17 2017...........SUNRISE   524 AM EDT   SUNSET   801 PM EDT


-  INDICATES NEGATIVE NUMBERS.
R  INDICATES RECORD WAS SET OR TIED.
MM INDICATES DATA IS MISSING.
T  INDICATES TRACE AMOUNT.




$$
