000
CDUS41 KBOX 090558
CLIPVD


CLIMATE REPORT
NATIONAL WEATHER SERVICE TAUNTON MA
148 AM EDT WED AUG 9 2017


...................................

...THE PROVIDENCE RI CLIMATE SUMMARY FOR AUGUST 8 2017...

CLIMATE NORMAL PERIOD 1981 TO 2010
CLIMATE RECORD PERIOD 1904 TO 2017


WEATHER ITEM   OBSERVED TIME   RECORD YEAR NORMAL DEPARTURE LAST
                VALUE   (LST)  VALUE       VALUE  FROM      YEAR
                                                  NORMAL
..................................................................
TEMPERATURE (F)
 YESTERDAY
  MAXIMUM         78    417 PM  95    1909  83     -5       86
  MINIMUM         63   1156 PM  51    1957  64     -1       65
  AVERAGE         71                        73     -2       76

PRECIPITATION (IN)
  YESTERDAY        0.06          3.42 1976   0.12  -0.06     0.00
  MONTH TO DATE    0.63                      0.97  -0.34     0.95
  SINCE JUN 1      8.35                      7.90   0.45     5.95
  SINCE JAN 1     33.37                     27.97   5.40    24.07

SNOWFALL (IN)
  YESTERDAY        0.0           0.0  2002   0.0    0.0      0.0
                                      2001
                                      2000
  MONTH TO DATE    0.0                       0.0    0.0      0.0
  SINCE JUN 1      0.0                       0.0    0.0      0.0
  SINCE JUL 1      0.0                       0.0    0.0      0.0
  SNOW DEPTH       0

DEGREE DAYS
 HEATING
  YESTERDAY        0                         0      0        0
  MONTH TO DATE    0                         0      0        0
  SINCE JUN 1     56                        46     10       12
  SINCE JUL 1      7                         3      4        0

 COOLING
  YESTERDAY        6                         8     -2       11
  MONTH TO DATE   60                        70    -10       65
  SINCE JUN 1    483                       468     15      548
  SINCE JAN 1    541                       494     47      599
..................................................................


WIND (MPH)
  RESULTANT WIND SPEED   3   RESULTANT WIND DIRECTION   N (350)
  HIGHEST WIND SPEED    15   HIGHEST WIND DIRECTION     N (10)
  HIGHEST GUST SPEED    17   HIGHEST GUST DIRECTION     N (10)
  AVERAGE WIND SPEED     6.3


SKY COVER
  POSSIBLE SUNSHINE  MM
  AVERAGE SKY COVER 0.8


WEATHER CONDITIONS
 THE FOLLOWING WEATHER WAS RECORDED YESTERDAY.
  LIGHT RAIN
  FOG


RELATIVE HUMIDITY (PERCENT)
 HIGHEST   100           400 AM
 LOWEST     56           400 PM
 AVERAGE    78

..........................................................


THE PROVIDENCE RI CLIMATE NORMALS FOR TODAY
                         NORMAL    RECORD    YEAR
 MAXIMUM TEMPERATURE (F)   82       100      2001
 MINIMUM TEMPERATURE (F)   64        51      1964
                                             1955


SUNRISE AND SUNSET
AUGUST  9 2017........SUNRISE   548 AM EDT   SUNSET   754 PM EDT
AUGUST 10 2017........SUNRISE   549 AM EDT   SUNSET   752 PM EDT


-  INDICATES NEGATIVE NUMBERS.
R  INDICATES RECORD WAS SET OR TIED.
MM INDICATES DATA IS MISSING.
T  INDICATES TRACE AMOUNT.




$$
