000
CDUS41 KBOX 180527
CLIPVD


CLIMATE REPORT
NATIONAL WEATHER SERVICE TAUNTON MA
127 AM EDT TUE APR 18 2017


...................................

...THE PROVIDENCE RI CLIMATE SUMMARY FOR APRIL 17 2017...

CLIMATE NORMAL PERIOD 1981 TO 2010
CLIMATE RECORD PERIOD 1904 TO 2017


WEATHER ITEM   OBSERVED TIME   RECORD YEAR NORMAL DEPARTURE LAST
                VALUE   (LST)  VALUE       VALUE  FROM      YEAR
                                                  NORMAL
..................................................................
TEMPERATURE (F)
 YESTERDAY
  MAXIMUM         76   1250 PM  93    2002  59     17       67
                                      1976
  MINIMUM         54   1158 PM  23    1908  40     14       39
  AVERAGE         65                        50     15       53

PRECIPITATION (IN)
  YESTERDAY        0.00          2.33 1954   0.14  -0.14     0.00
  MONTH TO DATE    3.87                      2.65   1.22     3.58
  SINCE MAR 1      7.72                      7.66   0.06     6.26
  SINCE JAN 1     14.90                     14.81   0.09    14.61

SNOWFALL (IN)
  YESTERDAY        0.0           0.5  1935   0.0    0.0      0.0
  MONTH TO DATE    T                         0.5   -0.5      6.7
  SINCE MAR 1      7.7                       6.0    1.7      9.3
  SINCE JUL 1     45.9                      33.7   12.2     28.7
  SNOW DEPTH       0

DEGREE DAYS
 HEATING
  YESTERDAY        0                        15    -15       12
  MONTH TO DATE  234                       308    -74      353
  SINCE MAR 1   1154                      1117     37     1000
  SINCE JUL 1   4712                      5179   -467     4371

 COOLING
  YESTERDAY        0                         0      0        0
  MONTH TO DATE    7                         0      7        0
  SINCE MAR 1      7                         0      7        0
  SINCE JAN 1      7                         0      7        0
..................................................................


WIND (MPH)
  RESULTANT WIND SPEED  12   RESULTANT WIND DIRECTION   W (290)
  HIGHEST WIND SPEED    24   HIGHEST WIND DIRECTION     W (290)
  HIGHEST GUST SPEED    34   HIGHEST GUST DIRECTION    NW (300)
  AVERAGE WIND SPEED    12.3


SKY COVER
  POSSIBLE SUNSHINE  MM
  AVERAGE SKY COVER 0.2


WEATHER CONDITIONS
 THE FOLLOWING WEATHER WAS RECORDED YESTERDAY.
  NO SIGNIFICANT WEATHER WAS OBSERVED.


RELATIVE HUMIDITY (PERCENT)
 HIGHEST    84          1200 AM
 LOWEST     20           200 PM
 AVERAGE    52

..........................................................


THE PROVIDENCE RI CLIMATE NORMALS FOR TODAY
                         NORMAL    RECORD    YEAR
 MAXIMUM TEMPERATURE (F)   60        86      1976
 MINIMUM TEMPERATURE (F)   41        27      1948


SUNRISE AND SUNSET
APRIL 18 2017.........SUNRISE   601 AM EDT   SUNSET   730 PM EDT
APRIL 19 2017.........SUNRISE   559 AM EDT   SUNSET   731 PM EDT


-  INDICATES NEGATIVE NUMBERS.
R  INDICATES RECORD WAS SET OR TIED.
MM INDICATES DATA IS MISSING.
T  INDICATES TRACE AMOUNT.




$$
