000
CDUS41 KBOX 232145
CLIPVD


CLIMATE REPORT
NATIONAL WEATHER SERVICE TAUNTON MA
535 PM EDT SAT AUG 23 2014


...................................

...THE PROVIDENCE RI CLIMATE SUMMARY FOR AUGUST 23 2014...
VALID AS OF 0500 PM LOCAL TIME.

CLIMATE NORMAL PERIOD 1981 TO 2010
CLIMATE RECORD PERIOD 1904 TO 2014


WEATHER ITEM   OBSERVED TIME   RECORD YEAR NORMAL DEPARTURE LAST
                VALUE   (LST)  VALUE       VALUE  FROM      YEAR
                                                  NORMAL
..................................................................
TEMPERATURE (F)
 TODAY
  MAXIMUM         76   1205 PM  91    1947  81     -5       80
  MINIMUM         63    608 AM  45    1957  62      1       65
  AVERAGE         70                        72     -2       73

PRECIPITATION (IN)
  TODAY            0.00          3.02 1946   0.11  -0.11     0.00
  MONTH TO DATE    2.48                      2.72  -0.24     2.67
  SINCE JUN 1      8.43                      9.65  -1.22    15.01
  SINCE JAN 1     31.23                     29.72   1.51    29.61

SNOWFALL (IN)
  TODAY            0.0           0.0  2002   0.0    0.0      0.0
                                      2001
                                      2000
  MONTH TO DATE    0.0                       0.0    0.0      0.0
  SINCE JUN 1      0.0                       0.0    0.0      0.0
  SINCE JUL 1      0.0                       0.0    0.0      0.0
  SNOW DEPTH       0

DEGREE DAYS
 HEATING
  TODAY            0                         0      0        0
  MONTH TO DATE    0                         0      0        0
  SINCE JUN 1     13                        46    -33       24
  SINCE JUL 1      0                         3     -3        0

 COOLING
  TODAY            5                         7     -2        8
  MONTH TO DATE  131                       184    -53      143
  SINCE JUN 1    523                       582    -59      729
  SINCE JAN 1    534                       608    -74      773
..................................................................


WIND (MPH)
  HIGHEST WIND SPEED    18   HIGHEST WIND DIRECTION    NE (40)
  HIGHEST GUST SPEED    24   HIGHEST GUST DIRECTION    NE (40)
  AVERAGE WIND SPEED    11.8


SKY COVER
  POSSIBLE SUNSHINE  MM
  AVERAGE SKY COVER 0.6


WEATHER CONDITIONS
 THE FOLLOWING WEATHER WAS RECORDED TODAY.
  NO SIGNIFICANT WEATHER WAS OBSERVED.


RELATIVE HUMIDITY (PERCENT)
 HIGHEST    90           500 AM
 LOWEST     46           400 PM
 AVERAGE    68

..........................................................


THE PROVIDENCE RI CLIMATE NORMALS FOR TOMORROW
                         NORMAL    RECORD    YEAR
 MAXIMUM TEMPERATURE (F)   80        94      1947
 MINIMUM TEMPERATURE (F)   62        46      1957


SUNRISE AND SUNSET
AUGUST 23 2014........SUNRISE   602 AM EDT   SUNSET   734 PM EDT
AUGUST 24 2014........SUNRISE   603 AM EDT   SUNSET   732 PM EDT


-  INDICATES NEGATIVE NUMBERS.
R  INDICATES RECORD WAS SET OR TIED.
MM INDICATES DATA IS MISSING.
T  INDICATES TRACE AMOUNT.




$$
