000
CDUS41 KBOX 302141
CLIPVD


CLIMATE REPORT
NATIONAL WEATHER SERVICE TAUNTON MA
539 PM EDT SAT MAY 30 2015


...................................

...THE PROVIDENCE RI CLIMATE SUMMARY FOR MAY 30 2015...
VALID TODAY AS OF 0500 PM LOCAL TIME.

CLIMATE NORMAL PERIOD 1981 TO 2010
CLIMATE RECORD PERIOD 1904 TO 2015


WEATHER ITEM   OBSERVED TIME   RECORD YEAR NORMAL DEPARTURE LAST
                VALUE   (LST)  VALUE       VALUE  FROM      YEAR
                                                  NORMAL
..................................................................
TEMPERATURE (F)
 TODAY
  MAXIMUM         85    118 PM  94    1929  73     12       65
  MINIMUM         56    330 AM  37    1970  53      3       43
  AVERAGE         71                        63      8       54

PRECIPITATION (IN)
  TODAY            0.00          2.42 1948   0.13  -0.13     0.16
  MONTH TO DATE    0.51                      3.42  -2.91     2.25
  SINCE MAR 1      7.42                     12.79  -5.37    14.40
  SINCE JAN 1     13.77                     19.94  -6.17    22.80

SNOWFALL (IN)
  TODAY            0.0           0.0  2002   0.0    0.0      0.0
                                      2001
                                      2000
  MONTH TO DATE    0.0                       0.0    0.0      0.0
  SINCE MAR 1     16.3                       6.1   10.2      1.5
  SINCE JUL 1     76.2                      33.8   42.4     43.6
  SNOW DEPTH       0

DEGREE DAYS
 HEATING
  TODAY            0                         4     -4       11
  MONTH TO DATE  122                       221    -99      181
  SINCE MAR 1   1586                      1509     77     1621
  SINCE JUL 1   5948                      5571    377     5893

 COOLING
  TODAY            6                         2      4        0
  MONTH TO DATE   63                        19     44       11
  SINCE MAR 1     63                        21     42       11
  SINCE JAN 1     63                        21     42       11
..................................................................


WIND (MPH)
  HIGHEST WIND SPEED    25   HIGHEST WIND DIRECTION     S (200)
  HIGHEST GUST SPEED    33   HIGHEST GUST DIRECTION    SW (210)
  AVERAGE WIND SPEED    12.5


SKY COVER
  POSSIBLE SUNSHINE  MM
  AVERAGE SKY COVER 0.6


WEATHER CONDITIONS
 THE FOLLOWING WEATHER WAS RECORDED TODAY.
  FOG
  FOG W/VISIBILITY <= 1/4 MILE


RELATIVE HUMIDITY (PERCENT)
 HIGHEST   100           100 AM
 LOWEST     40          1200 PM
 AVERAGE    70

..........................................................


THE PROVIDENCE RI CLIMATE NORMALS FOR TOMORROW
                         NORMAL    RECORD    YEAR
 MAXIMUM TEMPERATURE (F)   73        95      1944
 MINIMUM TEMPERATURE (F)   53        37      1961


SUNRISE AND SUNSET
MAY 30 2015...........SUNRISE   515 AM EDT   SUNSET   812 PM EDT
MAY 31 2015...........SUNRISE   514 AM EDT   SUNSET   813 PM EDT


-  INDICATES NEGATIVE NUMBERS.
R  INDICATES RECORD WAS SET OR TIED.
MM INDICATES DATA IS MISSING.
T  INDICATES TRACE AMOUNT.




$$
