000
CDUS41 KBOX 190543
CLIPVD


CLIMATE REPORT
NATIONAL WEATHER SERVICE TAUNTON MA
1238 AM EST FRI DEC 19 2014


...................................

...THE PROVIDENCE RI CLIMATE SUMMARY FOR DECEMBER 18 2014...

CLIMATE NORMAL PERIOD 1981 TO 2010
CLIMATE RECORD PERIOD 1904 TO 2014


WEATHER ITEM   OBSERVED TIME   RECORD YEAR NORMAL DEPARTURE LAST
                VALUE   (LST)  VALUE       VALUE  FROM      YEAR
                                                  NORMAL
..................................................................
TEMPERATURE (F)
 YESTERDAY
  MAXIMUM         43    129 PM  60    1984  41      2       34
  MINIMUM         34   1001 PM  -7    1919  26      8       20
  AVERAGE         39                        33      6       27

PRECIPITATION (IN)
  YESTERDAY        T             1.46 1954   0.13  -0.13      T
  MONTH TO DATE    4.92                      2.62   2.30     2.89
  SINCE DEC 1      4.92                      2.62   2.30     2.89
  SINCE JAN 1     45.86                     45.58   0.28    43.53

SNOWFALL (IN)
  YESTERDAY        0.0           5.3  1904   0.4   -0.4       T
  MONTH TO DATE    T                         4.6   -4.6      7.0
  SINCE DEC 1      T                         4.6   -4.6      7.0
  SINCE JUL 1      1.6                       6.1   -4.5      7.1
  SNOW DEPTH       0

DEGREE DAYS
 HEATING
  YESTERDAY       26                        32     -6       38
  MONTH TO DATE  484                       517    -33      596
  SINCE DEC 1    484                       517    -33      596
  SINCE JUL 1   1520                      1592    -72     1699

 COOLING
  YESTERDAY        0                         0      0        0
  MONTH TO DATE    0                         0      0        0
  SINCE DEC 1      0                         0      0        0
  SINCE JAN 1    709                       744    -35      892
..................................................................


WIND (MPH)
  RESULTANT WIND SPEED  11   RESULTANT WIND DIRECTION   W (290)
  HIGHEST WIND SPEED    22   HIGHEST WIND DIRECTION     W (290)
  HIGHEST GUST SPEED    32   HIGHEST GUST DIRECTION    NW (300)
  AVERAGE WIND SPEED    11.5


SKY COVER
  POSSIBLE SUNSHINE  MM
  AVERAGE SKY COVER 0.7


WEATHER CONDITIONS
 THE FOLLOWING WEATHER WAS RECORDED YESTERDAY.
  LIGHT RAIN


RELATIVE HUMIDITY (PERCENT)
 HIGHEST    76           200 AM
 LOWEST     53          1000 AM
 AVERAGE    65

..........................................................


THE PROVIDENCE RI CLIMATE NORMALS FOR TODAY
                         NORMAL    RECORD    YEAR
 MAXIMUM TEMPERATURE (F)   41        57      1990
 MINIMUM TEMPERATURE (F)   25        -4      1942


SUNRISE AND SUNSET
DECEMBER 19 2014......SUNRISE   708 AM EST   SUNSET   417 PM EST
DECEMBER 20 2014......SUNRISE   709 AM EST   SUNSET   418 PM EST


-  INDICATES NEGATIVE NUMBERS.
R  INDICATES RECORD WAS SET OR TIED.
MM INDICATES DATA IS MISSING.
T  INDICATES TRACE AMOUNT.




$$
