000
CDUS41 KBOX 012138
CLIPVD


CLIMATE REPORT
NATIONAL WEATHER SERVICE TAUNTON MA
435 PM EST MON FEB 1 2016


...................................

...THE PROVIDENCE RI CLIMATE SUMMARY FOR FEBRUARY 1 2016...
VALID AS OF 0400 PM LOCAL TIME.

CLIMATE NORMAL PERIOD 1981 TO 2010
CLIMATE RECORD PERIOD 1904 TO 2016


WEATHER ITEM   OBSERVED TIME   RECORD YEAR NORMAL DEPARTURE LAST
                VALUE   (LST)  VALUE       VALUE  FROM      YEAR
                                                  NORMAL
..................................................................
TEMPERATURE (F)
 TODAY
  MAXIMUM         66R   228 PM  64    1989  38     28       33
  MINIMUM         41   1215 AM  -8    1920  22     19       11
  AVERAGE         54                        30     24       22

PRECIPITATION (IN)
  TODAY            0.00          1.51 1982   0.11  -0.11     0.00
  MONTH TO DATE    0.00                      0.11  -0.11     0.00
  SINCE DEC 1      7.83                      8.19  -0.36     9.87
  SINCE JAN 1      3.03                      3.97  -0.94     3.62

SNOWFALL (IN)
  TODAY            0.0           5.0  1907   0.3   -0.3      0.0
  MONTH TO DATE    0.0                       0.3   -0.3      0.0
  SINCE DEC 1      7.9                      18.0  -10.1     26.5
  SINCE JUL 1      7.9                      19.5  -11.6     28.1
  SNOW DEPTH       0

DEGREE DAYS
 HEATING
  TODAY           11                        35    -24       43
  MONTH TO DATE   11                        35    -24       43
  SINCE DEC 1   1604                      2097   -493     2073
  SINCE JUL 1   2485                      3172   -687     3109

 COOLING
  TODAY            0                         0      0        0
  MONTH TO DATE    0                         0      0        0
  SINCE DEC 1      0                         0      0        0
  SINCE JAN 1      0                         0      0        0
..................................................................


WIND (MPH)
  HIGHEST WIND SPEED    21   HIGHEST WIND DIRECTION     W (260)
  HIGHEST GUST SPEED    29   HIGHEST GUST DIRECTION    SW (230)
  AVERAGE WIND SPEED    11.0


SKY COVER
  POSSIBLE SUNSHINE  MM
  AVERAGE SKY COVER 0.4


WEATHER CONDITIONS
 THE FOLLOWING WEATHER WAS RECORDED TODAY.
  NO SIGNIFICANT WEATHER WAS OBSERVED.


RELATIVE HUMIDITY (PERCENT)
 HIGHEST    89          1200 AM
 LOWEST     40           400 PM
 AVERAGE    65

..........................................................


THE PROVIDENCE RI CLIMATE NORMALS FOR TOMORROW
                         NORMAL    RECORD    YEAR
 MAXIMUM TEMPERATURE (F)   38        57      1973
 MINIMUM TEMPERATURE (F)   22        -6      1961


SUNRISE AND SUNSET
FEBRUARY  1 2016......SUNRISE   658 AM EST   SUNSET   501 PM EST
FEBRUARY  2 2016......SUNRISE   657 AM EST   SUNSET   502 PM EST


-  INDICATES NEGATIVE NUMBERS.
R  INDICATES RECORD WAS SET OR TIED.
MM INDICATES DATA IS MISSING.
T  INDICATES TRACE AMOUNT.




$$
