000
CDUS41 KBOX 232135
CLIPVD


CLIMATE REPORT
NATIONAL WEATHER SERVICE TAUNTON MA
527 PM EDT MON MAR 23 2015


...................................

...THE PROVIDENCE RI CLIMATE SUMMARY FOR MARCH 23 2015...
VALID AS OF 0500 PM LOCAL TIME.

CLIMATE NORMAL PERIOD 1981 TO 2010
CLIMATE RECORD PERIOD 1904 TO 2015


WEATHER ITEM   OBSERVED TIME   RECORD YEAR NORMAL DEPARTURE LAST
                VALUE   (LST)  VALUE       VALUE  FROM      YEAR
                                                  NORMAL
..................................................................
TEMPERATURE (F)
 TODAY
  MAXIMUM         34    359 PM  77    1938  50    -16       45
  MINIMUM         17    609 AM   8    1934  32    -15       27
  AVERAGE         26                        41    -15       36

PRECIPITATION (IN)
  TODAY            0.00          3.30 2010   0.17  -0.17     0.00
  MONTH TO DATE    3.26                      3.63  -0.37     1.33
  SINCE MAR 1      3.26                      3.63  -0.37     1.33
  SINCE JAN 1      9.61                     10.78  -1.17     9.73

SNOWFALL (IN)
  TODAY            0.0           1.4  2005   0.2   -0.2      0.0
                                      1965
  MONTH TO DATE   15.2                       4.7   10.5      1.2
  SINCE MAR 1     15.2                       4.7   10.5      1.2
  SINCE JUL 1     75.1                      32.4   42.7     43.3
  SNOW DEPTH       0

DEGREE DAYS
 HEATING
  TODAY           39                        24     15       29
  MONTH TO DATE  777                       629    148      721
  SINCE MAR 1    777                       629    148      721
  SINCE JUL 1   5139                      4691    448     4993

 COOLING
  TODAY            0                         0      0        0
  MONTH TO DATE    0                         0      0        0
  SINCE MAR 1      0                         0      0        0
  SINCE JAN 1      0                         0      0        0
..................................................................


WIND (MPH)
  HIGHEST WIND SPEED    22   HIGHEST WIND DIRECTION     W (280)
  HIGHEST GUST SPEED    39   HIGHEST GUST DIRECTION    NW (310)
  AVERAGE WIND SPEED    11.4


SKY COVER
  POSSIBLE SUNSHINE  MM
  AVERAGE SKY COVER 0.1


WEATHER CONDITIONS
 THE FOLLOWING WEATHER WAS RECORDED TODAY.
  NO SIGNIFICANT WEATHER WAS OBSERVED.


RELATIVE HUMIDITY (PERCENT)
 HIGHEST    54           400 AM
 LOWEST     22           200 PM
 AVERAGE    38

..........................................................


THE PROVIDENCE RI CLIMATE NORMALS FOR TOMORROW
                         NORMAL    RECORD    YEAR
 MAXIMUM TEMPERATURE (F)   50        67      1938
 MINIMUM TEMPERATURE (F)   32         9      1906


SUNRISE AND SUNSET
MARCH 23 2015.........SUNRISE   644 AM EDT   SUNSET   701 PM EDT
MARCH 24 2015.........SUNRISE   643 AM EDT   SUNSET   702 PM EDT


-  INDICATES NEGATIVE NUMBERS.
R  INDICATES RECORD WAS SET OR TIED.
MM INDICATES DATA IS MISSING.
T  INDICATES TRACE AMOUNT.




$$
