000
CDUS41 KBOX 060531
CLIPVD


CLIMATE REPORT
NATIONAL WEATHER SERVICE TAUNTON MA
131 AM EDT SUN APR 6 2014


...................................

...THE PROVIDENCE RI CLIMATE SUMMARY FOR APRIL 5 2014...

CLIMATE NORMAL PERIOD 1981 TO 2010
CLIMATE RECORD PERIOD 1904 TO 2014


WEATHER ITEM   OBSERVED TIME   RECORD YEAR NORMAL DEPARTURE LAST
                VALUE   (LST)  VALUE       VALUE  FROM      YEAR
                                                  NORMAL
..................................................................
TEMPERATURE (F)
 YESTERDAY
  MAXIMUM         55    143 PM  82    1921  55      0       62
  MINIMUM         37   1159 PM  20    1995  36      1       38
  AVERAGE         46                        46      0       50

PRECIPITATION (IN)
  YESTERDAY        0.06          1.92 1957   0.16  -0.10     0.00
  MONTH TO DATE    0.22                      0.81  -0.59     0.08
  SINCE MAR 1      7.20                      5.82   1.38     3.02
  SINCE JAN 1     15.60                     12.97   2.63     9.98

SNOWFALL (IN)
  YESTERDAY        0.0           0.4  1957   0.0    0.0      0.0
  MONTH TO DATE    0.0                       0.2   -0.2      0.0
  SINCE MAR 1      1.2                       5.7   -4.5      4.9
  SINCE JUL 1     43.3                      33.4    9.9     46.3
  SNOW DEPTH       0

DEGREE DAYS
 HEATING
  YESTERDAY       19                        20     -1       15
  MONTH TO DATE   98                       102     -4      111
  SINCE MAR 1   1052                       911    141      923
  SINCE JUL 1   5324                      4973    351     4744

 COOLING
  YESTERDAY        0                         0      0        0
  MONTH TO DATE    0                         0      0        0
  SINCE MAR 1      0                         0      0        0
  SINCE JAN 1      0                         0      0        0
..................................................................


WIND (MPH)
  RESULTANT WIND SPEED  11   RESULTANT WIND DIRECTION  NW (300)
  HIGHEST WIND SPEED    22   HIGHEST WIND DIRECTION    NW (300)
  HIGHEST GUST SPEED    29   HIGHEST GUST DIRECTION    NW (300)
  AVERAGE WIND SPEED    12.0


SKY COVER
  POSSIBLE SUNSHINE  MM
  AVERAGE SKY COVER 0.7


WEATHER CONDITIONS
 THE FOLLOWING WEATHER WAS RECORDED YESTERDAY.
  RAIN
  LIGHT RAIN
  FOG


RELATIVE HUMIDITY (PERCENT)
 HIGHEST    92          1200 AM
 LOWEST     35           500 PM
 AVERAGE    64

..........................................................


THE PROVIDENCE RI CLIMATE NORMALS FOR TODAY
                         NORMAL    RECORD    YEAR
 MAXIMUM TEMPERATURE (F)   55        81      1921
 MINIMUM TEMPERATURE (F)   37        20      1982


SUNRISE AND SUNSET
APRIL  6 2014.........SUNRISE   620 AM EDT   SUNSET   717 PM EDT
APRIL  7 2014.........SUNRISE   619 AM EDT   SUNSET   718 PM EDT


-  INDICATES NEGATIVE NUMBERS.
R  INDICATES RECORD WAS SET OR TIED.
MM INDICATES DATA IS MISSING.
T  INDICATES TRACE AMOUNT.




$$
