000
CDUS41 KBOX 092132
CLIPVD


CLIMATE REPORT
NATIONAL WEATHER SERVICE TAUNTON MA
529 PM EDT SAT SEP 9 2017


...................................

...THE PROVIDENCE RI CLIMATE SUMMARY FOR SEPTEMBER 9 2017...
VALID AS OF 0500 PM LOCAL TIME.

CLIMATE NORMAL PERIOD 1981 TO 2010
CLIMATE RECORD PERIOD 1904 TO 2017


WEATHER ITEM   OBSERVED TIME   RECORD YEAR NORMAL DEPARTURE LAST
                VALUE   (LST)  VALUE       VALUE  FROM      YEAR
                                                  NORMAL
..................................................................
TEMPERATURE (F)
 TODAY
  MAXIMUM         73    125 PM  92    2016  77     -4       92
  MINIMUM         54    501 AM  42    1980  58     -4       71
                                      1952
  AVERAGE         64                        67     -3       82

PRECIPITATION (IN)
  TODAY            0.00          2.21 1924   0.13  -0.13     0.00
  MONTH TO DATE    1.61                      1.11   0.50     0.67
  SINCE SEP 1      1.61                      1.11   0.50     0.67
  SINCE JAN 1     35.81                     31.71   4.10    26.50

SNOWFALL (IN)
  TODAY            0.0           0.0  2002   0.0    0.0      0.0
                                      2001
                                      2000
  MONTH TO DATE    0.0                       0.0    0.0      0.0
  SINCE SEP 1      0.0                       0.0    0.0      0.0
  SINCE JUL 1      0.0                       0.0    0.0      0.0
  SNOW DEPTH       0

DEGREE DAYS
 HEATING
  TODAY            1                         1      0        0
  MONTH TO DATE   15                         9      6        0
  SINCE SEP 1     15                         9      6        0
  SINCE JUL 1     23                        18      5        0

 COOLING
  TODAY            0                         4     -4       17
  MONTH TO DATE   23                        40    -17       69
  SINCE SEP 1     23                        40    -17       69
  SINCE JAN 1    727                       696     31      952
..................................................................


WIND (MPH)
  HIGHEST WIND SPEED    15   HIGHEST WIND DIRECTION    NE (30)
  HIGHEST GUST SPEED    20   HIGHEST GUST DIRECTION     N (10)
  AVERAGE WIND SPEED     8.6


SKY COVER
  POSSIBLE SUNSHINE  MM
  AVERAGE SKY COVER 0.3


WEATHER CONDITIONS
 THE FOLLOWING WEATHER WAS RECORDED TODAY.
  NO SIGNIFICANT WEATHER WAS OBSERVED.


RELATIVE HUMIDITY (PERCENT)
 HIGHEST    86           200 AM
 LOWEST     49          1200 PM
 AVERAGE    68

..........................................................


THE PROVIDENCE RI CLIMATE NORMALS FOR TOMORROW
                         NORMAL    RECORD    YEAR
 MAXIMUM TEMPERATURE (F)   76        94      1983
 MINIMUM TEMPERATURE (F)   58        41      1917


SUNRISE AND SUNSET
SEPTEMBER  9 2017.....SUNRISE   620 AM EDT   SUNSET   705 PM EDT
SEPTEMBER 10 2017.....SUNRISE   621 AM EDT   SUNSET   703 PM EDT


-  INDICATES NEGATIVE NUMBERS.
R  INDICATES RECORD WAS SET OR TIED.
MM INDICATES DATA IS MISSING.
T  INDICATES TRACE AMOUNT.




$$
