000
CDUS41 KBOX 160535
CLIPVD


CLIMATE REPORT
NATIONAL WEATHER SERVICE TAUNTON MA
135 AM EDT SUN JUL 16 2017


...................................

...THE PROVIDENCE RI CLIMATE SUMMARY FOR JULY 15 2017...

CLIMATE NORMAL PERIOD 1981 TO 2010
CLIMATE RECORD PERIOD 1904 TO 2017


WEATHER ITEM   OBSERVED TIME   RECORD YEAR NORMAL DEPARTURE LAST
                VALUE   (LST)  VALUE       VALUE  FROM      YEAR
                                                  NORMAL
..................................................................
TEMPERATURE (F)
 YESTERDAY
  MAXIMUM         78    319 PM  99    1995  83     -5       93
  MINIMUM         63    244 AM  54    1926  64     -1       70
  AVERAGE         71                        74     -3       82

PRECIPITATION (IN)
  YESTERDAY        0.00          1.11 1973   0.11  -0.11     0.29
  MONTH TO DATE    2.69                      1.47   1.22     1.68
  SINCE JUN 1      6.95                      5.11   1.84     2.73
  SINCE JAN 1     31.97                     25.18   6.79    20.85

SNOWFALL (IN)
  YESTERDAY        0.0           0.0  2002   0.0    0.0      0.0
                                      2001
                                      2000
  MONTH TO DATE    0.0                       0.0    0.0      0.0
  SINCE JUN 1      0.0                       0.0    0.0      0.0
  SINCE JUL 1      0.0                       0.0    0.0      0.0
  SNOW DEPTH       0

DEGREE DAYS
 HEATING
  YESTERDAY        0                         0      0        0
  MONTH TO DATE    1                         0      1        0
  SINCE JUN 1     50                        43      7       12
  SINCE JUL 1      1                         0      1        0

 COOLING
  YESTERDAY        6                         9     -3       17
  MONTH TO DATE  130                       123      7      132
  SINCE JUN 1    299                       255     44      267
  SINCE JAN 1    357                       281     76      318
..................................................................


WIND (MPH)
  RESULTANT WIND SPEED   3   RESULTANT WIND DIRECTION   S (160)
  HIGHEST WIND SPEED    15   HIGHEST WIND DIRECTION     S (170)
  HIGHEST GUST SPEED    17   HIGHEST GUST DIRECTION    SE (150)
  AVERAGE WIND SPEED     6.5


SKY COVER
  POSSIBLE SUNSHINE  MM
  AVERAGE SKY COVER 0.7


WEATHER CONDITIONS
 THE FOLLOWING WEATHER WAS RECORDED YESTERDAY.
  FOG


RELATIVE HUMIDITY (PERCENT)
 HIGHEST   100          1100 PM
 LOWEST     74           300 PM
 AVERAGE    87

..........................................................


THE PROVIDENCE RI CLIMATE NORMALS FOR TODAY
                         NORMAL    RECORD    YEAR
 MAXIMUM TEMPERATURE (F)   83        97      1983
 MINIMUM TEMPERATURE (F)   65        52      1954


SUNRISE AND SUNSET
JULY 16 2017..........SUNRISE   525 AM EDT   SUNSET   818 PM EDT
JULY 17 2017..........SUNRISE   526 AM EDT   SUNSET   817 PM EDT


-  INDICATES NEGATIVE NUMBERS.
R  INDICATES RECORD WAS SET OR TIED.
MM INDICATES DATA IS MISSING.
T  INDICATES TRACE AMOUNT.




$$
