000
CDUS41 KBOX 180557
CLIPVD


CLIMATE REPORT
NATIONAL WEATHER SERVICE TAUNTON MA
153 AM EDT MON AUG 18 2014


...................................

...THE PROVIDENCE RI CLIMATE SUMMARY FOR AUGUST 17 2014...

CLIMATE NORMAL PERIOD 1981 TO 2010
CLIMATE RECORD PERIOD 1904 TO 2014


WEATHER ITEM   OBSERVED TIME   RECORD YEAR NORMAL DEPARTURE LAST
                VALUE   (LST)  VALUE       VALUE  FROM      YEAR
                                                  NORMAL
..................................................................
TEMPERATURE (F)
 YESTERDAY
  MAXIMUM         80    257 PM  97    1944  82     -2       82
  MINIMUM         64   1159 PM  50    1981  63      1       59
                                      1912
                                      1905
  AVERAGE         72                        72      0       71

PRECIPITATION (IN)
  YESTERDAY        0.00          1.47 1909   0.12  -0.12     0.00
  MONTH TO DATE    2.45                      2.00   0.45     2.04
  SINCE JUN 1      8.40                      8.93  -0.53    14.38
  SINCE JAN 1     31.20                     29.00   2.20    28.98

SNOWFALL (IN)
  YESTERDAY        0.0           0.0  2002   0.0    0.0      0.0
                                      2001
                                      2000
  MONTH TO DATE    0.0                       0.0    0.0      0.0
  SINCE JUN 1      0.0                       0.0    0.0      0.0
  SINCE JUL 1      0.0                       0.0    0.0      0.0
  SNOW DEPTH       0

DEGREE DAYS
 HEATING
  YESTERDAY        0                         0      0        0
  MONTH TO DATE    0                         0      0        0
  SINCE JUN 1     13                        46    -33       24
  SINCE JUL 1      0                         3     -3        0

 COOLING
  YESTERDAY        7                         8     -1        6
  MONTH TO DATE  107                       142    -35       90
  SINCE JUN 1    499                       540    -41      676
  SINCE JAN 1    510                       566    -56      720
..................................................................


WIND (MPH)
  RESULTANT WIND SPEED   4   RESULTANT WIND DIRECTION   W (290)
  HIGHEST WIND SPEED    14   HIGHEST WIND DIRECTION    NW (300)
  HIGHEST GUST SPEED    19   HIGHEST GUST DIRECTION    NW (300)
  AVERAGE WIND SPEED     5.7


SKY COVER
  POSSIBLE SUNSHINE  MM
  AVERAGE SKY COVER 0.5


WEATHER CONDITIONS
 THE FOLLOWING WEATHER WAS RECORDED YESTERDAY.
  NO SIGNIFICANT WEATHER WAS OBSERVED.


RELATIVE HUMIDITY (PERCENT)
 HIGHEST    93           100 AM
 LOWEST     48          1000 AM
 AVERAGE    71

..........................................................


THE PROVIDENCE RI CLIMATE NORMALS FOR TODAY
                         NORMAL    RECORD    YEAR
 MAXIMUM TEMPERATURE (F)   81        94      2009
 MINIMUM TEMPERATURE (F)   63        50      1923


SUNRISE AND SUNSET
AUGUST 18 2014........SUNRISE   557 AM EDT   SUNSET   741 PM EDT
AUGUST 19 2014........SUNRISE   558 AM EDT   SUNSET   740 PM EDT


-  INDICATES NEGATIVE NUMBERS.
R  INDICATES RECORD WAS SET OR TIED.
MM INDICATES DATA IS MISSING.
T  INDICATES TRACE AMOUNT.




$$
