000
CDUS41 KBOX 052131
CLIPVD


CLIMATE REPORT
NATIONAL WEATHER SERVICE TAUNTON MA
529 PM EDT SAT JUL 5 2014


...................................

...THE PROVIDENCE RI CLIMATE SUMMARY FOR JULY 5 2014...
VALID TODAY AS OF 0500 PM LOCAL TIME.

CLIMATE NORMAL PERIOD 1981 TO 2010
CLIMATE RECORD PERIOD 1904 TO 2014


WEATHER ITEM   OBSERVED TIME   RECORD YEAR NORMAL DEPARTURE LAST
                VALUE   (LST)  VALUE       VALUE  FROM      YEAR
                                                  NORMAL
..................................................................
TEMPERATURE (F)
 TODAY
  MAXIMUM         81    350 PM  98    1999  82     -1       93
                                      1919
  MINIMUM         61    506 AM  49    1979  63     -2       75
  AVERAGE         71                        73     -2       84

PRECIPITATION (IN)
  TODAY            T             1.43 1956   0.09  -0.09     0.00
  MONTH TO DATE    2.68                      0.44   2.24     0.23
  SINCE JUN 1      5.04                      4.08   0.96    10.31
  SINCE JAN 1     27.84                     24.15   3.69    24.91

SNOWFALL (IN)
  TODAY            0.0           0.0  2002   0.0    0.0      0.0
                                      2001
                                      2000
  MONTH TO DATE    0.0                       0.0    0.0      0.0
  SINCE JUN 1      0.0                       0.0    0.0      0.0
  SINCE JUL 1      0.0                       0.0    0.0      0.0
  SNOW DEPTH       0

DEGREE DAYS
 HEATING
  TODAY            0                         0      0        0
  MONTH TO DATE    0                         0      0        0
  SINCE JUN 1     13                        43    -30       24
  SINCE JUL 1      0                         0      0        0

 COOLING
  TODAY            6                         8     -2       19
  MONTH TO DATE   55                        38     17       75
  SINCE JUN 1    158                       170    -12      239
  SINCE JAN 1    169                       196    -27      283
..................................................................


WIND (MPH)
  HIGHEST WIND SPEED    23   HIGHEST WIND DIRECTION    NW (330)
  HIGHEST GUST SPEED    35   HIGHEST GUST DIRECTION     N (350)
  AVERAGE WIND SPEED    16.3


SKY COVER
  POSSIBLE SUNSHINE  MM
  AVERAGE SKY COVER 0.5


WEATHER CONDITIONS
 THE FOLLOWING WEATHER WAS RECORDED TODAY.
  LIGHT RAIN


RELATIVE HUMIDITY (PERCENT)
 HIGHEST    78           100 AM
 LOWEST     28           100 PM
 AVERAGE    53

..........................................................


THE PROVIDENCE RI CLIMATE NORMALS FOR TOMORROW
                         NORMAL    RECORD    YEAR
 MAXIMUM TEMPERATURE (F)   82       102      2010
 MINIMUM TEMPERATURE (F)   64        50      1979


SUNRISE AND SUNSET
JULY  5 2014..........SUNRISE   517 AM EDT   SUNSET   823 PM EDT
JULY  6 2014..........SUNRISE   518 AM EDT   SUNSET   823 PM EDT


-  INDICATES NEGATIVE NUMBERS.
R  INDICATES RECORD WAS SET OR TIED.
MM INDICATES DATA IS MISSING.
T  INDICATES TRACE AMOUNT.




$$
