000
CDUS41 KBOX 080548
CLIPVD


CLIMATE REPORT
NATIONAL WEATHER SERVICE TAUNTON MA
1239 AM EST SUN JAN 8 2017


...................................

...THE PROVIDENCE RI CLIMATE SUMMARY FOR JANUARY 7 2017...

CLIMATE NORMAL PERIOD 1981 TO 2010
CLIMATE RECORD PERIOD 1904 TO 2017


WEATHER ITEM   OBSERVED TIME   RECORD YEAR NORMAL DEPARTURE LAST
                VALUE   (LST)  VALUE       VALUE  FROM      YEAR
                                                  NORMAL
..................................................................
TEMPERATURE (F)
 YESTERDAY
  MAXIMUM         24   1029 AM  62    1907  37    -13       45
  MINIMUM         18   1159 PM  -1    1912  21     -3       19
  AVERAGE         21                        29     -8       32

PRECIPITATION (IN)
  YESTERDAY        0.55          1.38 2009   0.12   0.43     0.00
  MONTH TO DATE    1.68                      0.86   0.82      T
  SINCE DEC 1      4.82                      5.08  -0.26     4.80
  SINCE JAN 1      1.68                      0.86   0.82      T

SNOWFALL (IN)
  YESTERDAY       10.7 R         8.0  1977   0.3   10.4      0.0
  MONTH TO DATE   14.1                       2.0   12.1      0.3
  SINCE DEC 1     18.5                      10.7    7.8      0.9
  SINCE JUL 1     18.5                      12.2    6.3      0.9
  SNOW DEPTH      MM

DEGREE DAYS
 HEATING
  YESTERDAY       44                        36      8       33
  MONTH TO DATE  224                       248    -24      245
  SINCE DEC 1   1152                      1200    -48      828
  SINCE JUL 1   2039                      2275   -236     1709

 COOLING
  YESTERDAY        0                         0      0        0
  MONTH TO DATE    0                         0      0        0
  SINCE DEC 1      0                         0      0        0
  SINCE JAN 1      0                         0      0        0
..................................................................


WIND (MPH)
  RESULTANT WIND SPEED  14   RESULTANT WIND DIRECTION   N (360)
  HIGHEST WIND SPEED    28   HIGHEST WIND DIRECTION     N (360)
  HIGHEST GUST SPEED    36   HIGHEST GUST DIRECTION     N (360)
  AVERAGE WIND SPEED    14.3


SKY COVER
  POSSIBLE SUNSHINE  MM
  AVERAGE SKY COVER 0.8


WEATHER CONDITIONS
 THE FOLLOWING WEATHER WAS RECORDED YESTERDAY.
  HEAVY SNOW
  SNOW
  LIGHT SNOW
  FOG
  FOG W/VISIBILITY <= 1/4 MILE
  HAZE
  BLOWING SNOW


RELATIVE HUMIDITY (PERCENT)
 HIGHEST    91           400 PM
 LOWEST     50          1200 AM
 AVERAGE    71

..........................................................


THE PROVIDENCE RI CLIMATE NORMALS FOR TODAY
                         NORMAL    RECORD    YEAR
 MAXIMUM TEMPERATURE (F)   37        66      2008
 MINIMUM TEMPERATURE (F)   21        -4      1968


SUNRISE AND SUNSET
JANUARY  8 2017.......SUNRISE   713 AM EST   SUNSET   433 PM EST
JANUARY  9 2017.......SUNRISE   712 AM EST   SUNSET   434 PM EST


-  INDICATES NEGATIVE NUMBERS.
R  INDICATES RECORD WAS SET OR TIED.
MM INDICATES DATA IS MISSING.
T  INDICATES TRACE AMOUNT.




$$
