000
CDUS41 KBOX 130621
CLIPVD


CLIMATE REPORT
NATIONAL WEATHER SERVICE TAUNTON MA
120 AM EST MON NOV 13 2017


...................................

...THE PROVIDENCE RI CLIMATE SUMMARY FOR NOVEMBER 12 2017...

CLIMATE NORMAL PERIOD 1981 TO 2010
CLIMATE RECORD PERIOD 1904 TO 2017


WEATHER ITEM   OBSERVED TIME   RECORD YEAR NORMAL DEPARTURE LAST
                VALUE   (LST)  VALUE       VALUE  FROM      YEAR
                                                  NORMAL
..................................................................
TEMPERATURE (F)
 YESTERDAY
  MAXIMUM         50    146 PM  75    1909  55     -5       49
  MINIMUM         25    633 AM  21    1926  37    -12       32
  AVERAGE         38                        46     -8       41

PRECIPITATION (IN)
  YESTERDAY        0.00          3.46 1947   0.15  -0.15     0.00
  MONTH TO DATE    0.33                      1.71  -1.38     0.05
  SINCE SEP 1      9.62                      9.56   0.06     7.62
  SINCE JAN 1     43.82                     40.16   3.66    33.45

SNOWFALL (IN)
  YESTERDAY        0.0           7.3  1987   0.0    0.0      0.0
  MONTH TO DATE    0.0                       0.2   -0.2      0.0
  SINCE SEP 1      0.0                       0.2   -0.2      0.0
  SINCE JUL 1      0.0                       0.2   -0.2      0.0
  SNOW DEPTH       0

DEGREE DAYS
 HEATING
  YESTERDAY       27                        19      8       24
  MONTH TO DATE  207                       213     -6      200
  SINCE SEP 1    389                       662   -273      538
  SINCE JUL 1    397                       671   -274      538

 COOLING
  YESTERDAY        0                         0      0        0
  MONTH TO DATE    0                         0      0        0
  SINCE SEP 1    176                        88     88      166
  SINCE JAN 1    880                       744    136     1049
..................................................................


WIND (MPH)
  RESULTANT WIND SPEED   1   RESULTANT WIND DIRECTION   N (340)
  HIGHEST WIND SPEED    10   HIGHEST WIND DIRECTION    SE (150)
  HIGHEST GUST SPEED    13   HIGHEST GUST DIRECTION    SE (140)
  AVERAGE WIND SPEED     3.2


SKY COVER
  POSSIBLE SUNSHINE  MM
  AVERAGE SKY COVER 0.4


WEATHER CONDITIONS
 THE FOLLOWING WEATHER WAS RECORDED YESTERDAY.
  NO SIGNIFICANT WEATHER WAS OBSERVED.


RELATIVE HUMIDITY (PERCENT)
 HIGHEST    75          1000 PM
 LOWEST     46           100 PM
 AVERAGE    61

..........................................................


THE PROVIDENCE RI CLIMATE NORMALS FOR TODAY
                         NORMAL    RECORD    YEAR
 MAXIMUM TEMPERATURE (F)   54        70      1964
 MINIMUM TEMPERATURE (F)   37        20      2001


SUNRISE AND SUNSET
NOVEMBER 13 2017......SUNRISE   633 AM EST   SUNSET   427 PM EST
NOVEMBER 14 2017......SUNRISE   634 AM EST   SUNSET   426 PM EST


-  INDICATES NEGATIVE NUMBERS.
R  INDICATES RECORD WAS SET OR TIED.
MM INDICATES DATA IS MISSING.
T  INDICATES TRACE AMOUNT.




$$
