000
CDUS41 KBOX 240538
CLIPVD


CLIMATE REPORT
NATIONAL WEATHER SERVICE TAUNTON MA
136 AM EDT MON AUG 24 2015


...................................

...THE PROVIDENCE RI CLIMATE SUMMARY FOR AUGUST 23 2015...

CLIMATE NORMAL PERIOD 1981 TO 2010
CLIMATE RECORD PERIOD 1904 TO 2015


WEATHER ITEM   OBSERVED TIME   RECORD YEAR NORMAL DEPARTURE LAST
                VALUE   (LST)  VALUE       VALUE  FROM      YEAR
                                                  NORMAL
..................................................................
TEMPERATURE (F)
 YESTERDAY
  MAXIMUM         80    122 PM  91    1947  81     -1       76
  MINIMUM         68    352 AM  45    1957  62      6       57
  AVERAGE         74                        72      2       67

PRECIPITATION (IN)
  YESTERDAY        T             3.02 1946   0.11  -0.11     0.00
  MONTH TO DATE    2.10                      2.72  -0.62     2.48
  SINCE JUN 1      9.79                      9.65   0.14     8.43
  SINCE JAN 1     26.74                     29.72  -2.98    31.23

SNOWFALL (IN)
  YESTERDAY        0.0           0.0  2002   0.0    0.0      0.0
                                      2001
                                      2000
  MONTH TO DATE    0.0                       0.0    0.0      0.0
  SINCE JUN 1      0.0                       0.0    0.0      0.0
  SINCE JUL 1      0.0                       0.0    0.0      0.0
  SNOW DEPTH       0

DEGREE DAYS
 HEATING
  YESTERDAY        0                         0      0        0
  MONTH TO DATE    0                         0      0        0
  SINCE JUN 1     72                        46     26       13
  SINCE JUL 1      0                         3     -3        0

 COOLING
  YESTERDAY        9                         7      2        2
  MONTH TO DATE  234                       184     50      128
  SINCE JUN 1    656                       582     74      520
  SINCE JAN 1    720                       608    112      531
..................................................................


WIND (MPH)
  RESULTANT WIND SPEED   9   RESULTANT WIND DIRECTION   N (20)
  HIGHEST WIND SPEED    15   HIGHEST WIND DIRECTION     N (10)
  HIGHEST GUST SPEED    17   HIGHEST GUST DIRECTION     N (20)
  AVERAGE WIND SPEED     8.7


SKY COVER
  POSSIBLE SUNSHINE  MM
  AVERAGE SKY COVER 0.9


WEATHER CONDITIONS
 THE FOLLOWING WEATHER WAS RECORDED YESTERDAY.
  LIGHT RAIN
  FOG


RELATIVE HUMIDITY (PERCENT)
 HIGHEST    93           400 AM
 LOWEST     71          1200 PM
 AVERAGE    82

..........................................................


THE PROVIDENCE RI CLIMATE NORMALS FOR TODAY
                         NORMAL    RECORD    YEAR
 MAXIMUM TEMPERATURE (F)   80        94      1947
 MINIMUM TEMPERATURE (F)   62        46      1957


SUNRISE AND SUNSET
AUGUST 24 2015........SUNRISE   603 AM EDT   SUNSET   732 PM EDT
AUGUST 25 2015........SUNRISE   604 AM EDT   SUNSET   731 PM EDT


-  INDICATES NEGATIVE NUMBERS.
R  INDICATES RECORD WAS SET OR TIED.
MM INDICATES DATA IS MISSING.
T  INDICATES TRACE AMOUNT.




$$
