000
CDUS41 KBOX 152130
CLIPVD


CLIMATE REPORT
NATIONAL WEATHER SERVICE TAUNTON MA
428 PM EST WED FEB 15 2017


...................................

...THE PROVIDENCE RI CLIMATE SUMMARY FOR FEBRUARY 15 2017...
VALID AS OF 0400 PM LOCAL TIME.

CLIMATE NORMAL PERIOD 1981 TO 2010
CLIMATE RECORD PERIOD 1904 TO 2017


WEATHER ITEM   OBSERVED TIME   RECORD YEAR NORMAL DEPARTURE LAST
                VALUE   (LST)  VALUE       VALUE  FROM      YEAR
                                                  NORMAL
..................................................................
TEMPERATURE (F)
 TODAY
  MAXIMUM         41   1202 PM  64    1939  40      1       28
  MINIMUM         20    636 AM -14    1943  24     -4       -1
  AVERAGE         31                        32     -1       14

PRECIPITATION (IN)
  TODAY            T             2.31 1953   0.11  -0.11     0.20
  MONTH TO DATE    1.98                      1.68   0.30     2.95
  SINCE DEC 1     10.08                      9.76   0.32    10.78
  SINCE JAN 1      6.94                      5.54   1.40     5.98

SNOWFALL (IN)
  TODAY            0.0           7.5  1940   0.3   -0.3      0.5
  MONTH TO DATE   16.8                       4.6   12.2     11.5
  SINCE DEC 1     38.2                      22.3   15.9     19.4
  SINCE JUL 1     38.2                      23.8   14.4     19.4
  SNOW DEPTH      10

DEGREE DAYS
 HEATING
  TODAY           34                        33      1       51
  MONTH TO DATE  522                       512     10      548
  SINCE DEC 1   2379                      2574   -195     2141
  SINCE JUL 1   3266                      3649   -383     3022

 COOLING
  TODAY            0                         0      0        0
  MONTH TO DATE    0                         0      0        0
  SINCE DEC 1      0                         0      0        0
  SINCE JAN 1      0                         0      0        0
..................................................................


WIND (MPH)
  HIGHEST WIND SPEED    10   HIGHEST WIND DIRECTION    SE (150)
  HIGHEST GUST SPEED    15   HIGHEST GUST DIRECTION    SE (150)
  AVERAGE WIND SPEED     1.2


SKY COVER
  POSSIBLE SUNSHINE  MM
  AVERAGE SKY COVER 0.7


WEATHER CONDITIONS
 THE FOLLOWING WEATHER WAS RECORDED TODAY.
  LIGHT RAIN
  FOG
  HAZE


RELATIVE HUMIDITY (PERCENT)
 HIGHEST   100           800 AM
 LOWEST     84          1200 AM
 AVERAGE    92

..........................................................


THE PROVIDENCE RI CLIMATE NORMALS FOR TOMORROW
                         NORMAL    RECORD    YEAR
 MAXIMUM TEMPERATURE (F)   40        60      1910
 MINIMUM TEMPERATURE (F)   24       -10      1943


SUNRISE AND SUNSET
FEBRUARY 15 2017......SUNRISE   641 AM EST   SUNSET   519 PM EST
FEBRUARY 16 2017......SUNRISE   640 AM EST   SUNSET   521 PM EST


-  INDICATES NEGATIVE NUMBERS.
R  INDICATES RECORD WAS SET OR TIED.
MM INDICATES DATA IS MISSING.
T  INDICATES TRACE AMOUNT.




$$
