000
CDUS41 KBOX 150547
CLIPVD


CLIMATE REPORT
NATIONAL WEATHER SERVICE TAUNTON MA
142 AM EDT FRI AUG 15 2014


...................................

...THE PROVIDENCE RI CLIMATE SUMMARY FOR AUGUST 14 2014...

CLIMATE NORMAL PERIOD 1981 TO 2010
CLIMATE RECORD PERIOD 1904 TO 2014


WEATHER ITEM   OBSERVED TIME   RECORD YEAR NORMAL DEPARTURE LAST
                VALUE   (LST)  VALUE       VALUE  FROM      YEAR
                                                  NORMAL
..................................................................
TEMPERATURE (F)
 YESTERDAY
  MAXIMUM         76    415 PM  98    2002  82     -6       74
  MINIMUM         60   1159 PM  47    1964  64     -4       60
  AVERAGE         68                        73     -5       67

PRECIPITATION (IN)
  YESTERDAY        0.00          1.35 1927   0.12  -0.12     0.00
  MONTH TO DATE    2.45                      1.65   0.80     2.04
  SINCE JUN 1      8.40                      8.58  -0.18    14.38
  SINCE JAN 1     31.20                     28.65   2.55    28.98

SNOWFALL (IN)
  YESTERDAY        0.0           0.0  2002   0.0    0.0      0.0
                                      2001
                                      2000
  MONTH TO DATE    0.0                       0.0    0.0      0.0
  SINCE JUN 1      0.0                       0.0    0.0      0.0
  SINCE JUL 1      0.0                       0.0    0.0      0.0
  SNOW DEPTH       0

DEGREE DAYS
 HEATING
  YESTERDAY        0                         0      0        0
  MONTH TO DATE    0                         0      0        0
  SINCE JUN 1     13                        46    -33       24
  SINCE JUL 1      0                         3     -3        0

 COOLING
  YESTERDAY        3                         8     -5        2
  MONTH TO DATE   96                       118    -22       80
  SINCE JUN 1    488                       516    -28      666
  SINCE JAN 1    499                       542    -43      710
..................................................................


WIND (MPH)
  RESULTANT WIND SPEED   7   RESULTANT WIND DIRECTION   W (280)
  HIGHEST WIND SPEED    18   HIGHEST WIND DIRECTION     W (280)
  HIGHEST GUST SPEED    23   HIGHEST GUST DIRECTION     W (270)
  AVERAGE WIND SPEED     7.3


SKY COVER
  POSSIBLE SUNSHINE  MM
  AVERAGE SKY COVER 0.3


WEATHER CONDITIONS
 THE FOLLOWING WEATHER WAS RECORDED YESTERDAY.
  NO SIGNIFICANT WEATHER WAS OBSERVED.


RELATIVE HUMIDITY (PERCENT)
 HIGHEST    93          1200 AM
 LOWEST     38           300 PM
 AVERAGE    66

..........................................................


THE PROVIDENCE RI CLIMATE NORMALS FOR TODAY
                         NORMAL    RECORD    YEAR
 MAXIMUM TEMPERATURE (F)   82        97      1947
 MINIMUM TEMPERATURE (F)   64        51      1964
                                             1909


SUNRISE AND SUNSET
AUGUST 15 2014........SUNRISE   554 AM EDT   SUNSET   746 PM EDT
AUGUST 16 2014........SUNRISE   555 AM EDT   SUNSET   744 PM EDT


-  INDICATES NEGATIVE NUMBERS.
R  INDICATES RECORD WAS SET OR TIED.
MM INDICATES DATA IS MISSING.
T  INDICATES TRACE AMOUNT.




$$
