000
CDUS41 KBOX 280542
CLIPVD


CLIMATE REPORT
NATIONAL WEATHER SERVICE TAUNTON MA
137 AM EDT MON JUL 28 2014


...................................

...THE PROVIDENCE RI CLIMATE SUMMARY FOR JULY 27 2014...

CLIMATE NORMAL PERIOD 1981 TO 2010
CLIMATE RECORD PERIOD 1904 TO 2014


WEATHER ITEM   OBSERVED TIME   RECORD YEAR NORMAL DEPARTURE LAST
                VALUE   (LST)  VALUE       VALUE  FROM      YEAR
                                                  NORMAL
..................................................................
TEMPERATURE (F)
 YESTERDAY
  MAXIMUM         78    906 AM  97    1940  83     -5       85
  MINIMUM         67    502 AM  53    2001  65      2       63
  AVERAGE         73                        74     -1       74

PRECIPITATION (IN)
  YESTERDAY        0.07          1.28 1986   0.13  -0.06      T
  MONTH TO DATE    3.49                      2.80   0.69     2.25
  SINCE JUN 1      5.85                      6.44  -0.59    12.33
  SINCE JAN 1     28.65                     26.51   2.14    26.93

SNOWFALL (IN)
  YESTERDAY        0.0           0.0  2002   0.0    0.0      0.0
                                      2001
                                      2000
  MONTH TO DATE    0.0                       0.0    0.0      0.0
  SINCE JUN 1      0.0                       0.0    0.0      0.0
  SINCE JUL 1      0.0                       0.0    0.0      0.0
  SNOW DEPTH       0

DEGREE DAYS
 HEATING
  YESTERDAY        0                         0      0        0
  MONTH TO DATE    0                         0      0        0
  SINCE JUN 1     13                        43    -30       24
  SINCE JUL 1      0                         0      0        0

 COOLING
  YESTERDAY        8                         9     -1        9
  MONTH TO DATE  262                       231     31      383
  SINCE JUN 1    365                       363      2      547
  SINCE JAN 1    376                       389    -13      591
..................................................................


WIND (MPH)
  RESULTANT WIND SPEED   8   RESULTANT WIND DIRECTION   S (200)
  HIGHEST WIND SPEED    20   HIGHEST WIND DIRECTION     S (180)
  HIGHEST GUST SPEED    24   HIGHEST GUST DIRECTION     S (190)
  AVERAGE WIND SPEED     9.0


SKY COVER
  POSSIBLE SUNSHINE  MM
  AVERAGE SKY COVER 0.7


WEATHER CONDITIONS
 THE FOLLOWING WEATHER WAS RECORDED YESTERDAY.
  LIGHT RAIN
  FOG


RELATIVE HUMIDITY (PERCENT)
 HIGHEST    97          1100 PM
 LOWEST     74           800 AM
 AVERAGE    86

..........................................................


THE PROVIDENCE RI CLIMATE NORMALS FOR TODAY
                         NORMAL    RECORD    YEAR
 MAXIMUM TEMPERATURE (F)   83        95      1949
 MINIMUM TEMPERATURE (F)   65        53      1977


SUNRISE AND SUNSET
JULY 28 2014..........SUNRISE   536 AM EDT   SUNSET   808 PM EDT
JULY 29 2014..........SUNRISE   537 AM EDT   SUNSET   807 PM EDT


-  INDICATES NEGATIVE NUMBERS.
R  INDICATES RECORD WAS SET OR TIED.
MM INDICATES DATA IS MISSING.
T  INDICATES TRACE AMOUNT.




$$
