586
CDUS41 KBOX 122150
CLIPVD


CLIMATE REPORT
NATIONAL WEATHER SERVICE TAUNTON MA
439 PM EST FRI JAN 12 2018


...................................

...THE PROVIDENCE RI CLIMATE SUMMARY FOR JANUARY 12 2018...
VALID AS OF 0400 PM LOCAL TIME.

CLIMATE NORMAL PERIOD 1981 TO 2010
CLIMATE RECORD PERIOD 1904 TO 2018


WEATHER ITEM   OBSERVED TIME   RECORD YEAR NORMAL DEPARTURE LAST
                VALUE   (LST)  VALUE       VALUE  FROM      YEAR
                                                  NORMAL
..................................................................
TEMPERATURE (F)
 TODAY
  MAXIMUM         59    353 PM  60    2017  37     22       60
  MINIMUM         41    145 AM  -8    1981  21     20       44
  AVERAGE         50                        29     21       52

PRECIPITATION (IN)
  TODAY            0.43          1.54 2012   0.13   0.30     0.36
  MONTH TO DATE    1.48                      1.48   0.00     2.40
  SINCE DEC 1      4.05                      5.70  -1.65     5.54
  SINCE JAN 1      1.48                      1.48   0.00     2.40

SNOWFALL (IN)
  TODAY            0.0          12.2  2011   0.3   -0.3      0.0
  MONTH TO DATE   14.4                       3.6   10.8     14.1
  SINCE DEC 1     21.5                      12.3    9.2     18.5
  SINCE JUL 1     21.5                      13.8    7.7     18.5
  SNOW DEPTH       1

DEGREE DAYS
 HEATING
  TODAY           15                        36    -21       13
  MONTH TO DATE  498                       428     70      392
  SINCE DEC 1   1539                      1380    159     1320
  SINCE JUL 1   2353                      2455   -102     2207

 COOLING
  TODAY            0                         0      0        0
  MONTH TO DATE    0                         0      0        0
  SINCE DEC 1      0                         0      0        0
  SINCE JAN 1      0                         0      0        0
..................................................................


WIND (MPH)
  HIGHEST WIND SPEED    31   HIGHEST WIND DIRECTION     S (190)
  HIGHEST GUST SPEED    40   HIGHEST GUST DIRECTION     S (180)
  AVERAGE WIND SPEED    10.4


SKY COVER
  POSSIBLE SUNSHINE  MM
  AVERAGE SKY COVER 0.9


WEATHER CONDITIONS
 THE FOLLOWING WEATHER WAS RECORDED TODAY.
  HEAVY RAIN
  RAIN
  LIGHT RAIN
  FOG
  FOG W/VISIBILITY <= 1/4 MILE


RELATIVE HUMIDITY (PERCENT)
 HIGHEST   100           100 AM
 LOWEST     93          1200 AM
 AVERAGE    97

..........................................................


THE PROVIDENCE RI CLIMATE NORMALS FOR TOMORROW
                         NORMAL    RECORD    YEAR
 MAXIMUM TEMPERATURE (F)   37        61      1995
 MINIMUM TEMPERATURE (F)   21        -6      1912


SUNRISE AND SUNSET
JANUARY 12 2018.......SUNRISE   712 AM EST   SUNSET   437 PM EST
JANUARY 13 2018.......SUNRISE   711 AM EST   SUNSET   438 PM EST


-  INDICATES NEGATIVE NUMBERS.
R  INDICATES RECORD WAS SET OR TIED.
MM INDICATES DATA IS MISSING.
T  INDICATES TRACE AMOUNT.




$$
