544
CDUS41 KBOX 190620
CLIPVD


CLIMATE REPORT
NATIONAL WEATHER SERVICE TAUNTON MA
219 AM EDT WED APR 19 2017


...................................

...THE PROVIDENCE RI CLIMATE SUMMARY FOR APRIL 18 2017...

CLIMATE NORMAL PERIOD 1981 TO 2010
CLIMATE RECORD PERIOD 1904 TO 2017


WEATHER ITEM   OBSERVED TIME   RECORD YEAR NORMAL DEPARTURE LAST
                VALUE   (LST)  VALUE       VALUE  FROM      YEAR
                                                  NORMAL
..................................................................
TEMPERATURE (F)
 YESTERDAY
  MAXIMUM         60    125 PM  86    1976  60      0       76
  MINIMUM         39   1140 PM  27    1948  41     -2       39
  AVERAGE         50                        50      0       58

PRECIPITATION (IN)
  YESTERDAY        0.00          1.05 1939   0.14  -0.14     0.00
  MONTH TO DATE    3.87                      2.79   1.08     3.58
  SINCE MAR 1      7.72                      7.80  -0.08     6.26
  SINCE JAN 1     14.90                     14.95  -0.05    14.61

SNOWFALL (IN)
  YESTERDAY        0.0           T    2001   0.0    0.0      0.0
                                      1967
  MONTH TO DATE    T                         0.5   -0.5      6.7
  SINCE MAR 1      7.7                       6.0    1.7      9.3
  SINCE JUL 1     45.9                      33.7   12.2     28.7
  SNOW DEPTH       0

DEGREE DAYS
 HEATING
  YESTERDAY       15                        15      0        7
  MONTH TO DATE  249                       323    -74      360
  SINCE MAR 1   1169                      1132     37     1007
  SINCE JUL 1   4727                      5194   -467     4378

 COOLING
  YESTERDAY        0                         0      0        0
  MONTH TO DATE    7                         0      7        0
  SINCE MAR 1      7                         0      7        0
  SINCE JAN 1      7                         0      7        0
..................................................................


WIND (MPH)
  RESULTANT WIND SPEED   9   RESULTANT WIND DIRECTION  NE (50)
  HIGHEST WIND SPEED    21   HIGHEST WIND DIRECTION     E (110)
  HIGHEST GUST SPEED    28   HIGHEST GUST DIRECTION     E (110)
  AVERAGE WIND SPEED    11.5


SKY COVER
  POSSIBLE SUNSHINE  MM
  AVERAGE SKY COVER 0.4


WEATHER CONDITIONS
 THE FOLLOWING WEATHER WAS RECORDED YESTERDAY.
  NO SIGNIFICANT WEATHER WAS OBSERVED.


RELATIVE HUMIDITY (PERCENT)
 HIGHEST    79          1100 PM
 LOWEST     28           100 PM
 AVERAGE    54

..........................................................


THE PROVIDENCE RI CLIMATE NORMALS FOR TODAY
                         NORMAL    RECORD    YEAR
 MAXIMUM TEMPERATURE (F)   60        98      1976
 MINIMUM TEMPERATURE (F)   41        26      1926


SUNRISE AND SUNSET
APRIL 19 2017.........SUNRISE   559 AM EDT   SUNSET   731 PM EDT
APRIL 20 2017.........SUNRISE   558 AM EDT   SUNSET   732 PM EDT


-  INDICATES NEGATIVE NUMBERS.
R  INDICATES RECORD WAS SET OR TIED.
MM INDICATES DATA IS MISSING.
T  INDICATES TRACE AMOUNT.




$$
