000
CDUS41 KBOX 162120
CLIPVD


CLIMATE REPORT
NATIONAL WEATHER SERVICE TAUNTON MA
418 PM EST SUN NOV 16 2014


...................................

...THE PROVIDENCE RI CLIMATE SUMMARY FOR NOVEMBER 16 2014...
VALID AS OF 0400 PM LOCAL TIME.

CLIMATE NORMAL PERIOD 1981 TO 2010
CLIMATE RECORD PERIOD 1904 TO 2014


WEATHER ITEM   OBSERVED TIME   RECORD YEAR NORMAL DEPARTURE LAST
                VALUE   (LST)  VALUE       VALUE  FROM      YEAR
                                                  NORMAL
..................................................................
TEMPERATURE (F)
 TODAY
  MAXIMUM         42    100 PM  72    1990  53    -11       61
  MINIMUM         24    650 AM  14    1933  36    -12       36
  AVERAGE         33                        44    -11       49

PRECIPITATION (IN)
  TODAY            T             2.48 1983   0.15  -0.15     0.00
  MONTH TO DATE    1.05                      2.31  -1.26     0.44
  SINCE SEP 1      5.09                     10.16  -5.07     5.64
  SINCE JAN 1     36.54                     40.76  -4.22    36.45

SNOWFALL (IN)
  TODAY           MM             0.4  1913   0.1   MM        0.0
  MONTH TO DATE    1.0                       0.4    0.6      0.1
  SINCE SEP 1      1.0                       0.4    0.6      0.1
  SINCE JUL 1      1.0                       0.4    0.6      0.1
  SNOW DEPTH       0

DEGREE DAYS
 HEATING
  TODAY           32                        21     11       16
  MONTH TO DATE  329                       294     35      313
  SINCE SEP 1    681                       743    -62      726
  SINCE JUL 1    681                       752    -71      726

 COOLING
  TODAY            0                         0      0        0
  MONTH TO DATE    0                         0      0        0
  SINCE SEP 1    127                        88     39       70
  SINCE JAN 1    709                       744    -35      892
..................................................................


WIND (MPH)
  HIGHEST WIND SPEED     8   HIGHEST WIND DIRECTION     W (270)
  HIGHEST GUST SPEED    10   HIGHEST GUST DIRECTION     W (280)
  AVERAGE WIND SPEED     1.5


SKY COVER
  POSSIBLE SUNSHINE  MM
  AVERAGE SKY COVER 0.5


WEATHER CONDITIONS
 THE FOLLOWING WEATHER WAS RECORDED TODAY.
  LIGHT RAIN


RELATIVE HUMIDITY (PERCENT)
 HIGHEST    75           600 AM
 LOWEST     51           100 PM
 AVERAGE    63

..........................................................


THE PROVIDENCE RI CLIMATE NORMALS FOR TOMORROW
                         NORMAL    RECORD    YEAR
 MAXIMUM TEMPERATURE (F)   53        72      1928
                                             1927
 MINIMUM TEMPERATURE (F)   36        14      1924


SUNRISE AND SUNSET
NOVEMBER 16 2014......SUNRISE   636 AM EST   SUNSET   424 PM EST
NOVEMBER 17 2014......SUNRISE   637 AM EST   SUNSET   424 PM EST


-  INDICATES NEGATIVE NUMBERS.
R  INDICATES RECORD WAS SET OR TIED.
MM INDICATES DATA IS MISSING.
T  INDICATES TRACE AMOUNT.




$$
