000
CDUS41 KBOX 190547
CLIPVD


CLIMATE REPORT
NATIONAL WEATHER SERVICE TAUNTON MA
144 AM EDT TUE SEP 19 2017


...................................

...THE PROVIDENCE RI CLIMATE SUMMARY FOR SEPTEMBER 18 2017...

CLIMATE NORMAL PERIOD 1981 TO 2010
CLIMATE RECORD PERIOD 1904 TO 2017


WEATHER ITEM   OBSERVED TIME   RECORD YEAR NORMAL DEPARTURE LAST
                VALUE   (LST)  VALUE       VALUE  FROM      YEAR
                                                  NORMAL
..................................................................
TEMPERATURE (F)
 YESTERDAY
  MAXIMUM         74   1234 PM  89    1906  74      0       86
  MINIMUM         66   1159 PM  39    1990  55     11       65
                                      1959
  AVERAGE         70                        64      6       76

PRECIPITATION (IN)
  YESTERDAY        0.00          2.85 1936   0.13  -0.13      T
  MONTH TO DATE    1.67                      2.30  -0.63     0.75
  SINCE SEP 1      1.67                      2.30  -0.63     0.75
  SINCE JAN 1     35.87                     32.90   2.97    26.58

SNOWFALL (IN)
  YESTERDAY        0.0           0.0  2002   0.0    0.0      0.0
                                      2001
                                      2000
  MONTH TO DATE    0.0                       0.0    0.0      0.0
  SINCE SEP 1      0.0                       0.0    0.0      0.0
  SINCE JUL 1      0.0                       0.0    0.0      0.0
  SNOW DEPTH       0

DEGREE DAYS
 HEATING
  YESTERDAY        0                         3     -3        0
  MONTH TO DATE   15                        30    -15        6
  SINCE SEP 1     15                        30    -15        6
  SINCE JUL 1     23                        39    -16        6

 COOLING
  YESTERDAY        5                         2      3       11
  MONTH TO DATE   74                        64     10      117
  SINCE SEP 1     74                        64     10      117
  SINCE JAN 1    778                       720     58     1000
..................................................................


WIND (MPH)
  RESULTANT WIND SPEED   7   RESULTANT WIND DIRECTION  NE (50)
  HIGHEST WIND SPEED    15   HIGHEST WIND DIRECTION    NE (40)
  HIGHEST GUST SPEED    17   HIGHEST GUST DIRECTION    NE (40)
  AVERAGE WIND SPEED     7.1


SKY COVER
  POSSIBLE SUNSHINE  MM
  AVERAGE SKY COVER 0.9


WEATHER CONDITIONS
 THE FOLLOWING WEATHER WAS RECORDED YESTERDAY.
  NO SIGNIFICANT WEATHER WAS OBSERVED.


RELATIVE HUMIDITY (PERCENT)
 HIGHEST   100           100 AM
 LOWEST     79          1100 AM
 AVERAGE    90

..........................................................


THE PROVIDENCE RI CLIMATE NORMALS FOR TODAY
                         NORMAL    RECORD    YEAR
 MAXIMUM TEMPERATURE (F)   73        92      1906
 MINIMUM TEMPERATURE (F)   54        37      1956


SUNRISE AND SUNSET
SEPTEMBER 19 2017.....SUNRISE   630 AM EDT   SUNSET   648 PM EDT
SEPTEMBER 20 2017.....SUNRISE   631 AM EDT   SUNSET   646 PM EDT


-  INDICATES NEGATIVE NUMBERS.
R  INDICATES RECORD WAS SET OR TIED.
MM INDICATES DATA IS MISSING.
T  INDICATES TRACE AMOUNT.




$$
