000
CDUS41 KBOX 122125
CLIPVD


CLIMATE REPORT
NATIONAL WEATHER SERVICE TAUNTON MA
524 PM EDT WED JUL 12 2017


...................................

...THE PROVIDENCE RI CLIMATE SUMMARY FOR JULY 12 2017...
VALID AS OF 0500 PM LOCAL TIME.

CLIMATE NORMAL PERIOD 1981 TO 2010
CLIMATE RECORD PERIOD 1904 TO 2017


WEATHER ITEM   OBSERVED TIME   RECORD YEAR NORMAL DEPARTURE LAST
                VALUE   (LST)  VALUE       VALUE  FROM      YEAR
                                                  NORMAL
..................................................................
TEMPERATURE (F)
 TODAY
  MAXIMUM         86    245 PM  95    1908  83      3       87
  MINIMUM         69    251 AM  52    1945  64      5       62
  AVERAGE         78                        74      4       75

PRECIPITATION (IN)
  TODAY            T             1.72 1918   0.11  -0.11     0.00
  MONTH TO DATE    1.78                      1.14   0.64     0.86
  SINCE JUN 1      6.04                      4.78   1.26     1.91
  SINCE JAN 1     31.06                     24.85   6.21    20.03

SNOWFALL (IN)
  TODAY            0.0           0.0  2016   0.0    0.0      0.0
  MONTH TO DATE    0.0                       0.0    0.0      0.0
  SINCE JUN 1      0.0                       0.0    0.0      0.0
  SINCE JUL 1      0.0                       0.0    0.0      0.0
  SNOW DEPTH       0

DEGREE DAYS
 HEATING
  TODAY            0                         0      0        0
  MONTH TO DATE    0                         0      0        0
  SINCE JUN 1     49                        43      6       12
  SINCE JUL 1      0                         0      0        0

 COOLING
  TODAY           13                         9      4       10
  MONTH TO DATE  119                        96     23       92
  SINCE JUN 1    288                       228     60      227
  SINCE JAN 1    346                       254     92      278
..................................................................


WIND (MPH)
  HIGHEST WIND SPEED    17   HIGHEST WIND DIRECTION    NE (50)
  HIGHEST GUST SPEED    23   HIGHEST GUST DIRECTION    NE (50)
  AVERAGE WIND SPEED     5.9


SKY COVER
  POSSIBLE SUNSHINE  MM
  AVERAGE SKY COVER 0.5


WEATHER CONDITIONS
 THE FOLLOWING WEATHER WAS RECORDED TODAY.
  THUNDERSTORM
  FOG
  HAZE


RELATIVE HUMIDITY (PERCENT)
 HIGHEST   100          1200 AM
 LOWEST     74           300 PM
 AVERAGE    87

..........................................................


THE PROVIDENCE RI CLIMATE NORMALS FOR TOMORROW
                         NORMAL    RECORD    YEAR
 MAXIMUM TEMPERATURE (F)   83        94      1994
                                             1927
 MINIMUM TEMPERATURE (F)   64        52      1933


SUNRISE AND SUNSET
JULY 12 2017..........SUNRISE   522 AM EDT   SUNSET   820 PM EDT
JULY 13 2017..........SUNRISE   523 AM EDT   SUNSET   820 PM EDT


-  INDICATES NEGATIVE NUMBERS.
R  INDICATES RECORD WAS SET OR TIED.
MM INDICATES DATA IS MISSING.
T  INDICATES TRACE AMOUNT.




$$
