000
CDUS41 KBOX 122136
CLIPVD


CLIMATE REPORT
NATIONAL WEATHER SERVICE TAUNTON MA
535 PM EDT FRI SEP 12 2014


...................................

...THE PROVIDENCE RI CLIMATE SUMMARY FOR SEPTEMBER 12 2014...
VALID TODAY AS OF 0500 PM LOCAL TIME.

CLIMATE NORMAL PERIOD 1981 TO 2010
CLIMATE RECORD PERIOD 1904 TO 2014


WEATHER ITEM   OBSERVED TIME   RECORD YEAR NORMAL DEPARTURE LAST
                VALUE   (LST)  VALUE       VALUE  FROM      YEAR
                                                  NORMAL
..................................................................
TEMPERATURE (F)
 TODAY
  MAXIMUM         76    354 PM  91    2005  76      0       84
                                      1961
  MINIMUM         59    546 AM  42    1917  57      2       69
  AVERAGE         68                        66      2       77

PRECIPITATION (IN)
  TODAY            0.00          2.22 1960   0.13  -0.13     0.59
  MONTH TO DATE    0.37                      1.50  -1.13     4.19
  SINCE SEP 1      0.37                      1.50  -1.13     4.19
  SINCE JAN 1     31.82                     32.10  -0.28    35.00

SNOWFALL (IN)
  TODAY            0.0           0.0  2002   0.0    0.0      0.0
                                      2001
                                      2000
  MONTH TO DATE    0.0                       0.0    0.0      0.0
  SINCE SEP 1      0.0                       0.0    0.0      0.0
  SINCE JUL 1      0.0                       0.0    0.0      0.0
  SNOW DEPTH       0

DEGREE DAYS
 HEATING
  TODAY            0                         2     -2        0
  MONTH TO DATE    0                        15    -15       14
  SINCE SEP 1      0                        15    -15       14
  SINCE JUL 1      0                        24    -24       14

 COOLING
  TODAY            3                         3      0       12
  MONTH TO DATE  101                        49     52       58
  SINCE SEP 1    101                        49     52       58
  SINCE JAN 1    683                       705    -22      880
..................................................................


WIND (MPH)
  HIGHEST WIND SPEED    17   HIGHEST WIND DIRECTION     N (360)
  HIGHEST GUST SPEED    22   HIGHEST GUST DIRECTION    NW (330)
  AVERAGE WIND SPEED     7.6


SKY COVER
  POSSIBLE SUNSHINE  MM
  AVERAGE SKY COVER 0.2


WEATHER CONDITIONS
 THE FOLLOWING WEATHER WAS RECORDED TODAY.
  NO SIGNIFICANT WEATHER WAS OBSERVED.


RELATIVE HUMIDITY (PERCENT)
 HIGHEST    78           300 AM
 LOWEST     38           300 PM
 AVERAGE    58

..........................................................


THE PROVIDENCE RI CLIMATE NORMALS FOR TOMORROW
                         NORMAL    RECORD    YEAR
 MAXIMUM TEMPERATURE (F)   75        91      1957
 MINIMUM TEMPERATURE (F)   57        44      1970
                                             1967
                                             1954


SUNRISE AND SUNSET
SEPTEMBER 12 2014.....SUNRISE   623 AM EDT   SUNSET   700 PM EDT
SEPTEMBER 13 2014.....SUNRISE   624 AM EDT   SUNSET   659 PM EDT


-  INDICATES NEGATIVE NUMBERS.
R  INDICATES RECORD WAS SET OR TIED.
MM INDICATES DATA IS MISSING.
T  INDICATES TRACE AMOUNT.




$$
