930
CDUS41 KBOX 180924
CLIPVD


CLIMATE REPORT
NATIONAL WEATHER SERVICE TAUNTON MA
524 AM EDT MON SEP 18 2017


...................................

...THE PROVIDENCE RI CLIMATE SUMMARY FOR SEPTEMBER 17 2017...

CLIMATE NORMAL PERIOD 1981 TO 2010
CLIMATE RECORD PERIOD 1904 TO 2017


WEATHER ITEM   OBSERVED TIME   RECORD YEAR NORMAL DEPARTURE LAST
                VALUE   (LST)  VALUE       VALUE  FROM      YEAR
                                                  NORMAL
..................................................................
TEMPERATURE (F)
 YESTERDAY
  MAXIMUM         80    229 PM  90    1941  74      6       76
  MINIMUM         64    743 AM  37    1960  55      9       50
  AVERAGE         72                        64      8       63

PRECIPITATION (IN)
  YESTERDAY        T             2.72 1995   0.13  -0.13     0.00
  MONTH TO DATE    1.67                      2.17  -0.50     0.75
  SINCE SEP 1      1.67                      2.17  -0.50     0.75
  SINCE JAN 1     35.87                     32.77   3.10    26.58

SNOWFALL (IN)
  YESTERDAY        0.0           0.0  2002   0.0    0.0      0.0
                                      2001
                                      2000
  MONTH TO DATE    0.0                       0.0    0.0      0.0
  SINCE SEP 1      0.0                       0.0    0.0      0.0
  SINCE JUL 1      0.0                       0.0    0.0      0.0
  SNOW DEPTH       0

DEGREE DAYS
 HEATING
  YESTERDAY        0                         3     -3        2
  MONTH TO DATE   15                        27    -12        6
  SINCE SEP 1     15                        27    -12        6
  SINCE JUL 1     23                        36    -13        6

 COOLING
  YESTERDAY        7                         2      5        0
  MONTH TO DATE   69                        62      7      106
  SINCE SEP 1     69                        62      7      106
  SINCE JAN 1    773                       718     55      989
..................................................................


WIND (MPH)
  RESULTANT WIND SPEED   4   RESULTANT WIND DIRECTION   S (160)
  HIGHEST WIND SPEED    15   HIGHEST WIND DIRECTION     S (160)
  HIGHEST GUST SPEED    22   HIGHEST GUST DIRECTION    SE (130)
  AVERAGE WIND SPEED     4.3


SKY COVER
  POSSIBLE SUNSHINE  MM
  AVERAGE SKY COVER 0.8


WEATHER CONDITIONS
 THE FOLLOWING WEATHER WAS RECORDED YESTERDAY.
  LIGHT RAIN
  FOG
  FOG W/VISIBILITY <= 1/4 MILE


RELATIVE HUMIDITY (PERCENT)
 HIGHEST   100          1200 AM
 LOWEST     58           200 PM
 AVERAGE    79

..........................................................


THE PROVIDENCE RI CLIMATE NORMALS FOR TODAY
                         NORMAL    RECORD    YEAR
 MAXIMUM TEMPERATURE (F)   74        89      1906
 MINIMUM TEMPERATURE (F)   55        39      1990
                                             1959


SUNRISE AND SUNSET
SEPTEMBER 18 2017.....SUNRISE   629 AM EDT   SUNSET   650 PM EDT
SEPTEMBER 19 2017.....SUNRISE   630 AM EDT   SUNSET   648 PM EDT


-  INDICATES NEGATIVE NUMBERS.
R  INDICATES RECORD WAS SET OR TIED.
MM INDICATES DATA IS MISSING.
T  INDICATES TRACE AMOUNT.




$$
