000
CDUS41 KBOX 210553
CLIPVD


CLIMATE REPORT
NATIONAL WEATHER SERVICE TAUNTON MA
143 AM EDT THU APR 21 2016


...................................

...THE PROVIDENCE RI CLIMATE SUMMARY FOR APRIL 20 2016...

CLIMATE NORMAL PERIOD 1981 TO 2010
CLIMATE RECORD PERIOD 1904 TO 2016


WEATHER ITEM   OBSERVED TIME   RECORD YEAR NORMAL DEPARTURE LAST
                VALUE   (LST)  VALUE       VALUE  FROM      YEAR
                                                  NORMAL
..................................................................
TEMPERATURE (F)
 YESTERDAY
  MAXIMUM         62    414 PM  89    1976  60      2       56
  MINIMUM         40   1159 PM  24    1926  41     -1       42
  AVERAGE         51                        51      0       49

PRECIPITATION (IN)
  YESTERDAY        0.00          0.97 2015   0.13  -0.13     0.97
  MONTH TO DATE    3.58                      3.05   0.53     2.27
  SINCE MAR 1      6.26                      8.06  -1.80     6.67
  SINCE JAN 1     14.61                     15.21  -0.60    13.02

SNOWFALL (IN)
  YESTERDAY        0.0           T    1983   0.1   -0.1      0.0
  MONTH TO DATE    6.7                       0.6    6.1       T
  SINCE MAR 1      9.3                       6.1    3.2     16.3
  SINCE JUL 1     28.7                      33.8   -5.1     76.2
  SNOW DEPTH       0

DEGREE DAYS
 HEATING
  YESTERDAY       14                        14      0       16
  MONTH TO DATE  385                       352     33      336
  SINCE MAR 1   1032                      1161   -129     1328
  SINCE JUL 1   4403                      5223   -820     5690

 COOLING
  YESTERDAY        0                         0      0        0
  MONTH TO DATE    0                         0      0        0
  SINCE MAR 1      0                         0      0        0
  SINCE JAN 1      0                         0      0        0
..................................................................


WIND (MPH)
  RESULTANT WIND SPEED   5   RESULTANT WIND DIRECTION   N (340)
  HIGHEST WIND SPEED    22   HIGHEST WIND DIRECTION     N (10)
  HIGHEST GUST SPEED    31   HIGHEST GUST DIRECTION    NE (30)
  AVERAGE WIND SPEED    10.7


SKY COVER
  POSSIBLE SUNSHINE  MM
  AVERAGE SKY COVER 0.2


WEATHER CONDITIONS
 THE FOLLOWING WEATHER WAS RECORDED YESTERDAY.
  NO SIGNIFICANT WEATHER WAS OBSERVED.


RELATIVE HUMIDITY (PERCENT)
 HIGHEST    86          1100 PM
 LOWEST     16           300 PM
 AVERAGE    51

..........................................................


THE PROVIDENCE RI CLIMATE NORMALS FOR TODAY
                         NORMAL    RECORD    YEAR
 MAXIMUM TEMPERATURE (F)   61        87      1957
 MINIMUM TEMPERATURE (F)   41        27      1908
                                             1907


SUNRISE AND SUNSET
APRIL 21 2016.........SUNRISE   556 AM EDT   SUNSET   734 PM EDT
APRIL 22 2016.........SUNRISE   554 AM EDT   SUNSET   735 PM EDT


-  INDICATES NEGATIVE NUMBERS.
R  INDICATES RECORD WAS SET OR TIED.
MM INDICATES DATA IS MISSING.
T  INDICATES TRACE AMOUNT.




$$
