000
CDUS41 KBOX 160944
CLIPVD


CLIMATE REPORT
NATIONAL WEATHER SERVICE TAUNTON MA
434 AM EST SUN NOV 16 2014


...................................

...THE PROVIDENCE RI CLIMATE SUMMARY FOR NOVEMBER 15 2014...

CLIMATE NORMAL PERIOD 1981 TO 2010
CLIMATE RECORD PERIOD 1904 TO 2014


WEATHER ITEM   OBSERVED TIME   RECORD YEAR NORMAL DEPARTURE LAST
                VALUE   (LST)  VALUE       VALUE  FROM      YEAR
                                                  NORMAL
..................................................................
TEMPERATURE (F)
 YESTERDAY
  MAXIMUM         40    257 PM  78    1993  54    -14       60
  MINIMUM         27    649 AM  18    1905  36     -9       33
  AVERAGE         34                        45    -11       47

PRECIPITATION (IN)
  YESTERDAY        0.00          0.85 1906   0.15  -0.15     0.00
  MONTH TO DATE    1.05                      2.16  -1.11     0.44
  SINCE SEP 1      5.09                     10.01  -4.92     5.64
  SINCE JAN 1     36.54                     40.61  -4.07    36.45

SNOWFALL (IN)
  YESTERDAY        0.0           1.5  1906   0.0    0.0      0.0
  MONTH TO DATE    1.0                       0.3    0.7      0.1
  SINCE SEP 1      1.0                       0.3    0.7      0.1
  SINCE JUL 1      1.0                       0.3    0.7      0.1
  SNOW DEPTH       0

DEGREE DAYS
 HEATING
  YESTERDAY       31                        20     11       18
  MONTH TO DATE  297                       273     24      297
  SINCE SEP 1    649                       722    -73      710
  SINCE JUL 1    649                       731    -82      710

 COOLING
  YESTERDAY        0                         0      0        0
  MONTH TO DATE    0                         0      0        0
  SINCE SEP 1    127                        88     39       70
  SINCE JAN 1    709                       744    -35      892
..................................................................


WIND (MPH)
  RESULTANT WIND SPEED   6   RESULTANT WIND DIRECTION  NW (300)
  HIGHEST WIND SPEED    17   HIGHEST WIND DIRECTION     W (270)
  HIGHEST GUST SPEED    23   HIGHEST GUST DIRECTION     W (270)
  AVERAGE WIND SPEED     7.1


SKY COVER
  POSSIBLE SUNSHINE  MM
  AVERAGE SKY COVER 0.1


WEATHER CONDITIONS
 THE FOLLOWING WEATHER WAS RECORDED YESTERDAY.
  NO SIGNIFICANT WEATHER WAS OBSERVED.


RELATIVE HUMIDITY (PERCENT)
 HIGHEST    69           100 AM
 LOWEST     37           200 PM
 AVERAGE    53

..........................................................


THE PROVIDENCE RI CLIMATE NORMALS FOR TODAY
                         NORMAL    RECORD    YEAR
 MAXIMUM TEMPERATURE (F)   53        72      1990
 MINIMUM TEMPERATURE (F)   36        14      1933


SUNRISE AND SUNSET
NOVEMBER 16 2014......SUNRISE   636 AM EST   SUNSET   424 PM EST
NOVEMBER 17 2014......SUNRISE   637 AM EST   SUNSET   424 PM EST


-  INDICATES NEGATIVE NUMBERS.
R  INDICATES RECORD WAS SET OR TIED.
MM INDICATES DATA IS MISSING.
T  INDICATES TRACE AMOUNT.




$$
