000
CDUS41 KBOX 202125
CLIPVD


CLIMATE REPORT
NATIONAL WEATHER SERVICE TAUNTON MA
524 PM EDT FRI MAY 20 2016


...................................

...THE PROVIDENCE RI CLIMATE SUMMARY FOR MAY 20 2016...
VALID AS OF 0500 PM LOCAL TIME.

CLIMATE NORMAL PERIOD 1981 TO 2010
CLIMATE RECORD PERIOD 1904 TO 2016


WEATHER ITEM   OBSERVED TIME   RECORD YEAR NORMAL DEPARTURE LAST
                VALUE   (LST)  VALUE       VALUE  FROM      YEAR
                                                  NORMAL
..................................................................
TEMPERATURE (F)
 TODAY
  MAXIMUM         76    236 PM  95    1996  70      6       67
  MINIMUM         47    504 AM  40    2002  50     -3       49
                                      1992
                                      1950
  AVERAGE         62                        60      2       58

PRECIPITATION (IN)
  TODAY            0.00          1.26 1972   0.12  -0.12     0.00
  MONTH TO DATE    1.49                      2.19  -0.70     0.48
  SINCE MAR 1      8.08                     11.56  -3.48     7.39
  SINCE JAN 1     16.43                     18.71  -2.28    13.74

SNOWFALL (IN)
  TODAY            0.0           0.0  2002   0.0    0.0      0.0
                                      2001
                                      2000
  MONTH TO DATE    0.0                       0.0    0.0      0.0
  SINCE MAR 1      9.3                       6.1    3.2     16.3
  SINCE JUL 1     28.7                      33.8   -5.1     76.2
  SNOW DEPTH       0

DEGREE DAYS
 HEATING
  TODAY            3                         6     -3        7
  MONTH TO DATE  203                       172     31      103
  SINCE MAR 1   1359                      1460   -101     1567
  SINCE JUL 1   4730                      5522   -792     5929

 COOLING
  TODAY            0                         1     -1        0
  MONTH TO DATE    1                         7     -6       29
  SINCE MAR 1      1                         9     -8       29
  SINCE JAN 1      1                         9     -8       29
..................................................................


WIND (MPH)
  HIGHEST WIND SPEED    17   HIGHEST WIND DIRECTION     N (20)
  HIGHEST GUST SPEED    21   HIGHEST GUST DIRECTION     N (350)
  AVERAGE WIND SPEED     6.8


SKY COVER
  POSSIBLE SUNSHINE  MM
  AVERAGE SKY COVER 0.5


WEATHER CONDITIONS
 THE FOLLOWING WEATHER WAS RECORDED TODAY.
  NO SIGNIFICANT WEATHER WAS OBSERVED.


RELATIVE HUMIDITY (PERCENT)
 HIGHEST   100           500 AM
 LOWEST     29           200 PM
 AVERAGE    65

..........................................................


THE PROVIDENCE RI CLIMATE NORMALS FOR TOMORROW
                         NORMAL    RECORD    YEAR
 MAXIMUM TEMPERATURE (F)   70        93      1996
 MINIMUM TEMPERATURE (F)   50        36      2002


SUNRISE AND SUNSET
MAY 20 2016...........SUNRISE   521 AM EDT   SUNSET   804 PM EDT
MAY 21 2016...........SUNRISE   520 AM EDT   SUNSET   805 PM EDT


-  INDICATES NEGATIVE NUMBERS.
R  INDICATES RECORD WAS SET OR TIED.
MM INDICATES DATA IS MISSING.
T  INDICATES TRACE AMOUNT.




$$
