000
CDUS41 KBOX 250539
CLIPVD


CLIMATE REPORT
NATIONAL WEATHER SERVICE TAUNTON MA
130 AM EDT SAT JUL 25 2015


...................................

...THE PROVIDENCE RI CLIMATE SUMMARY FOR JULY 24 2015...

CLIMATE NORMAL PERIOD 1981 TO 2010
CLIMATE RECORD PERIOD 1904 TO 2015


WEATHER ITEM   OBSERVED TIME   RECORD YEAR NORMAL DEPARTURE LAST
                VALUE   (LST)  VALUE       VALUE  FROM      YEAR
                                                  NORMAL
..................................................................
TEMPERATURE (F)
 YESTERDAY
  MAXIMUM         82    104 PM  94    1987  83     -1       79
                                      1933
  MINIMUM         61    505 AM  52    1950  65     -4       67
                                      1923
  AVERAGE         72                        74     -2       73

PRECIPITATION (IN)
  YESTERDAY        0.03          1.52 2008   0.11  -0.08     0.02
  MONTH TO DATE    1.77                      2.43  -0.66     3.42
  SINCE JUN 1      7.12                      6.07   1.05     5.78
  SINCE JAN 1     24.07                     26.14  -2.07    28.58

SNOWFALL (IN)
  YESTERDAY        0.0           T    1955   0.0    0.0      0.0
  MONTH TO DATE    0.0                       0.0    0.0      0.0
  SINCE JUN 1      0.0                       0.0    0.0      0.0
  SINCE JUL 1      0.0                       0.0    0.0      0.0
  SNOW DEPTH       0

DEGREE DAYS
 HEATING
  YESTERDAY        0                         0      0        0
  MONTH TO DATE    0                         0      0        0
  SINCE JUN 1     72                        43     29       13
  SINCE JUL 1      0                         0      0        0

 COOLING
  YESTERDAY        7                         9     -2        8
  MONTH TO DATE  223                       204     19      239
  SINCE JUN 1    341                       336      5      342
  SINCE JAN 1    405                       362     43      353
..................................................................


WIND (MPH)
  RESULTANT WIND SPEED   5   RESULTANT WIND DIRECTION  NW (300)
  HIGHEST WIND SPEED    16   HIGHEST WIND DIRECTION     N (360)
  HIGHEST GUST SPEED    19   HIGHEST GUST DIRECTION     N (360)
  AVERAGE WIND SPEED     5.8


SKY COVER
  POSSIBLE SUNSHINE  MM
  AVERAGE SKY COVER 0.5


WEATHER CONDITIONS
 THE FOLLOWING WEATHER WAS RECORDED YESTERDAY.
  THUNDERSTORM
  LIGHT RAIN


RELATIVE HUMIDITY (PERCENT)
 HIGHEST    87           700 PM
 LOWEST     36          1200 PM
 AVERAGE    62

..........................................................


THE PROVIDENCE RI CLIMATE NORMALS FOR TODAY
                         NORMAL    RECORD    YEAR
 MAXIMUM TEMPERATURE (F)   83        96      2001
 MINIMUM TEMPERATURE (F)   65        53      1953


SUNRISE AND SUNSET
JULY 25 2015..........SUNRISE   533 AM EDT   SUNSET   811 PM EDT
JULY 26 2015..........SUNRISE   534 AM EDT   SUNSET   810 PM EDT


-  INDICATES NEGATIVE NUMBERS.
R  INDICATES RECORD WAS SET OR TIED.
MM INDICATES DATA IS MISSING.
T  INDICATES TRACE AMOUNT.




$$
