000
CDUS41 KBOX 150543
CLIPVD


CLIMATE REPORT
NATIONAL WEATHER SERVICE TAUNTON MA
1243 AM EST THU FEB 15 2018


...................................

...THE PROVIDENCE RI CLIMATE SUMMARY FOR FEBRUARY 14 2018...

CLIMATE NORMAL PERIOD 1981 TO 2010
CLIMATE RECORD PERIOD 1904 TO 2018


WEATHER ITEM   OBSERVED TIME   RECORD YEAR NORMAL DEPARTURE LAST
                VALUE   (LST)  VALUE       VALUE  FROM      YEAR
                                                  NORMAL
..................................................................
TEMPERATURE (F)
 YESTERDAY
  MAXIMUM         52    343 PM  60    1990  40     12       36
  MINIMUM         28    239 AM  -9    2016  23      5       22
  AVERAGE         40                        32      8       29

PRECIPITATION (IN)
  YESTERDAY        T             1.63 2007   0.11  -0.11     0.00
  MONTH TO DATE    3.25                      1.57   1.68     1.98
  SINCE DEC 1     12.31                      9.65   2.66    10.08
  SINCE JAN 1      9.74                      5.43   4.31     6.94

SNOWFALL (IN)
  YESTERDAY        0.0          11.3  1962   0.3   -0.3      0.0
  MONTH TO DATE    0.5                       4.3   -3.8     16.8
  SINCE DEC 1     28.7                      22.0    6.7     38.2
  SINCE JUL 1     28.7                      23.5    5.2     38.2
  SNOW DEPTH       0

DEGREE DAYS
 HEATING
  YESTERDAY       25                        33     -8       36
  MONTH TO DATE  426                       479    -53      488
  SINCE DEC 1   2571                      2541     30     2345
  SINCE JUL 1   3385                      3616   -231     3232

 COOLING
  YESTERDAY        0                         0      0        0
  MONTH TO DATE    0                         0      0        0
  SINCE DEC 1      0                         0      0        0
  SINCE JAN 1      0                         0      0        0
..................................................................


WIND (MPH)
  RESULTANT WIND SPEED   6   RESULTANT WIND DIRECTION  SW (220)
  HIGHEST WIND SPEED    21   HIGHEST WIND DIRECTION     W (250)
  HIGHEST GUST SPEED    28   HIGHEST GUST DIRECTION     W (290)
  AVERAGE WIND SPEED     6.6


SKY COVER
  POSSIBLE SUNSHINE  MM
  AVERAGE SKY COVER 0.6


WEATHER CONDITIONS
 THE FOLLOWING WEATHER WAS RECORDED YESTERDAY.
  LIGHT RAIN


RELATIVE HUMIDITY (PERCENT)
 HIGHEST    92           600 AM
 LOWEST     54           300 PM
 AVERAGE    73

..........................................................


THE PROVIDENCE RI CLIMATE NORMALS FOR TODAY
                         NORMAL    RECORD    YEAR
 MAXIMUM TEMPERATURE (F)   40        64      1939
 MINIMUM TEMPERATURE (F)   24       -14      1943


SUNRISE AND SUNSET
FEBRUARY 15 2018......SUNRISE   641 AM EST   SUNSET   519 PM EST
FEBRUARY 16 2018......SUNRISE   640 AM EST   SUNSET   520 PM EST


-  INDICATES NEGATIVE NUMBERS.
R  INDICATES RECORD WAS SET OR TIED.
MM INDICATES DATA IS MISSING.
T  INDICATES TRACE AMOUNT.




$$
