000
CDUS41 KBOX 172141
CLIPVD


CLIMATE REPORT
NATIONAL WEATHER SERVICE TAUNTON MA
538 PM EDT SAT JUN 17 2017


...................................

...THE PROVIDENCE RI CLIMATE SUMMARY FOR JUNE 17 2017...
VALID AS OF 0500 PM LOCAL TIME.

CLIMATE NORMAL PERIOD 1981 TO 2010
CLIMATE RECORD PERIOD 1904 TO 2017


WEATHER ITEM   OBSERVED TIME   RECORD YEAR NORMAL DEPARTURE LAST
                VALUE   (LST)  VALUE       VALUE  FROM      YEAR
                                                  NORMAL
..................................................................
TEMPERATURE (F)
 TODAY
  MAXIMUM         75    212 PM  93    1957  78     -3       78
  MINIMUM         63    400 AM  43    1926  59      4       59
  AVERAGE         69                        69      0       69

PRECIPITATION (IN)
  TODAY            0.01          2.66 2001   0.12  -0.11     0.00
  MONTH TO DATE    3.21                      2.34   0.87     0.76
  SINCE JUN 1      3.21                      2.34   0.87     0.76
  SINCE JAN 1     28.23                     22.41   5.82    18.88

SNOWFALL (IN)
  TODAY            0.0           0.0  2002   0.0    0.0      0.0
                                      2001
                                      2000
  MONTH TO DATE    0.0                       0.0    0.0      0.0
  SINCE JUN 1      0.0                       0.0    0.0      0.0
  SINCE JUL 1     45.9                      33.8   12.1     28.7
  SNOW DEPTH       0

DEGREE DAYS
 HEATING
  TODAY            0                         1     -1        0
  MONTH TO DATE   49                        36     13       12
  SINCE JUN 1     49                        36     13       12
  SINCE JUL 1   5157                      5611   -454     4757

 COOLING
  TODAY            4                         5     -1        4
  MONTH TO DATE   66                        55     11       54
  SINCE JUN 1     66                        55     11       54
  SINCE JAN 1    124                        81     43      105
..................................................................


WIND (MPH)
  HIGHEST WIND SPEED    13   HIGHEST WIND DIRECTION    SE (150)
  HIGHEST GUST SPEED    16   HIGHEST GUST DIRECTION    SE (150)
  AVERAGE WIND SPEED     5.8


SKY COVER
  POSSIBLE SUNSHINE  MM
  AVERAGE SKY COVER 0.9


WEATHER CONDITIONS
 THE FOLLOWING WEATHER WAS RECORDED TODAY.
  LIGHT RAIN
  FOG


RELATIVE HUMIDITY (PERCENT)
 HIGHEST   100           200 AM
 LOWEST     84           100 PM
 AVERAGE    92

..........................................................


THE PROVIDENCE RI CLIMATE NORMALS FOR TOMORROW
                         NORMAL    RECORD    YEAR
 MAXIMUM TEMPERATURE (F)   78        94      1929
 MINIMUM TEMPERATURE (F)   59        45      1965
                                             1950


SUNRISE AND SUNSET
JUNE 17 2017..........SUNRISE   511 AM EDT   SUNSET   823 PM EDT
JUNE 18 2017..........SUNRISE   511 AM EDT   SUNSET   823 PM EDT


-  INDICATES NEGATIVE NUMBERS.
R  INDICATES RECORD WAS SET OR TIED.
MM INDICATES DATA IS MISSING.
T  INDICATES TRACE AMOUNT.




$$
