000
CDUS41 KBOX 102120
CLIPVD


CLIMATE REPORT
NATIONAL WEATHER SERVICE TAUNTON MA
519 PM EDT THU AUG 10 2017


...................................

...THE PROVIDENCE RI CLIMATE SUMMARY FOR AUGUST 10 2017...
VALID AS OF 0500 PM LOCAL TIME.

CLIMATE NORMAL PERIOD 1981 TO 2010
CLIMATE RECORD PERIOD 1904 TO 2017


WEATHER ITEM   OBSERVED TIME   RECORD YEAR NORMAL DEPARTURE LAST
                VALUE   (LST)  VALUE       VALUE  FROM      YEAR
                                                  NORMAL
..................................................................
TEMPERATURE (F)
 TODAY
  MAXIMUM         83    151 PM  97    1949  82      1       79
  MINIMUM         60    453 AM  47    1964  64     -4       68
  AVERAGE         72                        73     -1       74

PRECIPITATION (IN)
  TODAY            0.00          2.52 1954   0.12  -0.12     0.33
  MONTH TO DATE    0.63                      1.20  -0.57     1.28
  SINCE JUN 1      8.35                      8.13   0.22     6.28
  SINCE JAN 1     33.37                     28.20   5.17    24.40

SNOWFALL (IN)
  TODAY            0.0           0.0  2002   0.0    0.0      0.0
                                      2001
                                      2000
  MONTH TO DATE    0.0                       0.0    0.0      0.0
  SINCE JUN 1      0.0                       0.0    0.0      0.0
  SINCE JUL 1      0.0                       0.0    0.0      0.0
  SNOW DEPTH       0

DEGREE DAYS
 HEATING
  TODAY            0                         0      0        0
  MONTH TO DATE    0                         0      0        0
  SINCE JUN 1     56                        46     10       12
  SINCE JUL 1      7                         3      4        0

 COOLING
  TODAY            7                         8     -1        9
  MONTH TO DATE   74                        86    -12       84
  SINCE JUN 1    497                       484     13      567
  SINCE JAN 1    555                       510     45      618
..................................................................


WIND (MPH)
  HIGHEST WIND SPEED    16   HIGHEST WIND DIRECTION    SE (140)
  HIGHEST GUST SPEED    19   HIGHEST GUST DIRECTION    SE (150)
  AVERAGE WIND SPEED     5.6


SKY COVER
  POSSIBLE SUNSHINE  MM
  AVERAGE SKY COVER 0.1


WEATHER CONDITIONS
 THE FOLLOWING WEATHER WAS RECORDED TODAY.
  NO SIGNIFICANT WEATHER WAS OBSERVED.


RELATIVE HUMIDITY (PERCENT)
 HIGHEST   100           600 AM
 LOWEST     47           200 PM
 AVERAGE    74

..........................................................


THE PROVIDENCE RI CLIMATE NORMALS FOR TOMORROW
                         NORMAL    RECORD    YEAR
 MAXIMUM TEMPERATURE (F)   82       100      1944
 MINIMUM TEMPERATURE (F)   64        50      1974


SUNRISE AND SUNSET
AUGUST 10 2017........SUNRISE   549 AM EDT   SUNSET   752 PM EDT
AUGUST 11 2017........SUNRISE   550 AM EDT   SUNSET   751 PM EDT


-  INDICATES NEGATIVE NUMBERS.
R  INDICATES RECORD WAS SET OR TIED.
MM INDICATES DATA IS MISSING.
T  INDICATES TRACE AMOUNT.




$$
