000
CDUS41 KBOX 080535
CLIPVD


CLIMATE REPORT
NATIONAL WEATHER SERVICE TAUNTON MA
132 AM EDT SUN OCT 8 2017


...................................

...THE PROVIDENCE RI CLIMATE SUMMARY FOR OCTOBER 7 2017...

CLIMATE NORMAL PERIOD 1981 TO 2010
CLIMATE RECORD PERIOD 1904 TO 2017


WEATHER ITEM   OBSERVED TIME   RECORD YEAR NORMAL DEPARTURE LAST
                VALUE   (LST)  VALUE       VALUE  FROM      YEAR
                                                  NORMAL
..................................................................
TEMPERATURE (F)
 YESTERDAY
  MAXIMUM         75    301 PM  86    1963  66      9       75
  MINIMUM         59   1259 AM  30    1984  47     12       47
  AVERAGE         67                        57     10       61

PRECIPITATION (IN)
  YESTERDAY        0.00          2.54 1956   0.12  -0.12     0.00
  MONTH TO DATE    T                         0.89  -0.89     0.55
  SINCE SEP 1      3.85                      4.81  -0.96     3.29
  SINCE JAN 1     38.05                     35.41   2.64    29.12

SNOWFALL (IN)
  YESTERDAY        0.0           0.0  2009   0.0    0.0      0.0
                                      2008
                                      2007
  MONTH TO DATE    0.0                       0.0    0.0      0.0
  SINCE SEP 1      0.0                       0.0    0.0      0.0
  SINCE JUL 1      0.0                       0.0    0.0      0.0
  SNOW DEPTH       0

DEGREE DAYS
 HEATING
  YESTERDAY        0                         9     -9        4
  MONTH TO DATE   26                        56    -30       38
  SINCE SEP 1     58                       144    -86       81
  SINCE JUL 1     66                       153    -87       81

 COOLING
  YESTERDAY        2                         0      2        0
  MONTH TO DATE   16                         6     10        0
  SINCE SEP 1    150                        86     64      151
  SINCE JAN 1    854                       742    112     1034
..................................................................


WIND (MPH)
  RESULTANT WIND SPEED   6   RESULTANT WIND DIRECTION   S (180)
  HIGHEST WIND SPEED    16   HIGHEST WIND DIRECTION     S (200)
  HIGHEST GUST SPEED    22   HIGHEST GUST DIRECTION     S (190)
  AVERAGE WIND SPEED     7.4


SKY COVER
  POSSIBLE SUNSHINE  MM
  AVERAGE SKY COVER 0.9


WEATHER CONDITIONS
 THE FOLLOWING WEATHER WAS RECORDED YESTERDAY.
  FOG


RELATIVE HUMIDITY (PERCENT)
 HIGHEST   100           900 AM
 LOWEST     73           400 PM
 AVERAGE    87

..........................................................


THE PROVIDENCE RI CLIMATE NORMALS FOR TODAY
                         NORMAL    RECORD    YEAR
 MAXIMUM TEMPERATURE (F)   66        82      1931
                                             1916
 MINIMUM TEMPERATURE (F)   46        27      1954


SUNRISE AND SUNSET
OCTOBER  8 2017.......SUNRISE   650 AM EDT   SUNSET   615 PM EDT
OCTOBER  9 2017.......SUNRISE   651 AM EDT   SUNSET   614 PM EDT


-  INDICATES NEGATIVE NUMBERS.
R  INDICATES RECORD WAS SET OR TIED.
MM INDICATES DATA IS MISSING.
T  INDICATES TRACE AMOUNT.




$$
