000
CDUS41 KBOX 041213
CLIPVD


CLIMATE REPORT
NATIONAL WEATHER SERVICE TAUNTON MA
812 AM EDT FRI APR 4 2014


...................................

...THE PROVIDENCE RI CLIMATE SUMMARY FOR APRIL 3 2014...

CLIMATE NORMAL PERIOD 1981 TO 2010
CLIMATE RECORD PERIOD 1904 TO 2014


WEATHER ITEM   OBSERVED TIME   RECORD YEAR NORMAL DEPARTURE LAST
                VALUE   (LST)  VALUE       VALUE  FROM      YEAR
                                                  NORMAL
..................................................................
TEMPERATURE (F)
 YESTERDAY
  MAXIMUM         62    229 PM  78    1967  54      8       46
  MINIMUM         33   1250 PM  18    1954  36     -3       31
  AVERAGE         48                        45      3       39

PRECIPITATION (IN)
  YESTERDAY        0.00          2.31 1990   0.16  -0.16     0.00
  MONTH TO DATE    0.00                      0.48  -0.48     0.08
  SINCE MAR 1      6.98                      5.49   1.49     3.02
  SINCE JAN 1     15.38                     12.64   2.74     9.98

SNOWFALL (IN)
  YESTERDAY        0.0           4.0  1915   0.0    0.0      0.0
  MONTH TO DATE    0.0                       0.1   -0.1      0.0
  SINCE MAR 1      1.2                       5.6   -4.4      4.9
  SINCE JUL 1     43.3                      33.3   10.0     46.3
  SNOW DEPTH       0

DEGREE DAYS
 HEATING
  YESTERDAY       17                        20     -3       26
  MONTH TO DATE   59                        62     -3       73
  SINCE MAR 1   1013                       871    142      885
  SINCE JUL 1   5285                      4933    352     4706

 COOLING
  YESTERDAY        0                         0      0        0
  MONTH TO DATE    0                         0      0        0
  SINCE MAR 1      0                         0      0        0
  SINCE JAN 1      0                         0      0        0
..................................................................


WIND (MPH)
  RESULTANT WIND SPEED   3   RESULTANT WIND DIRECTION   W (280)
  HIGHEST WIND SPEED    21   HIGHEST WIND DIRECTION     S (160)
  HIGHEST GUST SPEED    26   HIGHEST GUST DIRECTION    SE (150)
  AVERAGE WIND SPEED     7.2


SKY COVER
  POSSIBLE SUNSHINE  MM
  AVERAGE SKY COVER 0.3


WEATHER CONDITIONS
 THE FOLLOWING WEATHER WAS RECORDED YESTERDAY.
  NO SIGNIFICANT WEATHER WAS OBSERVED.


RELATIVE HUMIDITY (PERCENT)
 HIGHEST    85          1200 AM
 LOWEST     16          1000 AM
 AVERAGE    51

..........................................................


THE PROVIDENCE RI CLIMATE NORMALS FOR TODAY
                         NORMAL    RECORD    YEAR
 MAXIMUM TEMPERATURE (F)   54        76      2010
 MINIMUM TEMPERATURE (F)   36        14      1954


SUNRISE AND SUNSET
APRIL  4 2014.........SUNRISE   624 AM EDT   SUNSET   714 PM EDT
APRIL  5 2014.........SUNRISE   622 AM EDT   SUNSET   716 PM EDT


-  INDICATES NEGATIVE NUMBERS.
R  INDICATES RECORD WAS SET OR TIED.
MM INDICATES DATA IS MISSING.
T  INDICATES TRACE AMOUNT.




$$
