125
CDUS41 KBOX 010536
CLIPVD


CLIMATE REPORT
NATIONAL WEATHER SERVICE TAUNTON MA
1236 AM EST THU DEC 1 2016


...................................

...THE PROVIDENCE RI CLIMATE SUMMARY FOR NOVEMBER 30 2016...

CLIMATE NORMAL PERIOD 1981 TO 2010
CLIMATE RECORD PERIOD 1904 TO 2016


WEATHER ITEM   OBSERVED TIME   RECORD YEAR NORMAL DEPARTURE LAST
                VALUE   (LST)  VALUE       VALUE  FROM      YEAR
                                                  NORMAL
..................................................................
TEMPERATURE (F)
 YESTERDAY
  MAXIMUM         60   1229 AM  68    1933  48     12       41
  MINIMUM         47    951 PM  13    1936  32     15       29
                                      1929
  AVERAGE         54                        40     14       35

PRECIPITATION (IN)
  YESTERDAY        0.36          2.63 1944   0.16   0.20     0.00
  MONTH TO DATE    3.46                      4.51  -1.05     2.62
  SINCE SEP 1     11.03                     12.36  -1.33     8.61
  SINCE JAN 1     36.86                     42.96  -6.10    36.03

SNOWFALL (IN)
  YESTERDAY        0.0           3.2  1945   0.1   -0.1      0.0
  MONTH TO DATE    T                         1.5   -1.5      0.0
  SINCE SEP 1      T                         1.5   -1.5      0.0
  SINCE JUL 1      T                         1.5   -1.5      0.0
  SNOW DEPTH       0

DEGREE DAYS
 HEATING
  YESTERDAY       11                        25    -14       30
  MONTH TO DATE  549                       618    -69      514
  SINCE SEP 1    887                      1066   -179      881
  SINCE JUL 1    887                      1075   -188      881

 COOLING
  YESTERDAY        0                         0      0        0
  MONTH TO DATE    0                         0      0        2
  SINCE SEP 1    166                        88     78      154
  SINCE JAN 1   1049                       744    305      955
..................................................................


WIND (MPH)
  RESULTANT WIND SPEED   2   RESULTANT WIND DIRECTION  NE (60)
  HIGHEST WIND SPEED    20   HIGHEST WIND DIRECTION    NE (60)
  HIGHEST GUST SPEED    23   HIGHEST GUST DIRECTION    NE (50)
  AVERAGE WIND SPEED     6.0


SKY COVER
  POSSIBLE SUNSHINE  MM
  AVERAGE SKY COVER 0.8


WEATHER CONDITIONS
 THE FOLLOWING WEATHER WAS RECORDED YESTERDAY.
  HEAVY RAIN
  RAIN
  LIGHT RAIN
  FOG


RELATIVE HUMIDITY (PERCENT)
 HIGHEST   100          1000 PM
 LOWEST     86           200 AM
 AVERAGE    93

..........................................................


THE PROVIDENCE RI CLIMATE NORMALS FOR TODAY
                         NORMAL    RECORD    YEAR
 MAXIMUM TEMPERATURE (F)   47        71      2001
 MINIMUM TEMPERATURE (F)   31        10      1936


SUNRISE AND SUNSET
DECEMBER  1 2016......SUNRISE   654 AM EST   SUNSET   416 PM EST
DECEMBER  2 2016......SUNRISE   655 AM EST   SUNSET   416 PM EST


-  INDICATES NEGATIVE NUMBERS.
R  INDICATES RECORD WAS SET OR TIED.
MM INDICATES DATA IS MISSING.
T  INDICATES TRACE AMOUNT.




$$
