627
CDUS41 KBOX 130540
CLIPVD


CLIMATE REPORT
NATIONAL WEATHER SERVICE TAUNTON MA
1239 AM EST WED DEC 13 2017


...................................

...THE PROVIDENCE RI CLIMATE SUMMARY FOR DECEMBER 12 2017...

CLIMATE NORMAL PERIOD 1981 TO 2010
CLIMATE RECORD PERIOD 1904 TO 2017


WEATHER ITEM   OBSERVED TIME   RECORD YEAR NORMAL DEPARTURE LAST
                VALUE   (LST)  VALUE       VALUE  FROM      YEAR
                                                  NORMAL
..................................................................
TEMPERATURE (F)
 YESTERDAY
  MAXIMUM         49    340 PM  69    1979  43      6       46
  MINIMUM         32   1233 AM   2    1988  27      5       29
  AVERAGE         41                        35      6       38

PRECIPITATION (IN)
  YESTERDAY        0.08          2.74 2010   0.15  -0.07     0.39
  MONTH TO DATE    1.36                      1.81  -0.45     0.92
  SINCE DEC 1      1.36                      1.81  -0.45     0.92
  SINCE JAN 1     47.79                     44.77   3.02    37.78

SNOWFALL (IN)
  YESTERDAY        0.0          10.6  1960   0.3   -0.3      0.2
  MONTH TO DATE    3.1                       2.8    0.3      1.2
  SINCE DEC 1      3.1                       2.8    0.3      1.2
  SINCE JUL 1      3.1                       4.3   -1.2      1.2
  SNOW DEPTH       0

DEGREE DAYS
 HEATING
  YESTERDAY       24                        30     -6       27
  MONTH TO DATE  303                       332    -29      338
  SINCE DEC 1    303                       332    -29      338
  SINCE JUL 1   1117                      1407   -290     1225

 COOLING
  YESTERDAY        0                         0      0        0
  MONTH TO DATE    0                         0      0        0
  SINCE DEC 1      0                         0      0        0
  SINCE JAN 1    880                       744    136     1049
..................................................................


WIND (MPH)
  RESULTANT WIND SPEED   1   RESULTANT WIND DIRECTION   N (360)
  HIGHEST WIND SPEED    21   HIGHEST WIND DIRECTION    NW (300)
  HIGHEST GUST SPEED    26   HIGHEST GUST DIRECTION    NW (310)
  AVERAGE WIND SPEED     5.7


SKY COVER
  POSSIBLE SUNSHINE  MM
  AVERAGE SKY COVER 0.9


WEATHER CONDITIONS
 THE FOLLOWING WEATHER WAS RECORDED YESTERDAY.
  LIGHT RAIN
  FOG


RELATIVE HUMIDITY (PERCENT)
 HIGHEST   100           500 PM
 LOWEST     75          1200 AM
 AVERAGE    88

..........................................................


THE PROVIDENCE RI CLIMATE NORMALS FOR TODAY
                         NORMAL    RECORD    YEAR
 MAXIMUM TEMPERATURE (F)   43        63      1983
 MINIMUM TEMPERATURE (F)   27         4      1976
                                             1958


SUNRISE AND SUNSET
DECEMBER 13 2017......SUNRISE   705 AM EST   SUNSET   416 PM EST
DECEMBER 14 2017......SUNRISE   705 AM EST   SUNSET   416 PM EST


-  INDICATES NEGATIVE NUMBERS.
R  INDICATES RECORD WAS SET OR TIED.
MM INDICATES DATA IS MISSING.
T  INDICATES TRACE AMOUNT.




$$
