000
CDUS41 KBOX 270543
CLIPVD


CLIMATE REPORT
NATIONAL WEATHER SERVICE TAUNTON MA
138 AM EDT SAT JUN 27 2015


...................................

...THE PROVIDENCE RI CLIMATE SUMMARY FOR JUNE 26 2015...

CLIMATE NORMAL PERIOD 1981 TO 2010
CLIMATE RECORD PERIOD 1904 TO 2015


WEATHER ITEM   OBSERVED TIME   RECORD YEAR NORMAL DEPARTURE LAST
                VALUE   (LST)  VALUE       VALUE  FROM      YEAR
                                                  NORMAL
..................................................................
TEMPERATURE (F)
 YESTERDAY
  MAXIMUM         77    150 PM  97    1952  80     -3       86
  MINIMUM         59   1124 PM  47    1986  62     -3       61
                                      1979
  AVERAGE         68                        71     -3       74

PRECIPITATION (IN)
  YESTERDAY        0.01          1.98 1945   0.10  -0.09     0.17
  MONTH TO DATE    3.28                      3.28   0.00     2.36
  SINCE JUN 1      3.28                      3.28   0.00     2.36
  SINCE JAN 1     20.23                     23.35  -3.12    25.16

SNOWFALL (IN)
  YESTERDAY        0.0           0.0  2002   0.0    0.0      0.0
                                      2001
                                      2000
  MONTH TO DATE    0.0                       0.0    0.0      0.0
  SINCE JUN 1      0.0                       0.0    0.0      0.0
  SINCE JUL 1     76.2                      33.8   42.4     43.6
  SNOW DEPTH       0

DEGREE DAYS
 HEATING
  YESTERDAY        0                         0      0        0
  MONTH TO DATE   65                        41     24       13
  SINCE JUN 1     65                        41     24       13
  SINCE JUL 1   6013                      5616    397     5913

 COOLING
  YESTERDAY        3                         6     -3        9
  MONTH TO DATE  112                       105      7       81
  SINCE JUN 1    112                       105      7       81
  SINCE JAN 1    176                       131     45       92
..................................................................


WIND (MPH)
  RESULTANT WIND SPEED   8   RESULTANT WIND DIRECTION  NE (30)
  HIGHEST WIND SPEED    17   HIGHEST WIND DIRECTION     N (10)
  HIGHEST GUST SPEED    23   HIGHEST GUST DIRECTION    NE (30)
  AVERAGE WIND SPEED     7.6


SKY COVER
  POSSIBLE SUNSHINE  MM
  AVERAGE SKY COVER 0.7


WEATHER CONDITIONS
 THE FOLLOWING WEATHER WAS RECORDED YESTERDAY.
  LIGHT RAIN


RELATIVE HUMIDITY (PERCENT)
 HIGHEST    81           200 AM
 LOWEST     43           200 PM
 AVERAGE    62

..........................................................


THE PROVIDENCE RI CLIMATE NORMALS FOR TODAY
                         NORMAL    RECORD    YEAR
 MAXIMUM TEMPERATURE (F)   81        96      1980
                                             1941
 MINIMUM TEMPERATURE (F)   62        47      1979


SUNRISE AND SUNSET
JUNE 27 2015..........SUNRISE   513 AM EDT   SUNSET   824 PM EDT
JUNE 28 2015..........SUNRISE   513 AM EDT   SUNSET   824 PM EDT


-  INDICATES NEGATIVE NUMBERS.
R  INDICATES RECORD WAS SET OR TIED.
MM INDICATES DATA IS MISSING.
T  INDICATES TRACE AMOUNT.




$$
