000
CDUS41 KBOX 120540
CLIPVD


CLIMATE REPORT
NATIONAL WEATHER SERVICE TAUNTON MA
1240 AM EST TUE DEC 12 2017


...................................

...THE PROVIDENCE RI CLIMATE SUMMARY FOR DECEMBER 11 2017...

CLIMATE NORMAL PERIOD 1981 TO 2010
CLIMATE RECORD PERIOD 1904 TO 2017


WEATHER ITEM   OBSERVED TIME   RECORD YEAR NORMAL DEPARTURE LAST
                VALUE   (LST)  VALUE       VALUE  FROM      YEAR
                                                  NORMAL
..................................................................
TEMPERATURE (F)
 YESTERDAY
  MAXIMUM         40    308 PM  68    1971  44     -4       34
  MINIMUM         31   1030 PM   4    1988  28      3       14
                                      1958
  AVERAGE         36                        36      0       24

PRECIPITATION (IN)
  YESTERDAY        0.00          2.40 1992   0.14  -0.14     0.07
  MONTH TO DATE    1.28                      1.66  -0.38     0.53
  SINCE DEC 1      1.28                      1.66  -0.38     0.53
  SINCE JAN 1     47.71                     44.62   3.09    37.39

SNOWFALL (IN)
  YESTERDAY        0.0           4.9  1986   0.3   -0.3      0.6
  MONTH TO DATE    3.1                       2.5    0.6      1.0
  SINCE DEC 1      3.1                       2.5    0.6      1.0
  SINCE JUL 1      3.1                       4.0   -0.9      1.0
  SNOW DEPTH       0

DEGREE DAYS
 HEATING
  YESTERDAY       29                        29      0       41
  MONTH TO DATE  279                       302    -23      311
  SINCE DEC 1    279                       302    -23      311
  SINCE JUL 1   1093                      1377   -284     1198

 COOLING
  YESTERDAY        0                         0      0        0
  MONTH TO DATE    0                         0      0        0
  SINCE DEC 1      0                         0      0        0
  SINCE JAN 1    880                       744    136     1049
..................................................................


WIND (MPH)
  RESULTANT WIND SPEED   5   RESULTANT WIND DIRECTION   W (260)
  HIGHEST WIND SPEED    14   HIGHEST WIND DIRECTION     W (270)
  HIGHEST GUST SPEED    17   HIGHEST GUST DIRECTION     W (260)
  AVERAGE WIND SPEED     5.6


SKY COVER
  POSSIBLE SUNSHINE  MM
  AVERAGE SKY COVER 0.8


WEATHER CONDITIONS
 THE FOLLOWING WEATHER WAS RECORDED YESTERDAY.
  NO SIGNIFICANT WEATHER WAS OBSERVED.


RELATIVE HUMIDITY (PERCENT)
 HIGHEST    78           800 PM
 LOWEST     48           400 PM
 AVERAGE    63

..........................................................


THE PROVIDENCE RI CLIMATE NORMALS FOR TODAY
                         NORMAL    RECORD    YEAR
 MAXIMUM TEMPERATURE (F)   43        69      1979
 MINIMUM TEMPERATURE (F)   27         2      1988


SUNRISE AND SUNSET
DECEMBER 12 2017......SUNRISE   704 AM EST   SUNSET   415 PM EST
DECEMBER 13 2017......SUNRISE   705 AM EST   SUNSET   416 PM EST


-  INDICATES NEGATIVE NUMBERS.
R  INDICATES RECORD WAS SET OR TIED.
MM INDICATES DATA IS MISSING.
T  INDICATES TRACE AMOUNT.




$$
