000
CDUS41 KBOX 142122
CLIPVD


CLIMATE REPORT
NATIONAL WEATHER SERVICE TAUNTON MA
522 PM EDT MON APR 14 2014


...................................

...THE PROVIDENCE RI CLIMATE SUMMARY FOR APRIL 14 2014...
VALID AS OF 0500 PM LOCAL TIME.

CLIMATE NORMAL PERIOD 1981 TO 2010
CLIMATE RECORD PERIOD 1904 TO 2014


WEATHER ITEM   OBSERVED TIME   RECORD YEAR NORMAL DEPARTURE LAST
                VALUE   (LST)  VALUE       VALUE  FROM      YEAR
                                                  NORMAL
..................................................................
TEMPERATURE (F)
 TODAY
  MAXIMUM         72   1056 AM  83    1945  58     14       56
  MINIMUM         57    625 AM  26    1959  39     18       40
  AVERAGE         65                        49     16       48

PRECIPITATION (IN)
  TODAY            0.00          1.56 1964   0.15  -0.15     0.00
  MONTH TO DATE    1.43                      2.23  -0.80     1.10
  SINCE MAR 1      8.41                      7.24   1.17     4.04
  SINCE JAN 1     16.81                     14.39   2.42    11.00

SNOWFALL (IN)
  TODAY            0.0           0.2  1953   0.1   -0.1      0.0
  MONTH TO DATE    0.0                       0.5   -0.5      0.0
  SINCE MAR 1      1.2                       6.0   -4.8      4.9
  SINCE JUL 1     43.3                      33.7    9.6     46.3
  SNOW DEPTH       0

DEGREE DAYS
 HEATING
  TODAY            0                        16    -16       17
  MONTH TO DATE  209                       261    -52      254
  SINCE MAR 1   1163                      1070     93     1066
  SINCE JUL 1   5435                      5132    303     4887

 COOLING
  TODAY            0                         0      0        0
  MONTH TO DATE    0                         0      0        0
  SINCE MAR 1      0                         0      0        0
  SINCE JAN 1      0                         0      0        0
..................................................................


WIND (MPH)
  HIGHEST WIND SPEED    37   HIGHEST WIND DIRECTION    SW (220)
  HIGHEST GUST SPEED    48   HIGHEST GUST DIRECTION    SW (220)
  AVERAGE WIND SPEED    18.0


SKY COVER
  POSSIBLE SUNSHINE  MM
  AVERAGE SKY COVER 0.5


WEATHER CONDITIONS
 THE FOLLOWING WEATHER WAS RECORDED TODAY.
  NO SIGNIFICANT WEATHER WAS OBSERVED.


RELATIVE HUMIDITY (PERCENT)
 HIGHEST    80          1200 AM
 LOWEST     53          1100 AM
 AVERAGE    67

..........................................................


THE PROVIDENCE RI CLIMATE NORMALS FOR TOMORROW
                         NORMAL    RECORD    YEAR
 MAXIMUM TEMPERATURE (F)   59        82      1938
 MINIMUM TEMPERATURE (F)   40        27      1923


SUNRISE AND SUNSET
APRIL 14 2014.........SUNRISE   607 AM EDT   SUNSET   725 PM EDT
APRIL 15 2014.........SUNRISE   606 AM EDT   SUNSET   726 PM EDT


-  INDICATES NEGATIVE NUMBERS.
R  INDICATES RECORD WAS SET OR TIED.
MM INDICATES DATA IS MISSING.
T  INDICATES TRACE AMOUNT.




$$
