275
CDUS41 KBOX 110537
CLIPVD


CLIMATE REPORT
NATIONAL WEATHER SERVICE TAUNTON MA
135 AM EDT WED OCT 11 2017


...................................

...THE PROVIDENCE RI CLIMATE SUMMARY FOR OCTOBER 10 2017...

CLIMATE NORMAL PERIOD 1981 TO 2010
CLIMATE RECORD PERIOD 1904 TO 2017


WEATHER ITEM   OBSERVED TIME   RECORD YEAR NORMAL DEPARTURE LAST
                VALUE   (LST)  VALUE       VALUE  FROM      YEAR
                                                  NORMAL
..................................................................
TEMPERATURE (F)
 YESTERDAY
  MAXIMUM         82   1220 PM  88    1949  65     17       62
  MINIMUM         59   1039 PM  26    1980  46     13       43
  AVERAGE         71                        55     16       53

PRECIPITATION (IN)
  YESTERDAY        0.00          2.04 1971   0.13  -0.13     0.00
  MONTH TO DATE    0.41                      1.27  -0.86     2.22
  SINCE SEP 1      4.26                      5.19  -0.93     4.96
  SINCE JAN 1     38.46                     35.79   2.67    30.79

SNOWFALL (IN)
  YESTERDAY        0.0           2.5  1979   0.0    0.0      0.0
  MONTH TO DATE    0.0                       0.0    0.0      0.0
  SINCE SEP 1      0.0                       0.0    0.0      0.0
  SINCE JUL 1      0.0                       0.0    0.0      0.0
  SNOW DEPTH       0

DEGREE DAYS
 HEATING
  YESTERDAY        0                        10    -10       12
  MONTH TO DATE   26                        85    -59       66
  SINCE SEP 1     58                       173   -115      109
  SINCE JUL 1     66                       182   -116      109

 COOLING
  YESTERDAY        6                         0      6        0
  MONTH TO DATE   36                         6     30        0
  SINCE SEP 1    170                        86     84      151
  SINCE JAN 1    874                       742    132     1034
..................................................................


WIND (MPH)
  RESULTANT WIND SPEED   7   RESULTANT WIND DIRECTION   W (290)
  HIGHEST WIND SPEED    15   HIGHEST WIND DIRECTION     W (280)
  HIGHEST GUST SPEED    19   HIGHEST GUST DIRECTION     W (280)
  AVERAGE WIND SPEED     7.2


SKY COVER
  POSSIBLE SUNSHINE  MM
  AVERAGE SKY COVER 0.3


WEATHER CONDITIONS
 THE FOLLOWING WEATHER WAS RECORDED YESTERDAY.
  NO SIGNIFICANT WEATHER WAS OBSERVED.


RELATIVE HUMIDITY (PERCENT)
 HIGHEST   100          1200 AM
 LOWEST     54           100 PM
 AVERAGE    77

..........................................................


THE PROVIDENCE RI CLIMATE NORMALS FOR TODAY
                         NORMAL    RECORD    YEAR
 MAXIMUM TEMPERATURE (F)   65        82      1955
                                             1949
 MINIMUM TEMPERATURE (F)   45        27      1956


SUNRISE AND SUNSET
OCTOBER 11 2017.......SUNRISE   654 AM EDT   SUNSET   610 PM EDT
OCTOBER 12 2017.......SUNRISE   655 AM EDT   SUNSET   609 PM EDT


-  INDICATES NEGATIVE NUMBERS.
R  INDICATES RECORD WAS SET OR TIED.
MM INDICATES DATA IS MISSING.
T  INDICATES TRACE AMOUNT.




$$
