000
CDUS41 KBOX 180805
CLIPVD


CLIMATE REPORT
NATIONAL WEATHER SERVICE TAUNTON MA
401 AM EDT WED MAY 18 2016


...................................

...THE PROVIDENCE RI CLIMATE SUMMARY FOR MAY 17 2016...

CLIMATE NORMAL PERIOD 1981 TO 2010
CLIMATE RECORD PERIOD 1904 TO 2016


WEATHER ITEM   OBSERVED TIME   RECORD YEAR NORMAL DEPARTURE LAST
                VALUE   (LST)  VALUE       VALUE  FROM      YEAR
                                                  NORMAL
..................................................................
TEMPERATURE (F)
 YESTERDAY
  MAXIMUM         72    116 PM  91    1977  69      3       85
                                      1974
  MINIMUM         41    347 AM  35    1956  49     -8       54
  AVERAGE         57                        59     -2       70

PRECIPITATION (IN)
  YESTERDAY        0.00          2.02 1916   0.11  -0.11      T
  MONTH TO DATE    1.48                      1.85  -0.37     0.22
  SINCE MAR 1      8.07                     11.22  -3.15     7.13
  SINCE JAN 1     16.42                     18.37  -1.95    13.48

SNOWFALL (IN)
  YESTERDAY        0.0           0.0  2002   0.0    0.0      0.0
                                      2001
                                      2000
  MONTH TO DATE    0.0                       0.0    0.0      0.0
  SINCE MAR 1      9.3                       6.1    3.2     16.3
  SINCE JUL 1     28.7                      33.8   -5.1     76.2
  SNOW DEPTH       0

DEGREE DAYS
 HEATING
  YESTERDAY        8                         7      1        0
  MONTH TO DATE  189                       153     36       85
  SINCE MAR 1   1345                      1441    -96     1549
  SINCE JUL 1   4716                      5503   -787     5911

 COOLING
  YESTERDAY        0                         1     -1        5
  MONTH TO DATE    1                         4     -3       29
  SINCE MAR 1      1                         6     -5       29
  SINCE JAN 1      1                         6     -5       29
..................................................................


WIND (MPH)
  RESULTANT WIND SPEED   9   RESULTANT WIND DIRECTION   W (260)
  HIGHEST WIND SPEED    21   HIGHEST WIND DIRECTION    SW (220)
  HIGHEST GUST SPEED    27   HIGHEST GUST DIRECTION     W (260)
  AVERAGE WIND SPEED    10.4


SKY COVER
  POSSIBLE SUNSHINE  MM
  AVERAGE SKY COVER 0.6


WEATHER CONDITIONS
 THE FOLLOWING WEATHER WAS RECORDED YESTERDAY.
  NO SIGNIFICANT WEATHER WAS OBSERVED.


RELATIVE HUMIDITY (PERCENT)
 HIGHEST    76           400 AM
 LOWEST     28           100 PM
 AVERAGE    52

..........................................................


THE PROVIDENCE RI CLIMATE NORMALS FOR TODAY
                         NORMAL    RECORD    YEAR
 MAXIMUM TEMPERATURE (F)   69        92      1936
 MINIMUM TEMPERATURE (F)   49        35      1983


SUNRISE AND SUNSET
MAY 18 2016...........SUNRISE   523 AM EDT   SUNSET   802 PM EDT
MAY 19 2016...........SUNRISE   522 AM EDT   SUNSET   803 PM EDT


-  INDICATES NEGATIVE NUMBERS.
R  INDICATES RECORD WAS SET OR TIED.
MM INDICATES DATA IS MISSING.
T  INDICATES TRACE AMOUNT.




$$
