000
CDUS41 KBOX 120544
CLIPVD


CLIMATE REPORT
NATIONAL WEATHER SERVICE TAUNTON MA
139 AM EDT FRI SEP 12 2014


...................................

...THE PROVIDENCE RI CLIMATE SUMMARY FOR SEPTEMBER 11 2014...

CLIMATE NORMAL PERIOD 1981 TO 2010
CLIMATE RECORD PERIOD 1904 TO 2014


WEATHER ITEM   OBSERVED TIME   RECORD YEAR NORMAL DEPARTURE LAST
                VALUE   (LST)  VALUE       VALUE  FROM      YEAR
                                                  NORMAL
..................................................................
TEMPERATURE (F)
 YESTERDAY
  MAXIMUM         80    230 PM 100    1983  76      4       92
  MINIMUM         62    244 AM  38    1917  57      5       68
  AVERAGE         71                        67      4       80

PRECIPITATION (IN)
  YESTERDAY        0.00          4.37 1954   0.13  -0.13     0.00
  MONTH TO DATE    0.37                      1.37  -1.00     3.60
  SINCE SEP 1      0.37                      1.37  -1.00     3.60
  SINCE JAN 1     31.82                     31.97  -0.15    34.41

SNOWFALL (IN)
  YESTERDAY        0.0           0.0  2002   0.0    0.0      0.0
                                      2001
                                      2000
  MONTH TO DATE    0.0                       0.0    0.0      0.0
  SINCE SEP 1      0.0                       0.0    0.0      0.0
  SINCE JUL 1      0.0                       0.0    0.0      0.0
  SNOW DEPTH       0

DEGREE DAYS
 HEATING
  YESTERDAY        0                         2     -2        0
  MONTH TO DATE    0                        13    -13       14
  SINCE SEP 1      0                        13    -13       14
  SINCE JUL 1      0                        22    -22       14

 COOLING
  YESTERDAY        6                         3      3       15
  MONTH TO DATE   98                        46     52       46
  SINCE SEP 1     98                        46     52       46
  SINCE JAN 1    680                       702    -22      868
..................................................................


WIND (MPH)
  RESULTANT WIND SPEED   8   RESULTANT WIND DIRECTION  SW (210)
  HIGHEST WIND SPEED    21   HIGHEST WIND DIRECTION    SW (220)
  HIGHEST GUST SPEED    26   HIGHEST GUST DIRECTION     S (200)
  AVERAGE WIND SPEED    10.0


SKY COVER
  POSSIBLE SUNSHINE  MM
  AVERAGE SKY COVER 0.8


WEATHER CONDITIONS
 THE FOLLOWING WEATHER WAS RECORDED YESTERDAY.
  NO SIGNIFICANT WEATHER WAS OBSERVED.


RELATIVE HUMIDITY (PERCENT)
 HIGHEST    93          1200 AM
 LOWEST     62           100 PM
 AVERAGE    78

..........................................................


THE PROVIDENCE RI CLIMATE NORMALS FOR TODAY
                         NORMAL    RECORD    YEAR
 MAXIMUM TEMPERATURE (F)   76        91      2005
                                             1961
 MINIMUM TEMPERATURE (F)   57        42      1917


SUNRISE AND SUNSET
SEPTEMBER 12 2014.....SUNRISE   623 AM EDT   SUNSET   700 PM EDT
SEPTEMBER 13 2014.....SUNRISE   624 AM EDT   SUNSET   659 PM EDT


-  INDICATES NEGATIVE NUMBERS.
R  INDICATES RECORD WAS SET OR TIED.
MM INDICATES DATA IS MISSING.
T  INDICATES TRACE AMOUNT.




$$
