000
CDUS41 KBOX 172137
CLIPVD


CLIMATE REPORT
NATIONAL WEATHER SERVICE TAUNTON MA
536 PM EDT TUE OCT 17 2017


...................................

...THE PROVIDENCE RI CLIMATE SUMMARY FOR OCTOBER 17 2017...
VALID AS OF 0500 PM LOCAL TIME.

CLIMATE NORMAL PERIOD 1981 TO 2010
CLIMATE RECORD PERIOD 1904 TO 2017


WEATHER ITEM   OBSERVED TIME   RECORD YEAR NORMAL DEPARTURE LAST
                VALUE   (LST)  VALUE       VALUE  FROM      YEAR
                                                  NORMAL
..................................................................
TEMPERATURE (F)
 TODAY
  MAXIMUM         59    230 PM  88    1947  63     -4       78
  MINIMUM         38    548 AM  30    1978  43     -5       60
                                      1970
                                      1937
  AVERAGE         49                        53     -4       69

PRECIPITATION (IN)
  TODAY            0.00          1.56 1989   0.13  -0.13     0.00
  MONTH TO DATE    0.60                      2.13  -1.53     2.22
  SINCE SEP 1      4.45                      6.05  -1.60     4.96
  SINCE JAN 1     38.65                     36.65   2.00    30.79

SNOWFALL (IN)
  TODAY            0.0           T    1970   0.0    0.0      0.0
  MONTH TO DATE    0.0                       0.0    0.0      0.0
  SINCE SEP 1      0.0                       0.0    0.0      0.0
  SINCE JUL 1      0.0                       0.0    0.0      0.0
  SNOW DEPTH       0

DEGREE DAYS
 HEATING
  TODAY           16                        12      4        0
  MONTH TO DATE   73                       163    -90      136
  SINCE SEP 1    105                       251   -146      179
  SINCE JUL 1    113                       260   -147      179

 COOLING
  TODAY            0                         0      0        4
  MONTH TO DATE   37                         6     31        4
  SINCE SEP 1    171                        86     85      155
  SINCE JAN 1    875                       742    133     1038
..................................................................


WIND (MPH)
  HIGHEST WIND SPEED    14   HIGHEST WIND DIRECTION     N (10)
  HIGHEST GUST SPEED    19   HIGHEST GUST DIRECTION     N (350)
  AVERAGE WIND SPEED     8.1


SKY COVER
  POSSIBLE SUNSHINE  MM
  AVERAGE SKY COVER 0.1


WEATHER CONDITIONS
 THE FOLLOWING WEATHER WAS RECORDED TODAY.
  NO SIGNIFICANT WEATHER WAS OBSERVED.


RELATIVE HUMIDITY (PERCENT)
 HIGHEST    79           400 AM
 LOWEST     33           200 PM
 AVERAGE    56

..........................................................


THE PROVIDENCE RI CLIMATE NORMALS FOR TOMORROW
                         NORMAL    RECORD    YEAR
 MAXIMUM TEMPERATURE (F)   63        85      1908
 MINIMUM TEMPERATURE (F)   43        28      1978
                                             1976
                                             1970


SUNRISE AND SUNSET
OCTOBER 17 2017.......SUNRISE   700 AM EDT   SUNSET   601 PM EDT
OCTOBER 18 2017.......SUNRISE   702 AM EDT   SUNSET   559 PM EDT


-  INDICATES NEGATIVE NUMBERS.
R  INDICATES RECORD WAS SET OR TIED.
MM INDICATES DATA IS MISSING.
T  INDICATES TRACE AMOUNT.




$$
