000
CDUS41 KBOX 202117
CLIPVD


CLIMATE REPORT
NATIONAL WEATHER SERVICE TAUNTON MA
515 PM EDT SUN AUG 20 2017


...................................

...THE PROVIDENCE RI CLIMATE SUMMARY FOR AUGUST 19 2017...

CLIMATE NORMAL PERIOD 1981 TO 2010
CLIMATE RECORD PERIOD 1904 TO 2017


WEATHER ITEM   OBSERVED TIME   RECORD YEAR NORMAL DEPARTURE LAST
                VALUE   (LST)  VALUE       VALUE  FROM      YEAR
                                                  NORMAL
..................................................................
TEMPERATURE (F)
 YESTERDAY
  MAXIMUM         91    211 PM  94    2002  81     10       86
  MINIMUM         72    503 AM  48    1918  63      9       69
  AVERAGE         82                        72     10       78

PRECIPITATION (IN)
  YESTERDAY        0.00          3.28 1955   0.12  -0.12     0.00
  MONTH TO DATE    1.12                      2.24  -1.12     1.97
  SINCE JUN 1      8.84                      9.17  -0.33     6.97
  SINCE JAN 1     33.86                     29.24   4.62    25.09

SNOWFALL (IN)
  YESTERDAY        0.0           0.0  2002   0.0    0.0      0.0
                                      2001
                                      2000
  MONTH TO DATE    0.0                       0.0    0.0      0.0
  SINCE JUN 1      0.0                       0.0    0.0      0.0
  SINCE JUL 1      0.0                       0.0    0.0      0.0
  SNOW DEPTH       0

DEGREE DAYS
 HEATING
  YESTERDAY        0                         0      0        0
  MONTH TO DATE    0                         0      0        0
  SINCE JUN 1     56                        46     10       12
  SINCE JUL 1      7                         3      4        0

 COOLING
  YESTERDAY       17                         7     10       13
  MONTH TO DATE  153                       156     -3      225
  SINCE JUN 1    576                       554     22      708
  SINCE JAN 1    634                       580     54      759
..................................................................


WIND (MPH)
  RESULTANT WIND SPEED   6   RESULTANT WIND DIRECTION   W (250)
  HIGHEST WIND SPEED    20   HIGHEST WIND DIRECTION     W (250)
  HIGHEST GUST SPEED    27   HIGHEST GUST DIRECTION     W (280)
  AVERAGE WIND SPEED     7.0


SKY COVER
  POSSIBLE SUNSHINE  MM
  AVERAGE SKY COVER 0.5


WEATHER CONDITIONS
 THE FOLLOWING WEATHER WAS RECORDED YESTERDAY.
  FOG


RELATIVE HUMIDITY (PERCENT)
 HIGHEST   100           100 AM
 LOWEST     41           200 PM
 AVERAGE    71

..........................................................


THE PROVIDENCE RI CLIMATE NORMALS FOR TODAY
                         NORMAL    RECORD    YEAR
 MAXIMUM TEMPERATURE (F)   81        97      1937
 MINIMUM TEMPERATURE (F)   63        47      1981


SUNRISE AND SUNSET
AUGUST 20 2017........SUNRISE   559 AM EDT   SUNSET   738 PM EDT
AUGUST 21 2017........SUNRISE   601 AM EDT   SUNSET   736 PM EDT


-  INDICATES NEGATIVE NUMBERS.
R  INDICATES RECORD WAS SET OR TIED.
MM INDICATES DATA IS MISSING.
T  INDICATES TRACE AMOUNT.




$$
