000
CDUS41 KBOX 270555
CLIPVD


CLIMATE REPORT
NATIONAL WEATHER SERVICE TAUNTON MA
152 AM EDT FRI MAR 27 2015


...................................

...THE PROVIDENCE RI CLIMATE SUMMARY FOR MARCH 26 2015...

CLIMATE NORMAL PERIOD 1981 TO 2010
CLIMATE RECORD PERIOD 1904 TO 2015


WEATHER ITEM   OBSERVED TIME   RECORD YEAR NORMAL DEPARTURE LAST
                VALUE   (LST)  VALUE       VALUE  FROM      YEAR
                                                  NORMAL
..................................................................
TEMPERATURE (F)
 YESTERDAY
  MAXIMUM         58    849 PM  75    1922  51      7       37
  MINIMUM         40    127 AM  10    1960  33      7       24
  AVERAGE         49                        42      7       31

PRECIPITATION (IN)
  YESTERDAY        0.65          2.47 1988   0.17   0.48      T
  MONTH TO DATE    3.93                      4.15  -0.22     1.33
  SINCE MAR 1      3.93                      4.15  -0.22     1.33
  SINCE JAN 1     10.28                     11.30  -1.02     9.73

SNOWFALL (IN)
  YESTERDAY        0.0           2.6  2001   0.1   -0.1       T
  MONTH TO DATE   15.2                       5.0   10.2      1.2
  SINCE MAR 1     15.2                       5.0   10.2      1.2
  SINCE JUL 1     75.1                      32.7   42.4     43.3
  SNOW DEPTH       0

DEGREE DAYS
 HEATING
  YESTERDAY       16                        23     -7       34
  MONTH TO DATE  857                       699    158      832
  SINCE MAR 1    857                       699    158      832
  SINCE JUL 1   5219                      4761    458     5104

 COOLING
  YESTERDAY        0                         0      0        0
  MONTH TO DATE    0                         0      0        0
  SINCE MAR 1      0                         0      0        0
  SINCE JAN 1      0                         0      0        0
..................................................................


WIND (MPH)
  RESULTANT WIND SPEED   7   RESULTANT WIND DIRECTION  SW (210)
  HIGHEST WIND SPEED    26   HIGHEST WIND DIRECTION    SW (220)
  HIGHEST GUST SPEED    39   HIGHEST GUST DIRECTION    SW (220)
  AVERAGE WIND SPEED    10.8


SKY COVER
  POSSIBLE SUNSHINE  MM
  AVERAGE SKY COVER 0.8


WEATHER CONDITIONS
 THE FOLLOWING WEATHER WAS RECORDED YESTERDAY.
  THUNDERSTORM
  HEAVY RAIN
  RAIN
  LIGHT RAIN
  FOG
  FOG W/VISIBILITY <= 1/4 MILE
  HAZE


RELATIVE HUMIDITY (PERCENT)
 HIGHEST   100           300 AM
 LOWEST     83          1000 AM
 AVERAGE    92

..........................................................


THE PROVIDENCE RI CLIMATE NORMALS FOR TODAY
                         NORMAL    RECORD    YEAR
 MAXIMUM TEMPERATURE (F)   51        81      1998
 MINIMUM TEMPERATURE (F)   33        16      1975


SUNRISE AND SUNSET
MARCH 27 2015.........SUNRISE   638 AM EDT   SUNSET   705 PM EDT
MARCH 28 2015.........SUNRISE   636 AM EDT   SUNSET   706 PM EDT


-  INDICATES NEGATIVE NUMBERS.
R  INDICATES RECORD WAS SET OR TIED.
MM INDICATES DATA IS MISSING.
T  INDICATES TRACE AMOUNT.




$$
