000
CDUS41 KBOX 260550
CLIPVD


CLIMATE REPORT
NATIONAL WEATHER SERVICE TAUNTON MA
145 AM EDT SUN MAR 26 2017


...................................

...THE PROVIDENCE RI CLIMATE SUMMARY FOR MARCH 25 2017...

CLIMATE NORMAL PERIOD 1981 TO 2010
CLIMATE RECORD PERIOD 1904 TO 2017


WEATHER ITEM   OBSERVED TIME   RECORD YEAR NORMAL DEPARTURE LAST
                VALUE   (LST)  VALUE       VALUE  FROM      YEAR
                                                  NORMAL
..................................................................
TEMPERATURE (F)
 YESTERDAY
  MAXIMUM         49   1124 AM  73    1964  51     -2       63
  MINIMUM         33   1159 PM  13    1956  33      0       39
  AVERAGE         41                        42     -1       51

PRECIPITATION (IN)
  YESTERDAY        0.02          1.68 1969   0.17  -0.15     0.03
  MONTH TO DATE    2.24                      3.98  -1.74     2.35
  SINCE MAR 1      2.24                      3.98  -1.74     2.35
  SINCE JAN 1      9.42                     11.13  -1.71    10.70

SNOWFALL (IN)
  YESTERDAY        0.0           2.0  1960   0.1   -0.1      0.0
  MONTH TO DATE    7.7                       4.9    2.8      2.6
  SINCE MAR 1      7.7                       4.9    2.8      2.6
  SINCE JUL 1     45.9                      32.6   13.3     22.0
  SNOW DEPTH       0

DEGREE DAYS
 HEATING
  YESTERDAY       24                        23      1       14
  MONTH TO DATE  777                       676    101      527
  SINCE MAR 1    777                       676    101      527
  SINCE JUL 1   4335                      4738   -403     3898

 COOLING
  YESTERDAY        0                         0      0        0
  MONTH TO DATE    0                         0      0        0
  SINCE MAR 1      0                         0      0        0
  SINCE JAN 1      0                         0      0        0
..................................................................


WIND (MPH)
  RESULTANT WIND SPEED   3   RESULTANT WIND DIRECTION  NE (30)
  HIGHEST WIND SPEED    17   HIGHEST WIND DIRECTION     N (20)
  HIGHEST GUST SPEED    20   HIGHEST GUST DIRECTION     N (10)
  AVERAGE WIND SPEED     6.1


SKY COVER
  POSSIBLE SUNSHINE  MM
  AVERAGE SKY COVER 0.7


WEATHER CONDITIONS
 THE FOLLOWING WEATHER WAS RECORDED YESTERDAY.
  LIGHT RAIN
  FOG
  HAZE


RELATIVE HUMIDITY (PERCENT)
 HIGHEST    92          1000 PM
 LOWEST     60          1200 AM
 AVERAGE    76

..........................................................


THE PROVIDENCE RI CLIMATE NORMALS FOR TODAY
                         NORMAL    RECORD    YEAR
 MAXIMUM TEMPERATURE (F)   51        75      1922
 MINIMUM TEMPERATURE (F)   33        10      1960


SUNRISE AND SUNSET
MARCH 26 2017.........SUNRISE   638 AM EDT   SUNSET   705 PM EDT
MARCH 27 2017.........SUNRISE   637 AM EDT   SUNSET   706 PM EDT


-  INDICATES NEGATIVE NUMBERS.
R  INDICATES RECORD WAS SET OR TIED.
MM INDICATES DATA IS MISSING.
T  INDICATES TRACE AMOUNT.




$$
