000
CDUS41 KBOX 270539
CLIPVD


CLIMATE REPORT
NATIONAL WEATHER SERVICE TAUNTON MA
138 AM EDT WED AUG 27 2014


...................................

...THE PROVIDENCE RI CLIMATE SUMMARY FOR AUGUST 26 2014...

CLIMATE NORMAL PERIOD 1981 TO 2010
CLIMATE RECORD PERIOD 1904 TO 2014


WEATHER ITEM   OBSERVED TIME   RECORD YEAR NORMAL DEPARTURE LAST
                VALUE   (LST)  VALUE       VALUE  FROM      YEAR
                                                  NORMAL
..................................................................
TEMPERATURE (F)
 YESTERDAY
  MAXIMUM         81    102 PM 100    1948  80      1       81
  MINIMUM         60    520 AM  41    1981  62     -2       66
  AVERAGE         71                        71      0       74

PRECIPITATION (IN)
  YESTERDAY        0.00          2.80 1924   0.11  -0.11     0.32
  MONTH TO DATE    2.48                      3.06  -0.58     2.99
  SINCE JUN 1      8.43                      9.99  -1.56    15.33
  SINCE JAN 1     31.23                     30.06   1.17    29.93

SNOWFALL (IN)
  YESTERDAY        0.0           0.0  2002   0.0    0.0      0.0
                                      2001
                                      2000
  MONTH TO DATE    0.0                       0.0    0.0      0.0
  SINCE JUN 1      0.0                       0.0    0.0      0.0
  SINCE JUL 1      0.0                       0.0    0.0      0.0
  SNOW DEPTH       0

DEGREE DAYS
 HEATING
  YESTERDAY        0                         0      0        0
  MONTH TO DATE    0                         0      0        0
  SINCE JUN 1     13                        46    -33       24
  SINCE JUL 1      0                         3     -3        0

 COOLING
  YESTERDAY        6                         6      0        9
  MONTH TO DATE  147                       203    -56      158
  SINCE JUN 1    539                       601    -62      744
  SINCE JAN 1    550                       627    -77      788
..................................................................


WIND (MPH)
  RESULTANT WIND SPEED   6   RESULTANT WIND DIRECTION   S (170)
  HIGHEST WIND SPEED    17   HIGHEST WIND DIRECTION    SE (150)
  HIGHEST GUST SPEED    20   HIGHEST GUST DIRECTION    SE (150)
  AVERAGE WIND SPEED     6.4


SKY COVER
  POSSIBLE SUNSHINE  MM
  AVERAGE SKY COVER 0.1


WEATHER CONDITIONS
 THE FOLLOWING WEATHER WAS RECORDED YESTERDAY.
  FOG


RELATIVE HUMIDITY (PERCENT)
 HIGHEST    97           500 AM
 LOWEST     58          1200 PM
 AVERAGE    78

..........................................................


THE PROVIDENCE RI CLIMATE NORMALS FOR TODAY
                         NORMAL    RECORD    YEAR
 MAXIMUM TEMPERATURE (F)   80        98      1948
 MINIMUM TEMPERATURE (F)   62        49      1954
                                             1921


SUNRISE AND SUNSET
AUGUST 27 2014........SUNRISE   606 AM EDT   SUNSET   727 PM EDT
AUGUST 28 2014........SUNRISE   607 AM EDT   SUNSET   726 PM EDT


-  INDICATES NEGATIVE NUMBERS.
R  INDICATES RECORD WAS SET OR TIED.
MM INDICATES DATA IS MISSING.
T  INDICATES TRACE AMOUNT.




$$
