000
CDUS41 KBOX 240539
CLIPVD


CLIMATE REPORT
NATIONAL WEATHER SERVICE TAUNTON MA
135 AM EDT SAT JUN 24 2017


...................................

...THE PROVIDENCE RI CLIMATE SUMMARY FOR JUNE 23 2017...

CLIMATE NORMAL PERIOD 1981 TO 2010
CLIMATE RECORD PERIOD 1904 TO 2017


WEATHER ITEM   OBSERVED TIME   RECORD YEAR NORMAL DEPARTURE LAST
                VALUE   (LST)  VALUE       VALUE  FROM      YEAR
                                                  NORMAL
..................................................................
TEMPERATURE (F)
 YESTERDAY
  MAXIMUM         86   1216 PM  92    1983  80      6       81
  MINIMUM         67    452 AM  47    1919  61      6       55
  AVERAGE         77                        70      7       68

PRECIPITATION (IN)
  YESTERDAY        T             0.56 2011   0.10  -0.10     0.00
  MONTH TO DATE    3.34                      2.99   0.35     0.84
  SINCE JUN 1      3.34                      2.99   0.35     0.84
  SINCE JAN 1     28.36                     23.06   5.30    18.96

SNOWFALL (IN)
  YESTERDAY        0.0           0.0  2002   0.0    0.0      0.0
                                      2001
                                      2000
  MONTH TO DATE    0.0                       0.0    0.0      0.0
  SINCE JUN 1      0.0                       0.0    0.0      0.0
  SINCE JUL 1     45.9                      33.8   12.1     28.7
  SNOW DEPTH       0

DEGREE DAYS
 HEATING
  YESTERDAY        0                         0      0        0
  MONTH TO DATE   49                        41      8       12
  SINCE JUN 1     49                        41      8       12
  SINCE JUL 1   5157                      5616   -459     4757

 COOLING
  YESTERDAY       12                         6      6        3
  MONTH TO DATE  121                        87     34       85
  SINCE JUN 1    121                        87     34       85
  SINCE JAN 1    179                       113     66      136
..................................................................


WIND (MPH)
  RESULTANT WIND SPEED  10   RESULTANT WIND DIRECTION   S (190)
  HIGHEST WIND SPEED    24   HIGHEST WIND DIRECTION     S (200)
  HIGHEST GUST SPEED    30   HIGHEST GUST DIRECTION     S (190)
  AVERAGE WIND SPEED    11.4


SKY COVER
  POSSIBLE SUNSHINE  MM
  AVERAGE SKY COVER 0.6


WEATHER CONDITIONS
 THE FOLLOWING WEATHER WAS RECORDED YESTERDAY.
  FOG


RELATIVE HUMIDITY (PERCENT)
 HIGHEST   100           300 AM
 LOWEST     61          1200 PM
 AVERAGE    81

..........................................................


THE PROVIDENCE RI CLIMATE NORMALS FOR TODAY
                         NORMAL    RECORD    YEAR
 MAXIMUM TEMPERATURE (F)   80        94      1980
 MINIMUM TEMPERATURE (F)   61        44      1932


SUNRISE AND SUNSET
JUNE 24 2017..........SUNRISE   512 AM EDT   SUNSET   824 PM EDT
JUNE 25 2017..........SUNRISE   512 AM EDT   SUNSET   824 PM EDT


-  INDICATES NEGATIVE NUMBERS.
R  INDICATES RECORD WAS SET OR TIED.
MM INDICATES DATA IS MISSING.
T  INDICATES TRACE AMOUNT.




$$
