967
CDUS41 KBOX 132131
CLIPVD


CLIMATE REPORT
NATIONAL WEATHER SERVICE TAUNTON MA
428 PM EST SAT FEB 13 2016


...................................

...THE PROVIDENCE RI CLIMATE SUMMARY FOR FEBRUARY 13 2016...
VALID AS OF 0400 PM LOCAL TIME.

CLIMATE NORMAL PERIOD 1981 TO 2010
CLIMATE RECORD PERIOD 1904 TO 2016


WEATHER ITEM   OBSERVED TIME   RECORD YEAR NORMAL DEPARTURE LAST
                VALUE   (LST)  VALUE       VALUE  FROM      YEAR
                                                  NORMAL
..................................................................
TEMPERATURE (F)
 TODAY
  MAXIMUM         23   1209 PM  64    1951  40    -17       22
  MINIMUM         13    359 PM  -5    1967  23    -10        5
  AVERAGE         18                        32    -14       14

PRECIPITATION (IN)
  TODAY            T             2.74 2008   0.11  -0.11     0.00
  MONTH TO DATE    2.75                      1.46   1.29     1.39
  SINCE DEC 1     10.58                      9.54   1.04    11.26
  SINCE JAN 1      5.78                      5.32   0.46     5.01

SNOWFALL (IN)
  TODAY            T             4.2  1916   0.3   -0.3      0.0
  MONTH TO DATE   11.0                       4.0    7.0     15.8
  SINCE DEC 1     18.9                      21.7   -2.8     42.3
  SINCE JUL 1     18.9                      23.2   -4.3     43.9
  SNOW DEPTH       3

DEGREE DAYS
 HEATING
  TODAY           47                        33     14       51
  MONTH TO DATE  427                       446    -19      578
  SINCE DEC 1   2020                      2508   -488     2608
  SINCE JUL 1   2901                      3583   -682     3644

 COOLING
  TODAY            0                         0      0        0
  MONTH TO DATE    0                         0      0        0
  SINCE DEC 1      0                         0      0        0
  SINCE JAN 1      0                         0      0        0
..................................................................


WIND (MPH)
  HIGHEST WIND SPEED    28   HIGHEST WIND DIRECTION    NW (300)
  HIGHEST GUST SPEED    37   HIGHEST GUST DIRECTION    NW (320)
  AVERAGE WIND SPEED    11.7


SKY COVER
  POSSIBLE SUNSHINE  MM
  AVERAGE SKY COVER 0.8


WEATHER CONDITIONS
 THE FOLLOWING WEATHER WAS RECORDED TODAY.
  LIGHT SNOW
  FOG


RELATIVE HUMIDITY (PERCENT)
 HIGHEST    74           500 AM
 LOWEST     28           400 PM
 AVERAGE    51

..........................................................


THE PROVIDENCE RI CLIMATE NORMALS FOR TOMORROW
                         NORMAL    RECORD    YEAR
 MAXIMUM TEMPERATURE (F)   40        60      1990
 MINIMUM TEMPERATURE (F)   23        -7      1979


SUNRISE AND SUNSET
FEBRUARY 13 2016......SUNRISE   645 AM EST   SUNSET   516 PM EST
FEBRUARY 14 2016......SUNRISE   643 AM EST   SUNSET   517 PM EST


-  INDICATES NEGATIVE NUMBERS.
R  INDICATES RECORD WAS SET OR TIED.
MM INDICATES DATA IS MISSING.
T  INDICATES TRACE AMOUNT.




$$
