000
CDUS41 KBOX 082123
CLIPVD


CLIMATE REPORT
NATIONAL WEATHER SERVICE TAUNTON MA
423 PM EST THU DEC 8 2016


...................................

...THE PROVIDENCE RI CLIMATE SUMMARY FOR DECEMBER 8 2016...
VALID AS OF 0400 PM LOCAL TIME.

CLIMATE NORMAL PERIOD 1981 TO 2010
CLIMATE RECORD PERIOD 1904 TO 2016


WEATHER ITEM   OBSERVED TIME   RECORD YEAR NORMAL DEPARTURE LAST
                VALUE   (LST)  VALUE       VALUE  FROM      YEAR
                                                  NORMAL
..................................................................
TEMPERATURE (F)
 TODAY
  MAXIMUM         43    116 PM  64    1966  45     -2       45
  MINIMUM         33    706 AM   0    1906  29      4       36
  AVERAGE         38                        37      1       41

PRECIPITATION (IN)
  TODAY            0.00          1.40 1969   0.15  -0.15      T
  MONTH TO DATE    0.46                      1.22  -0.76     0.40
  SINCE DEC 1      0.46                      1.22  -0.76     0.40
  SINCE JAN 1     37.32                     44.18  -6.86    36.43

SNOWFALL (IN)
  TODAY            0.0           3.2  2000   0.2   -0.2      0.0
  MONTH TO DATE    0.4                       1.7   -1.3      0.0
  SINCE DEC 1      0.4                       1.7   -1.3      0.0
  SINCE JUL 1      0.4                       3.2   -2.8      0.0
  SNOW DEPTH       0

DEGREE DAYS
 HEATING
  TODAY           27                        28     -1       24
  MONTH TO DATE  195                       215    -20      173
  SINCE DEC 1    195                       215    -20      173
  SINCE JUL 1   1082                      1290   -208     1054

 COOLING
  TODAY            0                         0      0        0
  MONTH TO DATE    0                         0      0        0
  SINCE DEC 1      0                         0      0        0
  SINCE JAN 1   1049                       744    305      955
..................................................................


WIND (MPH)
  HIGHEST WIND SPEED    12   HIGHEST WIND DIRECTION     W (260)
  HIGHEST GUST SPEED    16   HIGHEST GUST DIRECTION     W (270)
  AVERAGE WIND SPEED     4.3


SKY COVER
  POSSIBLE SUNSHINE  MM
  AVERAGE SKY COVER 0.6


WEATHER CONDITIONS
 THE FOLLOWING WEATHER WAS RECORDED TODAY.
  FOG
  HAZE


RELATIVE HUMIDITY (PERCENT)
 HIGHEST   100           800 AM
 LOWEST     60           400 PM
 AVERAGE    80

..........................................................


THE PROVIDENCE RI CLIMATE NORMALS FOR TOMORROW
                         NORMAL    RECORD    YEAR
 MAXIMUM TEMPERATURE (F)   44        66      1991
 MINIMUM TEMPERATURE (F)   29         5      1934


SUNRISE AND SUNSET
DECEMBER  8 2016......SUNRISE   701 AM EST   SUNSET   415 PM EST
DECEMBER  9 2016......SUNRISE   701 AM EST   SUNSET   415 PM EST


-  INDICATES NEGATIVE NUMBERS.
R  INDICATES RECORD WAS SET OR TIED.
MM INDICATES DATA IS MISSING.
T  INDICATES TRACE AMOUNT.




$$
