515
CDUS41 KBOX 210837
CLIPVD


CLIMATE REPORT
NATIONAL WEATHER SERVICE TAUNTON MA
327 AM EST TUE FEB 21 2017


...................................

...THE PROVIDENCE RI CLIMATE SUMMARY FOR FEBRUARY 20 2017...

CLIMATE NORMAL PERIOD 1981 TO 2010
CLIMATE RECORD PERIOD 1904 TO 2017


WEATHER ITEM   OBSERVED TIME   RECORD YEAR NORMAL DEPARTURE LAST
                VALUE   (LST)  VALUE       VALUE  FROM      YEAR
                                                  NORMAL
..................................................................
TEMPERATURE (F)
 YESTERDAY
  MAXIMUM         48    203 PM  69    1930  41      7       57
  MINIMUM         32   1159 PM  -1    1950  24      8       37
  AVERAGE         40                        33      7       47

PRECIPITATION (IN)
  YESTERDAY        0.00          2.39 1924   0.11  -0.11     0.01
  MONTH TO DATE    2.07                      2.26  -0.19     3.64
  SINCE DEC 1     10.17                     10.34  -0.17    11.47
  SINCE JAN 1      7.03                      6.12   0.91     6.67

SNOWFALL (IN)
  YESTERDAY        0.0          13.7  1921   0.4   -0.4      0.0
  MONTH TO DATE   16.8                       6.3   10.5     11.5
  SINCE DEC 1     38.2                      24.0   14.2     19.4
  SINCE JUL 1     38.2                      25.5   12.7     19.4
  SNOW DEPTH       0

DEGREE DAYS
 HEATING
  YESTERDAY       25                        32     -7       18
  MONTH TO DATE  659                       675    -16      688
  SINCE DEC 1   2516                      2737   -221     2281
  SINCE JUL 1   3403                      3812   -409     3162

 COOLING
  YESTERDAY        0                         0      0        0
  MONTH TO DATE    0                         0      0        0
  SINCE DEC 1      0                         0      0        0
  SINCE JAN 1      0                         0      0        0
..................................................................


WIND (MPH)
  RESULTANT WIND SPEED   9   RESULTANT WIND DIRECTION   N (350)
  HIGHEST WIND SPEED    21   HIGHEST WIND DIRECTION     N (360)
  HIGHEST GUST SPEED    29   HIGHEST GUST DIRECTION     N (360)
  AVERAGE WIND SPEED     9.7


SKY COVER
  POSSIBLE SUNSHINE  MM
  AVERAGE SKY COVER 0.2


WEATHER CONDITIONS
 THE FOLLOWING WEATHER WAS RECORDED YESTERDAY.
  NO SIGNIFICANT WEATHER WAS OBSERVED.


RELATIVE HUMIDITY (PERCENT)
 HIGHEST    70           700 AM
 LOWEST     25           200 PM
 AVERAGE    48

..........................................................


THE PROVIDENCE RI CLIMATE NORMALS FOR TODAY
                         NORMAL    RECORD    YEAR
 MAXIMUM TEMPERATURE (F)   42        63      1930
 MINIMUM TEMPERATURE (F)   25        -5      2015


SUNRISE AND SUNSET
FEBRUARY 21 2017......SUNRISE   632 AM EST   SUNSET   527 PM EST
FEBRUARY 22 2017......SUNRISE   631 AM EST   SUNSET   528 PM EST


-  INDICATES NEGATIVE NUMBERS.
R  INDICATES RECORD WAS SET OR TIED.
MM INDICATES DATA IS MISSING.
T  INDICATES TRACE AMOUNT.




$$
