000
CDUS41 KBOX 230544
CLIPVD


CLIMATE REPORT
NATIONAL WEATHER SERVICE TAUNTON MA
1239 AM EST WED NOV 23 2016


...................................

...THE PROVIDENCE RI CLIMATE SUMMARY FOR NOVEMBER 22 2016...

CLIMATE NORMAL PERIOD 1981 TO 2010
CLIMATE RECORD PERIOD 1904 TO 2016


WEATHER ITEM   OBSERVED TIME   RECORD YEAR NORMAL DEPARTURE LAST
                VALUE   (LST)  VALUE       VALUE  FROM      YEAR
                                                  NORMAL
..................................................................
TEMPERATURE (F)
 YESTERDAY
  MAXIMUM         43    116 PM  70    1931  51     -8       48
  MINIMUM         31    611 AM  16    1987  34     -3       35
                                      1969
  AVERAGE         37                        43     -6       42

PRECIPITATION (IN)
  YESTERDAY        0.00          2.06 2005   0.16  -0.16     0.43
  MONTH TO DATE    1.36                      3.25  -1.89     2.54
  SINCE SEP 1      8.93                     11.10  -2.17     8.53
  SINCE JAN 1     34.76                     41.70  -6.94    35.95

SNOWFALL (IN)
  YESTERDAY        0.0           T    1997   0.1   -0.1      0.0
  MONTH TO DATE    T                         0.7   -0.7      0.0
  SINCE SEP 1      T                         0.7   -0.7      0.0
  SINCE JUL 1      T                         0.7   -0.7      0.0
  SNOW DEPTH       0

DEGREE DAYS
 HEATING
  YESTERDAY       28                        23      5       23
  MONTH TO DATE  379                       425    -46      323
  SINCE SEP 1    717                       874   -157      690
  SINCE JUL 1    717                       883   -166      690

 COOLING
  YESTERDAY        0                         0      0        0
  MONTH TO DATE    0                         0      0        2
  SINCE SEP 1    166                        88     78      154
  SINCE JAN 1   1049                       744    305      955
..................................................................


WIND (MPH)
  RESULTANT WIND SPEED  14   RESULTANT WIND DIRECTION  NW (300)
  HIGHEST WIND SPEED    24   HIGHEST WIND DIRECTION     W (290)
  HIGHEST GUST SPEED    31   HIGHEST GUST DIRECTION     W (290)
  AVERAGE WIND SPEED    14.0


SKY COVER
  POSSIBLE SUNSHINE  MM
  AVERAGE SKY COVER 0.2


WEATHER CONDITIONS
 THE FOLLOWING WEATHER WAS RECORDED YESTERDAY.
  NO SIGNIFICANT WEATHER WAS OBSERVED.


RELATIVE HUMIDITY (PERCENT)
 HIGHEST    59           200 AM
 LOWEST     39           100 PM
 AVERAGE    49

..........................................................


THE PROVIDENCE RI CLIMATE NORMALS FOR TODAY
                         NORMAL    RECORD    YEAR
 MAXIMUM TEMPERATURE (F)   51        72      1979
                                             1931
 MINIMUM TEMPERATURE (F)   34        14      1972


SUNRISE AND SUNSET
NOVEMBER 23 2016......SUNRISE   645 AM EST   SUNSET   419 PM EST
NOVEMBER 24 2016......SUNRISE   646 AM EST   SUNSET   419 PM EST


-  INDICATES NEGATIVE NUMBERS.
R  INDICATES RECORD WAS SET OR TIED.
MM INDICATES DATA IS MISSING.
T  INDICATES TRACE AMOUNT.




$$
