000
CDUS41 KBOX 140551
CLIPVD


CLIMATE REPORT
NATIONAL WEATHER SERVICE TAUNTON MA
147 AM EDT THU AUG 14 2014


...................................

...THE PROVIDENCE RI CLIMATE SUMMARY FOR AUGUST 13 2014...

CLIMATE NORMAL PERIOD 1981 TO 2010
CLIMATE RECORD PERIOD 1904 TO 2014


WEATHER ITEM   OBSERVED TIME   RECORD YEAR NORMAL DEPARTURE LAST
                VALUE   (LST)  VALUE       VALUE  FROM      YEAR
                                                  NORMAL
..................................................................
TEMPERATURE (F)
 YESTERDAY
  MAXIMUM         73    640 PM 100    2005  82     -9       73
  MINIMUM         64   1159 PM  50    1957  64      0       64
  AVERAGE         69                        73     -4       69

PRECIPITATION (IN)
  YESTERDAY        2.26R         1.28 1958   0.11   2.15     0.04
  MONTH TO DATE    2.45                      1.53   0.92     2.04
  SINCE JUN 1      8.40                      8.46  -0.06    14.38
  SINCE JAN 1     31.20                     28.53   2.67    28.98

SNOWFALL (IN)
  YESTERDAY        0.0           0.0  2002   0.0    0.0      0.0
                                      2001
                                      2000
  MONTH TO DATE    0.0                       0.0    0.0      0.0
  SINCE JUN 1      0.0                       0.0    0.0      0.0
  SINCE JUL 1      0.0                       0.0    0.0      0.0
  SNOW DEPTH       0

DEGREE DAYS
 HEATING
  YESTERDAY        0                         0      0        0
  MONTH TO DATE    0                         0      0        0
  SINCE JUN 1     13                        46    -33       24
  SINCE JUL 1      0                         3     -3        0

 COOLING
  YESTERDAY        4                         8     -4        4
  MONTH TO DATE   93                       110    -17       78
  SINCE JUN 1    485                       508    -23      664
  SINCE JAN 1    496                       534    -38      708
..................................................................


WIND (MPH)
  RESULTANT WIND SPEED   6   RESULTANT WIND DIRECTION  SE (140)
  HIGHEST WIND SPEED    21   HIGHEST WIND DIRECTION    SE (130)
  HIGHEST GUST SPEED    29   HIGHEST GUST DIRECTION    SE (140)
  AVERAGE WIND SPEED    10.3


SKY COVER
  POSSIBLE SUNSHINE  MM
  AVERAGE SKY COVER 0.9


WEATHER CONDITIONS
 THE FOLLOWING WEATHER WAS RECORDED YESTERDAY.
  HEAVY RAIN
  RAIN
  LIGHT RAIN
  FOG


RELATIVE HUMIDITY (PERCENT)
 HIGHEST   100           600 PM
 LOWEST     73          1200 AM
 AVERAGE    87

..........................................................


THE PROVIDENCE RI CLIMATE NORMALS FOR TODAY
                         NORMAL    RECORD    YEAR
 MAXIMUM TEMPERATURE (F)   82        98      2002
 MINIMUM TEMPERATURE (F)   64        47      1964


SUNRISE AND SUNSET
AUGUST 14 2014........SUNRISE   553 AM EDT   SUNSET   747 PM EDT
AUGUST 15 2014........SUNRISE   554 AM EDT   SUNSET   746 PM EDT


-  INDICATES NEGATIVE NUMBERS.
R  INDICATES RECORD WAS SET OR TIED.
MM INDICATES DATA IS MISSING.
T  INDICATES TRACE AMOUNT.




$$
