000
CDUS41 KBOX 122144
CLIPVD


CLIMATE REPORT
NATIONAL WEATHER SERVICE TAUNTON MA
533 PM EDT TUE JUL 12 2016


...................................

...THE PROVIDENCE RI CLIMATE SUMMARY FOR JULY 12 2016...
VALID AS OF 0500 PM LOCAL TIME.

CLIMATE NORMAL PERIOD 1981 TO 2010
CLIMATE RECORD PERIOD 1904 TO 2016


WEATHER ITEM   OBSERVED TIME   RECORD YEAR NORMAL DEPARTURE LAST
                VALUE   (LST)  VALUE       VALUE  FROM      YEAR
                                                  NORMAL
..................................................................
TEMPERATURE (F)
 TODAY
  MAXIMUM         87    233 PM  95    1908  83      4       88
  MINIMUM         62    458 AM  52    1945  64     -2       67
  AVERAGE         75                        74      1       78

PRECIPITATION (IN)
  TODAY            0.00          1.72 1918   0.11  -0.11     0.00
  MONTH TO DATE    0.86                      1.14  -0.28     1.23
  SINCE JUN 1      1.91                      4.78  -2.87     6.58
  SINCE JAN 1     20.03                     24.85  -4.82    23.53

SNOWFALL (IN)
  TODAY            0.0           0.0  2002   0.0    0.0      0.0
                                      2001
                                      2000
  MONTH TO DATE    0.0                       0.0    0.0      0.0
  SINCE JUN 1      0.0                       0.0    0.0      0.0
  SINCE JUL 1      0.0                       0.0    0.0      0.0
  SNOW DEPTH       0

DEGREE DAYS
 HEATING
  TODAY            0                         0      0        0
  MONTH TO DATE    0                         0      0        0
  SINCE JUN 1     12                        43    -31       72
  SINCE JUL 1      0                         0      0        0

 COOLING
  TODAY           10                         9      1       13
  MONTH TO DATE   92                        96     -4      104
  SINCE JUN 1    227                       228     -1      222
  SINCE JAN 1    278                       254     24      286
..................................................................


WIND (MPH)
  HIGHEST WIND SPEED    18   HIGHEST WIND DIRECTION     S (200)
  HIGHEST GUST SPEED    23   HIGHEST GUST DIRECTION     S (200)
  AVERAGE WIND SPEED     7.3


SKY COVER
  POSSIBLE SUNSHINE  MM
  AVERAGE SKY COVER 0.5


WEATHER CONDITIONS
 THE FOLLOWING WEATHER WAS RECORDED TODAY.
  NO SIGNIFICANT WEATHER WAS OBSERVED.


RELATIVE HUMIDITY (PERCENT)
 HIGHEST    90          1200 AM
 LOWEST     29          1200 PM
 AVERAGE    60

..........................................................


THE PROVIDENCE RI CLIMATE NORMALS FOR TOMORROW
                         NORMAL    RECORD    YEAR
 MAXIMUM TEMPERATURE (F)   83        94      1994
                                             1927
 MINIMUM TEMPERATURE (F)   64        52      1933


SUNRISE AND SUNSET
JULY 12 2016..........SUNRISE   522 AM EDT   SUNSET   820 PM EDT
JULY 13 2016..........SUNRISE   523 AM EDT   SUNSET   820 PM EDT


-  INDICATES NEGATIVE NUMBERS.
R  INDICATES RECORD WAS SET OR TIED.
MM INDICATES DATA IS MISSING.
T  INDICATES TRACE AMOUNT.




$$
