000
CDUS41 KBOX 030527
CLIPVD


CLIMATE REPORT
NATIONAL WEATHER SERVICE TAUNTON MA
1227 AM EST SUN DEC 3 2017


...................................

...THE PROVIDENCE RI CLIMATE SUMMARY FOR DECEMBER 2 2017...

CLIMATE NORMAL PERIOD 1981 TO 2010
CLIMATE RECORD PERIOD 1904 TO 2017


WEATHER ITEM   OBSERVED TIME   RECORD YEAR NORMAL DEPARTURE LAST
                VALUE   (LST)  VALUE       VALUE  FROM      YEAR
                                                  NORMAL
..................................................................
TEMPERATURE (F)
 YESTERDAY
  MAXIMUM         47    143 PM  63    1998  47      0       51
  MINIMUM         27    547 AM  11    1989  31     -4       38
  AVERAGE         37                        39     -2       45

PRECIPITATION (IN)
  YESTERDAY        0.00          1.73 1981   0.16  -0.16     0.00
  MONTH TO DATE    0.04                      0.31  -0.27     0.19
  SINCE DEC 1      0.04                      0.31  -0.27     0.19
  SINCE JAN 1     46.47                     43.27   3.20    37.05

SNOWFALL (IN)
  YESTERDAY        0.0           4.3  1929   0.2   -0.2      0.0
  MONTH TO DATE    0.0                       0.4   -0.4      0.0
  SINCE DEC 1      0.0                       0.4   -0.4      0.0
  SINCE JUL 1      0.0                       1.9   -1.9       T
  SNOW DEPTH       0

DEGREE DAYS
 HEATING
  YESTERDAY       28                        26      2       20
  MONTH TO DATE   47                        52     -5       34
  SINCE DEC 1     47                        52     -5       34
  SINCE JUL 1    861                      1127   -266      921

 COOLING
  YESTERDAY        0                         0      0        0
  MONTH TO DATE    0                         0      0        0
  SINCE DEC 1      0                         0      0        0
  SINCE JAN 1    880                       744    136     1049
..................................................................


WIND (MPH)
  RESULTANT WIND SPEED   3   RESULTANT WIND DIRECTION   N (340)
  HIGHEST WIND SPEED    12   HIGHEST WIND DIRECTION     N (10)
  HIGHEST GUST SPEED    14   HIGHEST GUST DIRECTION    NE (30)
  AVERAGE WIND SPEED     3.6


SKY COVER
  POSSIBLE SUNSHINE  MM
  AVERAGE SKY COVER 0.6


WEATHER CONDITIONS
 THE FOLLOWING WEATHER WAS RECORDED YESTERDAY.
  NO SIGNIFICANT WEATHER WAS OBSERVED.


RELATIVE HUMIDITY (PERCENT)
 HIGHEST    89          1100 PM
 LOWEST     53          1100 AM
 AVERAGE    71

..........................................................


THE PROVIDENCE RI CLIMATE NORMALS FOR TODAY
                         NORMAL    RECORD    YEAR
 MAXIMUM TEMPERATURE (F)   47        66      2009
 MINIMUM TEMPERATURE (F)   31         0      1976


SUNRISE AND SUNSET
DECEMBER  3 2017......SUNRISE   656 AM EST   SUNSET   415 PM EST
DECEMBER  4 2017......SUNRISE   657 AM EST   SUNSET   415 PM EST


-  INDICATES NEGATIVE NUMBERS.
R  INDICATES RECORD WAS SET OR TIED.
MM INDICATES DATA IS MISSING.
T  INDICATES TRACE AMOUNT.




$$
