000
CDUS41 KBOX 122122
CLIPVD


CLIMATE REPORT
NATIONAL WEATHER SERVICE TAUNTON MA
522 PM EDT SAT APR 12 2014


...................................

...THE PROVIDENCE RI CLIMATE SUMMARY FOR APRIL 12 2014...
VALID AS OF 0500 PM LOCAL TIME.

CLIMATE NORMAL PERIOD 1981 TO 2010
CLIMATE RECORD PERIOD 1904 TO 2014


WEATHER ITEM   OBSERVED TIME   RECORD YEAR NORMAL DEPARTURE LAST
                VALUE   (LST)  VALUE       VALUE  FROM      YEAR
                                                  NORMAL
..................................................................
TEMPERATURE (F)
 TODAY
  MAXIMUM         70    321 PM  86    1977  57     13       46
  MINIMUM         47   1254 AM  19    1976  39      8       39
  AVERAGE         59                        48     11       43

PRECIPITATION (IN)
  TODAY            0.00          1.41 1934   0.16  -0.16     0.54
  MONTH TO DATE    1.43                      1.93  -0.50     1.10
  SINCE MAR 1      8.41                      6.94   1.47     4.04
  SINCE JAN 1     16.81                     14.09   2.72    11.00

SNOWFALL (IN)
  TODAY            0.0           0.3  1918   0.0    0.0      0.0
  MONTH TO DATE    0.0                       0.4   -0.4      0.0
  SINCE MAR 1      1.2                       5.9   -4.7      4.9
  SINCE JUL 1     43.3                      33.6    9.7     46.3
  SNOW DEPTH       0

DEGREE DAYS
 HEATING
  TODAY            6                        17    -11       22
  MONTH TO DATE  198                       228    -30      219
  SINCE MAR 1   1152                      1037    115     1031
  SINCE JUL 1   5424                      5099    325     4852

 COOLING
  TODAY            0                         0      0        0
  MONTH TO DATE    0                         0      0        0
  SINCE MAR 1      0                         0      0        0
  SINCE JAN 1      0                         0      0        0
..................................................................


WIND (MPH)
  HIGHEST WIND SPEED    17   HIGHEST WIND DIRECTION     W (260)
  HIGHEST GUST SPEED    22   HIGHEST GUST DIRECTION     W (270)
  AVERAGE WIND SPEED     8.3


SKY COVER
  POSSIBLE SUNSHINE  MM
  AVERAGE SKY COVER 0.5


WEATHER CONDITIONS
 THE FOLLOWING WEATHER WAS RECORDED TODAY.
  FOG


RELATIVE HUMIDITY (PERCENT)
 HIGHEST    86           100 AM
 LOWEST     18           100 PM
 AVERAGE    52

..........................................................


THE PROVIDENCE RI CLIMATE NORMALS FOR TOMORROW
                         NORMAL    RECORD    YEAR
 MAXIMUM TEMPERATURE (F)   58        85      1977
                                             1945
 MINIMUM TEMPERATURE (F)   39        26      1956


SUNRISE AND SUNSET
APRIL 12 2014.........SUNRISE   611 AM EDT   SUNSET   723 PM EDT
APRIL 13 2014.........SUNRISE   609 AM EDT   SUNSET   724 PM EDT


-  INDICATES NEGATIVE NUMBERS.
R  INDICATES RECORD WAS SET OR TIED.
MM INDICATES DATA IS MISSING.
T  INDICATES TRACE AMOUNT.




$$
