000
CDUS41 KBOX 140544
CLIPVD


CLIMATE REPORT
NATIONAL WEATHER SERVICE TAUNTON MA
140 AM EDT SUN SEP 14 2014


...................................

...THE PROVIDENCE RI CLIMATE SUMMARY FOR SEPTEMBER 13 2014...

CLIMATE NORMAL PERIOD 1981 TO 2010
CLIMATE RECORD PERIOD 1904 TO 2014


WEATHER ITEM   OBSERVED TIME   RECORD YEAR NORMAL DEPARTURE LAST
                VALUE   (LST)  VALUE       VALUE  FROM      YEAR
                                                  NORMAL
..................................................................
TEMPERATURE (F)
 YESTERDAY
  MAXIMUM         73   1248 PM  91    1957  75     -2       79
  MINIMUM         52    601 AM  44    1970  57     -5       61
                                      1967
                                      1954
  AVERAGE         63                        66     -3       70

PRECIPITATION (IN)
  YESTERDAY        0.17          2.60 1987   0.14   0.03     0.05
  MONTH TO DATE    0.54                      1.64  -1.10     4.24
  SINCE SEP 1      0.54                      1.64  -1.10     4.24
  SINCE JAN 1     31.99                     32.24  -0.25    35.05

SNOWFALL (IN)
  YESTERDAY        0.0           0.0  2002   0.0    0.0      0.0
                                      2001
                                      2000
  MONTH TO DATE    0.0                       0.0    0.0      0.0
  SINCE SEP 1      0.0                       0.0    0.0      0.0
  SINCE JUL 1      0.0                       0.0    0.0      0.0
  SNOW DEPTH       0

DEGREE DAYS
 HEATING
  YESTERDAY        2                         2      0        0
  MONTH TO DATE    2                        17    -15       14
  SINCE SEP 1      2                        17    -15       14
  SINCE JUL 1      2                        26    -24       14

 COOLING
  YESTERDAY        0                         3     -3        5
  MONTH TO DATE  100                        52     48       63
  SINCE SEP 1    100                        52     48       63
  SINCE JAN 1    682                       708    -26      885
..................................................................


WIND (MPH)
  RESULTANT WIND SPEED   4   RESULTANT WIND DIRECTION  NE (50)
  HIGHEST WIND SPEED    15   HIGHEST WIND DIRECTION    SE (150)
  HIGHEST GUST SPEED    21   HIGHEST GUST DIRECTION    NE (50)
  AVERAGE WIND SPEED     7.6


SKY COVER
  POSSIBLE SUNSHINE  MM
  AVERAGE SKY COVER 0.7


WEATHER CONDITIONS
 THE FOLLOWING WEATHER WAS RECORDED YESTERDAY.
  RAIN
  LIGHT RAIN
  FOG


RELATIVE HUMIDITY (PERCENT)
 HIGHEST    90           700 PM
 LOWEST     44           300 PM
 AVERAGE    67

..........................................................


THE PROVIDENCE RI CLIMATE NORMALS FOR TODAY
                         NORMAL    RECORD    YEAR
 MAXIMUM TEMPERATURE (F)   75        90      1931
 MINIMUM TEMPERATURE (F)   56        38      1911


SUNRISE AND SUNSET
SEPTEMBER 14 2014.....SUNRISE   625 AM EDT   SUNSET   657 PM EDT
SEPTEMBER 15 2014.....SUNRISE   626 AM EDT   SUNSET   655 PM EDT


-  INDICATES NEGATIVE NUMBERS.
R  INDICATES RECORD WAS SET OR TIED.
MM INDICATES DATA IS MISSING.
T  INDICATES TRACE AMOUNT.




$$
