000
CDUS41 KBOX 191720
CLIPVD


CLIMATE REPORT
NATIONAL WEATHER SERVICE TAUNTON MA
116 PM EDT MON JUN 19 2017


...................................

...THE PROVIDENCE RI CLIMATE SUMMARY FOR JUNE 18 2017...

CLIMATE NORMAL PERIOD 1981 TO 2010
CLIMATE RECORD PERIOD 1904 TO 2017


WEATHER ITEM   OBSERVED TIME   RECORD YEAR NORMAL DEPARTURE LAST
                VALUE   (LST)  VALUE       VALUE  FROM      YEAR
                                                  NORMAL
..................................................................
TEMPERATURE (F)
 YESTERDAY
  MAXIMUM         81        MM  94    1929  78      3       84
  MINIMUM         65        MM  45    1965  59      6       55
                                      1950
  AVERAGE         73                        69      4       70

PRECIPITATION (IN)
  YESTERDAY        0.01          1.69 1922   0.12  -0.11     0.00
  MONTH TO DATE    3.22                      2.46   0.76     0.76
  SINCE JUN 1      3.22                      2.46   0.76     0.76
  SINCE JAN 1     28.24                     22.53   5.71    18.88

SNOWFALL (IN)
  YESTERDAY        0.0           0.0  2002   0.0    0.0      0.0
                                      2001
                                      2000
  MONTH TO DATE    0.0                       0.0    0.0      0.0
  SINCE JUN 1      0.0                       0.0    0.0      0.0
  SINCE JUL 1     45.9                      33.8   12.1     28.7
  SNOW DEPTH       0

DEGREE DAYS
 HEATING
  YESTERDAY        0                         1     -1        0
  MONTH TO DATE   49                        37     12       12
  SINCE JUN 1     49                        37     12       12
  SINCE JUL 1   5157                      5612   -455     4757

 COOLING
  YESTERDAY        8                         5      3        5
  MONTH TO DATE   74                        60     14       59
  SINCE JUN 1     74                        60     14       59
  SINCE JAN 1    132                        86     46      110
..................................................................


WIND (MPH)
  RESULTANT WIND SPEED   9   RESULTANT WIND DIRECTION   S (190)
  HIGHEST WIND SPEED    15   HIGHEST WIND DIRECTION     S (200)
  HIGHEST GUST SPEED    24   HIGHEST GUST DIRECTION     S (200)
  AVERAGE WIND SPEED     9.8


SKY COVER
  POSSIBLE SUNSHINE  MM
  AVERAGE SKY COVER 0.9


WEATHER CONDITIONS
 THE FOLLOWING WEATHER WAS RECORDED YESTERDAY.
  THUNDERSTORM
  LIGHT RAIN
  FOG


RELATIVE HUMIDITY (PERCENT)
 HIGHEST   100          1200 AM
 LOWEST     85           100 PM
 AVERAGE    93

..........................................................


THE PROVIDENCE RI CLIMATE NORMALS FOR TODAY
                         NORMAL    RECORD    YEAR
 MAXIMUM TEMPERATURE (F)   79        94      1923
 MINIMUM TEMPERATURE (F)   60        45      1956


SUNRISE AND SUNSET
JUNE 19 2017..........SUNRISE   511 AM EDT   SUNSET   823 PM EDT
JUNE 20 2017..........SUNRISE   511 AM EDT   SUNSET   824 PM EDT


-  INDICATES NEGATIVE NUMBERS.
R  INDICATES RECORD WAS SET OR TIED.
MM INDICATES DATA IS MISSING.
T  INDICATES TRACE AMOUNT.




$$
