000
CDUS41 KBOX 050533
CLIPVD


CLIMATE REPORT
NATIONAL WEATHER SERVICE TAUNTON MA
133 AM EDT SAT APR 5 2014


...................................

...THE PROVIDENCE RI CLIMATE SUMMARY FOR APRIL 4 2014...

CLIMATE NORMAL PERIOD 1981 TO 2010
CLIMATE RECORD PERIOD 1904 TO 2014


WEATHER ITEM   OBSERVED TIME   RECORD YEAR NORMAL DEPARTURE LAST
                VALUE   (LST)  VALUE       VALUE  FROM      YEAR
                                                  NORMAL
..................................................................
TEMPERATURE (F)
 YESTERDAY
  MAXIMUM         52   1213 PM  76    2010  54     -2       54
  MINIMUM         38   1159 PM  14    1954  36      2       30
  AVERAGE         45                        45      0       42

PRECIPITATION (IN)
  YESTERDAY        0.16          1.61 1987   0.17  -0.01     0.00
  MONTH TO DATE    0.16                      0.65  -0.49     0.08
  SINCE MAR 1      7.14                      5.66   1.48     3.02
  SINCE JAN 1     15.54                     12.81   2.73     9.98

SNOWFALL (IN)
  YESTERDAY        0.0           1.7  1957   0.1   -0.1      0.0
  MONTH TO DATE    0.0                       0.2   -0.2      0.0
  SINCE MAR 1      1.2                       5.7   -4.5      4.9
  SINCE JUL 1     43.3                      33.4    9.9     46.3
  SNOW DEPTH       0

DEGREE DAYS
 HEATING
  YESTERDAY       20                        20      0       23
  MONTH TO DATE   79                        82     -3       96
  SINCE MAR 1   1033                       891    142      908
  SINCE JUL 1   5305                      4953    352     4729

 COOLING
  YESTERDAY        0                         0      0        0
  MONTH TO DATE    0                         0      0        0
  SINCE MAR 1      0                         0      0        0
  SINCE JAN 1      0                         0      0        0
..................................................................


WIND (MPH)
  RESULTANT WIND SPEED   5   RESULTANT WIND DIRECTION   E (100)
  HIGHEST WIND SPEED    18   HIGHEST WIND DIRECTION     E (110)
  HIGHEST GUST SPEED    23   HIGHEST GUST DIRECTION     E (110)
  AVERAGE WIND SPEED     8.0


SKY COVER
  POSSIBLE SUNSHINE  MM
  AVERAGE SKY COVER 0.8


WEATHER CONDITIONS
 THE FOLLOWING WEATHER WAS RECORDED YESTERDAY.
  LIGHT RAIN
  FOG


RELATIVE HUMIDITY (PERCENT)
 HIGHEST    92          1100 PM
 LOWEST     39          1200 PM
 AVERAGE    66

..........................................................


THE PROVIDENCE RI CLIMATE NORMALS FOR TODAY
                         NORMAL    RECORD    YEAR
 MAXIMUM TEMPERATURE (F)   55        82      1921
 MINIMUM TEMPERATURE (F)   36        20      1995


SUNRISE AND SUNSET
APRIL  5 2014.........SUNRISE   622 AM EDT   SUNSET   716 PM EDT
APRIL  6 2014.........SUNRISE   620 AM EDT   SUNSET   717 PM EDT


-  INDICATES NEGATIVE NUMBERS.
R  INDICATES RECORD WAS SET OR TIED.
MM INDICATES DATA IS MISSING.
T  INDICATES TRACE AMOUNT.




$$
