000
CDUS41 KBOX 140622
CLIPVD


CLIMATE REPORT
NATIONAL WEATHER SERVICE TAUNTON MA
111 AM EST WED FEB 14 2018


...................................

...THE PROVIDENCE RI CLIMATE SUMMARY FOR FEBRUARY 13 2018...

CLIMATE NORMAL PERIOD 1981 TO 2010
CLIMATE RECORD PERIOD 1904 TO 2018


WEATHER ITEM   OBSERVED TIME   RECORD YEAR NORMAL DEPARTURE LAST
                VALUE   (LST)  VALUE       VALUE  FROM      YEAR
                                                  NORMAL
..................................................................
TEMPERATURE (F)
 YESTERDAY
  MAXIMUM         37    142 PM  64    1951  40     -3       36
  MINIMUM         25    703 AM  -5    1967  23      2       25
  AVERAGE         31                        32     -1       31

PRECIPITATION (IN)
  YESTERDAY        0.00          2.74 2008   0.11  -0.11     0.01
  MONTH TO DATE    3.25                      1.46   1.79     1.98
  SINCE DEC 1     12.31                      9.54   2.77    10.08
  SINCE JAN 1      9.74                      5.32   4.42     6.94

SNOWFALL (IN)
  YESTERDAY        0.0           4.2  1916   0.3   -0.3       T
  MONTH TO DATE    0.5                       4.0   -3.5     16.8
  SINCE DEC 1     28.7                      21.7    7.0     38.2
  SINCE JUL 1     28.7                      23.2    5.5     38.2
  SNOW DEPTH       0

DEGREE DAYS
 HEATING
  YESTERDAY       34                        33      1       34
  MONTH TO DATE  401                       446    -45      452
  SINCE DEC 1   2546                      2508     38     2309
  SINCE JUL 1   3360                      3583   -223     3196

 COOLING
  YESTERDAY        0                         0      0        0
  MONTH TO DATE    0                         0      0        0
  SINCE DEC 1      0                         0      0        0
  SINCE JAN 1      0                         0      0        0
..................................................................


WIND (MPH)
  RESULTANT WIND SPEED   3   RESULTANT WIND DIRECTION   N (340)
  HIGHEST WIND SPEED    16   HIGHEST WIND DIRECTION     N (350)
  HIGHEST GUST SPEED    21   HIGHEST GUST DIRECTION    NW (320)
  AVERAGE WIND SPEED     8.8


SKY COVER
  POSSIBLE SUNSHINE  MM
  AVERAGE SKY COVER 0.4


WEATHER CONDITIONS
 THE FOLLOWING WEATHER WAS RECORDED YESTERDAY.
  NO SIGNIFICANT WEATHER WAS OBSERVED.


RELATIVE HUMIDITY (PERCENT)
 HIGHEST    75          1100 PM
 LOWEST     35           200 PM
 AVERAGE    55

..........................................................


THE PROVIDENCE RI CLIMATE NORMALS FOR TODAY
                         NORMAL    RECORD    YEAR
 MAXIMUM TEMPERATURE (F)   40        60      1990
 MINIMUM TEMPERATURE (F)   23        -9      2016


SUNRISE AND SUNSET
FEBRUARY 14 2018......SUNRISE   643 AM EST   SUNSET   518 PM EST
FEBRUARY 15 2018......SUNRISE   641 AM EST   SUNSET   519 PM EST


-  INDICATES NEGATIVE NUMBERS.
R  INDICATES RECORD WAS SET OR TIED.
MM INDICATES DATA IS MISSING.
T  INDICATES TRACE AMOUNT.




$$
