000
CDUS41 KBOX 082136
CLIPVD


CLIMATE REPORT
NATIONAL WEATHER SERVICE TAUNTON MA
434 PM EST FRI DEC 8 2017


...................................

...THE PROVIDENCE RI CLIMATE SUMMARY FOR DECEMBER 8 2017...
VALID AS OF 0400 PM LOCAL TIME.

CLIMATE NORMAL PERIOD 1981 TO 2010
CLIMATE RECORD PERIOD 1904 TO 2017


WEATHER ITEM   OBSERVED TIME   RECORD YEAR NORMAL DEPARTURE LAST
                VALUE   (LST)  VALUE       VALUE  FROM      YEAR
                                                  NORMAL
..................................................................
TEMPERATURE (F)
 TODAY
  MAXIMUM         41    207 PM  64    1966  45     -4       43
  MINIMUM         30    722 AM   0    1906  29      1       31
  AVERAGE         36                        37     -1       37

PRECIPITATION (IN)
  TODAY            0.00          1.40 1969   0.15  -0.15     0.00
  MONTH TO DATE    0.83                      1.22  -0.39     0.46
  SINCE DEC 1      0.83                      1.22  -0.39     0.46
  SINCE JAN 1     47.26                     44.18   3.08    37.32

SNOWFALL (IN)
  TODAY            0.0           3.2  2000   0.2   -0.2      0.0
  MONTH TO DATE    0.0                       1.7   -1.7      0.4
  SINCE DEC 1      0.0                       1.7   -1.7      0.4
  SINCE JUL 1      0.0                       3.2   -3.2      0.4
  SNOW DEPTH       0

DEGREE DAYS
 HEATING
  TODAY           29                        28      1       28
  MONTH TO DATE  189                       215    -26      196
  SINCE DEC 1    189                       215    -26      196
  SINCE JUL 1   1003                      1290   -287     1083

 COOLING
  TODAY            0                         0      0        0
  MONTH TO DATE    0                         0      0        0
  SINCE DEC 1      0                         0      0        0
  SINCE JAN 1    880                       744    136     1049
..................................................................


WIND (MPH)
  HIGHEST WIND SPEED    12   HIGHEST WIND DIRECTION    SW (240)
  HIGHEST GUST SPEED    15   HIGHEST GUST DIRECTION     W (250)
  AVERAGE WIND SPEED     5.0


SKY COVER
  POSSIBLE SUNSHINE  MM
  AVERAGE SKY COVER 0.6


WEATHER CONDITIONS
 THE FOLLOWING WEATHER WAS RECORDED TODAY.
  NO SIGNIFICANT WEATHER WAS OBSERVED.


RELATIVE HUMIDITY (PERCENT)
 HIGHEST    78           700 AM
 LOWEST     37           300 PM
 AVERAGE    58

..........................................................


THE PROVIDENCE RI CLIMATE NORMALS FOR TOMORROW
                         NORMAL    RECORD    YEAR
 MAXIMUM TEMPERATURE (F)   44        66      1991
 MINIMUM TEMPERATURE (F)   29         5      1934


SUNRISE AND SUNSET
DECEMBER  8 2017......SUNRISE   700 AM EST   SUNSET   415 PM EST
DECEMBER  9 2017......SUNRISE   701 AM EST   SUNSET   415 PM EST


-  INDICATES NEGATIVE NUMBERS.
R  INDICATES RECORD WAS SET OR TIED.
MM INDICATES DATA IS MISSING.
T  INDICATES TRACE AMOUNT.




$$
