000
CDUS41 KBOX 270548
CLIPVD


CLIMATE REPORT
NATIONAL WEATHER SERVICE TAUNTON MA
1246 AM EST TUE JAN 27 2015


...................................

...THE PROVIDENCE RI CLIMATE SUMMARY FOR JANUARY 26 2015...

CLIMATE NORMAL PERIOD 1981 TO 2010
CLIMATE RECORD PERIOD 1904 TO 2015


WEATHER ITEM   OBSERVED TIME   RECORD YEAR NORMAL DEPARTURE LAST
                VALUE   (LST)  VALUE       VALUE  FROM      YEAR
                                                  NORMAL
..................................................................
TEMPERATURE (F)
 YESTERDAY
  MAXIMUM         28   1121 PM  64    1916  38    -10       25
  MINIMUM         15    747 AM   1    1927  21     -6       16
                                      1920
  AVERAGE         22                        29     -7       21

PRECIPITATION (IN)
  YESTERDAY        0.18          1.75 1986   0.12   0.06      T
  MONTH TO DATE    2.63                      3.25  -0.62     3.62
  SINCE DEC 1      8.88                      7.47   1.41     8.44
  SINCE JAN 1      2.63                      3.25  -0.62     3.62

SNOWFALL (IN)
  YESTERDAY        3.1 R         3.1  1987   0.3    2.8       T
  MONTH TO DATE    9.1                       7.5    1.6     14.1
  SINCE DEC 1     10.0                      16.2   -6.2     21.1
  SINCE JUL 1     11.6                      17.7   -6.1     21.2
  SNOW DEPTH      MM

DEGREE DAYS
 HEATING
  YESTERDAY       43                        36      7       44
  MONTH TO DATE  970                       932     38      973
  SINCE DEC 1   1805                      1884    -79     1949
  SINCE JUL 1   2841                      2959   -118     3052

 COOLING
  YESTERDAY        0                         0      0        0
  MONTH TO DATE    0                         0      0        0
  SINCE DEC 1      0                         0      0        0
  SINCE JAN 1      0                         0      0        0
..................................................................


WIND (MPH)
  RESULTANT WIND SPEED  14   RESULTANT WIND DIRECTION   N (20)
  HIGHEST WIND SPEED    33   HIGHEST WIND DIRECTION     N (20)
  HIGHEST GUST SPEED    41   HIGHEST GUST DIRECTION     N (20)
  AVERAGE WIND SPEED    16.1


SKY COVER
  POSSIBLE SUNSHINE  MM
  AVERAGE SKY COVER 0.8


WEATHER CONDITIONS
 THE FOLLOWING WEATHER WAS RECORDED YESTERDAY.
  SNOW
  LIGHT SNOW
  FOG
  BLOWING SNOW


RELATIVE HUMIDITY (PERCENT)
 HIGHEST    92           400 PM
 LOWEST     47           200 AM
 AVERAGE    70

..........................................................


THE PROVIDENCE RI CLIMATE NORMALS FOR TODAY
                         NORMAL    RECORD    YEAR
 MAXIMUM TEMPERATURE (F)   38        66      1974
 MINIMUM TEMPERATURE (F)   21        -3      1935


SUNRISE AND SUNSET
JANUARY 27 2015.......SUNRISE   703 AM EST   SUNSET   455 PM EST
JANUARY 28 2015.......SUNRISE   702 AM EST   SUNSET   456 PM EST


-  INDICATES NEGATIVE NUMBERS.
R  INDICATES RECORD WAS SET OR TIED.
MM INDICATES DATA IS MISSING.
T  INDICATES TRACE AMOUNT.




$$
