000
CDUS41 KBOX 160559
CLIPVD


CLIMATE REPORT
NATIONAL WEATHER SERVICE TAUNTON MA
157 AM EDT SUN APR 16 2017


...................................

...THE PROVIDENCE RI CLIMATE SUMMARY FOR APRIL 15 2017...

CLIMATE NORMAL PERIOD 1981 TO 2010
CLIMATE RECORD PERIOD 1904 TO 2017


WEATHER ITEM   OBSERVED TIME   RECORD YEAR NORMAL DEPARTURE LAST
                VALUE   (LST)  VALUE       VALUE  FROM      YEAR
                                                  NORMAL
..................................................................
TEMPERATURE (F)
 YESTERDAY
  MAXIMUM         66    139 PM  82    1938  59      7       58
  MINIMUM         37    451 AM  27    1923  40     -3       36
  AVERAGE         52                        49      3       47

PRECIPITATION (IN)
  YESTERDAY        0.01          2.90 2007   0.14  -0.13     0.00
  MONTH TO DATE    3.85                      2.37   1.48     3.58
  SINCE MAR 1      7.70                      7.38   0.32     6.26
  SINCE JAN 1     14.88                     14.53   0.35    14.61

SNOWFALL (IN)
  YESTERDAY        0.0           T    2007   0.0    0.0      0.0
                                      1916
  MONTH TO DATE    T                         0.5   -0.5      6.7
  SINCE MAR 1      7.7                       6.0    1.7      9.3
  SINCE JUL 1     45.9                      33.7   12.2     28.7
  SNOW DEPTH       0

DEGREE DAYS
 HEATING
  YESTERDAY       13                        16     -3       18
  MONTH TO DATE  234                       277    -43      325
  SINCE MAR 1   1154                      1086     68      972
  SINCE JUL 1   4712                      5148   -436     4343

 COOLING
  YESTERDAY        0                         0      0        0
  MONTH TO DATE    0                         0      0        0
  SINCE MAR 1      0                         0      0        0
  SINCE JAN 1      0                         0      0        0
..................................................................


WIND (MPH)
  RESULTANT WIND SPEED  10   RESULTANT WIND DIRECTION  SW (220)
  HIGHEST WIND SPEED    28   HIGHEST WIND DIRECTION     S (200)
  HIGHEST GUST SPEED    37   HIGHEST GUST DIRECTION     S (200)
  AVERAGE WIND SPEED    11.2


SKY COVER
  POSSIBLE SUNSHINE  MM
  AVERAGE SKY COVER 0.3


WEATHER CONDITIONS
 THE FOLLOWING WEATHER WAS RECORDED YESTERDAY.
  LIGHT RAIN


RELATIVE HUMIDITY (PERCENT)
 HIGHEST    92           400 AM
 LOWEST     22           300 PM
 AVERAGE    57

..........................................................


THE PROVIDENCE RI CLIMATE NORMALS FOR TODAY
                         NORMAL    RECORD    YEAR
 MAXIMUM TEMPERATURE (F)   59        88      2003
 MINIMUM TEMPERATURE (F)   40        27      1943


SUNRISE AND SUNSET
APRIL 16 2017.........SUNRISE   604 AM EDT   SUNSET   728 PM EDT
APRIL 17 2017.........SUNRISE   602 AM EDT   SUNSET   729 PM EDT


-  INDICATES NEGATIVE NUMBERS.
R  INDICATES RECORD WAS SET OR TIED.
MM INDICATES DATA IS MISSING.
T  INDICATES TRACE AMOUNT.




$$
