000
CDUS41 KBOX 240612
CLIPVD


CLIMATE REPORT
NATIONAL WEATHER SERVICE TAUNTON MA
109 AM EST THU NOV 24 2016


...................................

...THE PROVIDENCE RI CLIMATE SUMMARY FOR NOVEMBER 23 2016...

CLIMATE NORMAL PERIOD 1981 TO 2010
CLIMATE RECORD PERIOD 1904 TO 2016


WEATHER ITEM   OBSERVED TIME   RECORD YEAR NORMAL DEPARTURE LAST
                VALUE   (LST)  VALUE       VALUE  FROM      YEAR
                                                  NORMAL
..................................................................
TEMPERATURE (F)
 YESTERDAY
  MAXIMUM         46    152 PM  72    1979  51     -5       44
                                      1931
  MINIMUM         31    718 AM  14    1972  34     -3       26
  AVERAGE         39                        42     -3       35

PRECIPITATION (IN)
  YESTERDAY        0.00          3.38 1953   0.16  -0.16     0.00
  MONTH TO DATE    1.36                      3.41  -2.05     2.54
  SINCE SEP 1      8.93                     11.26  -2.33     8.53
  SINCE JAN 1     34.76                     41.86  -7.10    35.95

SNOWFALL (IN)
  YESTERDAY        0.0           8.0  1989   0.1   -0.1      0.0
  MONTH TO DATE    T                         0.8   -0.8      0.0
  SINCE SEP 1      T                         0.8   -0.8      0.0
  SINCE JUL 1      T                         0.8   -0.8      0.0
  SNOW DEPTH       0

DEGREE DAYS
 HEATING
  YESTERDAY       26                        23      3       30
  MONTH TO DATE  405                       448    -43      353
  SINCE SEP 1    743                       897   -154      720
  SINCE JUL 1    743                       906   -163      720

 COOLING
  YESTERDAY        0                         0      0        0
  MONTH TO DATE    0                         0      0        2
  SINCE SEP 1    166                        88     78      154
  SINCE JAN 1   1049                       744    305      955
..................................................................


WIND (MPH)
  RESULTANT WIND SPEED  10   RESULTANT WIND DIRECTION  NW (310)
  HIGHEST WIND SPEED    21   HIGHEST WIND DIRECTION    NW (310)
  HIGHEST GUST SPEED    27   HIGHEST GUST DIRECTION    NW (320)
  AVERAGE WIND SPEED    10.2


SKY COVER
  POSSIBLE SUNSHINE  MM
  AVERAGE SKY COVER 0.3


WEATHER CONDITIONS
 THE FOLLOWING WEATHER WAS RECORDED YESTERDAY.
  NO SIGNIFICANT WEATHER WAS OBSERVED.


RELATIVE HUMIDITY (PERCENT)
 HIGHEST    61          1000 PM
 LOWEST     37           200 PM
 AVERAGE    49

..........................................................


THE PROVIDENCE RI CLIMATE NORMALS FOR TODAY
                         NORMAL    RECORD    YEAR
 MAXIMUM TEMPERATURE (F)   50        73      1979
 MINIMUM TEMPERATURE (F)   34         6      1989


SUNRISE AND SUNSET
NOVEMBER 24 2016......SUNRISE   646 AM EST   SUNSET   419 PM EST
NOVEMBER 25 2016......SUNRISE   647 AM EST   SUNSET   418 PM EST


-  INDICATES NEGATIVE NUMBERS.
R  INDICATES RECORD WAS SET OR TIED.
MM INDICATES DATA IS MISSING.
T  INDICATES TRACE AMOUNT.




$$
