000
CDUS41 KBOX 252127
CLIPVD


CLIMATE REPORT
NATIONAL WEATHER SERVICE TAUNTON MA
526 PM EDT MON APR 25 2016


...................................

...THE PROVIDENCE RI CLIMATE SUMMARY FOR APRIL 25 2016...
VALID TODAY AS OF 0500 PM LOCAL TIME.

CLIMATE NORMAL PERIOD 1981 TO 2010
CLIMATE RECORD PERIOD 1904 TO 2016


WEATHER ITEM   OBSERVED TIME   RECORD YEAR NORMAL DEPARTURE LAST
                VALUE   (LST)  VALUE       VALUE  FROM      YEAR
                                                  NORMAL
..................................................................
TEMPERATURE (F)
 TODAY
  MAXIMUM         62    359 PM  83    1982  62      0       60
  MINIMUM         45    501 AM  29    1919  43      2       33
  AVERAGE         54                        52      2       47

PRECIPITATION (IN)
  TODAY            0.00          1.70 1945   0.12  -0.12     0.00
  MONTH TO DATE    3.77                      3.71   0.06     2.45
  SINCE MAR 1      6.45                      8.72  -2.27     6.85
  SINCE JAN 1     14.80                     15.87  -1.07    13.20

SNOWFALL (IN)
  TODAY            0.0           T    1987   0.0    0.0      0.0
  MONTH TO DATE    6.7                       0.6    6.1       T
  SINCE MAR 1      9.3                       6.1    3.2     16.3
  SINCE JUL 1     28.7                      33.8   -5.1     76.2
  SNOW DEPTH       0

DEGREE DAYS
 HEATING
  TODAY           11                        13     -2       18
  MONTH TO DATE  425                       419      6      411
  SINCE MAR 1   1072                      1228   -156     1403
  SINCE JUL 1   4443                      5290   -847     5765

 COOLING
  TODAY            0                         0      0        0
  MONTH TO DATE    0                         0      0        0
  SINCE MAR 1      0                         0      0        0
  SINCE JAN 1      0                         0      0        0
..................................................................


WIND (MPH)
  HIGHEST WIND SPEED    17   HIGHEST WIND DIRECTION     S (160)
  HIGHEST GUST SPEED    20   HIGHEST GUST DIRECTION    SE (140)
  AVERAGE WIND SPEED     5.7


SKY COVER
  POSSIBLE SUNSHINE  MM
  AVERAGE SKY COVER 0.9


WEATHER CONDITIONS
 THE FOLLOWING WEATHER WAS RECORDED TODAY.
  NO SIGNIFICANT WEATHER WAS OBSERVED.


RELATIVE HUMIDITY (PERCENT)
 HIGHEST    86           600 AM
 LOWEST     40          1100 AM
 AVERAGE    63

..........................................................


THE PROVIDENCE RI CLIMATE NORMALS FOR TOMORROW
                         NORMAL    RECORD    YEAR
 MAXIMUM TEMPERATURE (F)   62        88      2009
 MINIMUM TEMPERATURE (F)   43        28      1919


SUNRISE AND SUNSET
APRIL 25 2016.........SUNRISE   550 AM EDT   SUNSET   738 PM EDT
APRIL 26 2016.........SUNRISE   548 AM EDT   SUNSET   739 PM EDT


-  INDICATES NEGATIVE NUMBERS.
R  INDICATES RECORD WAS SET OR TIED.
MM INDICATES DATA IS MISSING.
T  INDICATES TRACE AMOUNT.




$$
