000
CDUS41 KBOX 112201
CLIPVD


CLIMATE REPORT
NATIONAL WEATHER SERVICE TAUNTON MA
451 PM EST THU JAN 11 2018


...................................

...THE PROVIDENCE RI CLIMATE SUMMARY FOR JANUARY 11 2018...
VALID AS OF 0400 PM LOCAL TIME.

CLIMATE NORMAL PERIOD 1981 TO 2010
CLIMATE RECORD PERIOD 1904 TO 2018


WEATHER ITEM   OBSERVED TIME   RECORD YEAR NORMAL DEPARTURE LAST
                VALUE   (LST)  VALUE       VALUE  FROM      YEAR
                                                  NORMAL
..................................................................
TEMPERATURE (F)
 TODAY
  MAXIMUM         51    244 PM  61    1975  37     14       56
  MINIMUM         27    308 AM  -5    1988  21      6       40
  AVERAGE         39                        29     10       48

PRECIPITATION (IN)
  TODAY            0.00          1.28 2008   0.13  -0.13     0.18
  MONTH TO DATE    1.05                      1.35  -0.30     2.04
  SINCE DEC 1      3.62                      5.57  -1.95     5.18
  SINCE JAN 1      1.05                      1.35  -0.30     2.04

SNOWFALL (IN)
  TODAY            0.0           6.1  1984   0.3   -0.3      0.0
  MONTH TO DATE   14.4                       3.3   11.1     14.1
  SINCE DEC 1     21.5                      12.0    9.5     18.5
  SINCE JUL 1     21.5                      13.5    8.0     18.5
  SNOW DEPTH       7

DEGREE DAYS
 HEATING
  TODAY           26                        36    -10       17
  MONTH TO DATE  483                       392     91      379
  SINCE DEC 1   1524                      1344    180     1307
  SINCE JUL 1   2338                      2419    -81     2194

 COOLING
  TODAY            0                         0      0        0
  MONTH TO DATE    0                         0      0        0
  SINCE DEC 1      0                         0      0        0
  SINCE JAN 1      0                         0      0        0
..................................................................


WIND (MPH)
  HIGHEST WIND SPEED    13   HIGHEST WIND DIRECTION    SW (210)
  HIGHEST GUST SPEED    16   HIGHEST GUST DIRECTION    SW (210)
  AVERAGE WIND SPEED     4.9


SKY COVER
  POSSIBLE SUNSHINE  MM
  AVERAGE SKY COVER 0.7


WEATHER CONDITIONS
 THE FOLLOWING WEATHER WAS RECORDED TODAY.
  FOG


RELATIVE HUMIDITY (PERCENT)
 HIGHEST   100           300 AM
 LOWEST     85          1200 AM
 AVERAGE    93

..........................................................


THE PROVIDENCE RI CLIMATE NORMALS FOR TOMORROW
                         NORMAL    RECORD    YEAR
 MAXIMUM TEMPERATURE (F)   37        60      2017
 MINIMUM TEMPERATURE (F)   21        -8      1981


SUNRISE AND SUNSET
JANUARY 11 2018.......SUNRISE   712 AM EST   SUNSET   436 PM EST
JANUARY 12 2018.......SUNRISE   712 AM EST   SUNSET   437 PM EST


-  INDICATES NEGATIVE NUMBERS.
R  INDICATES RECORD WAS SET OR TIED.
MM INDICATES DATA IS MISSING.
T  INDICATES TRACE AMOUNT.




$$
