000
CDUS41 KBOX 302131
CLIPVD


CLIMATE REPORT
NATIONAL WEATHER SERVICE TAUNTON MA
427 PM EST SAT JAN 30 2016


...................................

...THE PROVIDENCE RI CLIMATE SUMMARY FOR JANUARY 30 2016...
VALID AS OF 0400 PM LOCAL TIME.

CLIMATE NORMAL PERIOD 1981 TO 2010
CLIMATE RECORD PERIOD 1904 TO 2016


WEATHER ITEM   OBSERVED TIME   RECORD YEAR NORMAL DEPARTURE LAST
                VALUE   (LST)  VALUE       VALUE  FROM      YEAR
                                                  NORMAL
..................................................................
TEMPERATURE (F)
 TODAY
  MAXIMUM         44    304 PM  62    1914  38      6       35
  MINIMUM         27    616 AM  -2    1965  21      6       19
                                      1948
  AVERAGE         36                        30      6       27

PRECIPITATION (IN)
  TODAY            0.00          0.80 1939   0.12  -0.12     0.09
  MONTH TO DATE    3.03                      3.73  -0.70     3.62
  SINCE DEC 1      7.83                      7.95  -0.12     9.87
  SINCE JAN 1      3.03                      3.73  -0.70     3.62

SNOWFALL (IN)
  TODAY            0.0           5.2  1966   0.3   -0.3      0.5
  MONTH TO DATE    7.3                       8.7   -1.4     25.6
  SINCE DEC 1      7.9                      17.4   -9.5     26.5
  SINCE JUL 1      7.9                      18.9  -11.0     28.1
  SNOW DEPTH       0

DEGREE DAYS
 HEATING
  TODAY           29                        35     -6       38
  MONTH TO DATE  993                      1074    -81     1148
  SINCE DEC 1   1576                      2026   -450     1983
  SINCE JUL 1   2457                      3101   -644     3019

 COOLING
  TODAY            0                         0      0        0
  MONTH TO DATE    0                         0      0        0
  SINCE DEC 1      0                         0      0        0
  SINCE JAN 1      0                         0      0        0
..................................................................


WIND (MPH)
  HIGHEST WIND SPEED    18   HIGHEST WIND DIRECTION     S (190)
  HIGHEST GUST SPEED    23   HIGHEST GUST DIRECTION     S (190)
  AVERAGE WIND SPEED     8.9


SKY COVER
  POSSIBLE SUNSHINE  MM
  AVERAGE SKY COVER 0.4


WEATHER CONDITIONS
 THE FOLLOWING WEATHER WAS RECORDED TODAY.
  NO SIGNIFICANT WEATHER WAS OBSERVED.


RELATIVE HUMIDITY (PERCENT)
 HIGHEST    69           400 AM
 LOWEST     36           200 PM
 AVERAGE    53

..........................................................


THE PROVIDENCE RI CLIMATE NORMALS FOR TOMORROW
                         NORMAL    RECORD    YEAR
 MAXIMUM TEMPERATURE (F)   38        62      2013
                                             1988
                                             1947
 MINIMUM TEMPERATURE (F)   22        -6      1920


SUNRISE AND SUNSET
JANUARY 30 2016.......SUNRISE   700 AM EST   SUNSET   458 PM EST
JANUARY 31 2016.......SUNRISE   659 AM EST   SUNSET   459 PM EST


-  INDICATES NEGATIVE NUMBERS.
R  INDICATES RECORD WAS SET OR TIED.
MM INDICATES DATA IS MISSING.
T  INDICATES TRACE AMOUNT.




$$
