000
CDUS41 KBOX 100542
CLIPVD


CLIMATE REPORT
NATIONAL WEATHER SERVICE TAUNTON MA
1241 AM EST FRI NOV 10 2017


...................................

...THE PROVIDENCE RI CLIMATE SUMMARY FOR NOVEMBER 9 2017...

CLIMATE NORMAL PERIOD 1981 TO 2010
CLIMATE RECORD PERIOD 1904 TO 2017


WEATHER ITEM   OBSERVED TIME   RECORD YEAR NORMAL DEPARTURE LAST
                VALUE   (LST)  VALUE       VALUE  FROM      YEAR
                                                  NORMAL
..................................................................
TEMPERATURE (F)
 YESTERDAY
  MAXIMUM         52    316 PM  74    1945  56     -4       64
  MINIMUM         29    541 AM  18    1976  38     -9       37
  AVERAGE         41                        46     -5       51

PRECIPITATION (IN)
  YESTERDAY        0.00          1.30 1969   0.14  -0.14      T
  MONTH TO DATE    0.31                      1.26  -0.95     0.05
  SINCE SEP 1      9.60                      9.11   0.49     7.62
  SINCE JAN 1     43.80                     39.71   4.09    33.45

SNOWFALL (IN)
  YESTERDAY        0.0           1.5  1904   0.0    0.0      0.0
  MONTH TO DATE    0.0                       0.1   -0.1      0.0
  SINCE SEP 1      0.0                       0.1   -0.1      0.0
  SINCE JUL 1      0.0                       0.1   -0.1      0.0
  SNOW DEPTH       0

DEGREE DAYS
 HEATING
  YESTERDAY       24                        18      6       14
  MONTH TO DATE  120                       156    -36      144
  SINCE SEP 1    302                       605   -303      482
  SINCE JUL 1    310                       614   -304      482

 COOLING
  YESTERDAY        0                         0      0        0
  MONTH TO DATE    0                         0      0        0
  SINCE SEP 1    176                        88     88      166
  SINCE JAN 1    880                       744    136     1049
..................................................................


WIND (MPH)
  RESULTANT WIND SPEED   1   RESULTANT WIND DIRECTION   E (70)
  HIGHEST WIND SPEED    10   HIGHEST WIND DIRECTION    SE (150)
  HIGHEST GUST SPEED    13   HIGHEST GUST DIRECTION     S (170)
  AVERAGE WIND SPEED     3.9


SKY COVER
  POSSIBLE SUNSHINE  MM
  AVERAGE SKY COVER 0.3


WEATHER CONDITIONS
 THE FOLLOWING WEATHER WAS RECORDED YESTERDAY.
  NO SIGNIFICANT WEATHER WAS OBSERVED.


RELATIVE HUMIDITY (PERCENT)
 HIGHEST   100           300 AM
 LOWEST     54           200 PM
 AVERAGE    77

..........................................................


THE PROVIDENCE RI CLIMATE NORMALS FOR TODAY
                         NORMAL    RECORD    YEAR
 MAXIMUM TEMPERATURE (F)   55        73      1999
 MINIMUM TEMPERATURE (F)   37        22      1995
                                             1956


SUNRISE AND SUNSET
NOVEMBER 10 2017......SUNRISE   629 AM EST   SUNSET   430 PM EST
NOVEMBER 11 2017......SUNRISE   630 AM EST   SUNSET   429 PM EST


-  INDICATES NEGATIVE NUMBERS.
R  INDICATES RECORD WAS SET OR TIED.
MM INDICATES DATA IS MISSING.
T  INDICATES TRACE AMOUNT.




$$
