589
CDUS41 KBOX 170530
CLIPVD


CLIMATE REPORT
NATIONAL WEATHER SERVICE TAUNTON MA
128 AM EDT SAT JUN 17 2017


...................................

...THE PROVIDENCE RI CLIMATE SUMMARY FOR JUNE 16 2017...

CLIMATE NORMAL PERIOD 1981 TO 2010
CLIMATE RECORD PERIOD 1904 TO 2017


WEATHER ITEM   OBSERVED TIME   RECORD YEAR NORMAL DEPARTURE LAST
                VALUE   (LST)  VALUE       VALUE  FROM      YEAR
                                                  NORMAL
..................................................................
TEMPERATURE (F)
 YESTERDAY
  MAXIMUM         70   1029 AM  95    1957  78     -8       83
  MINIMUM         60    658 PM  47    1961  59      1       63
                                      1926
  AVERAGE         65                        68     -3       73

PRECIPITATION (IN)
  YESTERDAY        2.21R         1.48 1985   0.12   2.09     0.00
  MONTH TO DATE    3.20                      2.22   0.98     0.76
  SINCE JUN 1      3.20                      2.22   0.98     0.76
  SINCE JAN 1     28.22                     22.29   5.93    18.88

SNOWFALL (IN)
  YESTERDAY        0.0           0.0  2016   0.0    0.0      0.0
  MONTH TO DATE    0.0                       0.0    0.0      0.0
  SINCE JUN 1      0.0                       0.0    0.0      0.0
  SINCE JUL 1     45.9                      33.8   12.1     28.7
  SNOW DEPTH       0

DEGREE DAYS
 HEATING
  YESTERDAY        0                         1     -1        0
  MONTH TO DATE   49                        35     14       12
  SINCE JUN 1     49                        35     14       12
  SINCE JUL 1   5157                      5610   -453     4757

 COOLING
  YESTERDAY        0                         4     -4        8
  MONTH TO DATE   62                        50     12       50
  SINCE JUN 1     62                        50     12       50
  SINCE JAN 1    120                        76     44      101
..................................................................


WIND (MPH)
  RESULTANT WIND SPEED   9   RESULTANT WIND DIRECTION  SE (150)
  HIGHEST WIND SPEED    20   HIGHEST WIND DIRECTION     S (160)
  HIGHEST GUST SPEED    23   HIGHEST GUST DIRECTION     S (170)
  AVERAGE WIND SPEED     9.4


SKY COVER
  POSSIBLE SUNSHINE  MM
  AVERAGE SKY COVER 0.9


WEATHER CONDITIONS
 THE FOLLOWING WEATHER WAS RECORDED YESTERDAY.
  HEAVY RAIN
  RAIN
  LIGHT RAIN
  FOG


RELATIVE HUMIDITY (PERCENT)
 HIGHEST   100           300 PM
 LOWEST     61          1100 AM
 AVERAGE    81

..........................................................


THE PROVIDENCE RI CLIMATE NORMALS FOR TODAY
                         NORMAL    RECORD    YEAR
 MAXIMUM TEMPERATURE (F)   78        93      1957
 MINIMUM TEMPERATURE (F)   59        43      1926


SUNRISE AND SUNSET
JUNE 17 2017..........SUNRISE   511 AM EDT   SUNSET   823 PM EDT
JUNE 18 2017..........SUNRISE   511 AM EDT   SUNSET   823 PM EDT


-  INDICATES NEGATIVE NUMBERS.
R  INDICATES RECORD WAS SET OR TIED.
MM INDICATES DATA IS MISSING.
T  INDICATES TRACE AMOUNT.




$$
