000
CDUS41 KBOX 211235
CLIPVD


CLIMATE REPORT
NATIONAL WEATHER SERVICE TAUNTON MA
835 AM EDT THU MAY 21 2015


...................................

...THE PROVIDENCE RI CLIMATE SUMMARY FOR MAY 20 2015...

CLIMATE NORMAL PERIOD 1981 TO 2010
CLIMATE RECORD PERIOD 1904 TO 2015


WEATHER ITEM   OBSERVED TIME   RECORD YEAR NORMAL DEPARTURE LAST
                VALUE   (LST)  VALUE       VALUE  FROM      YEAR
                                                  NORMAL
..................................................................
TEMPERATURE (F)
 YESTERDAY
  MAXIMUM         67   1233 PM  95    1996  70     -3       77
  MINIMUM         49   1159 PM  40    2002  50     -1       50
                                      1992
                                      1950
  AVERAGE         58                        60     -2       64

PRECIPITATION (IN)
  YESTERDAY        0.00          1.26 1972   0.12  -0.12      T
  MONTH TO DATE    0.48                      2.19  -1.71     1.91
  SINCE MAR 1      7.39                     11.56  -4.17    14.06
  SINCE JAN 1     13.74                     18.71  -4.97    22.46

SNOWFALL (IN)
  YESTERDAY        0.0           0.0  2002   0.0    0.0      0.0
                                      2001
                                      2000
  MONTH TO DATE    0.0                       0.0    0.0      0.0
  SINCE MAR 1     16.3                       6.1   10.2      1.5
  SINCE JUL 1     76.2                      33.8   42.4     43.6
  SNOW DEPTH       0

DEGREE DAYS
 HEATING
  YESTERDAY        7                         6      1        1
  MONTH TO DATE  103                       172    -69      112
  SINCE MAR 1   1567                      1460    107     1552
  SINCE JUL 1   5929                      5522    407     5824

 COOLING
  YESTERDAY        0                         1     -1        0
  MONTH TO DATE   29                         7     22        9
  SINCE MAR 1     29                         9     20        9
  SINCE JAN 1     29                         9     20        9
..................................................................


WIND (MPH)
  RESULTANT WIND SPEED  11   RESULTANT WIND DIRECTION  NW (300)
  HIGHEST WIND SPEED    23   HIGHEST WIND DIRECTION    NW (330)
  HIGHEST GUST SPEED    32   HIGHEST GUST DIRECTION     W (290)
  AVERAGE WIND SPEED    11.5


SKY COVER
  POSSIBLE SUNSHINE  MM
  AVERAGE SKY COVER 0.5


WEATHER CONDITIONS
 THE FOLLOWING WEATHER WAS RECORDED YESTERDAY.
  NO SIGNIFICANT WEATHER WAS OBSERVED.


RELATIVE HUMIDITY (PERCENT)
 HIGHEST    93           100 AM
 LOWEST     36           300 PM
 AVERAGE    65

..........................................................


THE PROVIDENCE RI CLIMATE NORMALS FOR TODAY
                         NORMAL    RECORD    YEAR
 MAXIMUM TEMPERATURE (F)   70        93      1996
 MINIMUM TEMPERATURE (F)   50        36      2002


SUNRISE AND SUNSET
MAY 21 2015...........SUNRISE   521 AM EDT   SUNSET   804 PM EDT
MAY 22 2015...........SUNRISE   520 AM EDT   SUNSET   805 PM EDT


-  INDICATES NEGATIVE NUMBERS.
R  INDICATES RECORD WAS SET OR TIED.
MM INDICATES DATA IS MISSING.
T  INDICATES TRACE AMOUNT.




$$
