000
CDUS41 KBOX 140554
CLIPVD


CLIMATE REPORT
NATIONAL WEATHER SERVICE TAUNTON MA
1254 AM EST SAT JAN 14 2017


...................................

...THE PROVIDENCE RI CLIMATE SUMMARY FOR JANUARY 13 2017...

CLIMATE NORMAL PERIOD 1981 TO 2010
CLIMATE RECORD PERIOD 1904 TO 2017


WEATHER ITEM   OBSERVED TIME   RECORD YEAR NORMAL DEPARTURE LAST
                VALUE   (LST)  VALUE       VALUE  FROM      YEAR
                                                  NORMAL
..................................................................
TEMPERATURE (F)
 YESTERDAY
  MAXIMUM         57   1206 AM  61    1995  37     20       33
  MINIMUM         28   1159 PM  -6    1912  21      7       21
  AVERAGE         43                        29     14       27

PRECIPITATION (IN)
  YESTERDAY        0.00          1.52 1948   0.13  -0.13      T
  MONTH TO DATE    2.04                      1.61   0.43     1.63
  SINCE DEC 1      5.18                      5.83  -0.65     6.43
  SINCE JAN 1      2.04                      1.61   0.43     1.63

SNOWFALL (IN)
  YESTERDAY        0.0          10.3  1964   0.3   -0.3       T
  MONTH TO DATE   14.1                       3.9   10.2      0.3
  SINCE DEC 1     18.5                      12.6    5.9      0.9
  SINCE JUL 1     18.5                      14.1    4.4      0.9
  SNOW DEPTH       0

DEGREE DAYS
 HEATING
  YESTERDAY       22                        36    -14       38
  MONTH TO DATE  401                       464    -63      417
  SINCE DEC 1   1329                      1416    -87     1000
  SINCE JUL 1   2216                      2491   -275     1881

 COOLING
  YESTERDAY        0                         0      0        0
  MONTH TO DATE    0                         0      0        0
  SINCE DEC 1      0                         0      0        0
  SINCE JAN 1      0                         0      0        0
..................................................................


WIND (MPH)
  RESULTANT WIND SPEED  11   RESULTANT WIND DIRECTION  NW (310)
  HIGHEST WIND SPEED    25   HIGHEST WIND DIRECTION    NW (310)
  HIGHEST GUST SPEED    36   HIGHEST GUST DIRECTION     N (340)
  AVERAGE WIND SPEED    12.0


SKY COVER
  POSSIBLE SUNSHINE  MM
  AVERAGE SKY COVER 0.5


WEATHER CONDITIONS
 THE FOLLOWING WEATHER WAS RECORDED YESTERDAY.
  NO SIGNIFICANT WEATHER WAS OBSERVED.


RELATIVE HUMIDITY (PERCENT)
 HIGHEST    93           100 AM
 LOWEST     30           400 PM
 AVERAGE    62

..........................................................


THE PROVIDENCE RI CLIMATE NORMALS FOR TODAY
                         NORMAL    RECORD    YEAR
 MAXIMUM TEMPERATURE (F)   37        69      1995
 MINIMUM TEMPERATURE (F)   21        -6      1912


SUNRISE AND SUNSET
JANUARY 14 2017.......SUNRISE   711 AM EST   SUNSET   439 PM EST
JANUARY 15 2017.......SUNRISE   710 AM EST   SUNSET   441 PM EST


-  INDICATES NEGATIVE NUMBERS.
R  INDICATES RECORD WAS SET OR TIED.
MM INDICATES DATA IS MISSING.
T  INDICATES TRACE AMOUNT.




$$
