000
CDUS41 KBOX 230617
CLIPVD


CLIMATE REPORT
NATIONAL WEATHER SERVICE TAUNTON MA
217 AM EDT FRI SEP 23 2016


...................................

...THE PROVIDENCE RI CLIMATE SUMMARY FOR SEPTEMBER 22 2016...

CLIMATE NORMAL PERIOD 1981 TO 2010
CLIMATE RECORD PERIOD 1904 TO 2016


WEATHER ITEM   OBSERVED TIME   RECORD YEAR NORMAL DEPARTURE LAST
                VALUE   (LST)  VALUE       VALUE  FROM      YEAR
                                                  NORMAL
..................................................................
TEMPERATURE (F)
 YESTERDAY
  MAXIMUM         82    333 PM  93    1980  72     10       74
  MINIMUM         58    553 AM  34    1962  53      5       56
  AVERAGE         70                        62      8       65

PRECIPITATION (IN)
  YESTERDAY        0.00          2.08 2001   0.14  -0.14     0.00
  MONTH TO DATE    1.63                      2.84  -1.21     1.11
  SINCE SEP 1      1.63                      2.84  -1.21     1.11
  SINCE JAN 1     27.46                     33.44  -5.98    28.53

SNOWFALL (IN)
  YESTERDAY        0.0           0.0  2002   0.0    0.0      0.0
                                      2001
                                      2000
  MONTH TO DATE    0.0                       0.0    0.0      0.0
  SINCE SEP 1      0.0                       0.0    0.0      0.0
  SINCE JUL 1      0.0                       0.0    0.0      0.0
  SNOW DEPTH       0

DEGREE DAYS
 HEATING
  YESTERDAY        0                         4     -4        0
  MONTH TO DATE    6                        45    -39        4
  SINCE SEP 1      6                        45    -39        4
  SINCE JUL 1      6                        54    -48        4

 COOLING
  YESTERDAY        5                         2      3        0
  MONTH TO DATE  146                        72     74      140
  SINCE SEP 1    146                        72     74      140
  SINCE JAN 1   1029                       728    301      941
..................................................................


WIND (MPH)
  RESULTANT WIND SPEED   3   RESULTANT WIND DIRECTION   S (200)
  HIGHEST WIND SPEED    12   HIGHEST WIND DIRECTION     S (170)
  HIGHEST GUST SPEED    14   HIGHEST GUST DIRECTION     S (170)
  AVERAGE WIND SPEED     4.9


SKY COVER
  POSSIBLE SUNSHINE  MM
  AVERAGE SKY COVER 0.2


WEATHER CONDITIONS
 THE FOLLOWING WEATHER WAS RECORDED YESTERDAY.
  NO SIGNIFICANT WEATHER WAS OBSERVED.


RELATIVE HUMIDITY (PERCENT)
 HIGHEST    93           500 AM
 LOWEST     39          1100 AM
 AVERAGE    66

..........................................................


THE PROVIDENCE RI CLIMATE NORMALS FOR TODAY
                         NORMAL    RECORD    YEAR
 MAXIMUM TEMPERATURE (F)   72        92      1970
 MINIMUM TEMPERATURE (F)   52        38      1974


SUNRISE AND SUNSET
SEPTEMBER 23 2016.....SUNRISE   635 AM EDT   SUNSET   640 PM EDT
SEPTEMBER 24 2016.....SUNRISE   636 AM EDT   SUNSET   639 PM EDT


-  INDICATES NEGATIVE NUMBERS.
R  INDICATES RECORD WAS SET OR TIED.
MM INDICATES DATA IS MISSING.
T  INDICATES TRACE AMOUNT.




$$
