000
CDUS41 KBOX 252125
CLIPVD


CLIMATE REPORT
NATIONAL WEATHER SERVICE TAUNTON MA
524 PM EDT THU SEP 25 2014


...................................

...THE PROVIDENCE RI CLIMATE SUMMARY FOR SEPTEMBER 25 2014...
VALID TODAY AS OF 0500 PM LOCAL TIME.

CLIMATE NORMAL PERIOD 1981 TO 2010
CLIMATE RECORD PERIOD 1904 TO 2014


WEATHER ITEM   OBSERVED TIME   RECORD YEAR NORMAL DEPARTURE LAST
                VALUE   (LST)  VALUE       VALUE  FROM      YEAR
                                                  NORMAL
..................................................................
TEMPERATURE (F)
 TODAY
  MAXIMUM         62    337 PM  89    1920  71     -9       70
  MINIMUM         54    424 AM  36    1963  52      2       46
                                      1950
  AVERAGE         58                        61     -3       58

PRECIPITATION (IN)
  TODAY            0.02          1.77 1940   0.14  -0.12     0.00
  MONTH TO DATE    0.58                      3.24  -2.66     4.59
  SINCE SEP 1      0.58                      3.24  -2.66     4.59
  SINCE JAN 1     32.03                     33.84  -1.81    35.40

SNOWFALL (IN)
  TODAY            0.0           0.0  2002   0.0    0.0      0.0
  MONTH TO DATE    0.0                       0.0    0.0      0.0
  SINCE SEP 1      0.0                       0.0    0.0      0.0
  SINCE JUL 1      0.0                       0.0    0.0      0.0
  SNOW DEPTH       0

DEGREE DAYS
 HEATING
  TODAY            7                         5      2        7
  MONTH TO DATE   67                        59      8       76
  SINCE SEP 1     67                        59      8       76
  SINCE JUL 1     67                        68     -1       76

 COOLING
  TODAY            0                         1     -1        0
  MONTH TO DATE  104                        75     29       63
  SINCE SEP 1    104                        75     29       63
  SINCE JAN 1    686                       731    -45      885
..................................................................


WIND (MPH)
  HIGHEST WIND SPEED    15   HIGHEST WIND DIRECTION    NE (30)
  HIGHEST GUST SPEED    20   HIGHEST GUST DIRECTION    NE (30)
  AVERAGE WIND SPEED     8.1


SKY COVER
  POSSIBLE SUNSHINE  MM
  AVERAGE SKY COVER 0.8


WEATHER CONDITIONS
 THE FOLLOWING WEATHER WAS RECORDED TODAY.
  LIGHT RAIN


RELATIVE HUMIDITY (PERCENT)
 HIGHEST    93          1200 AM
 LOWEST     75          1000 AM
 AVERAGE    84

..........................................................


THE PROVIDENCE RI CLIMATE NORMALS FOR TOMORROW
                         NORMAL    RECORD    YEAR
 MAXIMUM TEMPERATURE (F)   71        89      2007
                                             1930
                                             1920
 MINIMUM TEMPERATURE (F)   51        37      1967
                                             1950
                                             1925


SUNRISE AND SUNSET
SEPTEMBER 25 2014.....SUNRISE   636 AM EDT   SUNSET   638 PM EDT
SEPTEMBER 26 2014.....SUNRISE   637 AM EDT   SUNSET   636 PM EDT


-  INDICATES NEGATIVE NUMBERS.
R  INDICATES RECORD WAS SET OR TIED.
MM INDICATES DATA IS MISSING.
T  INDICATES TRACE AMOUNT.




$$
