000
CDUS41 KBOX 260539
CLIPVD


CLIMATE REPORT
NATIONAL WEATHER SERVICE TAUNTON MA
1238 AM EST THU FEB 26 2015


...................................

...THE PROVIDENCE RI CLIMATE SUMMARY FOR FEBRUARY 25 2015...

CLIMATE NORMAL PERIOD 1981 TO 2010
CLIMATE RECORD PERIOD 1904 TO 2015


WEATHER ITEM   OBSERVED TIME   RECORD YEAR NORMAL DEPARTURE LAST
                VALUE   (LST)  VALUE       VALUE  FROM      YEAR
                                                  NORMAL
..................................................................
TEMPERATURE (F)
 YESTERDAY
  MAXIMUM         35    352 PM  69    1976  42     -7       31
  MINIMUM          7    611 AM   1    1914  25    -18       19
  AVERAGE         21                        34    -13       25

PRECIPITATION (IN)
  YESTERDAY        0.08          2.11 1965   0.13  -0.05     0.00
  MONTH TO DATE    2.72                      2.89  -0.17     4.68
  SINCE DEC 1     12.59                     10.97   1.62    13.19
  SINCE JAN 1      6.34                      6.75  -0.41     8.37

SNOWFALL (IN)
  YESTERDAY        2.2          10.7  1999   0.2    2.0      0.0
  MONTH TO DATE   31.6                       7.7   23.9     19.7
  SINCE DEC 1     58.1                      25.4   32.7     41.7
  SINCE JUL 1     59.7                      26.9   32.8     41.8
  SNOW DEPTH      18

DEGREE DAYS
 HEATING
  YESTERDAY       44                        31     13       40
  MONTH TO DATE 1161                       833    328      882
  SINCE DEC 1   3191                      2895    296     3035
  SINCE JUL 1   4227                      3970    257     4138

 COOLING
  YESTERDAY        0                         0      0        0
  MONTH TO DATE    0                         0      0        0
  SINCE DEC 1      0                         0      0        0
  SINCE JAN 1      0                         0      0        0
..................................................................


WIND (MPH)
  RESULTANT WIND SPEED   7   RESULTANT WIND DIRECTION   W (290)
  HIGHEST WIND SPEED    21   HIGHEST WIND DIRECTION     W (290)
  HIGHEST GUST SPEED    29   HIGHEST GUST DIRECTION    NW (300)
  AVERAGE WIND SPEED     7.9


SKY COVER
  POSSIBLE SUNSHINE  MM
  AVERAGE SKY COVER 0.4


WEATHER CONDITIONS
 THE FOLLOWING WEATHER WAS RECORDED YESTERDAY.
  LIGHT SNOW
  FOG


RELATIVE HUMIDITY (PERCENT)
 HIGHEST    92           700 AM
 LOWEST     32           300 PM
 AVERAGE    62

..........................................................


THE PROVIDENCE RI CLIMATE NORMALS FOR TODAY
                         NORMAL    RECORD    YEAR
 MAXIMUM TEMPERATURE (F)   43        65      1957
 MINIMUM TEMPERATURE (F)   26         0      1928


SUNRISE AND SUNSET
FEBRUARY 26 2015......SUNRISE   626 AM EST   SUNSET   532 PM EST
FEBRUARY 27 2015......SUNRISE   624 AM EST   SUNSET   533 PM EST


-  INDICATES NEGATIVE NUMBERS.
R  INDICATES RECORD WAS SET OR TIED.
MM INDICATES DATA IS MISSING.
T  INDICATES TRACE AMOUNT.




$$
