767
CDUS41 KBOX 200526
CLIPVD


CLIMATE REPORT
NATIONAL WEATHER SERVICE TAUNTON MA
126 AM EDT THU APR 20 2017


...................................

...THE PROVIDENCE RI CLIMATE SUMMARY FOR APRIL 19 2017...

CLIMATE NORMAL PERIOD 1981 TO 2010
CLIMATE RECORD PERIOD 1904 TO 2017


WEATHER ITEM   OBSERVED TIME   RECORD YEAR NORMAL DEPARTURE LAST
                VALUE   (LST)  VALUE       VALUE  FROM      YEAR
                                                  NORMAL
..................................................................
TEMPERATURE (F)
 YESTERDAY
  MAXIMUM         49    235 PM  98    1976  60    -11       63
  MINIMUM         36    430 AM  26    1926  41     -5       45
  AVERAGE         43                        50     -7       54

PRECIPITATION (IN)
  YESTERDAY        0.02          2.36 1983   0.13  -0.11      T
  MONTH TO DATE    3.89                      2.92   0.97     3.58
  SINCE MAR 1      7.74                      7.93  -0.19     6.26
  SINCE JAN 1     14.92                     15.08  -0.16    14.61

SNOWFALL (IN)
  YESTERDAY        0.0           T    1997   0.0    0.0      0.0
  MONTH TO DATE    T                         0.5   -0.5      6.7
  SINCE MAR 1      7.7                       6.0    1.7      9.3
  SINCE JUL 1     45.9                      33.7   12.2     28.7
  SNOW DEPTH       0

DEGREE DAYS
 HEATING
  YESTERDAY       22                        15      7       11
  MONTH TO DATE  271                       338    -67      371
  SINCE MAR 1   1191                      1147     44     1018
  SINCE JUL 1   4749                      5209   -460     4389

 COOLING
  YESTERDAY        0                         0      0        0
  MONTH TO DATE    7                         0      7        0
  SINCE MAR 1      7                         0      7        0
  SINCE JAN 1      7                         0      7        0
..................................................................


WIND (MPH)
  RESULTANT WIND SPEED  10   RESULTANT WIND DIRECTION   S (160)
  HIGHEST WIND SPEED    22   HIGHEST WIND DIRECTION     S (160)
  HIGHEST GUST SPEED    32   HIGHEST GUST DIRECTION    SE (120)
  AVERAGE WIND SPEED    11.5


SKY COVER
  POSSIBLE SUNSHINE  MM
  AVERAGE SKY COVER 0.7


WEATHER CONDITIONS
 THE FOLLOWING WEATHER WAS RECORDED YESTERDAY.
  LIGHT RAIN
  FOG


RELATIVE HUMIDITY (PERCENT)
 HIGHEST    89          1000 PM
 LOWEST     56          1000 AM
 AVERAGE    73

..........................................................


THE PROVIDENCE RI CLIMATE NORMALS FOR TODAY
                         NORMAL    RECORD    YEAR
 MAXIMUM TEMPERATURE (F)   60        89      1976
 MINIMUM TEMPERATURE (F)   41        24      1926


SUNRISE AND SUNSET
APRIL 20 2017.........SUNRISE   558 AM EDT   SUNSET   732 PM EDT
APRIL 21 2017.........SUNRISE   556 AM EDT   SUNSET   733 PM EDT


-  INDICATES NEGATIVE NUMBERS.
R  INDICATES RECORD WAS SET OR TIED.
MM INDICATES DATA IS MISSING.
T  INDICATES TRACE AMOUNT.




$$
