000
CDUS41 KBOX 052132
CLIPVD


CLIMATE REPORT
NATIONAL WEATHER SERVICE TAUNTON MA
528 PM EDT SAT AUG 5 2017


...................................

...THE PROVIDENCE RI CLIMATE SUMMARY FOR AUGUST 5 2017...
VALID AS OF 0500 PM LOCAL TIME.

CLIMATE NORMAL PERIOD 1981 TO 2010
CLIMATE RECORD PERIOD 1904 TO 2017


WEATHER ITEM   OBSERVED TIME   RECORD YEAR NORMAL DEPARTURE LAST
                VALUE   (LST)  VALUE       VALUE  FROM      YEAR
                                                  NORMAL
..................................................................
TEMPERATURE (F)
 TODAY
  MAXIMUM         76    350 PM 100    1944  83     -7       83
  MINIMUM         69    947 AM  51    1972  65      4       60
  AVERAGE         73                        74     -1       72

PRECIPITATION (IN)
  TODAY            0.51          1.86 2004   0.12   0.39     0.00
  MONTH TO DATE    0.51                      0.61  -0.10     0.95
  SINCE JUN 1      8.23                      7.54   0.69     5.95
  SINCE JAN 1     33.25                     27.61   5.64    24.07

SNOWFALL (IN)
  TODAY            0.0           0.0  2002   0.0    0.0      0.0
                                      2001
                                      2000
  MONTH TO DATE    0.0                       0.0    0.0      0.0
  SINCE JUN 1      0.0                       0.0    0.0      0.0
  SINCE JUL 1      0.0                       0.0    0.0      0.0
  SNOW DEPTH       0

DEGREE DAYS
 HEATING
  TODAY            0                         0      0        0
  MONTH TO DATE    0                         0      0        0
  SINCE JUN 1     56                        46     10       12
  SINCE JUL 1      7                         3      4        0

 COOLING
  TODAY            8                         9     -1        7
  MONTH TO DATE   50                        45      5       29
  SINCE JUN 1    473                       443     30      512
  SINCE JAN 1    531                       469     62      563
..................................................................


WIND (MPH)
  HIGHEST WIND SPEED    17   HIGHEST WIND DIRECTION     S (200)
  HIGHEST GUST SPEED    23   HIGHEST GUST DIRECTION     S (170)
  AVERAGE WIND SPEED     9.3


SKY COVER
  POSSIBLE SUNSHINE  MM
  AVERAGE SKY COVER 0.9


WEATHER CONDITIONS
 THE FOLLOWING WEATHER WAS RECORDED TODAY.
  HEAVY RAIN
  RAIN
  LIGHT RAIN
  FOG


RELATIVE HUMIDITY (PERCENT)
 HIGHEST   100           200 AM
 LOWEST     87           800 AM
 AVERAGE    94

..........................................................


THE PROVIDENCE RI CLIMATE NORMALS FOR TOMORROW
                         NORMAL    RECORD    YEAR
 MAXIMUM TEMPERATURE (F)   83        96      1918
 MINIMUM TEMPERATURE (F)   64        50      1934


SUNRISE AND SUNSET
AUGUST  5 2017........SUNRISE   544 AM EDT   SUNSET   759 PM EDT
AUGUST  6 2017........SUNRISE   545 AM EDT   SUNSET   757 PM EDT


-  INDICATES NEGATIVE NUMBERS.
R  INDICATES RECORD WAS SET OR TIED.
MM INDICATES DATA IS MISSING.
T  INDICATES TRACE AMOUNT.




$$
