000
CDUS41 KBOX 092140
CLIPVD


CLIMATE REPORT
NATIONAL WEATHER SERVICE TAUNTON MA
537 PM EDT MON OCT 9 2017


...................................

...THE PROVIDENCE RI CLIMATE SUMMARY FOR OCTOBER 9 2017...
VALID AS OF 0500 PM LOCAL TIME.

CLIMATE NORMAL PERIOD 1981 TO 2010
CLIMATE RECORD PERIOD 1904 TO 2017


WEATHER ITEM   OBSERVED TIME   RECORD YEAR NORMAL DEPARTURE LAST
                VALUE   (LST)  VALUE       VALUE  FROM      YEAR
                                                  NORMAL
..................................................................
TEMPERATURE (F)
 TODAY
  MAXIMUM         75   1140 AM  86    2011  66      9       64
  MINIMUM         69    647 AM  30    1953  46     23       48
  AVERAGE         72                        56     16       56

PRECIPITATION (IN)
  TODAY            0.07          3.18 1976   0.12  -0.05     1.55
  MONTH TO DATE    0.29                      1.14  -0.85     2.22
  SINCE SEP 1      4.14                      5.06  -0.92     4.96
  SINCE JAN 1     38.34                     35.66   2.68    30.79

SNOWFALL (IN)
  TODAY            0.0           0.0  2009   0.0    0.0      0.0
                                      2008
                                      2007
  MONTH TO DATE    0.0                       0.0    0.0      0.0
  SINCE SEP 1      0.0                       0.0    0.0      0.0
  SINCE JUL 1      0.0                       0.0    0.0      0.0
  SNOW DEPTH       0

DEGREE DAYS
 HEATING
  TODAY            0                        10    -10        9
  MONTH TO DATE   26                        75    -49       54
  SINCE SEP 1     58                       163   -105       97
  SINCE JUL 1     66                       172   -106       97

 COOLING
  TODAY            7                         0      7        0
  MONTH TO DATE   30                         6     24        0
  SINCE SEP 1    164                        86     78      151
  SINCE JAN 1    868                       742    126     1034
..................................................................


WIND (MPH)
  HIGHEST WIND SPEED    26   HIGHEST WIND DIRECTION     S (190)
  HIGHEST GUST SPEED    34   HIGHEST GUST DIRECTION     S (200)
  AVERAGE WIND SPEED     8.0


SKY COVER
  POSSIBLE SUNSHINE  MM
  AVERAGE SKY COVER 0.9


WEATHER CONDITIONS
 THE FOLLOWING WEATHER WAS RECORDED TODAY.
  LIGHT RAIN
  FOG
  FOG W/VISIBILITY <= 1/4 MILE


RELATIVE HUMIDITY (PERCENT)
 HIGHEST   100          1200 AM
 LOWEST     93           900 AM
 AVERAGE    97

..........................................................


THE PROVIDENCE RI CLIMATE NORMALS FOR TOMORROW
                         NORMAL    RECORD    YEAR
 MAXIMUM TEMPERATURE (F)   65        88      1949
 MINIMUM TEMPERATURE (F)   46        26      1980


SUNRISE AND SUNSET
OCTOBER  9 2017.......SUNRISE   651 AM EDT   SUNSET   614 PM EDT
OCTOBER 10 2017.......SUNRISE   653 AM EDT   SUNSET   612 PM EDT


-  INDICATES NEGATIVE NUMBERS.
R  INDICATES RECORD WAS SET OR TIED.
MM INDICATES DATA IS MISSING.
T  INDICATES TRACE AMOUNT.




$$
