000
CDUS41 KBOX 100533
CLIPVD


CLIMATE REPORT
NATIONAL WEATHER SERVICE TAUNTON MA
133 AM EDT THU AUG 10 2017


...................................

...THE PROVIDENCE RI CLIMATE SUMMARY FOR AUGUST 9 2017...

CLIMATE NORMAL PERIOD 1981 TO 2010
CLIMATE RECORD PERIOD 1904 TO 2017


WEATHER ITEM   OBSERVED TIME   RECORD YEAR NORMAL DEPARTURE LAST
                VALUE   (LST)  VALUE       VALUE  FROM      YEAR
                                                  NORMAL
..................................................................
TEMPERATURE (F)
 YESTERDAY
  MAXIMUM         83    330 PM 100    2001  82      1       87
  MINIMUM         60    527 AM  51    1964  64     -4       63
                                      1955
  AVERAGE         72                        73     -1       75

PRECIPITATION (IN)
  YESTERDAY        0.00          2.73 1992   0.11  -0.11     0.00
  MONTH TO DATE    0.63                      1.08  -0.45     0.95
  SINCE JUN 1      8.35                      8.01   0.34     5.95
  SINCE JAN 1     33.37                     28.08   5.29    24.07

SNOWFALL (IN)
  YESTERDAY        0.0           0.0  2002   0.0    0.0      0.0
                                      2001
                                      2000
  MONTH TO DATE    0.0                       0.0    0.0      0.0
  SINCE JUN 1      0.0                       0.0    0.0      0.0
  SINCE JUL 1      0.0                       0.0    0.0      0.0
  SNOW DEPTH       0

DEGREE DAYS
 HEATING
  YESTERDAY        0                         0      0        0
  MONTH TO DATE    0                         0      0        0
  SINCE JUN 1     56                        46     10       12
  SINCE JUL 1      7                         3      4        0

 COOLING
  YESTERDAY        7                         8     -1       10
  MONTH TO DATE   67                        78    -11       75
  SINCE JUN 1    490                       476     14      558
  SINCE JAN 1    548                       502     46      609
..................................................................


WIND (MPH)
  RESULTANT WIND SPEED   4   RESULTANT WIND DIRECTION  SW (220)
  HIGHEST WIND SPEED    16   HIGHEST WIND DIRECTION     S (200)
  HIGHEST GUST SPEED    19   HIGHEST GUST DIRECTION     S (200)
  AVERAGE WIND SPEED     6.8


SKY COVER
  POSSIBLE SUNSHINE  MM
  AVERAGE SKY COVER 0.2


WEATHER CONDITIONS
 THE FOLLOWING WEATHER WAS RECORDED YESTERDAY.
  NO SIGNIFICANT WEATHER WAS OBSERVED.


RELATIVE HUMIDITY (PERCENT)
 HIGHEST   100          1200 AM
 LOWEST     37           100 PM
 AVERAGE    69

..........................................................


THE PROVIDENCE RI CLIMATE NORMALS FOR TODAY
                         NORMAL    RECORD    YEAR
 MAXIMUM TEMPERATURE (F)   82        97      1949
 MINIMUM TEMPERATURE (F)   64        47      1964


SUNRISE AND SUNSET
AUGUST 10 2017........SUNRISE   549 AM EDT   SUNSET   752 PM EDT
AUGUST 11 2017........SUNRISE   550 AM EDT   SUNSET   751 PM EDT


-  INDICATES NEGATIVE NUMBERS.
R  INDICATES RECORD WAS SET OR TIED.
MM INDICATES DATA IS MISSING.
T  INDICATES TRACE AMOUNT.




$$
