000
CDUS41 KBOX 140544
CLIPVD


CLIMATE REPORT
NATIONAL WEATHER SERVICE TAUNTON MA
1244 AM EST TUE FEB 14 2017


...................................

...THE PROVIDENCE RI CLIMATE SUMMARY FOR FEBRUARY 13 2017...

CLIMATE NORMAL PERIOD 1981 TO 2010
CLIMATE RECORD PERIOD 1904 TO 2017


WEATHER ITEM   OBSERVED TIME   RECORD YEAR NORMAL DEPARTURE LAST
                VALUE   (LST)  VALUE       VALUE  FROM      YEAR
                                                  NORMAL
..................................................................
TEMPERATURE (F)
 YESTERDAY
  MAXIMUM         36    326 PM  64    1951  40     -4       23
  MINIMUM         25   1159 PM  -5    1967  23      2       -2
  AVERAGE         31                        32     -1       11

PRECIPITATION (IN)
  YESTERDAY        0.01          2.74 2008   0.11  -0.10      T
  MONTH TO DATE    1.98                      1.46   0.52     2.75
  SINCE DEC 1     10.08                      9.54   0.54    10.58
  SINCE JAN 1      6.94                      5.32   1.62     5.78

SNOWFALL (IN)
  YESTERDAY        T             4.2  1916   0.3   -0.3       T
  MONTH TO DATE   16.8                       4.0   12.8     11.0
  SINCE DEC 1     38.2                      21.7   16.5     18.9
  SINCE JUL 1     38.2                      23.2   15.0     18.9
  SNOW DEPTH      10

DEGREE DAYS
 HEATING
  YESTERDAY       34                        33      1       54
  MONTH TO DATE  452                       446      6      434
  SINCE DEC 1   2309                      2508   -199     2027
  SINCE JUL 1   3196                      3583   -387     2908

 COOLING
  YESTERDAY        0                         0      0        0
  MONTH TO DATE    0                         0      0        0
  SINCE DEC 1      0                         0      0        0
  SINCE JAN 1      0                         0      0        0
..................................................................


WIND (MPH)
  RESULTANT WIND SPEED  17   RESULTANT WIND DIRECTION  NW (320)
  HIGHEST WIND SPEED    33   HIGHEST WIND DIRECTION    NW (310)
  HIGHEST GUST SPEED    47   HIGHEST GUST DIRECTION    NW (330)
  AVERAGE WIND SPEED    16.8


SKY COVER
  POSSIBLE SUNSHINE  MM
  AVERAGE SKY COVER 0.5


WEATHER CONDITIONS
 THE FOLLOWING WEATHER WAS RECORDED YESTERDAY.
  LIGHT RAIN
  LIGHT SNOW
  FOG
  HAZE


RELATIVE HUMIDITY (PERCENT)
 HIGHEST    96          1200 AM
 LOWEST     47           400 PM
 AVERAGE    72

..........................................................


THE PROVIDENCE RI CLIMATE NORMALS FOR TODAY
                         NORMAL    RECORD    YEAR
 MAXIMUM TEMPERATURE (F)   40        60      1990
 MINIMUM TEMPERATURE (F)   23        -9      2016


SUNRISE AND SUNSET
FEBRUARY 14 2017......SUNRISE   642 AM EST   SUNSET   518 PM EST
FEBRUARY 15 2017......SUNRISE   641 AM EST   SUNSET   519 PM EST


-  INDICATES NEGATIVE NUMBERS.
R  INDICATES RECORD WAS SET OR TIED.
MM INDICATES DATA IS MISSING.
T  INDICATES TRACE AMOUNT.




$$
