000
CDUS41 KBOX 132132
CLIPVD


CLIMATE REPORT
NATIONAL WEATHER SERVICE TAUNTON MA
430 PM EST SAT DEC 13 2014


...................................

...THE PROVIDENCE RI CLIMATE SUMMARY FOR DECEMBER 13 2014...
VALID AS OF 0400 PM LOCAL TIME.

CLIMATE NORMAL PERIOD 1981 TO 2010
CLIMATE RECORD PERIOD 1904 TO 2014


WEATHER ITEM   OBSERVED TIME   RECORD YEAR NORMAL DEPARTURE LAST
                VALUE   (LST)  VALUE       VALUE  FROM      YEAR
                                                  NORMAL
..................................................................
TEMPERATURE (F)
 TODAY
  MAXIMUM         42    246 PM  63    1983  43     -1       33
  MINIMUM         30    711 AM   4    1976  27      3       16
                                      1958
  AVERAGE         36                        35      1       25

PRECIPITATION (IN)
  TODAY            0.00          1.34 1983   0.13  -0.13     0.00
  MONTH TO DATE    4.61                      1.94   2.67     1.74
  SINCE DEC 1      4.61                      1.94   2.67     1.74
  SINCE JAN 1     45.55                     44.90   0.65    42.38

SNOWFALL (IN)
  TODAY            0.0           8.2  2007   0.2   -0.2      0.0
  MONTH TO DATE    T                         3.0   -3.0      1.5
  SINCE DEC 1      T                         3.0   -3.0      1.5
  SINCE JUL 1      1.6                       4.5   -2.9      1.6
  SNOW DEPTH       0

DEGREE DAYS
 HEATING
  TODAY           29                        30     -1       40
  MONTH TO DATE  354                       362     -8      390
  SINCE DEC 1    354                       362     -8      390
  SINCE JUL 1   1390                      1437    -47     1493

 COOLING
  TODAY            0                         0      0        0
  MONTH TO DATE    0                         0      0        0
  SINCE DEC 1      0                         0      0        0
  SINCE JAN 1    709                       744    -35      892
..................................................................


WIND (MPH)
  HIGHEST WIND SPEED    17   HIGHEST WIND DIRECTION     W (290)
  HIGHEST GUST SPEED    22   HIGHEST GUST DIRECTION     W (270)
  AVERAGE WIND SPEED     9.7


SKY COVER
  POSSIBLE SUNSHINE  MM
  AVERAGE SKY COVER 0.5


WEATHER CONDITIONS
 THE FOLLOWING WEATHER WAS RECORDED TODAY.
  NO SIGNIFICANT WEATHER WAS OBSERVED.


RELATIVE HUMIDITY (PERCENT)
 HIGHEST    78           600 AM
 LOWEST     49           100 PM
 AVERAGE    64

..........................................................


THE PROVIDENCE RI CLIMATE NORMALS FOR TOMORROW
                         NORMAL    RECORD    YEAR
 MAXIMUM TEMPERATURE (F)   43        59      1991
 MINIMUM TEMPERATURE (F)   27         1      1976


SUNRISE AND SUNSET
DECEMBER 13 2014......SUNRISE   704 AM EST   SUNSET   415 PM EST
DECEMBER 14 2014......SUNRISE   705 AM EST   SUNSET   416 PM EST


-  INDICATES NEGATIVE NUMBERS.
R  INDICATES RECORD WAS SET OR TIED.
MM INDICATES DATA IS MISSING.
T  INDICATES TRACE AMOUNT.




$$
