000
CDUS41 KBOX 230550
CLIPVD


CLIMATE REPORT
NATIONAL WEATHER SERVICE TAUNTON MA
1242 AM EST MON FEB 23 2015


...................................

...THE PROVIDENCE RI CLIMATE SUMMARY FOR FEBRUARY 22 2015...

CLIMATE NORMAL PERIOD 1981 TO 2010
CLIMATE RECORD PERIOD 1904 TO 2015


WEATHER ITEM   OBSERVED TIME   RECORD YEAR NORMAL DEPARTURE LAST
                VALUE   (LST)  VALUE       VALUE  FROM      YEAR
                                                  NORMAL
..................................................................
TEMPERATURE (F)
 YESTERDAY
  MAXIMUM         39    309 PM  65    1991  42     -3       48
  MINIMUM         24   1104 PM   1    1918  25     -1       30
  AVERAGE         32                        33     -1       39

PRECIPITATION (IN)
  YESTERDAY        0.27          1.10 2003   0.12   0.15     0.00
  MONTH TO DATE    2.62                      2.50   0.12     4.68
  SINCE DEC 1     12.49                     10.58   1.91    13.19
  SINCE JAN 1      6.24                      6.36  -0.12     8.37

SNOWFALL (IN)
  YESTERDAY        1.0           5.0  1919   0.3    0.7      0.0
  MONTH TO DATE   29.0                       6.9   22.1     19.7
  SINCE DEC 1     55.5                      24.6   30.9     41.7
  SINCE JUL 1     57.1                      26.1   31.0     41.8
  SNOW DEPTH      MM

DEGREE DAYS
 HEATING
  YESTERDAY       33                        32      1       26
  MONTH TO DATE 1014                       739    275      786
  SINCE DEC 1   3044                      2801    243     2939
  SINCE JUL 1   4080                      3876    204     4042

 COOLING
  YESTERDAY        0                         0      0        0
  MONTH TO DATE    0                         0      0        0
  SINCE DEC 1      0                         0      0        0
  SINCE JAN 1      0                         0      0        0
..................................................................


WIND (MPH)
  RESULTANT WIND SPEED   2   RESULTANT WIND DIRECTION   S (190)
  HIGHEST WIND SPEED    12   HIGHEST WIND DIRECTION    SW (230)
  HIGHEST GUST SPEED    14   HIGHEST GUST DIRECTION    SW (220)
  AVERAGE WIND SPEED     3.5


SKY COVER
  POSSIBLE SUNSHINE  MM
  AVERAGE SKY COVER 0.8


WEATHER CONDITIONS
 THE FOLLOWING WEATHER WAS RECORDED YESTERDAY.
  RAIN
  LIGHT RAIN
  SNOW
  LIGHT SNOW
  FOG
  FOG W/VISIBILITY <= 1/4 MILE


RELATIVE HUMIDITY (PERCENT)
 HIGHEST   100          1200 AM
 LOWEST     76           300 PM
 AVERAGE    88

..........................................................


THE PROVIDENCE RI CLIMATE NORMALS FOR TODAY
                         NORMAL    RECORD    YEAR
 MAXIMUM TEMPERATURE (F)   42        60      1990
                                             1943
 MINIMUM TEMPERATURE (F)   25        -4      1907


SUNRISE AND SUNSET
FEBRUARY 23 2015......SUNRISE   630 AM EST   SUNSET   529 PM EST
FEBRUARY 24 2015......SUNRISE   629 AM EST   SUNSET   530 PM EST


-  INDICATES NEGATIVE NUMBERS.
R  INDICATES RECORD WAS SET OR TIED.
MM INDICATES DATA IS MISSING.
T  INDICATES TRACE AMOUNT.




$$
