000
CDUS41 KBOX 211100
CLIPVD


CLIMATE REPORT
NATIONAL WEATHER SERVICE TAUNTON MA
649 AM EDT SAT MAR 21 2015


...................................

...THE PROVIDENCE RI CLIMATE SUMMARY FOR MARCH 20 2015...

CLIMATE NORMAL PERIOD 1981 TO 2010
CLIMATE RECORD PERIOD 1904 TO 2015


WEATHER ITEM   OBSERVED TIME   RECORD YEAR NORMAL DEPARTURE LAST
                VALUE   (LST)  VALUE       VALUE  FROM      YEAR
                                                  NORMAL
..................................................................
TEMPERATURE (F)
 YESTERDAY
  MAXIMUM         32    306 PM  83    1945  49    -17       53
  MINIMUM         18    522 AM   8    1949  31    -13       36
  AVERAGE         25                        40    -15       45

PRECIPITATION (IN)
  YESTERDAY        0.04          1.88 1951   0.17  -0.13     0.75
  MONTH TO DATE    3.12                      3.09   0.03     1.33
  SINCE MAR 1      3.12                      3.09   0.03     1.33
  SINCE JAN 1      9.47                     10.24  -0.77     9.73

SNOWFALL (IN)
  YESTERDAY        0.6           8.0  1944   0.2    0.4      0.0
  MONTH TO DATE   14.2                       4.3    9.9      1.2
  SINCE MAR 1     14.2                       4.3    9.9      1.2
  SINCE JUL 1     74.1                      32.0   42.1     43.3
  SNOW DEPTH       0

DEGREE DAYS
 HEATING
  YESTERDAY       40                        25     15       20
  MONTH TO DATE  671                       556    115      642
  SINCE MAR 1    671                       556    115      642
  SINCE JUL 1   5033                      4618    415     4914

 COOLING
  YESTERDAY        0                         0      0        0
  MONTH TO DATE    0                         0      0        0
  SINCE MAR 1      0                         0      0        0
  SINCE JAN 1      0                         0      0        0
..................................................................


WIND (MPH)
  RESULTANT WIND SPEED   1   RESULTANT WIND DIRECTION   E (110)
  HIGHEST WIND SPEED     9   HIGHEST WIND DIRECTION    SE (130)
  HIGHEST GUST SPEED    11   HIGHEST GUST DIRECTION    SE (130)
  AVERAGE WIND SPEED     3.0


SKY COVER
  POSSIBLE SUNSHINE  MM
  AVERAGE SKY COVER 0.7


WEATHER CONDITIONS
 THE FOLLOWING WEATHER WAS RECORDED YESTERDAY.
  LIGHT SNOW
  FOG


RELATIVE HUMIDITY (PERCENT)
 HIGHEST    92           800 PM
 LOWEST     34           900 AM
 AVERAGE    63

..........................................................


THE PROVIDENCE RI CLIMATE NORMALS FOR TODAY
                         NORMAL    RECORD    YEAR
 MAXIMUM TEMPERATURE (F)   49        84      1921
 MINIMUM TEMPERATURE (F)   31        12      1986


SUNRISE AND SUNSET
MARCH 21 2015.........SUNRISE   648 AM EDT   SUNSET   659 PM EDT
MARCH 22 2015.........SUNRISE   646 AM EDT   SUNSET   700 PM EDT


-  INDICATES NEGATIVE NUMBERS.
R  INDICATES RECORD WAS SET OR TIED.
MM INDICATES DATA IS MISSING.
T  INDICATES TRACE AMOUNT.




$$
