000
CDUS41 KBOX 180558
CLIPVD


CLIMATE REPORT
NATIONAL WEATHER SERVICE TAUNTON MA
157 AM EDT FRI JUL 18 2014


...................................

...THE PROVIDENCE RI CLIMATE SUMMARY FOR JULY 17 2014...

CLIMATE NORMAL PERIOD 1981 TO 2010
CLIMATE RECORD PERIOD 1904 TO 2014


WEATHER ITEM   OBSERVED TIME   RECORD YEAR NORMAL DEPARTURE LAST
                VALUE   (LST)  VALUE       VALUE  FROM      YEAR
                                                  NORMAL
..................................................................
TEMPERATURE (F)
 YESTERDAY
  MAXIMUM         81    441 PM  97    1999  83     -2       89
                                      1977
  MINIMUM         66   1159 PM  49    1954  65      1       73
  AVERAGE         74                        74      0       81

PRECIPITATION (IN)
  YESTERDAY        0.00          3.23 1989   0.11  -0.11     0.00
  MONTH TO DATE    3.32                      1.68   1.64     0.80
  SINCE JUN 1      5.68                      5.32   0.36    10.88
  SINCE JAN 1     28.48                     25.39   3.09    25.48

SNOWFALL (IN)
  YESTERDAY        0.0           0.0  2002   0.0    0.0      0.0
  MONTH TO DATE    0.0                       0.0    0.0      0.0
  SINCE JUN 1      0.0                       0.0    0.0      0.0
  SINCE JUL 1      0.0                       0.0    0.0      0.0
  SNOW DEPTH       0

DEGREE DAYS
 HEATING
  YESTERDAY        0                         0      0        0
  MONTH TO DATE    0                         0      0        0
  SINCE JUN 1     13                        43    -30       24
  SINCE JUL 1      0                         0      0        0

 COOLING
  YESTERDAY        9                         9      0       16
  MONTH TO DATE  183                       141     42      253
  SINCE JUN 1    286                       273     13      417
  SINCE JAN 1    297                       299     -2      461
..................................................................


WIND (MPH)
  RESULTANT WIND SPEED   4   RESULTANT WIND DIRECTION   W (290)
  HIGHEST WIND SPEED    13   HIGHEST WIND DIRECTION    SW (230)
  HIGHEST GUST SPEED    16   HIGHEST GUST DIRECTION    SW (220)
  AVERAGE WIND SPEED     6.2


SKY COVER
  POSSIBLE SUNSHINE  MM
  AVERAGE SKY COVER 0.5


WEATHER CONDITIONS
 THE FOLLOWING WEATHER WAS RECORDED YESTERDAY.
  NO SIGNIFICANT WEATHER WAS OBSERVED.


RELATIVE HUMIDITY (PERCENT)
 HIGHEST    97          1200 AM
 LOWEST     42           100 PM
 AVERAGE    70

..........................................................


THE PROVIDENCE RI CLIMATE NORMALS FOR TODAY
                         NORMAL    RECORD    YEAR
 MAXIMUM TEMPERATURE (F)   83        98      1999
                                             1982
 MINIMUM TEMPERATURE (F)   65        53      1956


SUNRISE AND SUNSET
JULY 18 2014..........SUNRISE   527 AM EDT   SUNSET   817 PM EDT
JULY 19 2014..........SUNRISE   528 AM EDT   SUNSET   816 PM EDT


-  INDICATES NEGATIVE NUMBERS.
R  INDICATES RECORD WAS SET OR TIED.
MM INDICATES DATA IS MISSING.
T  INDICATES TRACE AMOUNT.




$$
