000
CDUS41 KBOX 200528
CLIPVD


CLIMATE REPORT
NATIONAL WEATHER SERVICE TAUNTON MA
1228 AM EST TUE JAN 20 2015


...................................

...THE PROVIDENCE RI CLIMATE SUMMARY FOR JANUARY 19 2015...

CLIMATE NORMAL PERIOD 1981 TO 2010
CLIMATE RECORD PERIOD 1904 TO 2015


WEATHER ITEM   OBSERVED TIME   RECORD YEAR NORMAL DEPARTURE LAST
                VALUE   (LST)  VALUE       VALUE  FROM      YEAR
                                                  NORMAL
..................................................................
TEMPERATURE (F)
 YESTERDAY
  MAXIMUM         44    214 PM  62    1951  37      7       37
  MINIMUM         32   1159 PM  -4    1971  21     11       29
  AVERAGE         38                        29      9       33

PRECIPITATION (IN)
  YESTERDAY        0.00          1.08 1936   0.12  -0.12      T
  MONTH TO DATE    1.69                      2.38  -0.69     3.43
  SINCE DEC 1      7.94                      6.60   1.34     8.25
  SINCE JAN 1      1.69                      2.38  -0.69     3.43

SNOWFALL (IN)
  YESTERDAY        0.0           8.3  1936   0.2   -0.2       T
  MONTH TO DATE    3.3                       5.5   -2.2      8.2
  SINCE DEC 1      4.2                      14.2  -10.0     15.2
  SINCE JUL 1      5.8                      15.7   -9.9     15.3
  SNOW DEPTH       0

DEGREE DAYS
 HEATING
  YESTERDAY       27                        36     -9       32
  MONTH TO DATE  726                       680     46      658
  SINCE DEC 1   1561                      1632    -71     1634
  SINCE JUL 1   2597                      2707   -110     2737

 COOLING
  YESTERDAY        0                         0      0        0
  MONTH TO DATE    0                         0      0        0
  SINCE DEC 1      0                         0      0        0
  SINCE JAN 1      0                         0      0        0
..................................................................


WIND (MPH)
  RESULTANT WIND SPEED  11   RESULTANT WIND DIRECTION   W (280)
  HIGHEST WIND SPEED    23   HIGHEST WIND DIRECTION     W (290)
  HIGHEST GUST SPEED    31   HIGHEST GUST DIRECTION     W (290)
  AVERAGE WIND SPEED    11.6


SKY COVER
  POSSIBLE SUNSHINE  MM
  AVERAGE SKY COVER 0.3


WEATHER CONDITIONS
 THE FOLLOWING WEATHER WAS RECORDED YESTERDAY.
  LIGHT RAIN


RELATIVE HUMIDITY (PERCENT)
 HIGHEST    92           600 AM
 LOWEST     51           300 PM
 AVERAGE    72

..........................................................


THE PROVIDENCE RI CLIMATE NORMALS FOR TODAY
                         NORMAL    RECORD    YEAR
 MAXIMUM TEMPERATURE (F)   37        59      1947
 MINIMUM TEMPERATURE (F)   21        -5      1971


SUNRISE AND SUNSET
JANUARY 20 2015.......SUNRISE   708 AM EST   SUNSET   446 PM EST
JANUARY 21 2015.......SUNRISE   707 AM EST   SUNSET   447 PM EST


-  INDICATES NEGATIVE NUMBERS.
R  INDICATES RECORD WAS SET OR TIED.
MM INDICATES DATA IS MISSING.
T  INDICATES TRACE AMOUNT.




$$
