000
CDUS41 KBOX 172143
CLIPVD


CLIMATE REPORT
NATIONAL WEATHER SERVICE TAUNTON MA
532 PM EDT SUN APR 17 2016


...................................

...THE PROVIDENCE RI CLIMATE SUMMARY FOR APRIL 17 2016...
VALID AS OF 0500 PM LOCAL TIME.

CLIMATE NORMAL PERIOD 1981 TO 2010
CLIMATE RECORD PERIOD 1904 TO 2016


WEATHER ITEM   OBSERVED TIME   RECORD YEAR NORMAL DEPARTURE LAST
                VALUE   (LST)  VALUE       VALUE  FROM      YEAR
                                                  NORMAL
..................................................................
TEMPERATURE (F)
 TODAY
  MAXIMUM         67    359 PM  93    2002  59      8       64
                                      1976
  MINIMUM         39    523 AM  23    1908  40     -1       45
  AVERAGE         53                        50      3       55

PRECIPITATION (IN)
  TODAY            0.00          2.33 1954   0.14  -0.14     0.17
  MONTH TO DATE    3.58                      2.65   0.93     1.30
  SINCE MAR 1      6.26                      7.66  -1.40     5.70
  SINCE JAN 1     14.61                     14.81  -0.20    12.05

SNOWFALL (IN)
  TODAY            0.0           0.5  1935   0.0    0.0      0.0
  MONTH TO DATE    6.7                       0.5    6.2       T
  SINCE MAR 1      9.3                       6.0    3.3     16.3
  SINCE JUL 1     28.7                      33.7   -5.0     76.2
  SNOW DEPTH       0

DEGREE DAYS
 HEATING
  TODAY           12                        15     -3       10
  MONTH TO DATE  353                       308     45      302
  SINCE MAR 1   1000                      1117   -117     1294
  SINCE JUL 1   4371                      5179   -808     5656

 COOLING
  TODAY            0                         0      0        0
  MONTH TO DATE    0                         0      0        0
  SINCE MAR 1      0                         0      0        0
  SINCE JAN 1      0                         0      0        0
..................................................................


WIND (MPH)
  HIGHEST WIND SPEED    18   HIGHEST WIND DIRECTION     N (10)
  HIGHEST GUST SPEED    23   HIGHEST GUST DIRECTION     N (10)
  AVERAGE WIND SPEED     9.8


SKY COVER
  POSSIBLE SUNSHINE  MM
  AVERAGE SKY COVER 0.1


WEATHER CONDITIONS
 THE FOLLOWING WEATHER WAS RECORDED TODAY.
  NO SIGNIFICANT WEATHER WAS OBSERVED.


RELATIVE HUMIDITY (PERCENT)
 HIGHEST    64           200 AM
 LOWEST     16           200 PM
 AVERAGE    40

..........................................................


THE PROVIDENCE RI CLIMATE NORMALS FOR TOMORROW
                         NORMAL    RECORD    YEAR
 MAXIMUM TEMPERATURE (F)   60        86      1976
 MINIMUM TEMPERATURE (F)   41        27      1948


SUNRISE AND SUNSET
APRIL 17 2016.........SUNRISE   602 AM EDT   SUNSET   729 PM EDT
APRIL 18 2016.........SUNRISE   600 AM EDT   SUNSET   730 PM EDT


-  INDICATES NEGATIVE NUMBERS.
R  INDICATES RECORD WAS SET OR TIED.
MM INDICATES DATA IS MISSING.
T  INDICATES TRACE AMOUNT.




$$
