000
CDUS41 KBOX 141241
CLIPVD


CLIMATE REPORT
NATIONAL WEATHER SERVICE TAUNTON MA
837 AM EDT FRI JUL 14 2017


...................................

...THE PROVIDENCE RI CLIMATE SUMMARY FOR JULY 13 2017...

CLIMATE NORMAL PERIOD 1981 TO 2010
CLIMATE RECORD PERIOD 1904 TO 2017


WEATHER ITEM   OBSERVED TIME   RECORD YEAR NORMAL DEPARTURE LAST
                VALUE   (LST)  VALUE       VALUE  FROM      YEAR
                                                  NORMAL
..................................................................
TEMPERATURE (F)
 YESTERDAY
  MAXIMUM         81   1022 AM  94    1994  83     -2       87
                                      1927
  MINIMUM         59   1130 PM  52    1933  64     -5       67
  AVERAGE         70                        74     -4       77

PRECIPITATION (IN)
  YESTERDAY        0.36          3.57 1996   0.11   0.25     0.00
  MONTH TO DATE    2.68                      1.25   1.43     0.86
  SINCE JUN 1      6.94                      4.89   2.05     1.91
  SINCE JAN 1     31.96                     24.96   7.00    20.03

SNOWFALL (IN)
  YESTERDAY        0.0           0.0  2002   0.0    0.0      0.0
                                      2001
                                      2000
  MONTH TO DATE    0.0                       0.0    0.0      0.0
  SINCE JUN 1      0.0                       0.0    0.0      0.0
  SINCE JUL 1      0.0                       0.0    0.0      0.0
  SNOW DEPTH       0

DEGREE DAYS
 HEATING
  YESTERDAY        0                         0      0        0
  MONTH TO DATE    0                         0      0        0
  SINCE JUN 1     49                        43      6       12
  SINCE JUL 1      0                         0      0        0

 COOLING
  YESTERDAY        5                         9     -4       12
  MONTH TO DATE  124                       105     19      104
  SINCE JUN 1    293                       237     56      239
  SINCE JAN 1    351                       263     88      290
..................................................................


WIND (MPH)
  RESULTANT WIND SPEED   4   RESULTANT WIND DIRECTION  NE (30)
  HIGHEST WIND SPEED    21   HIGHEST WIND DIRECTION    NE (40)
  HIGHEST GUST SPEED    26   HIGHEST GUST DIRECTION     N (10)
  AVERAGE WIND SPEED     8.3


SKY COVER
  POSSIBLE SUNSHINE  MM
  AVERAGE SKY COVER 0.9


WEATHER CONDITIONS
 THE FOLLOWING WEATHER WAS RECORDED YESTERDAY.
  THUNDERSTORM
  HEAVY RAIN
  RAIN
  LIGHT RAIN
  FOG
  HAZE


RELATIVE HUMIDITY (PERCENT)
 HIGHEST   100          1200 AM
 LOWEST     85          1000 AM
 AVERAGE    93

..........................................................


THE PROVIDENCE RI CLIMATE NORMALS FOR TODAY
                         NORMAL    RECORD    YEAR
 MAXIMUM TEMPERATURE (F)   83        98      1995
 MINIMUM TEMPERATURE (F)   64        53      1999
                                             1937


SUNRISE AND SUNSET
JULY 14 2017..........SUNRISE   524 AM EDT   SUNSET   819 PM EDT
JULY 15 2017..........SUNRISE   524 AM EDT   SUNSET   819 PM EDT


-  INDICATES NEGATIVE NUMBERS.
R  INDICATES RECORD WAS SET OR TIED.
MM INDICATES DATA IS MISSING.
T  INDICATES TRACE AMOUNT.




$$
