000
CDUS41 KBOX 132138
CLIPVD


CLIMATE REPORT
NATIONAL WEATHER SERVICE TAUNTON MA
528 PM EDT FRI MAY 13 2016


...................................

...THE PROVIDENCE RI CLIMATE SUMMARY FOR MAY 13 2016...
VALID TODAY AS OF 0500 PM LOCAL TIME.

CLIMATE NORMAL PERIOD 1981 TO 2010
CLIMATE RECORD PERIOD 1904 TO 2016


WEATHER ITEM   OBSERVED TIME   RECORD YEAR NORMAL DEPARTURE LAST
                VALUE   (LST)  VALUE       VALUE  FROM      YEAR
                                                  NORMAL
..................................................................
TEMPERATURE (F)
 TODAY
  MAXIMUM         69   1053 AM  88    1956  68      1       71
  MINIMUM         49    251 AM  36    1962  48      1       50
  AVERAGE         59                        58      1       61

PRECIPITATION (IN)
  TODAY            0.02          1.97 2006   0.10  -0.08     0.00
  MONTH TO DATE    1.14                      1.44  -0.30     0.22
  SINCE MAR 1      7.73                     10.81  -3.08     7.13
  SINCE JAN 1     16.08                     17.96  -1.88    13.48

SNOWFALL (IN)
  TODAY            0.0           0.0  2001   0.0    0.0      0.0
                                      2000
  MONTH TO DATE    0.0                       0.0    0.0      0.0
  SINCE MAR 1      9.3                       6.1    3.2     16.3
  SINCE JUL 1     28.7                      33.8   -5.1     76.2
  SNOW DEPTH       0

DEGREE DAYS
 HEATING
  TODAY            6                         8     -2        4
  MONTH TO DATE  155                       124     31       67
  SINCE MAR 1   1311                      1412   -101     1531
  SINCE JUL 1   4682                      5474   -792     5893

 COOLING
  TODAY            0                         0      0        0
  MONTH TO DATE    0                         0      0       24
  SINCE MAR 1      0                         2     -2       24
  SINCE JAN 1      0                         2     -2       24
..................................................................


WIND (MPH)
  HIGHEST WIND SPEED    20   HIGHEST WIND DIRECTION     S (160)
  HIGHEST GUST SPEED    24   HIGHEST GUST DIRECTION     S (160)
  AVERAGE WIND SPEED     5.3


SKY COVER
  POSSIBLE SUNSHINE  MM
  AVERAGE SKY COVER 0.7


WEATHER CONDITIONS
 THE FOLLOWING WEATHER WAS RECORDED TODAY.
  LIGHT RAIN


RELATIVE HUMIDITY (PERCENT)
 HIGHEST    93           300 AM
 LOWEST     73          1100 AM
 AVERAGE    83

..........................................................


THE PROVIDENCE RI CLIMATE NORMALS FOR TOMORROW
                         NORMAL    RECORD    YEAR
 MAXIMUM TEMPERATURE (F)   68        83      1991
 MINIMUM TEMPERATURE (F)   48        35      1987


SUNRISE AND SUNSET
MAY 13 2016...........SUNRISE   528 AM EDT   SUNSET   757 PM EDT
MAY 14 2016...........SUNRISE   527 AM EDT   SUNSET   758 PM EDT


-  INDICATES NEGATIVE NUMBERS.
R  INDICATES RECORD WAS SET OR TIED.
MM INDICATES DATA IS MISSING.
T  INDICATES TRACE AMOUNT.




$$
