000
CDUS41 KBOX 252127
CLIPVD


CLIMATE REPORT
NATIONAL WEATHER SERVICE TAUNTON MA
524 PM EDT MON AUG 25 2014


...................................

...THE PROVIDENCE RI CLIMATE SUMMARY FOR AUGUST 25 2014...
VALID TODAY AS OF 0500 PM LOCAL TIME.

CLIMATE NORMAL PERIOD 1981 TO 2010
CLIMATE RECORD PERIOD 1904 TO 2014


WEATHER ITEM   OBSERVED TIME   RECORD YEAR NORMAL DEPARTURE LAST
                VALUE   (LST)  VALUE       VALUE  FROM      YEAR
                                                  NORMAL
..................................................................
TEMPERATURE (F)
 TODAY
  MAXIMUM         90    212 PM  96    1947  80     10       82
  MINIMUM         59    429 AM  44    1940  62     -3       55
  AVERAGE         75                        71      4       69

PRECIPITATION (IN)
  TODAY            0.00          1.14 1958   0.11  -0.11     0.00
  MONTH TO DATE    2.48                      2.95  -0.47     2.67
  SINCE JUN 1      8.43                      9.88  -1.45    15.01
  SINCE JAN 1     31.23                     29.95   1.28    29.61

SNOWFALL (IN)
  TODAY            0.0           0.0  2002   0.0    0.0      0.0
                                      2001
                                      2000
  MONTH TO DATE    0.0                       0.0    0.0      0.0
  SINCE JUN 1      0.0                       0.0    0.0      0.0
  SINCE JUL 1      0.0                       0.0    0.0      0.0
  SNOW DEPTH       0

DEGREE DAYS
 HEATING
  TODAY            0                         0      0        0
  MONTH TO DATE    0                         0      0        0
  SINCE JUN 1     13                        46    -33       24
  SINCE JUL 1      0                         3     -3        0

 COOLING
  TODAY           10                         6      4        4
  MONTH TO DATE  141                       197    -56      149
  SINCE JUN 1    533                       595    -62      735
  SINCE JAN 1    544                       621    -77      779
..................................................................


WIND (MPH)
  HIGHEST WIND SPEED    15   HIGHEST WIND DIRECTION     S (160)
  HIGHEST GUST SPEED    18   HIGHEST GUST DIRECTION     S (160)
  AVERAGE WIND SPEED     5.8


SKY COVER
  POSSIBLE SUNSHINE  MM
  AVERAGE SKY COVER 0.1


WEATHER CONDITIONS
 THE FOLLOWING WEATHER WAS RECORDED TODAY.
  NO SIGNIFICANT WEATHER WAS OBSERVED.


RELATIVE HUMIDITY (PERCENT)
 HIGHEST    90           500 AM
 LOWEST     36           200 PM
 AVERAGE    63

..........................................................


THE PROVIDENCE RI CLIMATE NORMALS FOR TOMORROW
                         NORMAL    RECORD    YEAR
 MAXIMUM TEMPERATURE (F)   80       100      1948
 MINIMUM TEMPERATURE (F)   62        41      1981


SUNRISE AND SUNSET
AUGUST 25 2014........SUNRISE   604 AM EDT   SUNSET   730 PM EDT
AUGUST 26 2014........SUNRISE   605 AM EDT   SUNSET   729 PM EDT


-  INDICATES NEGATIVE NUMBERS.
R  INDICATES RECORD WAS SET OR TIED.
MM INDICATES DATA IS MISSING.
T  INDICATES TRACE AMOUNT.




$$
