000
CDUS41 KBOX 220545
CLIPVD


CLIMATE REPORT
NATIONAL WEATHER SERVICE TAUNTON MA
143 AM EDT WED JUL 22 2015


...................................

...THE PROVIDENCE RI CLIMATE SUMMARY FOR JULY 21 2015...

CLIMATE NORMAL PERIOD 1981 TO 2010
CLIMATE RECORD PERIOD 1904 TO 2015


WEATHER ITEM   OBSERVED TIME   RECORD YEAR NORMAL DEPARTURE LAST
                VALUE   (LST)  VALUE       VALUE  FROM      YEAR
                                                  NORMAL
..................................................................
TEMPERATURE (F)
 YESTERDAY
  MAXIMUM         89    322 PM 102    1991  83      6       82
  MINIMUM         71   1142 PM  51    1966  65      6       63
  AVERAGE         80                        74      6       73

PRECIPITATION (IN)
  YESTERDAY        T             1.47 1956   0.11  -0.11     0.02
  MONTH TO DATE    1.74                      2.11  -0.37     3.40
  SINCE JUN 1      7.09                      5.75   1.34     5.76
  SINCE JAN 1     24.04                     25.82  -1.78    28.56

SNOWFALL (IN)
  YESTERDAY        0.0           0.0  2002   0.0    0.0      0.0
                                      2001
                                      2000
  MONTH TO DATE    0.0                       0.0    0.0      0.0
  SINCE JUN 1      0.0                       0.0    0.0      0.0
  SINCE JUL 1      0.0                       0.0    0.0      0.0
  SNOW DEPTH       0

DEGREE DAYS
 HEATING
  YESTERDAY        0                         0      0        0
  MONTH TO DATE    0                         0      0        0
  SINCE JUN 1     72                        43     29       13
  SINCE JUL 1      0                         0      0        0

 COOLING
  YESTERDAY       15                         9      6        8
  MONTH TO DATE  197                       177     20      207
  SINCE JUN 1    315                       309      6      310
  SINCE JAN 1    379                       335     44      321
..................................................................


WIND (MPH)
  RESULTANT WIND SPEED   4   RESULTANT WIND DIRECTION  SW (210)
  HIGHEST WIND SPEED    15   HIGHEST WIND DIRECTION    SW (220)
  HIGHEST GUST SPEED    19   HIGHEST GUST DIRECTION    SE (120)
  AVERAGE WIND SPEED     5.9


SKY COVER
  POSSIBLE SUNSHINE  MM
  AVERAGE SKY COVER 0.6


WEATHER CONDITIONS
 THE FOLLOWING WEATHER WAS RECORDED YESTERDAY.
  LIGHT RAIN


RELATIVE HUMIDITY (PERCENT)
 HIGHEST    79          1200 AM
 LOWEST     50           400 PM
 AVERAGE    65

..........................................................


THE PROVIDENCE RI CLIMATE NORMALS FOR TODAY
                         NORMAL    RECORD    YEAR
 MAXIMUM TEMPERATURE (F)   83       101      2011
 MINIMUM TEMPERATURE (F)   65        54      1937


SUNRISE AND SUNSET
JULY 22 2015..........SUNRISE   530 AM EDT   SUNSET   814 PM EDT
JULY 23 2015..........SUNRISE   531 AM EDT   SUNSET   813 PM EDT


-  INDICATES NEGATIVE NUMBERS.
R  INDICATES RECORD WAS SET OR TIED.
MM INDICATES DATA IS MISSING.
T  INDICATES TRACE AMOUNT.




$$
