000
CDUS41 KBOX 190538
CLIPVD


CLIMATE REPORT
NATIONAL WEATHER SERVICE TAUNTON MA
1238 AM EST WED NOV 19 2014


...................................

...THE PROVIDENCE RI CLIMATE SUMMARY FOR NOVEMBER 18 2014...

CLIMATE NORMAL PERIOD 1981 TO 2010
CLIMATE RECORD PERIOD 1904 TO 2014


WEATHER ITEM   OBSERVED TIME   RECORD YEAR NORMAL DEPARTURE LAST
                VALUE   (LST)  VALUE       VALUE  FROM      YEAR
                                                  NORMAL
..................................................................
TEMPERATURE (F)
 YESTERDAY
  MAXIMUM         50   1208 AM  73    1953  52     -2       66
  MINIMUM         25   1159 PM  15    1936  35    -10       49
  AVERAGE         38                        44     -6       58

PRECIPITATION (IN)
  YESTERDAY        0.00          2.37 1994   0.15  -0.15     0.46
  MONTH TO DATE    2.55                      2.61  -0.06     1.11
  SINCE SEP 1      6.59                     10.46  -3.87     6.31
  SINCE JAN 1     38.04                     41.06  -3.02    37.12

SNOWFALL (IN)
  YESTERDAY        0.0           2.9  1933   0.0    0.0      0.0
  MONTH TO DATE    1.0                       0.4    0.6      0.1
  SINCE SEP 1      1.0                       0.4    0.6      0.1
  SINCE JUL 1      1.0                       0.4    0.6      0.1
  SNOW DEPTH       0

DEGREE DAYS
 HEATING
  YESTERDAY       27                        21      6        7
  MONTH TO DATE  371                       336     35      338
  SINCE SEP 1    723                       785    -62      751
  SINCE JUL 1    723                       794    -71      751

 COOLING
  YESTERDAY        0                         0      0        0
  MONTH TO DATE    0                         0      0        0
  SINCE SEP 1    127                        88     39       70
  SINCE JAN 1    709                       744    -35      892
..................................................................


WIND (MPH)
  RESULTANT WIND SPEED  12   RESULTANT WIND DIRECTION   W (270)
  HIGHEST WIND SPEED    24   HIGHEST WIND DIRECTION     W (270)
  HIGHEST GUST SPEED    30   HIGHEST GUST DIRECTION     W (270)
  AVERAGE WIND SPEED    12.2


SKY COVER
  POSSIBLE SUNSHINE  MM
  AVERAGE SKY COVER 0.4


WEATHER CONDITIONS
 THE FOLLOWING WEATHER WAS RECORDED YESTERDAY.
  LIGHT RAIN


RELATIVE HUMIDITY (PERCENT)
 HIGHEST    76           200 AM
 LOWEST     35           300 PM
 AVERAGE    56

..........................................................


THE PROVIDENCE RI CLIMATE NORMALS FOR TODAY
                         NORMAL    RECORD    YEAR
 MAXIMUM TEMPERATURE (F)   52        72      1941
 MINIMUM TEMPERATURE (F)   35        14      1936


SUNRISE AND SUNSET
NOVEMBER 19 2014......SUNRISE   640 AM EST   SUNSET   422 PM EST
NOVEMBER 20 2014......SUNRISE   641 AM EST   SUNSET   421 PM EST


-  INDICATES NEGATIVE NUMBERS.
R  INDICATES RECORD WAS SET OR TIED.
MM INDICATES DATA IS MISSING.
T  INDICATES TRACE AMOUNT.




$$
