000
CDUS41 KBOX 120542
CLIPVD


CLIMATE REPORT
NATIONAL WEATHER SERVICE TAUNTON MA
1235 AM EST FRI DEC 12 2014


...................................

...THE PROVIDENCE RI CLIMATE SUMMARY FOR DECEMBER 11 2014...

CLIMATE NORMAL PERIOD 1981 TO 2010
CLIMATE RECORD PERIOD 1904 TO 2014


WEATHER ITEM   OBSERVED TIME   RECORD YEAR NORMAL DEPARTURE LAST
                VALUE   (LST)  VALUE       VALUE  FROM      YEAR
                                                  NORMAL
..................................................................
TEMPERATURE (F)
 YESTERDAY
  MAXIMUM         37   1238 AM  68    1971  44     -7       31
  MINIMUM         31   1159 PM   4    1988  28      3       21
                                      1958
  AVERAGE         34                        36     -2       26

PRECIPITATION (IN)
  YESTERDAY        T             2.40 1992   0.14  -0.14     0.00
  MONTH TO DATE    4.61                      1.66   2.95     1.74
  SINCE DEC 1      4.61                      1.66   2.95     1.74
  SINCE JAN 1     45.55                     44.62   0.93    42.38

SNOWFALL (IN)
  YESTERDAY        T             4.9  1986   0.3   -0.3      0.0
  MONTH TO DATE    T                         2.5   -2.5      1.5
  SINCE DEC 1      T                         2.5   -2.5      1.5
  SINCE JUL 1      1.6                       4.0   -2.4      1.6
  SNOW DEPTH       0

DEGREE DAYS
 HEATING
  YESTERDAY       31                        29      2       39
  MONTH TO DATE  293                       302     -9      306
  SINCE DEC 1    293                       302     -9      306
  SINCE JUL 1   1329                      1377    -48     1409

 COOLING
  YESTERDAY        0                         0      0        0
  MONTH TO DATE    0                         0      0        0
  SINCE DEC 1      0                         0      0        0
  SINCE JAN 1    709                       744    -35      892
..................................................................


WIND (MPH)
  RESULTANT WIND SPEED   9   RESULTANT WIND DIRECTION  SW (240)
  HIGHEST WIND SPEED    17   HIGHEST WIND DIRECTION    SW (240)
  HIGHEST GUST SPEED    23   HIGHEST GUST DIRECTION     W (250)
  AVERAGE WIND SPEED     9.9


SKY COVER
  POSSIBLE SUNSHINE  MM
  AVERAGE SKY COVER 0.9


WEATHER CONDITIONS
 THE FOLLOWING WEATHER WAS RECORDED YESTERDAY.
  LIGHT SNOW
  FOG


RELATIVE HUMIDITY (PERCENT)
 HIGHEST   100           100 AM
 LOWEST     70           400 PM
 AVERAGE    85

..........................................................


THE PROVIDENCE RI CLIMATE NORMALS FOR TODAY
                         NORMAL    RECORD    YEAR
 MAXIMUM TEMPERATURE (F)   43        69      1979
 MINIMUM TEMPERATURE (F)   27         2      1988


SUNRISE AND SUNSET
DECEMBER 12 2014......SUNRISE   704 AM EST   SUNSET   415 PM EST
DECEMBER 13 2014......SUNRISE   704 AM EST   SUNSET   415 PM EST


-  INDICATES NEGATIVE NUMBERS.
R  INDICATES RECORD WAS SET OR TIED.
MM INDICATES DATA IS MISSING.
T  INDICATES TRACE AMOUNT.




$$
