000
CDUS41 KBOX 140553
CLIPVD


CLIMATE REPORT
NATIONAL WEATHER SERVICE TAUNTON MA
152 AM EDT THU SEP 14 2017


...................................

...THE PROVIDENCE RI CLIMATE SUMMARY FOR SEPTEMBER 13 2017...

CLIMATE NORMAL PERIOD 1981 TO 2010
CLIMATE RECORD PERIOD 1904 TO 2017


WEATHER ITEM   OBSERVED TIME   RECORD YEAR NORMAL DEPARTURE LAST
                VALUE   (LST)  VALUE       VALUE  FROM      YEAR
                                                  NORMAL
..................................................................
TEMPERATURE (F)
 YESTERDAY
  MAXIMUM         81    337 PM  91    1957  75      6       81
  MINIMUM         57    541 AM  44    1970  57      0       56
                                      1967
                                      1954
  AVERAGE         69                        66      3       69

PRECIPITATION (IN)
  YESTERDAY        0.00          2.60 1987   0.14  -0.14     0.00
  MONTH TO DATE    1.61                      1.64  -0.03     0.68
  SINCE SEP 1      1.61                      1.64  -0.03     0.68
  SINCE JAN 1     35.81                     32.24   3.57    26.51

SNOWFALL (IN)
  YESTERDAY        0.0           0.0  2002   0.0    0.0      0.0
                                      2001
                                      2000
  MONTH TO DATE    0.0                       0.0    0.0      0.0
  SINCE SEP 1      0.0                       0.0    0.0      0.0
  SINCE JUL 1      0.0                       0.0    0.0      0.0
  SNOW DEPTH       0

DEGREE DAYS
 HEATING
  YESTERDAY        0                         2     -2        0
  MONTH TO DATE   15                        17     -2        0
  SINCE SEP 1     15                        17     -2        0
  SINCE JUL 1     23                        26     -3        0

 COOLING
  YESTERDAY        4                         3      1        4
  MONTH TO DATE   35                        52    -17       94
  SINCE SEP 1     35                        52    -17       94
  SINCE JAN 1    739                       708     31      977
..................................................................


WIND (MPH)
  RESULTANT WIND SPEED   4   RESULTANT WIND DIRECTION   S (200)
  HIGHEST WIND SPEED    16   HIGHEST WIND DIRECTION    SE (150)
  HIGHEST GUST SPEED    19   HIGHEST GUST DIRECTION     S (160)
  AVERAGE WIND SPEED     5.6


SKY COVER
  POSSIBLE SUNSHINE  MM
  AVERAGE SKY COVER 0.3


WEATHER CONDITIONS
 THE FOLLOWING WEATHER WAS RECORDED YESTERDAY.
  NO SIGNIFICANT WEATHER WAS OBSERVED.


RELATIVE HUMIDITY (PERCENT)
 HIGHEST    93           300 AM
 LOWEST     45          1200 PM
 AVERAGE    69

..........................................................


THE PROVIDENCE RI CLIMATE NORMALS FOR TODAY
                         NORMAL    RECORD    YEAR
 MAXIMUM TEMPERATURE (F)   75        90      2016
                                             1931
 MINIMUM TEMPERATURE (F)   56        38      1911


SUNRISE AND SUNSET
SEPTEMBER 14 2017.....SUNRISE   625 AM EDT   SUNSET   656 PM EDT
SEPTEMBER 15 2017.....SUNRISE   626 AM EDT   SUNSET   655 PM EDT


-  INDICATES NEGATIVE NUMBERS.
R  INDICATES RECORD WAS SET OR TIED.
MM INDICATES DATA IS MISSING.
T  INDICATES TRACE AMOUNT.




$$
