000
CDUS41 KBOX 200544
CLIPVD


CLIMATE REPORT
NATIONAL WEATHER SERVICE TAUNTON MA
143 AM EDT WED MAY 20 2015


...................................

...THE PROVIDENCE RI CLIMATE SUMMARY FOR MAY 19 2015...

CLIMATE NORMAL PERIOD 1981 TO 2010
CLIMATE RECORD PERIOD 1904 TO 2015


WEATHER ITEM   OBSERVED TIME   RECORD YEAR NORMAL DEPARTURE LAST
                VALUE   (LST)  VALUE       VALUE  FROM      YEAR
                                                  NORMAL
..................................................................
TEMPERATURE (F)
 YESTERDAY
  MAXIMUM         64   1159 PM  89    1906  69     -5       67
  MINIMUM         51    146 AM  35    2002  49      2       51
  AVERAGE         58                        59     -1       59

PRECIPITATION (IN)
  YESTERDAY        0.26          1.15 1966   0.11   0.15     0.01
  MONTH TO DATE    0.48                      2.07  -1.59     1.91
  SINCE MAR 1      7.39                     11.44  -4.05    14.06
  SINCE JAN 1     13.74                     18.59  -4.85    22.46

SNOWFALL (IN)
  YESTERDAY        0.0           0.0  2014   0.0    0.0      0.0
  MONTH TO DATE    0.0                       0.0    0.0      0.0
  SINCE MAR 1     16.3                       6.1   10.2      1.5
  SINCE JUL 1     76.2                      33.8   42.4     43.6
  SNOW DEPTH       0

DEGREE DAYS
 HEATING
  YESTERDAY        7                         6      1        6
  MONTH TO DATE   96                       166    -70      111
  SINCE MAR 1   1560                      1454    106     1551
  SINCE JUL 1   5922                      5516    406     5823

 COOLING
  YESTERDAY        0                         1     -1        0
  MONTH TO DATE   29                         6     23        9
  SINCE MAR 1     29                         8     21        9
  SINCE JAN 1     29                         8     21        9
..................................................................


WIND (MPH)
  RESULTANT WIND SPEED   6   RESULTANT WIND DIRECTION   S (180)
  HIGHEST WIND SPEED    16   HIGHEST WIND DIRECTION    SE (120)
  HIGHEST GUST SPEED    19   HIGHEST GUST DIRECTION    SE (120)
  AVERAGE WIND SPEED     6.7


SKY COVER
  POSSIBLE SUNSHINE  MM
  AVERAGE SKY COVER 1.0


WEATHER CONDITIONS
 THE FOLLOWING WEATHER WAS RECORDED YESTERDAY.
  HEAVY RAIN
  RAIN
  LIGHT RAIN
  FOG
  FOG W/VISIBILITY <= 1/4 MILE


RELATIVE HUMIDITY (PERCENT)
 HIGHEST   100          1100 AM
 LOWEST     83           500 AM
 AVERAGE    92

..........................................................


THE PROVIDENCE RI CLIMATE NORMALS FOR TODAY
                         NORMAL    RECORD    YEAR
 MAXIMUM TEMPERATURE (F)   70        95      1996
 MINIMUM TEMPERATURE (F)   50        40      2002
                                             1992
                                             1950


SUNRISE AND SUNSET
MAY 20 2015...........SUNRISE   522 AM EDT   SUNSET   803 PM EDT
MAY 21 2015...........SUNRISE   521 AM EDT   SUNSET   804 PM EDT


-  INDICATES NEGATIVE NUMBERS.
R  INDICATES RECORD WAS SET OR TIED.
MM INDICATES DATA IS MISSING.
T  INDICATES TRACE AMOUNT.




$$
