000
CDUS41 KBOX 142122
CLIPVD


CLIMATE REPORT
NATIONAL WEATHER SERVICE TAUNTON MA
522 PM EDT TUE OCT 14 2014


...................................

...THE PROVIDENCE RI CLIMATE SUMMARY FOR OCTOBER 14 2014...
VALID AS OF 0500 PM LOCAL TIME.

CLIMATE NORMAL PERIOD 1981 TO 2010
CLIMATE RECORD PERIOD 1904 TO 2014


WEATHER ITEM   OBSERVED TIME   RECORD YEAR NORMAL DEPARTURE LAST
                VALUE   (LST)  VALUE       VALUE  FROM      YEAR
                                                  NORMAL
..................................................................
TEMPERATURE (F)
 TODAY
  MAXIMUM         76    216 PM  81    1990  64     12       62
  MINIMUM         61   1200 AM  28    1953  44     17       38
  AVERAGE         69                        54     15       50

PRECIPITATION (IN)
  TODAY            0.00          3.46 2005   0.13  -0.13     0.00
  MONTH TO DATE    1.30                      1.76  -0.46     0.47
  SINCE SEP 1      2.04                      5.68  -3.64     5.06
  SINCE JAN 1     33.49                     36.28  -2.79    35.87

SNOWFALL (IN)
  TODAY            0.0           0.0  2009   0.0    0.0      0.0
                                      2008
                                      2007
  MONTH TO DATE    0.0                       0.0    0.0      0.0
  SINCE SEP 1      0.0                       0.0    0.0      0.0
  SINCE JUL 1      0.0                       0.0    0.0      0.0
  SNOW DEPTH       0

DEGREE DAYS
 HEATING
  TODAY            0                        11    -11       15
  MONTH TO DATE  118                       128    -10       69
  SINCE SEP 1    192                       216    -24      172
  SINCE JUL 1    192                       225    -33      172

 COOLING
  TODAY            4                         0      4        0
  MONTH TO DATE    4                         6     -2        7
  SINCE SEP 1    119                        86     33       70
  SINCE JAN 1    701                       742    -41      892
..................................................................


WIND (MPH)
  HIGHEST WIND SPEED    21   HIGHEST WIND DIRECTION    SW (210)
  HIGHEST GUST SPEED    25   HIGHEST GUST DIRECTION     S (200)
  AVERAGE WIND SPEED    10.4


SKY COVER
  POSSIBLE SUNSHINE  MM
  AVERAGE SKY COVER 0.9


WEATHER CONDITIONS
 THE FOLLOWING WEATHER WAS RECORDED TODAY.
  NO SIGNIFICANT WEATHER WAS OBSERVED.


RELATIVE HUMIDITY (PERCENT)
 HIGHEST    93           400 AM
 LOWEST     58           300 PM
 AVERAGE    76

..........................................................


THE PROVIDENCE RI CLIMATE NORMALS FOR TOMORROW
                         NORMAL    RECORD    YEAR
 MAXIMUM TEMPERATURE (F)   64        82      1975
 MINIMUM TEMPERATURE (F)   44        30      1981


SUNRISE AND SUNSET
OCTOBER 14 2014.......SUNRISE   657 AM EDT   SUNSET   606 PM EDT
OCTOBER 15 2014.......SUNRISE   658 AM EDT   SUNSET   604 PM EDT


-  INDICATES NEGATIVE NUMBERS.
R  INDICATES RECORD WAS SET OR TIED.
MM INDICATES DATA IS MISSING.
T  INDICATES TRACE AMOUNT.




$$
