000
CDUS41 KBOX 012124
CLIPVD


CLIMATE REPORT
NATIONAL WEATHER SERVICE TAUNTON MA
424 PM EST FRI DEC 1 2017


...................................

...THE PROVIDENCE RI CLIMATE SUMMARY FOR DECEMBER 1 2017...
VALID AS OF 0400 PM LOCAL TIME.

CLIMATE NORMAL PERIOD 1981 TO 2010
CLIMATE RECORD PERIOD 1904 TO 2017


WEATHER ITEM   OBSERVED TIME   RECORD YEAR NORMAL DEPARTURE LAST
                VALUE   (LST)  VALUE       VALUE  FROM      YEAR
                                                  NORMAL
..................................................................
TEMPERATURE (F)
 TODAY
  MAXIMUM         54   1229 PM  71    2001  47      7       61
  MINIMUM         43    231 AM  10    1936  31     12       40
  AVERAGE         49                        39     10       51

PRECIPITATION (IN)
  TODAY            0.04          1.37 2004   0.15  -0.11     0.19
  MONTH TO DATE    0.04                      0.15  -0.11     0.19
  SINCE DEC 1      0.04                      0.15  -0.11     0.19
  SINCE JAN 1     46.47                     43.11   3.36    37.05

SNOWFALL (IN)
  TODAY            0.0           0.5  1907   0.2   -0.2      0.0
  MONTH TO DATE    0.0                       0.2   -0.2      0.0
  SINCE DEC 1      0.0                       0.2   -0.2      0.0
  SINCE JUL 1      0.0                       1.7   -1.7       T
  SNOW DEPTH       0

DEGREE DAYS
 HEATING
  TODAY           16                        26    -10       14
  MONTH TO DATE   16                        26    -10       14
  SINCE DEC 1     16                        26    -10       14
  SINCE JUL 1    830                      1101   -271      901

 COOLING
  TODAY            0                         0      0        0
  MONTH TO DATE    0                         0      0        0
  SINCE DEC 1      0                         0      0        0
  SINCE JAN 1    880                       744    136     1049
..................................................................


WIND (MPH)
  HIGHEST WIND SPEED    18   HIGHEST WIND DIRECTION    NW (330)
  HIGHEST GUST SPEED    26   HIGHEST GUST DIRECTION    NW (330)
  AVERAGE WIND SPEED     8.4


SKY COVER
  POSSIBLE SUNSHINE  MM
  AVERAGE SKY COVER 0.7


WEATHER CONDITIONS
 THE FOLLOWING WEATHER WAS RECORDED TODAY.
  RAIN
  LIGHT RAIN
  FOG


RELATIVE HUMIDITY (PERCENT)
 HIGHEST   100           400 AM
 LOWEST     44          1200 PM
 AVERAGE    72

..........................................................


THE PROVIDENCE RI CLIMATE NORMALS FOR TOMORROW
                         NORMAL    RECORD    YEAR
 MAXIMUM TEMPERATURE (F)   47        63      1998
 MINIMUM TEMPERATURE (F)   31        11      1989


SUNRISE AND SUNSET
DECEMBER  1 2017......SUNRISE   654 AM EST   SUNSET   416 PM EST
DECEMBER  2 2017......SUNRISE   655 AM EST   SUNSET   416 PM EST


-  INDICATES NEGATIVE NUMBERS.
R  INDICATES RECORD WAS SET OR TIED.
MM INDICATES DATA IS MISSING.
T  INDICATES TRACE AMOUNT.




$$
