000
CDUS41 KBOX 120611
CLIPVD


CLIMATE REPORT
NATIONAL WEATHER SERVICE TAUNTON MA
111 AM EST THU JAN 12 2017


...................................

...THE PROVIDENCE RI CLIMATE SUMMARY FOR JANUARY 11 2017...

CLIMATE NORMAL PERIOD 1981 TO 2010
CLIMATE RECORD PERIOD 1904 TO 2017


WEATHER ITEM   OBSERVED TIME   RECORD YEAR NORMAL DEPARTURE LAST
                VALUE   (LST)  VALUE       VALUE  FROM      YEAR
                                                  NORMAL
..................................................................
TEMPERATURE (F)
 YESTERDAY
  MAXIMUM         56    211 PM  61    1975  37     19       50
  MINIMUM         40   1023 PM  -5    1988  21     19       24
  AVERAGE         48                        29     19       37

PRECIPITATION (IN)
  YESTERDAY        0.18          1.28 2008   0.13   0.05     0.00
  MONTH TO DATE    2.04                      1.35   0.69     1.41
  SINCE DEC 1      5.18                      5.57  -0.39     6.21
  SINCE JAN 1      2.04                      1.35   0.69     1.41

SNOWFALL (IN)
  YESTERDAY        0.0           6.1  1984   0.3   -0.3      0.0
  MONTH TO DATE   14.1                       3.3   10.8      0.3
  SINCE DEC 1     18.5                      12.0    6.5      0.9
  SINCE JUL 1     18.5                      13.5    5.0      0.9
  SNOW DEPTH       0

DEGREE DAYS
 HEATING
  YESTERDAY       17                        36    -19       28
  MONTH TO DATE  379                       392    -13      343
  SINCE DEC 1   1307                      1344    -37      926
  SINCE JUL 1   2194                      2419   -225     1807

 COOLING
  YESTERDAY        0                         0      0        0
  MONTH TO DATE    0                         0      0        0
  SINCE DEC 1      0                         0      0        0
  SINCE JAN 1      0                         0      0        0
..................................................................


WIND (MPH)
  RESULTANT WIND SPEED  10   RESULTANT WIND DIRECTION  SW (220)
  HIGHEST WIND SPEED    35   HIGHEST WIND DIRECTION    SW (220)
  HIGHEST GUST SPEED    45   HIGHEST GUST DIRECTION    SW (210)
  AVERAGE WIND SPEED    12.3


SKY COVER
  POSSIBLE SUNSHINE  MM
  AVERAGE SKY COVER 0.7


WEATHER CONDITIONS
 THE FOLLOWING WEATHER WAS RECORDED YESTERDAY.
  RAIN
  LIGHT RAIN
  FOG


RELATIVE HUMIDITY (PERCENT)
 HIGHEST    92           100 AM
 LOWEST     46           100 PM
 AVERAGE    69

..........................................................


THE PROVIDENCE RI CLIMATE NORMALS FOR TODAY
                         NORMAL    RECORD    YEAR
 MAXIMUM TEMPERATURE (F)   37        59      1975
 MINIMUM TEMPERATURE (F)   21        -8      1981


SUNRISE AND SUNSET
JANUARY 12 2017.......SUNRISE   712 AM EST   SUNSET   437 PM EST
JANUARY 13 2017.......SUNRISE   711 AM EST   SUNSET   438 PM EST


-  INDICATES NEGATIVE NUMBERS.
R  INDICATES RECORD WAS SET OR TIED.
MM INDICATES DATA IS MISSING.
T  INDICATES TRACE AMOUNT.




$$
