000
CDUS41 KBOX 260538
CLIPVD


CLIMATE REPORT
NATIONAL WEATHER SERVICE TAUNTON MA
135 AM EDT FRI JUN 26 2015


...................................

...THE PROVIDENCE RI CLIMATE SUMMARY FOR JUNE 25 2015...

CLIMATE NORMAL PERIOD 1981 TO 2010
CLIMATE RECORD PERIOD 1904 TO 2015


WEATHER ITEM   OBSERVED TIME   RECORD YEAR NORMAL DEPARTURE LAST
                VALUE   (LST)  VALUE       VALUE  FROM      YEAR
                                                  NORMAL
..................................................................
TEMPERATURE (F)
 YESTERDAY
  MAXIMUM         83    222 PM  98    1943  80      3       84
  MINIMUM         64    333 AM  50    1979  61      3       64
  AVERAGE         74                        71      3       74

PRECIPITATION (IN)
  YESTERDAY        T             1.34 2012   0.10  -0.10     0.00
  MONTH TO DATE    3.27                      3.18   0.09     2.19
  SINCE JUN 1      3.27                      3.18   0.09     2.19
  SINCE JAN 1     20.22                     23.25  -3.03    24.99

SNOWFALL (IN)
  YESTERDAY        0.0           0.0  2002   0.0    0.0      0.0
                                      2001
                                      2000
  MONTH TO DATE    0.0                       0.0    0.0      0.0
  SINCE JUN 1      0.0                       0.0    0.0      0.0
  SINCE JUL 1     76.2                      33.8   42.4     43.6
  SNOW DEPTH       0

DEGREE DAYS
 HEATING
  YESTERDAY        0                         0      0        0
  MONTH TO DATE   65                        41     24       13
  SINCE JUN 1     65                        41     24       13
  SINCE JUL 1   6013                      5616    397     5913

 COOLING
  YESTERDAY        9                         6      3        9
  MONTH TO DATE  109                        99     10       72
  SINCE JUN 1    109                        99     10       72
  SINCE JAN 1    173                       125     48       83
..................................................................


WIND (MPH)
  RESULTANT WIND SPEED   5   RESULTANT WIND DIRECTION   W (270)
  HIGHEST WIND SPEED    16   HIGHEST WIND DIRECTION    SW (240)
  HIGHEST GUST SPEED    21   HIGHEST GUST DIRECTION     W (250)
  AVERAGE WIND SPEED     7.4


SKY COVER
  POSSIBLE SUNSHINE  MM
  AVERAGE SKY COVER 0.6


WEATHER CONDITIONS
 THE FOLLOWING WEATHER WAS RECORDED YESTERDAY.
  LIGHT RAIN


RELATIVE HUMIDITY (PERCENT)
 HIGHEST    73          1200 AM
 LOWEST     40           300 PM
 AVERAGE    57

..........................................................


THE PROVIDENCE RI CLIMATE NORMALS FOR TODAY
                         NORMAL    RECORD    YEAR
 MAXIMUM TEMPERATURE (F)   80        97      1952
 MINIMUM TEMPERATURE (F)   62        47      1986
                                             1979


SUNRISE AND SUNSET
JUNE 26 2015..........SUNRISE   513 AM EDT   SUNSET   824 PM EDT
JUNE 27 2015..........SUNRISE   513 AM EDT   SUNSET   824 PM EDT


-  INDICATES NEGATIVE NUMBERS.
R  INDICATES RECORD WAS SET OR TIED.
MM INDICATES DATA IS MISSING.
T  INDICATES TRACE AMOUNT.




$$
