000
CDUS41 KBOX 210550
CLIPVD


CLIMATE REPORT
NATIONAL WEATHER SERVICE TAUNTON MA
1250 AM EST WED JAN 21 2015


...................................

...THE PROVIDENCE RI CLIMATE SUMMARY FOR JANUARY 20 2015...

CLIMATE NORMAL PERIOD 1981 TO 2010
CLIMATE RECORD PERIOD 1904 TO 2015


WEATHER ITEM   OBSERVED TIME   RECORD YEAR NORMAL DEPARTURE LAST
                VALUE   (LST)  VALUE       VALUE  FROM      YEAR
                                                  NORMAL
..................................................................
TEMPERATURE (F)
 YESTERDAY
  MAXIMUM         38    243 PM  59    1947  37      1       45
  MINIMUM         27   1159 PM  -5    1971  21      6       28
  AVERAGE         33                        29      4       37

PRECIPITATION (IN)
  YESTERDAY        0.00          1.22 1995   0.13  -0.13     0.00
                                      1947
  MONTH TO DATE    1.69                      2.51  -0.82     3.43
  SINCE DEC 1      7.94                      6.73   1.21     8.25
  SINCE JAN 1      1.69                      2.51  -0.82     3.43

SNOWFALL (IN)
  YESTERDAY        0.0          10.4  1978   0.3   -0.3      0.0
  MONTH TO DATE    3.3                       5.8   -2.5      8.2
  SINCE DEC 1      4.2                      14.5  -10.3     15.2
  SINCE JUL 1      5.8                      16.0  -10.2     15.3
  SNOW DEPTH       0

DEGREE DAYS
 HEATING
  YESTERDAY       32                        36     -4       28
  MONTH TO DATE  758                       716     42      686
  SINCE DEC 1   1593                      1668    -75     1662
  SINCE JUL 1   2629                      2743   -114     2765

 COOLING
  YESTERDAY        0                         0      0        0
  MONTH TO DATE    0                         0      0        0
  SINCE DEC 1      0                         0      0        0
  SINCE JAN 1      0                         0      0        0
..................................................................


WIND (MPH)
  RESULTANT WIND SPEED  10   RESULTANT WIND DIRECTION   W (280)
  HIGHEST WIND SPEED    17   HIGHEST WIND DIRECTION     W (260)
  HIGHEST GUST SPEED    22   HIGHEST GUST DIRECTION     W (260)
  AVERAGE WIND SPEED     9.6


SKY COVER
  POSSIBLE SUNSHINE  MM
  AVERAGE SKY COVER 0.5


WEATHER CONDITIONS
 THE FOLLOWING WEATHER WAS RECORDED YESTERDAY.
  NO SIGNIFICANT WEATHER WAS OBSERVED.


RELATIVE HUMIDITY (PERCENT)
 HIGHEST    69           100 AM
 LOWEST     31          1000 PM
 AVERAGE    50

..........................................................


THE PROVIDENCE RI CLIMATE NORMALS FOR TODAY
                         NORMAL    RECORD    YEAR
 MAXIMUM TEMPERATURE (F)   37        62      1906
 MINIMUM TEMPERATURE (F)   21        -2      1970


SUNRISE AND SUNSET
JANUARY 21 2015.......SUNRISE   707 AM EST   SUNSET   447 PM EST
JANUARY 22 2015.......SUNRISE   707 AM EST   SUNSET   448 PM EST


-  INDICATES NEGATIVE NUMBERS.
R  INDICATES RECORD WAS SET OR TIED.
MM INDICATES DATA IS MISSING.
T  INDICATES TRACE AMOUNT.




$$
