000
CDUS41 KBOX 152137
CLIPVD


CLIMATE REPORT
NATIONAL WEATHER SERVICE TAUNTON MA
528 PM EDT TUE JUL 15 2014


...................................

...THE PROVIDENCE RI CLIMATE SUMMARY FOR JULY 15 2014...
VALID AS OF 0500 PM LOCAL TIME.

CLIMATE NORMAL PERIOD 1981 TO 2010
CLIMATE RECORD PERIOD 1904 TO 2014


WEATHER ITEM   OBSERVED TIME   RECORD YEAR NORMAL DEPARTURE LAST
                VALUE   (LST)  VALUE       VALUE  FROM      YEAR
                                                  NORMAL
..................................................................
TEMPERATURE (F)
 TODAY
  MAXIMUM         80   1136 AM  99    1995  83     -3       94
  MINIMUM         73    752 AM  54    1926  64      9       76
  AVERAGE         77                        74      3       85

PRECIPITATION (IN)
  TODAY            0.02          1.11 1973   0.11  -0.09     0.00
  MONTH TO DATE    2.86                      1.47   1.39     0.80
  SINCE JUN 1      5.22                      5.11   0.11    10.88
  SINCE JAN 1     28.02                     25.18   2.84    25.48

SNOWFALL (IN)
  TODAY            0.0           0.0  2002   0.0    0.0      0.0
                                      2001
                                      2000
  MONTH TO DATE    0.0                       0.0    0.0      0.0
  SINCE JUN 1      0.0                       0.0    0.0      0.0
  SINCE JUL 1      0.0                       0.0    0.0      0.0
  SNOW DEPTH       0

DEGREE DAYS
 HEATING
  TODAY            0                         0      0        0
  MONTH TO DATE    0                         0      0        0
  SINCE JUN 1     13                        43    -30       24
  SINCE JUL 1      0                         0      0        0

 COOLING
  TODAY           12                         9      3       20
  MONTH TO DATE  167                       123     44      216
  SINCE JUN 1    270                       255     15      380
  SINCE JAN 1    281                       281      0      424
..................................................................


WIND (MPH)
  HIGHEST WIND SPEED    18   HIGHEST WIND DIRECTION     S (200)
  HIGHEST GUST SPEED    24   HIGHEST GUST DIRECTION     S (200)
  AVERAGE WIND SPEED    11.2


SKY COVER
  POSSIBLE SUNSHINE  MM
  AVERAGE SKY COVER 1.0


WEATHER CONDITIONS
 THE FOLLOWING WEATHER WAS RECORDED TODAY.
  LIGHT RAIN
  FOG


RELATIVE HUMIDITY (PERCENT)
 HIGHEST    94           400 PM
 LOWEST     85          1100 AM
 AVERAGE    90

..........................................................


THE PROVIDENCE RI CLIMATE NORMALS FOR TOMORROW
                         NORMAL    RECORD    YEAR
 MAXIMUM TEMPERATURE (F)   83        97      1983
 MINIMUM TEMPERATURE (F)   65        52      1954


SUNRISE AND SUNSET
JULY 15 2014..........SUNRISE   524 AM EDT   SUNSET   819 PM EDT
JULY 16 2014..........SUNRISE   525 AM EDT   SUNSET   818 PM EDT


-  INDICATES NEGATIVE NUMBERS.
R  INDICATES RECORD WAS SET OR TIED.
MM INDICATES DATA IS MISSING.
T  INDICATES TRACE AMOUNT.




$$
