000
CDUS41 KBOX 130604
CLIPVD


CLIMATE REPORT
NATIONAL WEATHER SERVICE TAUNTON MA
153 AM EDT SUN AUG 13 2017


...................................

...THE PROVIDENCE RI CLIMATE SUMMARY FOR AUGUST 12 2017...

CLIMATE NORMAL PERIOD 1981 TO 2010
CLIMATE RECORD PERIOD 1904 TO 2017


WEATHER ITEM   OBSERVED TIME   RECORD YEAR NORMAL DEPARTURE LAST
                VALUE   (LST)  VALUE       VALUE  FROM      YEAR
                                                  NORMAL
..................................................................
TEMPERATURE (F)
 YESTERDAY
  MAXIMUM         75    458 PM 100    1944  82     -7       93
  MINIMUM         62    541 AM  50    1968  64     -2       75
  AVERAGE         69                        73     -4       84

PRECIPITATION (IN)
  YESTERDAY        0.14          2.41 1948   0.11   0.03     0.48
  MONTH TO DATE    0.77                      1.42  -0.65     1.76
  SINCE JUN 1      8.49                      8.35   0.14     6.76
  SINCE JAN 1     33.51                     28.42   5.09    24.88

SNOWFALL (IN)
  YESTERDAY        0.0           0.0  2002   0.0    0.0      0.0
                                      2001
                                      2000
  MONTH TO DATE    0.0                       0.0    0.0      0.0
  SINCE JUN 1      0.0                       0.0    0.0      0.0
  SINCE JUL 1      0.0                       0.0    0.0      0.0
  SNOW DEPTH       0

DEGREE DAYS
 HEATING
  YESTERDAY        0                         0      0        0
  MONTH TO DATE    0                         0      0        0
  SINCE JUN 1     56                        46     10       12
  SINCE JUL 1      7                         3      4        0

 COOLING
  YESTERDAY        4                         8     -4       19
  MONTH TO DATE   84                       102    -18      123
  SINCE JUN 1    507                       500      7      606
  SINCE JAN 1    565                       526     39      657
..................................................................


WIND (MPH)
  RESULTANT WIND SPEED   4   RESULTANT WIND DIRECTION   S (180)
  HIGHEST WIND SPEED    14   HIGHEST WIND DIRECTION     S (160)
  HIGHEST GUST SPEED    16   HIGHEST GUST DIRECTION     S (170)
  AVERAGE WIND SPEED     5.8


SKY COVER
  POSSIBLE SUNSHINE  MM
  AVERAGE SKY COVER 0.9


WEATHER CONDITIONS
 THE FOLLOWING WEATHER WAS RECORDED YESTERDAY.
  LIGHT RAIN
  FOG


RELATIVE HUMIDITY (PERCENT)
 HIGHEST   100           700 AM
 LOWEST     78          1000 AM
 AVERAGE    89

..........................................................


THE PROVIDENCE RI CLIMATE NORMALS FOR TODAY
                         NORMAL    RECORD    YEAR
 MAXIMUM TEMPERATURE (F)   82       100      2005
 MINIMUM TEMPERATURE (F)   64        50      1957


SUNRISE AND SUNSET
AUGUST 13 2017........SUNRISE   552 AM EDT   SUNSET   748 PM EDT
AUGUST 14 2017........SUNRISE   553 AM EDT   SUNSET   747 PM EDT


-  INDICATES NEGATIVE NUMBERS.
R  INDICATES RECORD WAS SET OR TIED.
MM INDICATES DATA IS MISSING.
T  INDICATES TRACE AMOUNT.




$$
