000
CDUS41 KBOX 190613
CLIPVD


CLIMATE REPORT
NATIONAL WEATHER SERVICE TAUNTON MA
203 AM EDT TUE APR 19 2016


...................................

...THE PROVIDENCE RI CLIMATE SUMMARY FOR APRIL 18 2016...

CLIMATE NORMAL PERIOD 1981 TO 2010
CLIMATE RECORD PERIOD 1904 TO 2016


WEATHER ITEM   OBSERVED TIME   RECORD YEAR NORMAL DEPARTURE LAST
                VALUE   (LST)  VALUE       VALUE  FROM      YEAR
                                                  NORMAL
..................................................................
TEMPERATURE (F)
 YESTERDAY
  MAXIMUM         76   1159 AM  86    1976  60     16       77
  MINIMUM         39    434 AM  27    1948  41     -2       46
  AVERAGE         58                        50      8       62

PRECIPITATION (IN)
  YESTERDAY        0.00          1.05 1939   0.14  -0.14     0.00
  MONTH TO DATE    3.58                      2.79   0.79     1.30
  SINCE MAR 1      6.26                      7.80  -1.54     5.70
  SINCE JAN 1     14.61                     14.95  -0.34    12.05

SNOWFALL (IN)
  YESTERDAY        0.0           T    2001   0.0    0.0      0.0
                                      1967
  MONTH TO DATE    6.7                       0.5    6.2       T
  SINCE MAR 1      9.3                       6.0    3.3     16.3
  SINCE JUL 1     28.7                      33.7   -5.0     76.2
  SNOW DEPTH       0

DEGREE DAYS
 HEATING
  YESTERDAY        7                        15     -8        3
  MONTH TO DATE  360                       323     37      305
  SINCE MAR 1   1007                      1132   -125     1297
  SINCE JUL 1   4378                      5194   -816     5659

 COOLING
  YESTERDAY        0                         0      0        0
  MONTH TO DATE    0                         0      0        0
  SINCE MAR 1      0                         0      0        0
  SINCE JAN 1      0                         0      0        0
..................................................................


WIND (MPH)
  RESULTANT WIND SPEED   3   RESULTANT WIND DIRECTION  SE (130)
  HIGHEST WIND SPEED    16   HIGHEST WIND DIRECTION     S (180)
  HIGHEST GUST SPEED    20   HIGHEST GUST DIRECTION     E (70)
  AVERAGE WIND SPEED     7.2


SKY COVER
  POSSIBLE SUNSHINE  MM
  AVERAGE SKY COVER 0.5


WEATHER CONDITIONS
 THE FOLLOWING WEATHER WAS RECORDED YESTERDAY.
  NO SIGNIFICANT WEATHER WAS OBSERVED.


RELATIVE HUMIDITY (PERCENT)
 HIGHEST    76          1000 PM
 LOWEST     19          1200 PM
 AVERAGE    48

..........................................................


THE PROVIDENCE RI CLIMATE NORMALS FOR TODAY
                         NORMAL    RECORD    YEAR
 MAXIMUM TEMPERATURE (F)   60        98      1976
 MINIMUM TEMPERATURE (F)   41        26      1926


SUNRISE AND SUNSET
APRIL 19 2016.........SUNRISE   559 AM EDT   SUNSET   731 PM EDT
APRIL 20 2016.........SUNRISE   557 AM EDT   SUNSET   733 PM EDT


-  INDICATES NEGATIVE NUMBERS.
R  INDICATES RECORD WAS SET OR TIED.
MM INDICATES DATA IS MISSING.
T  INDICATES TRACE AMOUNT.




$$
