000
CDUS41 KBOX 242142
CLIPVD


CLIMATE REPORT
NATIONAL WEATHER SERVICE TAUNTON MA
538 PM EDT WED SEP 24 2014


...................................

...THE PROVIDENCE RI CLIMATE SUMMARY FOR SEPTEMBER 24 2014...
VALID AS OF 0500 PM LOCAL TIME.

CLIMATE NORMAL PERIOD 1981 TO 2010
CLIMATE RECORD PERIOD 1904 TO 2014


WEATHER ITEM   OBSERVED TIME   RECORD YEAR NORMAL DEPARTURE LAST
                VALUE   (LST)  VALUE       VALUE  FROM      YEAR
                                                  NORMAL
..................................................................
TEMPERATURE (F)
 TODAY
  MAXIMUM         71   1250 PM  87    1959  71      0       68
  MINIMUM         48    420 AM  34    1974  52     -4       43
  AVERAGE         60                        62     -2       56

PRECIPITATION (IN)
  TODAY            0.00          1.71 1975   0.13  -0.13     0.00
  MONTH TO DATE    0.56                      3.10  -2.54     4.59
  SINCE SEP 1      0.56                      3.10  -2.54     4.59
  SINCE JAN 1     32.01                     33.70  -1.69    35.40

SNOWFALL (IN)
  TODAY            0.0           0.0  2002   0.0    0.0      0.0
                                      2001
                                      2000
  MONTH TO DATE    0.0                       0.0    0.0      0.0
  SINCE SEP 1      0.0                       0.0    0.0      0.0
  SINCE JUL 1      0.0                       0.0    0.0      0.0
  SNOW DEPTH       0

DEGREE DAYS
 HEATING
  TODAY            5                         5      0        9
  MONTH TO DATE   60                        54      6       69
  SINCE SEP 1     60                        54      6       69
  SINCE JUL 1     60                        63     -3       69

 COOLING
  TODAY            0                         1     -1        0
  MONTH TO DATE  104                        74     30       63
  SINCE SEP 1    104                        74     30       63
  SINCE JAN 1    686                       730    -44      885
..................................................................


WIND (MPH)
  HIGHEST WIND SPEED    16   HIGHEST WIND DIRECTION    SE (120)
  HIGHEST GUST SPEED    20   HIGHEST GUST DIRECTION    SE (120)
  AVERAGE WIND SPEED     6.0


SKY COVER
  POSSIBLE SUNSHINE  MM
  AVERAGE SKY COVER 0.4


WEATHER CONDITIONS
 THE FOLLOWING WEATHER WAS RECORDED TODAY.
  NO SIGNIFICANT WEATHER WAS OBSERVED.


RELATIVE HUMIDITY (PERCENT)
 HIGHEST    89           100 AM
 LOWEST     47          1200 PM
 AVERAGE    68

..........................................................


THE PROVIDENCE RI CLIMATE NORMALS FOR TOMORROW
                         NORMAL    RECORD    YEAR
 MAXIMUM TEMPERATURE (F)   71        89      1920
 MINIMUM TEMPERATURE (F)   52        36      1963
                                             1950


SUNRISE AND SUNSET
SEPTEMBER 24 2014.....SUNRISE   635 AM EDT   SUNSET   640 PM EDT
SEPTEMBER 25 2014.....SUNRISE   636 AM EDT   SUNSET   638 PM EDT


-  INDICATES NEGATIVE NUMBERS.
R  INDICATES RECORD WAS SET OR TIED.
MM INDICATES DATA IS MISSING.
T  INDICATES TRACE AMOUNT.




$$
