000
CDUS41 KBOX 022123
CLIPVD


CLIMATE REPORT
NATIONAL WEATHER SERVICE TAUNTON MA
522 PM EDT MON OCT 2 2017


...................................

...THE PROVIDENCE RI CLIMATE SUMMARY FOR OCTOBER 2 2017...
VALID AS OF 0500 PM LOCAL TIME.

CLIMATE NORMAL PERIOD 1981 TO 2010
CLIMATE RECORD PERIOD 1904 TO 2017


WEATHER ITEM   OBSERVED TIME   RECORD YEAR NORMAL DEPARTURE LAST
                VALUE   (LST)  VALUE       VALUE  FROM      YEAR
                                                  NORMAL
..................................................................
TEMPERATURE (F)
 TODAY
  MAXIMUM         72    158 PM  87    1927  68      4       61
  MINIMUM         46    230 AM  36    1992  49     -3       54
                                      1928
  AVERAGE         59                        58      1       58

PRECIPITATION (IN)
  TODAY            0.00          2.18 1929   0.13  -0.13     0.00
  MONTH TO DATE    0.00                      0.26  -0.26     0.55
  SINCE SEP 1      3.85                      4.18  -0.33     3.29
  SINCE JAN 1     38.05                     34.78   3.27    29.12

SNOWFALL (IN)
  TODAY            0.0           0.0  2009   0.0    0.0      0.0
                                      2008
                                      2007
  MONTH TO DATE    0.0                       0.0    0.0      0.0
  SINCE SEP 1      0.0                       0.0    0.0      0.0
  SINCE JUL 1      0.0                       0.0    0.0      0.0
  SNOW DEPTH       0

DEGREE DAYS
 HEATING
  TODAY            6                         7     -1        7
  MONTH TO DATE   15                        14      1       13
  SINCE SEP 1     47                       102    -55       56
  SINCE JUL 1     55                       111    -56       56

 COOLING
  TODAY            0                         1     -1        0
  MONTH TO DATE    0                         2     -2        0
  SINCE SEP 1    134                        82     52      151
  SINCE JAN 1    838                       738    100     1034
..................................................................


WIND (MPH)
  HIGHEST WIND SPEED    13   HIGHEST WIND DIRECTION    NE (60)
  HIGHEST GUST SPEED    17   HIGHEST GUST DIRECTION    NE (40)
  AVERAGE WIND SPEED     7.6


SKY COVER
  POSSIBLE SUNSHINE  MM
  AVERAGE SKY COVER 0.1


WEATHER CONDITIONS
 THE FOLLOWING WEATHER WAS RECORDED TODAY.
  NO SIGNIFICANT WEATHER WAS OBSERVED.


RELATIVE HUMIDITY (PERCENT)
 HIGHEST    86          1200 AM
 LOWEST     37           300 PM
 AVERAGE    62

..........................................................


THE PROVIDENCE RI CLIMATE NORMALS FOR TOMORROW
                         NORMAL    RECORD    YEAR
 MAXIMUM TEMPERATURE (F)   68        83      1922
                                             1919
 MINIMUM TEMPERATURE (F)   48        35      1908


SUNRISE AND SUNSET
OCTOBER  2 2017.......SUNRISE   644 AM EDT   SUNSET   625 PM EDT
OCTOBER  3 2017.......SUNRISE   645 AM EDT   SUNSET   624 PM EDT


-  INDICATES NEGATIVE NUMBERS.
R  INDICATES RECORD WAS SET OR TIED.
MM INDICATES DATA IS MISSING.
T  INDICATES TRACE AMOUNT.




$$
