675
CDUS41 KBOX 132123
CLIPVD


CLIMATE REPORT
NATIONAL WEATHER SERVICE TAUNTON MA
423 PM EST WED DEC 13 2017


...................................

...THE PROVIDENCE RI CLIMATE SUMMARY FOR DECEMBER 13 2017...
VALID AS OF 0400 PM LOCAL TIME.

CLIMATE NORMAL PERIOD 1981 TO 2010
CLIMATE RECORD PERIOD 1904 TO 2017


WEATHER ITEM   OBSERVED TIME   RECORD YEAR NORMAL DEPARTURE LAST
                VALUE   (LST)  VALUE       VALUE  FROM      YEAR
                                                  NORMAL
..................................................................
TEMPERATURE (F)
 TODAY
  MAXIMUM         34   1226 AM  63    1983  43     -9       42
  MINIMUM         20    710 AM   4    1976  27     -7       26
                                      1958
  AVERAGE         27                        35     -8       34

PRECIPITATION (IN)
  TODAY            0.00          1.34 1983   0.13  -0.13     0.00
  MONTH TO DATE    1.36                      1.94  -0.58     0.92
  SINCE DEC 1      1.36                      1.94  -0.58     0.92
  SINCE JAN 1     47.79                     44.90   2.89    37.78

SNOWFALL (IN)
  TODAY            0.0           8.2  2007   0.2   -0.2      0.0
  MONTH TO DATE    3.1                       3.0    0.1      1.2
  SINCE DEC 1      3.1                       3.0    0.1      1.2
  SINCE JUL 1      3.1                       4.5   -1.4      1.2
  SNOW DEPTH       0

DEGREE DAYS
 HEATING
  TODAY           38                        30      8       31
  MONTH TO DATE  341                       362    -21      369
  SINCE DEC 1    341                       362    -21      369
  SINCE JUL 1   1155                      1437   -282     1256

 COOLING
  TODAY            0                         0      0        0
  MONTH TO DATE    0                         0      0        0
  SINCE DEC 1      0                         0      0        0
  SINCE JAN 1    880                       744    136     1049
..................................................................


WIND (MPH)
  HIGHEST WIND SPEED    31   HIGHEST WIND DIRECTION     W (280)
  HIGHEST GUST SPEED    45   HIGHEST GUST DIRECTION     W (260)
  AVERAGE WIND SPEED    19.2


SKY COVER
  POSSIBLE SUNSHINE  MM
  AVERAGE SKY COVER 0.4


WEATHER CONDITIONS
 THE FOLLOWING WEATHER WAS RECORDED TODAY.
  NO SIGNIFICANT WEATHER WAS OBSERVED.


RELATIVE HUMIDITY (PERCENT)
 HIGHEST    82          1200 AM
 LOWEST     46          1100 AM
 AVERAGE    64

..........................................................


THE PROVIDENCE RI CLIMATE NORMALS FOR TOMORROW
                         NORMAL    RECORD    YEAR
 MAXIMUM TEMPERATURE (F)   43        61      2015
 MINIMUM TEMPERATURE (F)   27         1      1976


SUNRISE AND SUNSET
DECEMBER 13 2017......SUNRISE   705 AM EST   SUNSET   416 PM EST
DECEMBER 14 2017......SUNRISE   705 AM EST   SUNSET   416 PM EST


-  INDICATES NEGATIVE NUMBERS.
R  INDICATES RECORD WAS SET OR TIED.
MM INDICATES DATA IS MISSING.
T  INDICATES TRACE AMOUNT.




$$
