000
CDUS41 KBOX 152138
CLIPVD


CLIMATE REPORT
NATIONAL WEATHER SERVICE TAUNTON MA
526 PM EDT FRI JUL 15 2016


...................................

...THE PROVIDENCE RI CLIMATE SUMMARY FOR JULY 15 2016...
VALID AS OF 0500 PM LOCAL TIME.

CLIMATE NORMAL PERIOD 1981 TO 2010
CLIMATE RECORD PERIOD 1904 TO 2016


WEATHER ITEM   OBSERVED TIME   RECORD YEAR NORMAL DEPARTURE LAST
                VALUE   (LST)  VALUE       VALUE  FROM      YEAR
                                                  NORMAL
..................................................................
TEMPERATURE (F)
 TODAY
  MAXIMUM         93        MM  99    1995  83     10       85
  MINIMUM         70        MM  54    1926  64      6       67
  AVERAGE         82                        74      8       76

PRECIPITATION (IN)
  TODAY            0.29          1.11 1973   0.11   0.18     0.09
  MONTH TO DATE    1.68                      1.47   0.21     1.74
  SINCE JUN 1      2.73                      5.11  -2.38     7.09
  SINCE JAN 1     20.85                     25.18  -4.33    24.04

SNOWFALL (IN)
  TODAY            0.0           0.0  2002   0.0    0.0      0.0
                                      2001
                                      2000
  MONTH TO DATE    0.0                       0.0    0.0      0.0
  SINCE JUN 1      0.0                       0.0    0.0      0.0
  SINCE JUL 1      0.0                       0.0    0.0      0.0
  SNOW DEPTH       0

DEGREE DAYS
 HEATING
  TODAY            0                         0      0        0
  MONTH TO DATE    0                         0      0        0
  SINCE JUN 1     12                        43    -31       72
  SINCE JUL 1      0                         0      0        0

 COOLING
  TODAY           17                         9      8       11
  MONTH TO DATE  132                       123      9      134
  SINCE JUN 1    267                       255     12      252
  SINCE JAN 1    318                       281     37      316
..................................................................


WIND (MPH)
  HIGHEST WIND SPEED    13   HIGHEST WIND DIRECTION    SE (150)
  HIGHEST GUST SPEED    MM   HIGHEST GUST DIRECTION    MM
  AVERAGE WIND SPEED     3.7


SKY COVER
  POSSIBLE SUNSHINE  MM
  AVERAGE SKY COVER 0.6


WEATHER CONDITIONS
 THE FOLLOWING WEATHER WAS RECORDED TODAY.
  THUNDERSTORM
  HEAVY RAIN
  RAIN
  LIGHT RAIN
  FOG
  FOG W/VISIBILITY <= 1/4 MILE


RELATIVE HUMIDITY (PERCENT)
 HIGHEST   100           200 AM
 LOWEST     41          1000 AM
 AVERAGE    71

..........................................................


THE PROVIDENCE RI CLIMATE NORMALS FOR TOMORROW
                         NORMAL    RECORD    YEAR
 MAXIMUM TEMPERATURE (F)   83        97      1983
 MINIMUM TEMPERATURE (F)   65        52      1954


SUNRISE AND SUNSET
JULY 15 2016..........SUNRISE   525 AM EDT   SUNSET   818 PM EDT
JULY 16 2016..........SUNRISE   525 AM EDT   SUNSET   818 PM EDT


-  INDICATES NEGATIVE NUMBERS.
R  INDICATES RECORD WAS SET OR TIED.
MM INDICATES DATA IS MISSING.
T  INDICATES TRACE AMOUNT.




$$
