000
CDUS41 KBOX 111328
CLIPVD


CLIMATE REPORT
NATIONAL WEATHER SERVICE TAUNTON MA
827 AM EST SAT FEB 11 2017


...................................

...THE PROVIDENCE RI CLIMATE SUMMARY FOR FEBRUARY 10 2017...

CLIMATE NORMAL PERIOD 1981 TO 2010
CLIMATE RECORD PERIOD 1904 TO 2017


WEATHER ITEM   OBSERVED TIME   RECORD YEAR NORMAL DEPARTURE LAST
                VALUE   (LST)  VALUE       VALUE  FROM      YEAR
                                                  NORMAL
..................................................................
TEMPERATURE (F)
 YESTERDAY
  MAXIMUM         27    420 PM  66    2010  39    -12       36
  MINIMUM          8    633 AM  -3    1979  23    -15       16
  AVERAGE         18                        31    -13       26

PRECIPITATION (IN)
  YESTERDAY        0.03          1.57 1970   0.11  -0.08     0.02
  MONTH TO DATE    1.26                      1.13   0.13     2.75
  SINCE DEC 1      9.36                      9.21   0.15    10.58
  SINCE JAN 1      6.22                      4.99   1.23     5.78

SNOWFALL (IN)
  YESTERDAY        0.5           4.0  1926   0.3    0.2      0.3
  MONTH TO DATE   12.5                       3.1    9.4     11.0
  SINCE DEC 1     33.9                      20.8   13.1     18.9
  SINCE JUL 1     33.9                      22.3   11.6     18.9
  SNOW DEPTH      11

DEGREE DAYS
 HEATING
  YESTERDAY       47                        34     13       39
  MONTH TO DATE  339                       345     -6      287
  SINCE DEC 1   2196                      2407   -211     1880
  SINCE JUL 1   3083                      3482   -399     2761

 COOLING
  YESTERDAY        0                         0      0        0
  MONTH TO DATE    0                         0      0        0
  SINCE DEC 1      0                         0      0        0
  SINCE JAN 1      0                         0      0        0
..................................................................


WIND (MPH)
  RESULTANT WIND SPEED  11   RESULTANT WIND DIRECTION   W (290)
  HIGHEST WIND SPEED    28   HIGHEST WIND DIRECTION    NW (300)
  HIGHEST GUST SPEED    40   HIGHEST GUST DIRECTION     W (260)
  AVERAGE WIND SPEED    10.2


SKY COVER
  POSSIBLE SUNSHINE  MM
  AVERAGE SKY COVER 0.4


WEATHER CONDITIONS
 THE FOLLOWING WEATHER WAS RECORDED YESTERDAY.
  LIGHT SNOW
  FOG
  HAZE


RELATIVE HUMIDITY (PERCENT)
 HIGHEST    73           900 PM
 LOWEST     38           300 PM
 AVERAGE    56

..........................................................


THE PROVIDENCE RI CLIMATE NORMALS FOR TODAY
                         NORMAL    RECORD    YEAR
 MAXIMUM TEMPERATURE (F)   40        62      1981
 MINIMUM TEMPERATURE (F)   23        -6      1979


SUNRISE AND SUNSET
FEBRUARY 11 2017......SUNRISE   646 AM EST   SUNSET   514 PM EST
FEBRUARY 12 2017......SUNRISE   645 AM EST   SUNSET   516 PM EST


-  INDICATES NEGATIVE NUMBERS.
R  INDICATES RECORD WAS SET OR TIED.
MM INDICATES DATA IS MISSING.
T  INDICATES TRACE AMOUNT.




$$
