505
CDUS41 KBOX 140545
CLIPVD


CLIMATE REPORT
NATIONAL WEATHER SERVICE TAUNTON MA
143 AM EDT FRI APR 14 2017


...................................

...THE PROVIDENCE RI CLIMATE SUMMARY FOR APRIL 13 2017...

CLIMATE NORMAL PERIOD 1981 TO 2010
CLIMATE RECORD PERIOD 1904 TO 2017


WEATHER ITEM   OBSERVED TIME   RECORD YEAR NORMAL DEPARTURE LAST
                VALUE   (LST)  VALUE       VALUE  FROM      YEAR
                                                  NORMAL
..................................................................
TEMPERATURE (F)
 YESTERDAY
  MAXIMUM         60    442 PM  85    1977  58      2       56
                                      1945
  MINIMUM         44    526 AM  26    1956  39      5       33
  AVERAGE         52                        48      4       45

PRECIPITATION (IN)
  YESTERDAY        0.00          2.27 2004   0.15  -0.15     0.00
  MONTH TO DATE    3.84                      2.08   1.76     3.58
  SINCE MAR 1      7.69                      7.09   0.60     6.26
  SINCE JAN 1     14.87                     14.24   0.63    14.61

SNOWFALL (IN)
  YESTERDAY        0.0           2.4  1907   0.0    0.0      0.0
  MONTH TO DATE    T                         0.4   -0.4      6.7
  SINCE MAR 1      7.7                       5.9    1.8      9.3
  SINCE JUL 1     45.9                      33.6   12.3     28.7
  SNOW DEPTH       0

DEGREE DAYS
 HEATING
  YESTERDAY       13                        17     -4       20
  MONTH TO DATE  207                       245    -38      287
  SINCE MAR 1   1127                      1054     73      934
  SINCE JUL 1   4685                      5116   -431     4305

 COOLING
  YESTERDAY        0                         0      0        0
  MONTH TO DATE    0                         0      0        0
  SINCE MAR 1      0                         0      0        0
  SINCE JAN 1      0                         0      0        0
..................................................................


WIND (MPH)
  RESULTANT WIND SPEED   8   RESULTANT WIND DIRECTION  NW (330)
  HIGHEST WIND SPEED    18   HIGHEST WIND DIRECTION     N (360)
  HIGHEST GUST SPEED    30   HIGHEST GUST DIRECTION     N (10)
  AVERAGE WIND SPEED     9.1


SKY COVER
  POSSIBLE SUNSHINE  MM
  AVERAGE SKY COVER 0.2


WEATHER CONDITIONS
 THE FOLLOWING WEATHER WAS RECORDED YESTERDAY.
  NO SIGNIFICANT WEATHER WAS OBSERVED.


RELATIVE HUMIDITY (PERCENT)
 HIGHEST    62           500 AM
 LOWEST     31           500 PM
 AVERAGE    47

..........................................................


THE PROVIDENCE RI CLIMATE NORMALS FOR TODAY
                         NORMAL    RECORD    YEAR
 MAXIMUM TEMPERATURE (F)   58        83      1945
 MINIMUM TEMPERATURE (F)   39        26      1959


SUNRISE AND SUNSET
APRIL 14 2017.........SUNRISE   607 AM EDT   SUNSET   726 PM EDT
APRIL 15 2017.........SUNRISE   605 AM EDT   SUNSET   727 PM EDT


-  INDICATES NEGATIVE NUMBERS.
R  INDICATES RECORD WAS SET OR TIED.
MM INDICATES DATA IS MISSING.
T  INDICATES TRACE AMOUNT.




$$
