000
CDUS41 KBOX 250647
CLIPVD


CLIMATE REPORT
NATIONAL WEATHER SERVICE TAUNTON MA
146 AM EST WED FEB 25 2015


...................................

...THE PROVIDENCE RI CLIMATE SUMMARY FOR FEBRUARY 24 2015...

CLIMATE NORMAL PERIOD 1981 TO 2010
CLIMATE RECORD PERIOD 1904 TO 2015


WEATHER ITEM   OBSERVED TIME   RECORD YEAR NORMAL DEPARTURE LAST
                VALUE   (LST)  VALUE       VALUE  FROM      YEAR
                                                  NORMAL
..................................................................
TEMPERATURE (F)
 YESTERDAY
  MAXIMUM         20   1158 PM  72    1985  42    -22       42
  MINIMUM         -3R   647 AM  -3    1907  25    -28       23
  AVERAGE          9                        34    -25       33

PRECIPITATION (IN)
  YESTERDAY        0.02          1.81 1969   0.13  -0.11     0.00
  MONTH TO DATE    2.64                      2.76  -0.12     4.68
  SINCE DEC 1     12.51                     10.84   1.67    13.19
  SINCE JAN 1      6.26                      6.62  -0.36     8.37

SNOWFALL (IN)
  YESTERDAY        0.4          14.2  1969   0.3    0.1      0.0
  MONTH TO DATE   29.4                       7.5   21.9     19.7
  SINCE DEC 1     55.9                      25.2   30.7     41.7
  SINCE JUL 1     57.5                      26.7   30.8     41.8
  SNOW DEPTH      15

DEGREE DAYS
 HEATING
  YESTERDAY       56                        31     25       32
  MONTH TO DATE 1117                       802    315      842
  SINCE DEC 1   3147                      2864    283     2995
  SINCE JUL 1   4183                      3939    244     4098

 COOLING
  YESTERDAY        0                         0      0        0
  MONTH TO DATE    0                         0      0        0
  SINCE DEC 1      0                         0      0        0
  SINCE JAN 1      0                         0      0        0
..................................................................


WIND (MPH)
  RESULTANT WIND SPEED   3   RESULTANT WIND DIRECTION  SW (220)
  HIGHEST WIND SPEED    20   HIGHEST WIND DIRECTION    SE (150)
  HIGHEST GUST SPEED    23   HIGHEST GUST DIRECTION     S (170)
  AVERAGE WIND SPEED     6.1


SKY COVER
  POSSIBLE SUNSHINE  MM
  AVERAGE SKY COVER 0.5


WEATHER CONDITIONS
 THE FOLLOWING WEATHER WAS RECORDED YESTERDAY.
  LIGHT SNOW
  FOG


RELATIVE HUMIDITY (PERCENT)
 HIGHEST    84          1100 PM
 LOWEST     45          1000 AM
 AVERAGE    65

..........................................................


THE PROVIDENCE RI CLIMATE NORMALS FOR TODAY
                         NORMAL    RECORD    YEAR
 MAXIMUM TEMPERATURE (F)   42        69      1976
 MINIMUM TEMPERATURE (F)   25         1      1914


SUNRISE AND SUNSET
FEBRUARY 25 2015......SUNRISE   627 AM EST   SUNSET   531 PM EST
FEBRUARY 26 2015......SUNRISE   626 AM EST   SUNSET   532 PM EST


-  INDICATES NEGATIVE NUMBERS.
R  INDICATES RECORD WAS SET OR TIED.
MM INDICATES DATA IS MISSING.
T  INDICATES TRACE AMOUNT.




$$
