000
CDUS41 KBOX 162121
CLIPVD


CLIMATE REPORT
NATIONAL WEATHER SERVICE TAUNTON MA
421 PM EST TUE DEC 16 2014


...................................

...THE PROVIDENCE RI CLIMATE SUMMARY FOR DECEMBER 16 2014...
VALID AS OF 0400 PM LOCAL TIME.

CLIMATE NORMAL PERIOD 1981 TO 2010
CLIMATE RECORD PERIOD 1904 TO 2014


WEATHER ITEM   OBSERVED TIME   RECORD YEAR NORMAL DEPARTURE LAST
                VALUE   (LST)  VALUE       VALUE  FROM      YEAR
                                                  NORMAL
..................................................................
TEMPERATURE (F)
 TODAY
  MAXIMUM         42    332 PM  62    1971  42      0       30
  MINIMUM         28   1249 AM   3    1910  26      2       14
  AVERAGE         35                        34      1       22

PRECIPITATION (IN)
  TODAY            0.00          1.42 1960   0.14  -0.14      T
  MONTH TO DATE    4.61                      2.36   2.25     2.80
  SINCE DEC 1      4.61                      2.36   2.25     2.80
  SINCE JAN 1     45.55                     45.32   0.23    43.44

SNOWFALL (IN)
  TODAY            0.0           8.2  1989   0.3   -0.3       T
  MONTH TO DATE    T                         3.9   -3.9      5.3
  SINCE DEC 1      T                         3.9   -3.9      5.3
  SINCE JUL 1      1.6                       5.4   -3.8      5.4
  SNOW DEPTH       0

DEGREE DAYS
 HEATING
  TODAY           30                        31     -1       43
  MONTH TO DATE  440                       454    -14      510
  SINCE DEC 1    440                       454    -14      510
  SINCE JUL 1   1476                      1529    -53     1613

 COOLING
  TODAY            0                         0      0        0
  MONTH TO DATE    0                         0      0        0
  SINCE DEC 1      0                         0      0        0
  SINCE JAN 1    709                       744    -35      892
..................................................................


WIND (MPH)
  HIGHEST WIND SPEED     6   HIGHEST WIND DIRECTION    NE (30)
  HIGHEST GUST SPEED     7   HIGHEST GUST DIRECTION    NW (310)
  AVERAGE WIND SPEED     1.9


SKY COVER
  POSSIBLE SUNSHINE  MM
  AVERAGE SKY COVER 0.9


WEATHER CONDITIONS
 THE FOLLOWING WEATHER WAS RECORDED TODAY.
  NO SIGNIFICANT WEATHER WAS OBSERVED.


RELATIVE HUMIDITY (PERCENT)
 HIGHEST    92          1200 AM
 LOWEST     73           100 PM
 AVERAGE    83

..........................................................


THE PROVIDENCE RI CLIMATE NORMALS FOR TOMORROW
                         NORMAL    RECORD    YEAR
 MAXIMUM TEMPERATURE (F)   42        63      1984
 MINIMUM TEMPERATURE (F)   26        -3      1942


SUNRISE AND SUNSET
DECEMBER 16 2014......SUNRISE   706 AM EST   SUNSET   416 PM EST
DECEMBER 17 2014......SUNRISE   707 AM EST   SUNSET   417 PM EST


-  INDICATES NEGATIVE NUMBERS.
R  INDICATES RECORD WAS SET OR TIED.
MM INDICATES DATA IS MISSING.
T  INDICATES TRACE AMOUNT.




$$
