000
CDUS41 KBOX 032131
CLIPVD


CLIMATE REPORT
NATIONAL WEATHER SERVICE TAUNTON MA
531 PM EDT THU AUG 3 2017


...................................

...THE PROVIDENCE RI CLIMATE SUMMARY FOR AUGUST 3 2017...
VALID AS OF 0500 PM LOCAL TIME.

CLIMATE NORMAL PERIOD 1981 TO 2010
CLIMATE RECORD PERIOD 1904 TO 2017


WEATHER ITEM   OBSERVED TIME   RECORD YEAR NORMAL DEPARTURE LAST
                VALUE   (LST)  VALUE       VALUE  FROM      YEAR
                                                  NORMAL
..................................................................
TEMPERATURE (F)
 TODAY
  MAXIMUM         81    315 PM  98    2006  83     -2       81
  MINIMUM         69    447 AM  51    1953  65      4       61
                                      1940
  AVERAGE         75                        74      1       71

PRECIPITATION (IN)
  TODAY            0.00          1.00 1954   0.12  -0.12     0.00
  MONTH TO DATE    0.00                      0.37  -0.37     0.95
  SINCE JUN 1      7.72                      7.30   0.42     5.95
  SINCE JAN 1     32.74                     27.37   5.37    24.07

SNOWFALL (IN)
  TODAY            0.0           0.0  2002   0.0    0.0      0.0
                                      2001
                                      2000
  MONTH TO DATE    0.0                       0.0    0.0      0.0
  SINCE JUN 1      0.0                       0.0    0.0      0.0
  SINCE JUL 1      0.0                       0.0    0.0      0.0
  SNOW DEPTH       0

DEGREE DAYS
 HEATING
  TODAY            0                         0      0        0
  MONTH TO DATE    0                         0      0        0
  SINCE JUN 1     56                        46     10       12
  SINCE JUL 1      7                         3      4        0

 COOLING
  TODAY           10                         9      1        6
  MONTH TO DATE   32                        27      5       18
  SINCE JUN 1    455                       425     30      501
  SINCE JAN 1    513                       451     62      552
..................................................................


WIND (MPH)
  HIGHEST WIND SPEED    22   HIGHEST WIND DIRECTION    SE (150)
  HIGHEST GUST SPEED    27   HIGHEST GUST DIRECTION    SE (150)
  AVERAGE WIND SPEED     9.1


SKY COVER
  POSSIBLE SUNSHINE  MM
  AVERAGE SKY COVER 0.6


WEATHER CONDITIONS
 THE FOLLOWING WEATHER WAS RECORDED TODAY.
  NO SIGNIFICANT WEATHER WAS OBSERVED.


RELATIVE HUMIDITY (PERCENT)
 HIGHEST   100           500 AM
 LOWEST     67           300 PM
 AVERAGE    84

..........................................................


THE PROVIDENCE RI CLIMATE NORMALS FOR TOMORROW
                         NORMAL    RECORD    YEAR
 MAXIMUM TEMPERATURE (F)   83        98      1944
 MINIMUM TEMPERATURE (F)   65        52      1959


SUNRISE AND SUNSET
AUGUST  3 2017........SUNRISE   542 AM EDT   SUNSET   801 PM EDT
AUGUST  4 2017........SUNRISE   543 AM EDT   SUNSET   800 PM EDT


-  INDICATES NEGATIVE NUMBERS.
R  INDICATES RECORD WAS SET OR TIED.
MM INDICATES DATA IS MISSING.
T  INDICATES TRACE AMOUNT.




$$
