000
CDUS41 KBOX 110603
CLIPVD


CLIMATE REPORT
NATIONAL WEATHER SERVICE TAUNTON MA
201 AM EDT TUE APR 11 2017


...................................

...THE PROVIDENCE RI CLIMATE SUMMARY FOR APRIL 10 2017...

CLIMATE NORMAL PERIOD 1981 TO 2010
CLIMATE RECORD PERIOD 1904 TO 2017


WEATHER ITEM   OBSERVED TIME   RECORD YEAR NORMAL DEPARTURE LAST
                VALUE   (LST)  VALUE       VALUE  FROM      YEAR
                                                  NORMAL
..................................................................
TEMPERATURE (F)
 YESTERDAY
  MAXIMUM         63    951 AM  82    1922  57      6       50
  MINIMUM         42    433 AM  25    1997  38      4       31
                                      1985
                                      1974
  AVERAGE         53                        47      6       41

PRECIPITATION (IN)
  YESTERDAY        0.00          4.30 1983   0.17  -0.17     0.00
  MONTH TO DATE    3.84                      1.61   2.23     3.32
  SINCE MAR 1      7.69                      6.62   1.07     6.00
  SINCE JAN 1     14.87                     13.77   1.10    14.35

SNOWFALL (IN)
  YESTERDAY        0.0           3.8  1996   0.1   -0.1      0.0
  MONTH TO DATE    T                         0.4   -0.4      6.7
  SINCE MAR 1      7.7                       5.9    1.8      9.3
  SINCE JUL 1     45.9                      33.6   12.3     28.7
  SNOW DEPTH       0

DEGREE DAYS
 HEATING
  YESTERDAY       12                        18     -6       24
  MONTH TO DATE  186                       194     -8      238
  SINCE MAR 1   1106                      1003    103      885
  SINCE JUL 1   4664                      5065   -401     4256

 COOLING
  YESTERDAY        0                         0      0        0
  MONTH TO DATE    0                         0      0        0
  SINCE MAR 1      0                         0      0        0
  SINCE JAN 1      0                         0      0        0
..................................................................


WIND (MPH)
  RESULTANT WIND SPEED   8   RESULTANT WIND DIRECTION   S (170)
  HIGHEST WIND SPEED    20   HIGHEST WIND DIRECTION     S (160)
  HIGHEST GUST SPEED    24   HIGHEST GUST DIRECTION     S (160)
  AVERAGE WIND SPEED     9.4


SKY COVER
  POSSIBLE SUNSHINE  MM
  AVERAGE SKY COVER 0.2


WEATHER CONDITIONS
 THE FOLLOWING WEATHER WAS RECORDED YESTERDAY.
  NO SIGNIFICANT WEATHER WAS OBSERVED.


RELATIVE HUMIDITY (PERCENT)
 HIGHEST    66           600 PM
 LOWEST     42          1200 AM
 AVERAGE    54

..........................................................


THE PROVIDENCE RI CLIMATE NORMALS FOR TODAY
                         NORMAL    RECORD    YEAR
 MAXIMUM TEMPERATURE (F)   57        79      1955
 MINIMUM TEMPERATURE (F)   38        22      1909


SUNRISE AND SUNSET
APRIL 11 2017.........SUNRISE   612 AM EDT   SUNSET   722 PM EDT
APRIL 12 2017.........SUNRISE   610 AM EDT   SUNSET   723 PM EDT


-  INDICATES NEGATIVE NUMBERS.
R  INDICATES RECORD WAS SET OR TIED.
MM INDICATES DATA IS MISSING.
T  INDICATES TRACE AMOUNT.




$$
