410
CDUS41 KBOX 152136
CLIPVD


CLIMATE REPORT
NATIONAL WEATHER SERVICE TAUNTON MA
532 PM EDT WED MAR 15 2017


...................................

...THE PROVIDENCE RI CLIMATE SUMMARY FOR MARCH 15 2017...
VALID TODAY AS OF 0500 PM LOCAL TIME.

CLIMATE NORMAL PERIOD 1981 TO 2010
CLIMATE RECORD PERIOD 1904 TO 2017


WEATHER ITEM   OBSERVED TIME   RECORD YEAR NORMAL DEPARTURE LAST
                VALUE   (LST)  VALUE       VALUE  FROM      YEAR
                                                  NORMAL
..................................................................
TEMPERATURE (F)
 TODAY
  MAXIMUM         30    307 PM  67    1990  47    -17       50
  MINIMUM         19    735 AM  11    1993  30    -11       42
  AVERAGE         25                        38    -13       46

PRECIPITATION (IN)
  TODAY            0.00          1.45 1912   0.16  -0.16     1.13
  MONTH TO DATE    2.22                      2.23  -0.01     2.01
  SINCE MAR 1      2.22                      2.23  -0.01     2.01
  SINCE JAN 1      9.40                      9.38   0.02    10.36

SNOWFALL (IN)
  TODAY            0.0           8.8  1967   0.2   -0.2      0.0
  MONTH TO DATE    7.7                       3.5    4.2       T
  SINCE MAR 1      7.7                       3.5    4.2       T
  SINCE JUL 1     45.9                      31.2   14.7     19.4
  SNOW DEPTH       1

DEGREE DAYS
 HEATING
  TODAY           40                        27     13       19
  MONTH TO DATE  489                       428     61      326
  SINCE MAR 1    489                       428     61      326
  SINCE JUL 1   4047                      4490   -443     3697

 COOLING
  TODAY            0                         0      0        0
  MONTH TO DATE    0                         0      0        0
  SINCE MAR 1      0                         0      0        0
  SINCE JAN 1      0                         0      0        0
..................................................................


WIND (MPH)
  HIGHEST WIND SPEED    25   HIGHEST WIND DIRECTION     W (260)
  HIGHEST GUST SPEED    32   HIGHEST GUST DIRECTION     W (260)
  AVERAGE WIND SPEED    17.5


SKY COVER
  POSSIBLE SUNSHINE  MM
  AVERAGE SKY COVER 0.3


WEATHER CONDITIONS
 THE FOLLOWING WEATHER WAS RECORDED TODAY.
  NO SIGNIFICANT WEATHER WAS OBSERVED.


RELATIVE HUMIDITY (PERCENT)
 HIGHEST    69          1200 AM
 LOWEST     42           200 PM
 AVERAGE    56

..........................................................


THE PROVIDENCE RI CLIMATE NORMALS FOR TOMORROW
                         NORMAL    RECORD    YEAR
 MAXIMUM TEMPERATURE (F)   48        72      1935
 MINIMUM TEMPERATURE (F)   30        13      1932
                                             1918
                                             1916


SUNRISE AND SUNSET
MARCH 15 2017.........SUNRISE   657 AM EDT   SUNSET   653 PM EDT
MARCH 16 2017.........SUNRISE   655 AM EDT   SUNSET   654 PM EDT


-  INDICATES NEGATIVE NUMBERS.
R  INDICATES RECORD WAS SET OR TIED.
MM INDICATES DATA IS MISSING.
T  INDICATES TRACE AMOUNT.




$$
