000
CDUS41 KBOX 162119
CLIPVD


CLIMATE REPORT
NATIONAL WEATHER SERVICE TAUNTON MA
519 PM EDT SAT APR 16 2016


...................................

...THE PROVIDENCE RI CLIMATE SUMMARY FOR APRIL 16 2016...
VALID AS OF 0500 PM LOCAL TIME.

CLIMATE NORMAL PERIOD 1981 TO 2010
CLIMATE RECORD PERIOD 1904 TO 2016


WEATHER ITEM   OBSERVED TIME   RECORD YEAR NORMAL DEPARTURE LAST
                VALUE   (LST)  VALUE       VALUE  FROM      YEAR
                                                  NORMAL
..................................................................
TEMPERATURE (F)
 TODAY
  MAXIMUM         57    109 PM  88    2003  59     -2       58
  MINIMUM         40    534 AM  27    1943  40      0       36
  AVERAGE         49                        49      0       47

PRECIPITATION (IN)
  TODAY            0.00          2.12 1961   0.14  -0.14     0.00
  MONTH TO DATE    3.58                      2.51   1.07     1.13
  SINCE MAR 1      6.26                      7.52  -1.26     5.53
  SINCE JAN 1     14.61                     14.67  -0.06    11.88

SNOWFALL (IN)
  TODAY            0.0           2.0  1992   0.0    0.0      0.0
  MONTH TO DATE    6.7                       0.5    6.2       T
  SINCE MAR 1      9.3                       6.0    3.3     16.3
  SINCE JUL 1     28.7                      33.7   -5.0     76.2
  SNOW DEPTH       0

DEGREE DAYS
 HEATING
  TODAY           16                        16      0       18
  MONTH TO DATE  341                       293     48      292
  SINCE MAR 1    988                      1102   -114     1284
  SINCE JUL 1   4359                      5164   -805     5646

 COOLING
  TODAY            0                         0      0        0
  MONTH TO DATE    0                         0      0        0
  SINCE MAR 1      0                         0      0        0
  SINCE JAN 1      0                         0      0        0
..................................................................


WIND (MPH)
  HIGHEST WIND SPEED    31   HIGHEST WIND DIRECTION    NE (40)
  HIGHEST GUST SPEED    37   HIGHEST GUST DIRECTION    NE (30)
  AVERAGE WIND SPEED    17.5


SKY COVER
  POSSIBLE SUNSHINE  MM
  AVERAGE SKY COVER 0.2


WEATHER CONDITIONS
 THE FOLLOWING WEATHER WAS RECORDED TODAY.
  NO SIGNIFICANT WEATHER WAS OBSERVED.


RELATIVE HUMIDITY (PERCENT)
 HIGHEST    41           300 AM
 LOWEST     26           900 AM
 AVERAGE    34

..........................................................


THE PROVIDENCE RI CLIMATE NORMALS FOR TOMORROW
                         NORMAL    RECORD    YEAR
 MAXIMUM TEMPERATURE (F)   59        93      2002
                                             1976
 MINIMUM TEMPERATURE (F)   40        23      1908


SUNRISE AND SUNSET
APRIL 16 2016.........SUNRISE   603 AM EDT   SUNSET   728 PM EDT
APRIL 17 2016.........SUNRISE   602 AM EDT   SUNSET   729 PM EDT


-  INDICATES NEGATIVE NUMBERS.
R  INDICATES RECORD WAS SET OR TIED.
MM INDICATES DATA IS MISSING.
T  INDICATES TRACE AMOUNT.




$$
