000
CDUS41 KBOX 082142
CLIPVD


CLIMATE REPORT
NATIONAL WEATHER SERVICE TAUNTON MA
537 PM EDT FRI JUL 8 2016


...................................

...THE PROVIDENCE RI CLIMATE SUMMARY FOR JULY 8 2016...
VALID AS OF 0500 PM LOCAL TIME.

CLIMATE NORMAL PERIOD 1981 TO 2010
CLIMATE RECORD PERIOD 1904 TO 2016


WEATHER ITEM   OBSERVED TIME   RECORD YEAR NORMAL DEPARTURE LAST
                VALUE   (LST)  VALUE       VALUE  FROM      YEAR
                                                  NORMAL
..................................................................
TEMPERATURE (F)
 TODAY
  MAXIMUM         73    314 PM  99    1981  83    -10       88
  MINIMUM         64    820 AM  54    1969  64      0       71
                                      1949
  AVERAGE         69                        73     -4       80

PRECIPITATION (IN)
  TODAY            0.01          2.25 2011   0.09  -0.08     0.36
  MONTH TO DATE    0.83                      0.72   0.11     1.07
  SINCE JUN 1      1.88                      4.36  -2.48     6.42
  SINCE JAN 1     20.00                     24.43  -4.43    23.37

SNOWFALL (IN)
  TODAY            0.0           0.0  2002   0.0    0.0      0.0
                                      2001
                                      2000
  MONTH TO DATE    0.0                       0.0    0.0      0.0
  SINCE JUN 1      0.0                       0.0    0.0      0.0
  SINCE JUL 1      0.0                       0.0    0.0      0.0
  SNOW DEPTH       0

DEGREE DAYS
 HEATING
  TODAY            0                         0      0        0
  MONTH TO DATE    0                         0      0        0
  SINCE JUN 1     12                        43    -31       72
  SINCE JUL 1      0                         0      0        0

 COOLING
  TODAY            4                         8     -4       15
  MONTH TO DATE   79                        62     17       65
  SINCE JUN 1    214                       194     20      183
  SINCE JAN 1    265                       220     45      247
..................................................................


WIND (MPH)
  HIGHEST WIND SPEED    17   HIGHEST WIND DIRECTION    NE (60)
  HIGHEST GUST SPEED    24   HIGHEST GUST DIRECTION    NE (30)
  AVERAGE WIND SPEED     9.3


SKY COVER
  POSSIBLE SUNSHINE  MM
  AVERAGE SKY COVER 1.0


WEATHER CONDITIONS
 THE FOLLOWING WEATHER WAS RECORDED TODAY.
  LIGHT RAIN
  FOG
  FOG W/VISIBILITY <= 1/4 MILE


RELATIVE HUMIDITY (PERCENT)
 HIGHEST   100           200 AM
 LOWEST     66           300 PM
 AVERAGE    83

..........................................................


THE PROVIDENCE RI CLIMATE NORMALS FOR TOMORROW
                         NORMAL    RECORD    YEAR
 MAXIMUM TEMPERATURE (F)   83        99      1981
 MINIMUM TEMPERATURE (F)   64        51      1909


SUNRISE AND SUNSET
JULY  8 2016..........SUNRISE   519 AM EDT   SUNSET   822 PM EDT
JULY  9 2016..........SUNRISE   520 AM EDT   SUNSET   822 PM EDT


-  INDICATES NEGATIVE NUMBERS.
R  INDICATES RECORD WAS SET OR TIED.
MM INDICATES DATA IS MISSING.
T  INDICATES TRACE AMOUNT.




$$
