000
CDUS41 KBOX 242212
CLIPVD


CLIMATE REPORT
NATIONAL WEATHER SERVICE TAUNTON MA
608 PM EDT WED JUN 24 2015


...................................

...THE PROVIDENCE RI CLIMATE SUMMARY FOR JUNE 24 2015...
VALID AS OF 0600 PM LOCAL TIME.

CLIMATE NORMAL PERIOD 1981 TO 2010
CLIMATE RECORD PERIOD 1904 TO 2015


WEATHER ITEM   OBSERVED TIME   RECORD YEAR NORMAL DEPARTURE LAST
                VALUE   (LST)  VALUE       VALUE  FROM      YEAR
                                                  NORMAL
..................................................................
TEMPERATURE (F)
 TODAY
  MAXIMUM         83    254 PM  94    1980  80      3       80
  MINIMUM         65    432 AM  44    1932  61      4       57
  AVERAGE         74                        71      3       69

PRECIPITATION (IN)
  TODAY            0.00          2.44 1944   0.09  -0.09     0.00
  MONTH TO DATE    3.27                      3.08   0.19     2.19
  SINCE JUN 1      3.27                      3.08   0.19     2.19
  SINCE JAN 1     20.22                     23.15  -2.93    24.99

SNOWFALL (IN)
  TODAY            0.0           0.0  2002   0.0    0.0      0.0
                                      2001
                                      2000
  MONTH TO DATE    0.0                       0.0    0.0      0.0
  SINCE JUN 1      0.0                       0.0    0.0      0.0
  SINCE JUL 1     76.2                      33.8   42.4     43.6
  SNOW DEPTH       0

DEGREE DAYS
 HEATING
  TODAY            0                         0      0        0
  MONTH TO DATE   65                        41     24       13
  SINCE JUN 1     65                        41     24       13
  SINCE JUL 1   6013                      5616    397     5913

 COOLING
  TODAY            9                         6      3        4
  MONTH TO DATE  100                        93      7       63
  SINCE JUN 1    100                        93      7       63
  SINCE JAN 1    164                       119     45       74
..................................................................


WIND (MPH)
  HIGHEST WIND SPEED    16   HIGHEST WIND DIRECTION    NW (310)
  HIGHEST GUST SPEED    22   HIGHEST GUST DIRECTION    NW (320)
  AVERAGE WIND SPEED     9.6


SKY COVER
  POSSIBLE SUNSHINE  MM
  AVERAGE SKY COVER 0.2


WEATHER CONDITIONS
 THE FOLLOWING WEATHER WAS RECORDED TODAY.
  NO SIGNIFICANT WEATHER WAS OBSERVED.


RELATIVE HUMIDITY (PERCENT)
 HIGHEST    73          1200 AM
 LOWEST     43           200 PM
 AVERAGE    58

..........................................................


THE PROVIDENCE RI CLIMATE NORMALS FOR TOMORROW
                         NORMAL    RECORD    YEAR
 MAXIMUM TEMPERATURE (F)   80        98      1943
 MINIMUM TEMPERATURE (F)   61        50      1979


SUNRISE AND SUNSET
JUNE 24 2015..........SUNRISE   512 AM EDT   SUNSET   824 PM EDT
JUNE 25 2015..........SUNRISE   512 AM EDT   SUNSET   824 PM EDT


-  INDICATES NEGATIVE NUMBERS.
R  INDICATES RECORD WAS SET OR TIED.
MM INDICATES DATA IS MISSING.
T  INDICATES TRACE AMOUNT.




$$
