000
CDUS41 KBOX 072132
CLIPVD


CLIMATE REPORT
NATIONAL WEATHER SERVICE TAUNTON MA
530 PM EDT MON AUG 7 2017


...................................

...THE PROVIDENCE RI CLIMATE SUMMARY FOR AUGUST 7 2017...
VALID AS OF 0500 PM LOCAL TIME.

CLIMATE NORMAL PERIOD 1981 TO 2010
CLIMATE RECORD PERIOD 1904 TO 2017


WEATHER ITEM   OBSERVED TIME   RECORD YEAR NORMAL DEPARTURE LAST
                VALUE   (LST)  VALUE       VALUE  FROM      YEAR
                                                  NORMAL
..................................................................
TEMPERATURE (F)
 TODAY
  MAXIMUM         75   1038 AM  95    2001  83     -8       88
                                      1931
  MINIMUM         59    509 AM  52    1994  64     -5       66
                                      1957
  AVERAGE         67                        73     -6       77

PRECIPITATION (IN)
  TODAY            T             4.75 1946   0.12  -0.12     0.00
  MONTH TO DATE    0.51                      0.85  -0.34     0.95
  SINCE JUN 1      8.23                      7.78   0.45     5.95
  SINCE JAN 1     33.25                     27.85   5.40    24.07

SNOWFALL (IN)
  TODAY            0.0           0.0  2002   0.0    0.0      0.0
                                      2001
                                      2000
  MONTH TO DATE    0.0                       0.0    0.0      0.0
  SINCE JUN 1      0.0                       0.0    0.0      0.0
  SINCE JUL 1      0.0                       0.0    0.0      0.0
  SNOW DEPTH       0

DEGREE DAYS
 HEATING
  TODAY            0                         0      0        0
  MONTH TO DATE    0                         0      0        0
  SINCE JUN 1     56                        46     10       12
  SINCE JUL 1      7                         3      4        0

 COOLING
  TODAY            2                         8     -6       12
  MONTH TO DATE   54                        62     -8       54
  SINCE JUN 1    477                       460     17      537
  SINCE JAN 1    535                       486     49      588
..................................................................


WIND (MPH)
  HIGHEST WIND SPEED    13   HIGHEST WIND DIRECTION    SW (210)
  HIGHEST GUST SPEED    14   HIGHEST GUST DIRECTION    SW (210)
  AVERAGE WIND SPEED     5.0


SKY COVER
  POSSIBLE SUNSHINE  MM
  AVERAGE SKY COVER 0.6


WEATHER CONDITIONS
 THE FOLLOWING WEATHER WAS RECORDED TODAY.
  LIGHT RAIN


RELATIVE HUMIDITY (PERCENT)
 HIGHEST    90           600 AM
 LOWEST     64          1100 AM
 AVERAGE    77

..........................................................


THE PROVIDENCE RI CLIMATE NORMALS FOR TOMORROW
                         NORMAL    RECORD    YEAR
 MAXIMUM TEMPERATURE (F)   83        95      1909
 MINIMUM TEMPERATURE (F)   64        51      1957


SUNRISE AND SUNSET
AUGUST  7 2017........SUNRISE   546 AM EDT   SUNSET   756 PM EDT
AUGUST  8 2017........SUNRISE   547 AM EDT   SUNSET   755 PM EDT


-  INDICATES NEGATIVE NUMBERS.
R  INDICATES RECORD WAS SET OR TIED.
MM INDICATES DATA IS MISSING.
T  INDICATES TRACE AMOUNT.




$$
