981
CDUS41 KBOX 160529
CLIPVD


CLIMATE REPORT
NATIONAL WEATHER SERVICE TAUNTON MA
129 AM EDT FRI JUN 16 2017


...................................

...THE PROVIDENCE RI CLIMATE SUMMARY FOR JUNE 15 2017...

CLIMATE NORMAL PERIOD 1981 TO 2010
CLIMATE RECORD PERIOD 1904 TO 2017


WEATHER ITEM   OBSERVED TIME   RECORD YEAR NORMAL DEPARTURE LAST
                VALUE   (LST)  VALUE       VALUE  FROM      YEAR
                                                  NORMAL
..................................................................
TEMPERATURE (F)
 YESTERDAY
  MAXIMUM         69   1257 PM  98    1945  78     -9       85
  MINIMUM         52    417 AM  45    1965  58     -6       59
                                      1912
  AVERAGE         61                        68     -7       72

PRECIPITATION (IN)
  YESTERDAY        0.00          1.32 2015   0.13  -0.13     0.00
  MONTH TO DATE    0.99                      2.10  -1.11     0.76
  SINCE JUN 1      0.99                      2.10  -1.11     0.76
  SINCE JAN 1     26.01                     22.17   3.84    18.88

SNOWFALL (IN)
  YESTERDAY        0.0           0.0  2002   0.0    0.0      0.0
                                      2001
                                      2000
  MONTH TO DATE    0.0                       0.0    0.0      0.0
  SINCE JUN 1      0.0                       0.0    0.0      0.0
  SINCE JUL 1     45.9                      33.8   12.1     28.7
  SNOW DEPTH       0

DEGREE DAYS
 HEATING
  YESTERDAY        4                         1      3        0
  MONTH TO DATE   49                        34     15       12
  SINCE JUN 1     49                        34     15       12
  SINCE JUL 1   5157                      5609   -452     4757

 COOLING
  YESTERDAY        0                         4     -4        7
  MONTH TO DATE   62                        46     16       42
  SINCE JUN 1     62                        46     16       42
  SINCE JAN 1    120                        72     48       93
..................................................................


WIND (MPH)
  RESULTANT WIND SPEED   8   RESULTANT WIND DIRECTION   S (160)
  HIGHEST WIND SPEED    20   HIGHEST WIND DIRECTION    SE (150)
  HIGHEST GUST SPEED    24   HIGHEST GUST DIRECTION    SE (150)
  AVERAGE WIND SPEED     8.3


SKY COVER
  POSSIBLE SUNSHINE  MM
  AVERAGE SKY COVER 0.5


WEATHER CONDITIONS
 THE FOLLOWING WEATHER WAS RECORDED YESTERDAY.
  NO SIGNIFICANT WEATHER WAS OBSERVED.


RELATIVE HUMIDITY (PERCENT)
 HIGHEST   100           500 AM
 LOWEST     49          1100 AM
 AVERAGE    75

..........................................................


THE PROVIDENCE RI CLIMATE NORMALS FOR TODAY
                         NORMAL    RECORD    YEAR
 MAXIMUM TEMPERATURE (F)   78        95      1957
 MINIMUM TEMPERATURE (F)   59        47      1961
                                             1926


SUNRISE AND SUNSET
JUNE 16 2017..........SUNRISE   511 AM EDT   SUNSET   823 PM EDT
JUNE 17 2017..........SUNRISE   511 AM EDT   SUNSET   823 PM EDT


-  INDICATES NEGATIVE NUMBERS.
R  INDICATES RECORD WAS SET OR TIED.
MM INDICATES DATA IS MISSING.
T  INDICATES TRACE AMOUNT.




$$
