000
CDUS41 KBOX 102117
CLIPVD


CLIMATE REPORT
NATIONAL WEATHER SERVICE TAUNTON MA
417 PM EST FRI NOV 10 2017


...................................

...THE PROVIDENCE RI CLIMATE SUMMARY FOR NOVEMBER 10 2017...
VALID AS OF 0400 PM LOCAL TIME.

CLIMATE NORMAL PERIOD 1981 TO 2010
CLIMATE RECORD PERIOD 1904 TO 2017


WEATHER ITEM   OBSERVED TIME   RECORD YEAR NORMAL DEPARTURE LAST
                VALUE   (LST)  VALUE       VALUE  FROM      YEAR
                                                  NORMAL
..................................................................
TEMPERATURE (F)
 TODAY
  MAXIMUM         51    327 AM  73    1999  55     -4       55
  MINIMUM         33    359 PM  22    1995  37     -4       37
                                      1956
  AVERAGE         42                        46     -4       46

PRECIPITATION (IN)
  TODAY            0.02          1.83 2000   0.15  -0.13     0.00
  MONTH TO DATE    0.33                      1.41  -1.08     0.05
  SINCE SEP 1      9.62                      9.26   0.36     7.62
  SINCE JAN 1     43.82                     39.86   3.96    33.45

SNOWFALL (IN)
  TODAY           MM             T    1987   0.1   MM        0.0
  MONTH TO DATE    0.0                       0.2   -0.2      0.0
  SINCE SEP 1      0.0                       0.2   -0.2      0.0
  SINCE JUL 1      0.0                       0.2   -0.2      0.0
  SNOW DEPTH       0

DEGREE DAYS
 HEATING
  TODAY           23                        19      4       19
  MONTH TO DATE  143                       175    -32      163
  SINCE SEP 1    325                       624   -299      501
  SINCE JUL 1    333                       633   -300      501

 COOLING
  TODAY            0                         0      0        0
  MONTH TO DATE    0                         0      0        0
  SINCE SEP 1    176                        88     88      166
  SINCE JAN 1    880                       744    136     1049
..................................................................


WIND (MPH)
  HIGHEST WIND SPEED    29   HIGHEST WIND DIRECTION    NW (310)
  HIGHEST GUST SPEED    45   HIGHEST GUST DIRECTION     W (280)
  AVERAGE WIND SPEED    16.2


SKY COVER
  POSSIBLE SUNSHINE  MM
  AVERAGE SKY COVER 0.4


WEATHER CONDITIONS
 THE FOLLOWING WEATHER WAS RECORDED TODAY.
  LIGHT RAIN
  FOG


RELATIVE HUMIDITY (PERCENT)
 HIGHEST   100          1200 AM
 LOWEST     22           200 PM
 AVERAGE    61

..........................................................


THE PROVIDENCE RI CLIMATE NORMALS FOR TOMORROW
                         NORMAL    RECORD    YEAR
 MAXIMUM TEMPERATURE (F)   55        68      1966
 MINIMUM TEMPERATURE (F)   37        16      1956


SUNRISE AND SUNSET
NOVEMBER 10 2017......SUNRISE   629 AM EST   SUNSET   430 PM EST
NOVEMBER 11 2017......SUNRISE   630 AM EST   SUNSET   429 PM EST


-  INDICATES NEGATIVE NUMBERS.
R  INDICATES RECORD WAS SET OR TIED.
MM INDICATES DATA IS MISSING.
T  INDICATES TRACE AMOUNT.




$$
