000
CDUS41 KBOX 162135
CLIPVD


CLIMATE REPORT
NATIONAL WEATHER SERVICE TAUNTON MA
535 PM EDT FRI SEP 16 2016


...................................

...THE PROVIDENCE RI CLIMATE SUMMARY FOR SEPTEMBER 16 2016...
VALID TODAY AS OF 0500 PM LOCAL TIME.

CLIMATE NORMAL PERIOD 1981 TO 2010
CLIMATE RECORD PERIOD 1904 TO 2016


WEATHER ITEM   OBSERVED TIME   RECORD YEAR NORMAL DEPARTURE LAST
                VALUE   (LST)  VALUE       VALUE  FROM      YEAR
                                                  NORMAL
..................................................................
TEMPERATURE (F)
 TODAY
  MAXIMUM         73    206 PM  92    1941  74     -1       82
                                      1915
  MINIMUM         50    428 AM  41    1964  55     -5       60
  AVERAGE         62                        65     -3       71

PRECIPITATION (IN)
  TODAY            0.00          6.17 1932   0.14  -0.14     0.00
  MONTH TO DATE    0.75                      2.04  -1.29     1.11
  SINCE SEP 1      0.75                      2.04  -1.29     1.11
  SINCE JAN 1     26.58                     32.64  -6.06    28.53

SNOWFALL (IN)
  TODAY            0.0           0.0  2002   0.0    0.0      0.0
                                      2001
                                      2000
  MONTH TO DATE    0.0                       0.0    0.0      0.0
  SINCE SEP 1      0.0                       0.0    0.0      0.0
  SINCE JUL 1      0.0                       0.0    0.0      0.0
  SNOW DEPTH       0

DEGREE DAYS
 HEATING
  TODAY            3                         3      0        0
  MONTH TO DATE    4                        24    -20        1
  SINCE SEP 1      4                        24    -20        1
  SINCE JUL 1      4                        33    -29        1

 COOLING
  TODAY            0                         2     -2        6
  MONTH TO DATE  106                        60     46      117
  SINCE SEP 1    106                        60     46      117
  SINCE JAN 1    989                       716    273      918
..................................................................


WIND (MPH)
  HIGHEST WIND SPEED    14   HIGHEST WIND DIRECTION     S (170)
  HIGHEST GUST SPEED    19   HIGHEST GUST DIRECTION    SE (150)
  AVERAGE WIND SPEED     3.1


SKY COVER
  POSSIBLE SUNSHINE  MM
  AVERAGE SKY COVER 0.3


WEATHER CONDITIONS
 THE FOLLOWING WEATHER WAS RECORDED TODAY.
  NO SIGNIFICANT WEATHER WAS OBSERVED.


RELATIVE HUMIDITY (PERCENT)
 HIGHEST    89           400 AM
 LOWEST     41          1200 PM
 AVERAGE    65

..........................................................


THE PROVIDENCE RI CLIMATE NORMALS FOR TOMORROW
                         NORMAL    RECORD    YEAR
 MAXIMUM TEMPERATURE (F)   74        90      1941
 MINIMUM TEMPERATURE (F)   55        37      1960


SUNRISE AND SUNSET
SEPTEMBER 16 2016.....SUNRISE   627 AM EDT   SUNSET   653 PM EDT
SEPTEMBER 17 2016.....SUNRISE   628 AM EDT   SUNSET   651 PM EDT


-  INDICATES NEGATIVE NUMBERS.
R  INDICATES RECORD WAS SET OR TIED.
MM INDICATES DATA IS MISSING.
T  INDICATES TRACE AMOUNT.




$$
