000
CDUS41 KBOX 162149
CLIPVD


CLIMATE REPORT
NATIONAL WEATHER SERVICE TAUNTON MA
543 PM EDT SAT MAY 16 2015


...................................

...THE PROVIDENCE RI CLIMATE SUMMARY FOR MAY 16 2015...
VALID AS OF 0500 PM LOCAL TIME.

CLIMATE NORMAL PERIOD 1981 TO 2010
CLIMATE RECORD PERIOD 1904 TO 2015


WEATHER ITEM   OBSERVED TIME   RECORD YEAR NORMAL DEPARTURE LAST
                VALUE   (LST)  VALUE       VALUE  FROM      YEAR
                                                  NORMAL
..................................................................
TEMPERATURE (F)
 TODAY
  MAXIMUM         67   1117 AM  89    1951  68     -1       66
  MINIMUM         53    456 AM  35    1936  49      4       60
  AVERAGE         60                        58      2       63

PRECIPITATION (IN)
  TODAY            T             1.08 1971   0.10  -0.10     0.05
  MONTH TO DATE    0.22                      1.74  -1.52     1.42
  SINCE MAR 1      7.13                     11.11  -3.98    13.57
  SINCE JAN 1     13.48                     18.26  -4.78    21.97

SNOWFALL (IN)
  TODAY            0.0           0.0  2001   0.0    0.0      0.0
                                      2000
  MONTH TO DATE    0.0                       0.0    0.0      0.0
  SINCE MAR 1     16.3                       6.1   10.2      1.5
  SINCE JUL 1     76.2                      33.8   42.4     43.6
  SNOW DEPTH       0

DEGREE DAYS
 HEATING
  TODAY            5                         7     -2        2
  MONTH TO DATE   85                       146    -61      101
  SINCE MAR 1   1549                      1434    115     1541
  SINCE JUL 1   5911                      5496    415     5813

 COOLING
  TODAY            0                         1     -1        0
  MONTH TO DATE   24                         3     21        8
  SINCE MAR 1     24                         5     19        8
  SINCE JAN 1     24                         5     19        8
..................................................................


WIND (MPH)
  HIGHEST WIND SPEED    16   HIGHEST WIND DIRECTION    SE (150)
  HIGHEST GUST SPEED    21   HIGHEST GUST DIRECTION     S (160)
  AVERAGE WIND SPEED     8.7


SKY COVER
  POSSIBLE SUNSHINE  MM
  AVERAGE SKY COVER 0.8


WEATHER CONDITIONS
 THE FOLLOWING WEATHER WAS RECORDED TODAY.
  LIGHT RAIN


RELATIVE HUMIDITY (PERCENT)
 HIGHEST    84           400 PM
 LOWEST     53          1200 AM
 AVERAGE    69

..........................................................


THE PROVIDENCE RI CLIMATE NORMALS FOR TOMORROW
                         NORMAL    RECORD    YEAR
 MAXIMUM TEMPERATURE (F)   69        91      1977
                                             1974
 MINIMUM TEMPERATURE (F)   49        35      1956


SUNRISE AND SUNSET
MAY 16 2015...........SUNRISE   525 AM EDT   SUNSET   759 PM EDT
MAY 17 2015...........SUNRISE   524 AM EDT   SUNSET   800 PM EDT


-  INDICATES NEGATIVE NUMBERS.
R  INDICATES RECORD WAS SET OR TIED.
MM INDICATES DATA IS MISSING.
T  INDICATES TRACE AMOUNT.




$$
