000
CDUS41 KBOX 230538
CLIPVD


CLIMATE REPORT
NATIONAL WEATHER SERVICE TAUNTON MA
137 AM EDT SUN AUG 23 2015


...................................

...THE PROVIDENCE RI CLIMATE SUMMARY FOR AUGUST 22 2015...

CLIMATE NORMAL PERIOD 1981 TO 2010
CLIMATE RECORD PERIOD 1904 TO 2015


WEATHER ITEM   OBSERVED TIME   RECORD YEAR NORMAL DEPARTURE LAST
                VALUE   (LST)  VALUE       VALUE  FROM      YEAR
                                                  NORMAL
..................................................................
TEMPERATURE (F)
 YESTERDAY
  MAXIMUM         81    257 PM  97    1976  81      0       74
  MINIMUM         70   1156 PM  46    1969  63      7       64
  AVERAGE         76                        72      4       69

PRECIPITATION (IN)
  YESTERDAY        0.00          1.42 2010   0.13  -0.13     0.03
  MONTH TO DATE    2.10                      2.61  -0.51     2.48
  SINCE JUN 1      9.79                      9.54   0.25     8.43
  SINCE JAN 1     26.74                     29.61  -2.87    31.23

SNOWFALL (IN)
  YESTERDAY        0.0           0.0  2002   0.0    0.0      0.0
                                      2001
                                      2000
  MONTH TO DATE    0.0                       0.0    0.0      0.0
  SINCE JUN 1      0.0                       0.0    0.0      0.0
  SINCE JUL 1      0.0                       0.0    0.0      0.0
  SNOW DEPTH       0

DEGREE DAYS
 HEATING
  YESTERDAY        0                         0      0        0
  MONTH TO DATE    0                         0      0        0
  SINCE JUN 1     72                        46     26       13
  SINCE JUL 1      0                         3     -3        0

 COOLING
  YESTERDAY       11                         7      4        4
  MONTH TO DATE  225                       177     48      126
  SINCE JUN 1    647                       575     72      518
  SINCE JAN 1    711                       601    110      529
..................................................................


WIND (MPH)
  RESULTANT WIND SPEED   8   RESULTANT WIND DIRECTION  NE (30)
  HIGHEST WIND SPEED    16   HIGHEST WIND DIRECTION    NE (50)
  HIGHEST GUST SPEED    22   HIGHEST GUST DIRECTION    NE (50)
  AVERAGE WIND SPEED     9.4


SKY COVER
  POSSIBLE SUNSHINE  MM
  AVERAGE SKY COVER 0.7


WEATHER CONDITIONS
 THE FOLLOWING WEATHER WAS RECORDED YESTERDAY.
  NO SIGNIFICANT WEATHER WAS OBSERVED.


RELATIVE HUMIDITY (PERCENT)
 HIGHEST    87          1200 AM
 LOWEST     62          1000 AM
 AVERAGE    75

..........................................................


THE PROVIDENCE RI CLIMATE NORMALS FOR TODAY
                         NORMAL    RECORD    YEAR
 MAXIMUM TEMPERATURE (F)   81        91      1947
 MINIMUM TEMPERATURE (F)   62        45      1957


SUNRISE AND SUNSET
AUGUST 23 2015........SUNRISE   602 AM EDT   SUNSET   734 PM EDT
AUGUST 24 2015........SUNRISE   603 AM EDT   SUNSET   732 PM EDT


-  INDICATES NEGATIVE NUMBERS.
R  INDICATES RECORD WAS SET OR TIED.
MM INDICATES DATA IS MISSING.
T  INDICATES TRACE AMOUNT.




$$
