000
CDUS41 KBOX 081619
CLIPVD


CLIMATE REPORT
NATIONAL WEATHER SERVICE TAUNTON MA
1108 AM EST WED MAR 8 2017


...................................

...THE PROVIDENCE RI CLIMATE SUMMARY FOR MARCH 7 2017...

CLIMATE NORMAL PERIOD 1981 TO 2010
CLIMATE RECORD PERIOD 1904 TO 2017


WEATHER ITEM   OBSERVED TIME   RECORD YEAR NORMAL DEPARTURE LAST
                VALUE   (LST)  VALUE       VALUE  FROM      YEAR
                                                  NORMAL
..................................................................
TEMPERATURE (F)
 YESTERDAY
  MAXIMUM         49        MM  68    1946  45      4       50
  MINIMUM         28        MM   7    2007  27      1       23
  AVERAGE         39                        36      3       37

PRECIPITATION (IN)
  YESTERDAY        0.02          2.07 1967   0.15  -0.13     0.00
  MONTH TO DATE    0.21                      1.01  -0.80     0.29
  SINCE MAR 1      0.21                      1.01  -0.80     0.29
  SINCE JAN 1      7.39                      8.16  -0.77     8.64

SNOWFALL (IN)
  YESTERDAY       MM             3.4  1916   0.3   MM        0.0
  MONTH TO DATE    T                         1.8   -1.8       T
  SINCE MAR 1      T                         1.8   -1.8       T
  SINCE JUL 1     38.2                      29.5    8.7     19.4
  SNOW DEPTH       0

DEGREE DAYS
 HEATING
  YESTERDAY       26                        29     -3       28
  MONTH TO DATE  222                       207     15      212
  SINCE MAR 1    222                       207     15      212
  SINCE JUL 1   3780                      4269   -489     3583

 COOLING
  YESTERDAY        0                         0      0        0
  MONTH TO DATE    0                         0      0        0
  SINCE MAR 1      0                         0      0        0
  SINCE JAN 1      0                         0      0        0
..................................................................


WIND (MPH)
  RESULTANT WIND SPEED   4   RESULTANT WIND DIRECTION   S (170)
  HIGHEST WIND SPEED    14   HIGHEST WIND DIRECTION     S (170)
  HIGHEST GUST SPEED    MM   HIGHEST GUST DIRECTION    MM
  AVERAGE WIND SPEED     5.0


SKY COVER
  POSSIBLE SUNSHINE  MM
  AVERAGE SKY COVER 0.9


WEATHER CONDITIONS
 THE FOLLOWING WEATHER WAS RECORDED YESTERDAY.
  LIGHT RAIN
  FOG


RELATIVE HUMIDITY (PERCENT)
 HIGHEST    92           700 PM
 LOWEST     58          1200 AM
 AVERAGE    75

..........................................................


THE PROVIDENCE RI CLIMATE NORMALS FOR TODAY
                         NORMAL    RECORD    YEAR
 MAXIMUM TEMPERATURE (F)   45        69      1987
 MINIMUM TEMPERATURE (F)   28         7      1986


SUNRISE AND SUNSET
MARCH  8 2017.........SUNRISE   609 AM EST   SUNSET   545 PM EST
MARCH  9 2017.........SUNRISE   607 AM EST   SUNSET   546 PM EST


-  INDICATES NEGATIVE NUMBERS.
R  INDICATES RECORD WAS SET OR TIED.
MM INDICATES DATA IS MISSING.
T  INDICATES TRACE AMOUNT.




$$
