000
CDUS41 KBOX 212143
CLIPVD


CLIMATE REPORT
NATIONAL WEATHER SERVICE TAUNTON MA
543 PM EDT FRI APR 21 2017


...................................

...THE PROVIDENCE RI CLIMATE SUMMARY FOR APRIL 21 2017...
VALID TODAY AS OF 0500 PM LOCAL TIME.

CLIMATE NORMAL PERIOD 1981 TO 2010
CLIMATE RECORD PERIOD 1904 TO 2017


WEATHER ITEM   OBSERVED TIME   RECORD YEAR NORMAL DEPARTURE LAST
                VALUE   (LST)  VALUE       VALUE  FROM      YEAR
                                                  NORMAL
..................................................................
TEMPERATURE (F)
 TODAY
  MAXIMUM         49    147 PM  87    1957  61    -12       74
  MINIMUM         47   1228 PM  27    1908  41      6       38
                                      1907
  AVERAGE         48                        51     -3       56

PRECIPITATION (IN)
  TODAY            0.52          3.06 1991   0.14   0.38     0.00
  MONTH TO DATE    4.45                      3.19   1.26     3.58
  SINCE MAR 1      8.30                      8.20   0.10     6.26
  SINCE JAN 1     15.48                     15.35   0.13    14.61

SNOWFALL (IN)
  TODAY            0.0           0.4  1947   0.0    0.0      0.0
  MONTH TO DATE    T                         0.6   -0.6      6.7
  SINCE MAR 1      7.7                       6.1    1.6      9.3
  SINCE JUL 1     45.9                      33.8   12.1     28.7
  SNOW DEPTH       0

DEGREE DAYS
 HEATING
  TODAY           17                        14      3        9
  MONTH TO DATE  299                       366    -67      394
  SINCE MAR 1   1219                      1175     44     1041
  SINCE JUL 1   4777                      5237   -460     4412

 COOLING
  TODAY            0                         0      0        0
  MONTH TO DATE    7                         0      7        0
  SINCE MAR 1      7                         0      7        0
  SINCE JAN 1      7                         0      7        0
..................................................................


WIND (MPH)
  HIGHEST WIND SPEED    17   HIGHEST WIND DIRECTION     E (100)
  HIGHEST GUST SPEED    22   HIGHEST GUST DIRECTION     E (100)
  AVERAGE WIND SPEED     9.9


SKY COVER
  POSSIBLE SUNSHINE  MM
  AVERAGE SKY COVER 1.0


WEATHER CONDITIONS
 THE FOLLOWING WEATHER WAS RECORDED TODAY.
  RAIN
  LIGHT RAIN
  FOG


RELATIVE HUMIDITY (PERCENT)
 HIGHEST   100           200 AM
 LOWEST     93          1200 AM
 AVERAGE    97

..........................................................


THE PROVIDENCE RI CLIMATE NORMALS FOR TOMORROW
                         NORMAL    RECORD    YEAR
 MAXIMUM TEMPERATURE (F)   61        86      1977
 MINIMUM TEMPERATURE (F)   42        29      1975


SUNRISE AND SUNSET
APRIL 21 2017.........SUNRISE   556 AM EDT   SUNSET   733 PM EDT
APRIL 22 2017.........SUNRISE   555 AM EDT   SUNSET   734 PM EDT


-  INDICATES NEGATIVE NUMBERS.
R  INDICATES RECORD WAS SET OR TIED.
MM INDICATES DATA IS MISSING.
T  INDICATES TRACE AMOUNT.




$$
