000
CDUS41 KBOX 200555
CLIPVD


CLIMATE REPORT
NATIONAL WEATHER SERVICE TAUNTON MA
155 AM EDT WED APR 20 2016


...................................

...THE PROVIDENCE RI CLIMATE SUMMARY FOR APRIL 19 2016...

CLIMATE NORMAL PERIOD 1981 TO 2010
CLIMATE RECORD PERIOD 1904 TO 2016


WEATHER ITEM   OBSERVED TIME   RECORD YEAR NORMAL DEPARTURE LAST
                VALUE   (LST)  VALUE       VALUE  FROM      YEAR
                                                  NORMAL
..................................................................
TEMPERATURE (F)
 YESTERDAY
  MAXIMUM         63    428 PM  98    1976  60      3       58
  MINIMUM         45   1207 AM  26    1926  41      4       41
  AVERAGE         54                        50      4       50

PRECIPITATION (IN)
  YESTERDAY        T             2.36 1983   0.13  -0.13     0.00
  MONTH TO DATE    3.58                      2.92   0.66     1.30
  SINCE MAR 1      6.26                      7.93  -1.67     5.70
  SINCE JAN 1     14.61                     15.08  -0.47    12.05

SNOWFALL (IN)
  YESTERDAY        0.0           T    1997   0.0    0.0      0.0
  MONTH TO DATE    6.7                       0.5    6.2       T
  SINCE MAR 1      9.3                       6.0    3.3     16.3
  SINCE JUL 1     28.7                      33.7   -5.0     76.2
  SNOW DEPTH       0

DEGREE DAYS
 HEATING
  YESTERDAY       11                        15     -4       15
  MONTH TO DATE  371                       338     33      320
  SINCE MAR 1   1018                      1147   -129     1312
  SINCE JUL 1   4389                      5209   -820     5674

 COOLING
  YESTERDAY        0                         0      0        0
  MONTH TO DATE    0                         0      0        0
  SINCE MAR 1      0                         0      0        0
  SINCE JAN 1      0                         0      0        0
..................................................................


WIND (MPH)
  RESULTANT WIND SPEED  10   RESULTANT WIND DIRECTION   N (360)
  HIGHEST WIND SPEED    25   HIGHEST WIND DIRECTION     N (10)
  HIGHEST GUST SPEED    30   HIGHEST GUST DIRECTION     N (10)
  AVERAGE WIND SPEED    11.6


SKY COVER
  POSSIBLE SUNSHINE  MM
  AVERAGE SKY COVER 0.6


WEATHER CONDITIONS
 THE FOLLOWING WEATHER WAS RECORDED YESTERDAY.
  LIGHT RAIN


RELATIVE HUMIDITY (PERCENT)
 HIGHEST    76           300 AM
 LOWEST     19           700 PM
 AVERAGE    48

..........................................................


THE PROVIDENCE RI CLIMATE NORMALS FOR TODAY
                         NORMAL    RECORD    YEAR
 MAXIMUM TEMPERATURE (F)   60        89      1976
 MINIMUM TEMPERATURE (F)   41        24      1926


SUNRISE AND SUNSET
APRIL 20 2016.........SUNRISE   557 AM EDT   SUNSET   733 PM EDT
APRIL 21 2016.........SUNRISE   556 AM EDT   SUNSET   734 PM EDT


-  INDICATES NEGATIVE NUMBERS.
R  INDICATES RECORD WAS SET OR TIED.
MM INDICATES DATA IS MISSING.
T  INDICATES TRACE AMOUNT.




$$
