000
CDUS41 KBOX 140546
CLIPVD


CLIMATE REPORT
NATIONAL WEATHER SERVICE TAUNTON MA
141 AM EDT WED JUN 14 2017


...................................

...THE PROVIDENCE RI CLIMATE SUMMARY FOR JUNE 13 2017...

CLIMATE NORMAL PERIOD 1981 TO 2010
CLIMATE RECORD PERIOD 1904 TO 2017


WEATHER ITEM   OBSERVED TIME   RECORD YEAR NORMAL DEPARTURE LAST
                VALUE   (LST)  VALUE       VALUE  FROM      YEAR
                                                  NORMAL
..................................................................
TEMPERATURE (F)
 YESTERDAY
  MAXIMUM         95R   250 PM  94    1956  77     18       73
  MINIMUM         72    508 AM  45    1976  58     14       53
  AVERAGE         84                        67     17       63

PRECIPITATION (IN)
  YESTERDAY        0.01          3.29 1998   0.13  -0.12     0.00
  MONTH TO DATE    0.99                      1.83  -0.84     0.76
  SINCE JUN 1      0.99                      1.83  -0.84     0.76
  SINCE JAN 1     26.01                     21.90   4.11    18.88

SNOWFALL (IN)
  YESTERDAY        0.0           0.0  2002   0.0    0.0      0.0
                                      2001
                                      2000
  MONTH TO DATE    0.0                       0.0    0.0      0.0
  SINCE JUN 1      0.0                       0.0    0.0      0.0
  SINCE JUL 1     45.9                      33.8   12.1     28.7
  SNOW DEPTH       0

DEGREE DAYS
 HEATING
  YESTERDAY        0                         2     -2        2
  MONTH TO DATE   45                        32     13       12
  SINCE JUN 1     45                        32     13       12
  SINCE JUL 1   5153                      5607   -454     4757

 COOLING
  YESTERDAY       19                         4     15        0
  MONTH TO DATE   57                        38     19       32
  SINCE JUN 1     57                        38     19       32
  SINCE JAN 1    115                        64     51       83
..................................................................


WIND (MPH)
  RESULTANT WIND SPEED   9   RESULTANT WIND DIRECTION   W (270)
  HIGHEST WIND SPEED    20   HIGHEST WIND DIRECTION    SW (240)
  HIGHEST GUST SPEED    24   HIGHEST GUST DIRECTION     W (250)
  AVERAGE WIND SPEED    10.4


SKY COVER
  POSSIBLE SUNSHINE  MM
  AVERAGE SKY COVER 0.5


WEATHER CONDITIONS
 THE FOLLOWING WEATHER WAS RECORDED YESTERDAY.
  THUNDERSTORM


RELATIVE HUMIDITY (PERCENT)
 HIGHEST    79           500 AM
 LOWEST     41          1200 PM
 AVERAGE    60

..........................................................


THE PROVIDENCE RI CLIMATE NORMALS FOR TODAY
                         NORMAL    RECORD    YEAR
 MAXIMUM TEMPERATURE (F)   77        93      2005
                                             1988
 MINIMUM TEMPERATURE (F)   58        45      1912


SUNRISE AND SUNSET
JUNE 14 2017..........SUNRISE   510 AM EDT   SUNSET   822 PM EDT
JUNE 15 2017..........SUNRISE   511 AM EDT   SUNSET   822 PM EDT


-  INDICATES NEGATIVE NUMBERS.
R  INDICATES RECORD WAS SET OR TIED.
MM INDICATES DATA IS MISSING.
T  INDICATES TRACE AMOUNT.




$$
