000
CDUS41 KBOX 210550
CLIPVD


CLIMATE REPORT
NATIONAL WEATHER SERVICE TAUNTON MA
1244 AM EST SAT FEB 21 2015


...................................

...THE PROVIDENCE RI CLIMATE SUMMARY FOR FEBRUARY 20 2015...

CLIMATE NORMAL PERIOD 1981 TO 2010
CLIMATE RECORD PERIOD 1904 TO 2015


WEATHER ITEM   OBSERVED TIME   RECORD YEAR NORMAL DEPARTURE LAST
                VALUE   (LST)  VALUE       VALUE  FROM      YEAR
                                                  NORMAL
..................................................................
TEMPERATURE (F)
 YESTERDAY
  MAXIMUM         20    357 PM  69    1930  41    -21       49
  MINIMUM          0   1159 PM  -1    1950  24    -24       34
  AVERAGE         10                        33    -23       42

PRECIPITATION (IN)
  YESTERDAY        0.00          2.39 1924   0.11  -0.11     0.07
  MONTH TO DATE    2.05                      2.26  -0.21     4.44
  SINCE DEC 1     11.92                     10.34   1.58    12.95
  SINCE JAN 1      5.67                      6.12  -0.45     8.13

SNOWFALL (IN)
  YESTERDAY        0.0          13.7  1921   0.4   -0.4       T
  MONTH TO DATE   27.2                       6.3   20.9     19.7
  SINCE DEC 1     53.7                      24.0   29.7     41.7
  SINCE JUL 1     55.3                      25.5   29.8     41.8
  SNOW DEPTH      20

DEGREE DAYS
 HEATING
  YESTERDAY       55                        32     23       23
  MONTH TO DATE  931                       675    256      738
  SINCE DEC 1   2961                      2737    224     2891
  SINCE JUL 1   3997                      3812    185     3994

 COOLING
  YESTERDAY        0                         0      0        0
  MONTH TO DATE    0                         0      0        0
  SINCE DEC 1      0                         0      0        0
  SINCE JAN 1      0                         0      0        0
..................................................................


WIND (MPH)
  RESULTANT WIND SPEED  13   RESULTANT WIND DIRECTION   W (280)
  HIGHEST WIND SPEED    24   HIGHEST WIND DIRECTION     W (280)
  HIGHEST GUST SPEED    34   HIGHEST GUST DIRECTION     W (290)
  AVERAGE WIND SPEED    13.2


SKY COVER
  POSSIBLE SUNSHINE  MM
  AVERAGE SKY COVER 0.1


WEATHER CONDITIONS
 THE FOLLOWING WEATHER WAS RECORDED YESTERDAY.
  NO SIGNIFICANT WEATHER WAS OBSERVED.


RELATIVE HUMIDITY (PERCENT)
 HIGHEST    55           100 AM
 LOWEST     34           400 PM
 AVERAGE    45

..........................................................


THE PROVIDENCE RI CLIMATE NORMALS FOR TODAY
                         NORMAL    RECORD    YEAR
 MAXIMUM TEMPERATURE (F)   42        63      1930
 MINIMUM TEMPERATURE (F)   25        -3      1950


SUNRISE AND SUNSET
FEBRUARY 21 2015......SUNRISE   633 AM EST   SUNSET   526 PM EST
FEBRUARY 22 2015......SUNRISE   632 AM EST   SUNSET   527 PM EST


-  INDICATES NEGATIVE NUMBERS.
R  INDICATES RECORD WAS SET OR TIED.
MM INDICATES DATA IS MISSING.
T  INDICATES TRACE AMOUNT.




$$
