332
CDUS41 KBOX 242130
CLIPVD


CLIMATE REPORT
NATIONAL WEATHER SERVICE TAUNTON MA
519 PM EDT SUN SEP 24 2017


...................................

...THE PROVIDENCE RI CLIMATE SUMMARY FOR SEPTEMBER 24 2017...
VALID AS OF 0500 PM LOCAL TIME.

CLIMATE NORMAL PERIOD 1981 TO 2010
CLIMATE RECORD PERIOD 1904 TO 2017


WEATHER ITEM   OBSERVED TIME   RECORD YEAR NORMAL DEPARTURE LAST
                VALUE   (LST)  VALUE       VALUE  FROM      YEAR
                                                  NORMAL
..................................................................
TEMPERATURE (F)
 TODAY
  MAXIMUM         86    156 PM  87    1959  71     15       69
  MINIMUM         60    603 AM  34    1974  52      8       52
  AVERAGE         73                        62     11       61

PRECIPITATION (IN)
  TODAY            0.00          1.71 1975   0.13  -0.13     0.02
  MONTH TO DATE    2.14                      3.10  -0.96     1.94
  SINCE SEP 1      2.14                      3.10  -0.96     1.94
  SINCE JAN 1     36.34                     33.70   2.64    27.77

SNOWFALL (IN)
  TODAY            0.0           0.0  2002   0.0    0.0      0.0
                                      2001
                                      2000
  MONTH TO DATE    0.0                       0.0    0.0      0.0
  SINCE SEP 1      0.0                       0.0    0.0      0.0
  SINCE JUL 1      0.0                       0.0    0.0      0.0
  SNOW DEPTH       0

DEGREE DAYS
 HEATING
  TODAY            0                         5     -5        4
  MONTH TO DATE   18                        54    -36       10
  SINCE SEP 1     18                        54    -36       10
  SINCE JUL 1     26                        63    -37       10

 COOLING
  TODAY            8                         1      7        0
  MONTH TO DATE  102                        74     28      151
  SINCE SEP 1    102                        74     28      151
  SINCE JAN 1    806                       730     76     1034
..................................................................


WIND (MPH)
  HIGHEST WIND SPEED     9   HIGHEST WIND DIRECTION    SE (150)
  HIGHEST GUST SPEED    12   HIGHEST GUST DIRECTION     S (190)
  AVERAGE WIND SPEED     3.5


SKY COVER
  POSSIBLE SUNSHINE  MM
  AVERAGE SKY COVER 0.0


WEATHER CONDITIONS
 THE FOLLOWING WEATHER WAS RECORDED TODAY.
  FOG


RELATIVE HUMIDITY (PERCENT)
 HIGHEST   100          1200 AM
 LOWEST     51           100 PM
 AVERAGE    76

..........................................................


THE PROVIDENCE RI CLIMATE NORMALS FOR TOMORROW
                         NORMAL    RECORD    YEAR
 MAXIMUM TEMPERATURE (F)   71        89      1920
 MINIMUM TEMPERATURE (F)   52        36      1963
                                             1950


SUNRISE AND SUNSET
SEPTEMBER 24 2017.....SUNRISE   635 AM EDT   SUNSET   639 PM EDT
SEPTEMBER 25 2017.....SUNRISE   636 AM EDT   SUNSET   637 PM EDT


-  INDICATES NEGATIVE NUMBERS.
R  INDICATES RECORD WAS SET OR TIED.
MM INDICATES DATA IS MISSING.
T  INDICATES TRACE AMOUNT.




$$
