734
CDUS41 KBOX 280535
CLIPVD


CLIMATE REPORT
NATIONAL WEATHER SERVICE TAUNTON MA
134 AM EDT THU JUL 28 2016


...................................

...THE PROVIDENCE RI CLIMATE SUMMARY FOR JULY 27 2016...

CLIMATE NORMAL PERIOD 1981 TO 2010
CLIMATE RECORD PERIOD 1904 TO 2016


WEATHER ITEM   OBSERVED TIME   RECORD YEAR NORMAL DEPARTURE LAST
                VALUE   (LST)  VALUE       VALUE  FROM      YEAR
                                                  NORMAL
..................................................................
TEMPERATURE (F)
 YESTERDAY
  MAXIMUM         91   1201 PM  97    1940  83      8       80
  MINIMUM         68    435 AM  53    2001  65      3       68
  AVERAGE         80                        74      6       74

PRECIPITATION (IN)
  YESTERDAY        0.00          1.28 1986   0.13  -0.13     0.44
  MONTH TO DATE    3.78                      2.80   0.98     2.26
  SINCE JUN 1      4.83                      6.44  -1.61     7.61
  SINCE JAN 1     22.95                     26.51  -3.56    24.56

SNOWFALL (IN)
  YESTERDAY        0.0           0.0  2002   0.0    0.0      0.0
                                      2001
                                      2000
  MONTH TO DATE    0.0                       0.0    0.0      0.0
  SINCE JUN 1      0.0                       0.0    0.0      0.0
  SINCE JUL 1      0.0                       0.0    0.0      0.0
  SNOW DEPTH       0

DEGREE DAYS
 HEATING
  YESTERDAY        0                         0      0        0
  MONTH TO DATE    0                         0      0        0
  SINCE JUN 1     12                        43    -31       72
  SINCE JUL 1      0                         0      0        0

 COOLING
  YESTERDAY       15                         9      6        9
  MONTH TO DATE  298                       231     67      245
  SINCE JUN 1    433                       363     70      363
  SINCE JAN 1    484                       389     95      427
..................................................................


WIND (MPH)
  RESULTANT WIND SPEED   4   RESULTANT WIND DIRECTION  SW (230)
  HIGHEST WIND SPEED    18   HIGHEST WIND DIRECTION     S (200)
  HIGHEST GUST SPEED    23   HIGHEST GUST DIRECTION    SW (210)
  AVERAGE WIND SPEED     7.4


SKY COVER
  POSSIBLE SUNSHINE  MM
  AVERAGE SKY COVER 0.2


WEATHER CONDITIONS
 THE FOLLOWING WEATHER WAS RECORDED YESTERDAY.
  NO SIGNIFICANT WEATHER WAS OBSERVED.


RELATIVE HUMIDITY (PERCENT)
 HIGHEST    73           500 AM
 LOWEST     37          1200 PM
 AVERAGE    55

..........................................................


THE PROVIDENCE RI CLIMATE NORMALS FOR TODAY
                         NORMAL    RECORD    YEAR
 MAXIMUM TEMPERATURE (F)   83        95      1949
 MINIMUM TEMPERATURE (F)   65        53      1977


SUNRISE AND SUNSET
JULY 28 2016..........SUNRISE   536 AM EDT   SUNSET   807 PM EDT
JULY 29 2016..........SUNRISE   537 AM EDT   SUNSET   806 PM EDT


-  INDICATES NEGATIVE NUMBERS.
R  INDICATES RECORD WAS SET OR TIED.
MM INDICATES DATA IS MISSING.
T  INDICATES TRACE AMOUNT.




$$
