000
CDUS41 KBOX 212129
CLIPVD


CLIMATE REPORT
NATIONAL WEATHER SERVICE TAUNTON MA
427 PM EST SUN DEC 21 2014


...................................

...THE PROVIDENCE RI CLIMATE SUMMARY FOR DECEMBER 21 2014...
VALID AS OF 0400 PM LOCAL TIME.

CLIMATE NORMAL PERIOD 1981 TO 2010
CLIMATE RECORD PERIOD 1904 TO 2014


WEATHER ITEM   OBSERVED TIME   RECORD YEAR NORMAL DEPARTURE LAST
                VALUE   (LST)  VALUE       VALUE  FROM      YEAR
                                                  NORMAL
..................................................................
TEMPERATURE (F)
 TODAY
  MAXIMUM         34    352 PM  60    1999  41     -7       59
                                      1957
  MINIMUM         32   1210 PM  -4    1942  25      7       39
  AVERAGE         33                        33      0       49

PRECIPITATION (IN)
  TODAY            0.06          1.88 1977   0.13  -0.07     0.00
  MONTH TO DATE    5.05                      3.01   2.04     2.89
  SINCE DEC 1      5.05                      3.01   2.04     2.89
  SINCE JAN 1     45.99                     45.97   0.02    43.53

SNOWFALL (IN)
  TODAY            0.3           6.8  1954   0.3    0.0      0.0
  MONTH TO DATE    0.9                       5.5   -4.6      7.0
  SINCE DEC 1      0.9                       5.5   -4.6      7.0
  SINCE JUL 1      2.5                       7.0   -4.5      7.1
  SNOW DEPTH       0

DEGREE DAYS
 HEATING
  TODAY           32                        32      0       16
  MONTH TO DATE  582                       613    -31      666
  SINCE DEC 1    582                       613    -31      666
  SINCE JUL 1   1618                      1688    -70     1769

 COOLING
  TODAY            0                         0      0        0
  MONTH TO DATE    0                         0      0        0
  SINCE DEC 1      0                         0      0        0
  SINCE JAN 1    709                       744    -35      892
..................................................................


WIND (MPH)
  HIGHEST WIND SPEED    14   HIGHEST WIND DIRECTION     N (20)
  HIGHEST GUST SPEED    17   HIGHEST GUST DIRECTION     N (10)
  AVERAGE WIND SPEED     9.0


SKY COVER
  POSSIBLE SUNSHINE  MM
  AVERAGE SKY COVER 1.0


WEATHER CONDITIONS
 THE FOLLOWING WEATHER WAS RECORDED TODAY.
  LIGHT RAIN
  SNOW
  LIGHT SNOW
  SLEET
  FOG


RELATIVE HUMIDITY (PERCENT)
 HIGHEST    92          1200 AM
 LOWEST     89           500 AM
 AVERAGE    91

..........................................................


THE PROVIDENCE RI CLIMATE NORMALS FOR TOMORROW
                         NORMAL    RECORD    YEAR
 MAXIMUM TEMPERATURE (F)   40        64      2013
 MINIMUM TEMPERATURE (F)   24         3      1921


SUNRISE AND SUNSET
DECEMBER 21 2014......SUNRISE   709 AM EST   SUNSET   418 PM EST
DECEMBER 22 2014......SUNRISE   710 AM EST   SUNSET   419 PM EST


-  INDICATES NEGATIVE NUMBERS.
R  INDICATES RECORD WAS SET OR TIED.
MM INDICATES DATA IS MISSING.
T  INDICATES TRACE AMOUNT.




$$
