000
CDUS41 KBOX 180531
CLIPVD


CLIMATE REPORT
NATIONAL WEATHER SERVICE TAUNTON MA
1231 AM EST SAT FEB 18 2017


...................................

...THE PROVIDENCE RI CLIMATE SUMMARY FOR FEBRUARY 17 2017...

CLIMATE NORMAL PERIOD 1981 TO 2010
CLIMATE RECORD PERIOD 1904 TO 2017


WEATHER ITEM   OBSERVED TIME   RECORD YEAR NORMAL DEPARTURE LAST
                VALUE   (LST)  VALUE       VALUE  FROM      YEAR
                                                  NORMAL
..................................................................
TEMPERATURE (F)
 YESTERDAY
  MAXIMUM         40    434 PM  66    1981  41     -1       46
  MINIMUM         23    707 AM  -5    1922  24     -1       29
  AVERAGE         32                        32      0       38

PRECIPITATION (IN)
  YESTERDAY        0.00          1.85 1936   0.11  -0.11     0.00
  MONTH TO DATE    2.07                      1.91   0.16     3.63
  SINCE DEC 1     10.17                      9.99   0.18    11.46
  SINCE JAN 1      7.03                      5.77   1.26     6.66

SNOWFALL (IN)
  YESTERDAY        0.0          14.7  2003   0.3   -0.3      0.0
  MONTH TO DATE   16.8                       5.3   11.5     11.5
  SINCE DEC 1     38.2                      23.0   15.2     19.4
  SINCE JUL 1     38.2                      24.5   13.7     19.4
  SNOW DEPTH       7

DEGREE DAYS
 HEATING
  YESTERDAY       33                        33      0       27
  MONTH TO DATE  589                       578     11      599
  SINCE DEC 1   2446                      2640   -194     2192
  SINCE JUL 1   3333                      3715   -382     3073

 COOLING
  YESTERDAY        0                         0      0        0
  MONTH TO DATE    0                         0      0        0
  SINCE DEC 1      0                         0      0        0
  SINCE JAN 1      0                         0      0        0
..................................................................


WIND (MPH)
  RESULTANT WIND SPEED  10   RESULTANT WIND DIRECTION  NW (300)
  HIGHEST WIND SPEED    20   HIGHEST WIND DIRECTION    NW (310)
  HIGHEST GUST SPEED    29   HIGHEST GUST DIRECTION    NW (310)
  AVERAGE WIND SPEED     9.6


SKY COVER
  POSSIBLE SUNSHINE  MM
  AVERAGE SKY COVER 0.2


WEATHER CONDITIONS
 THE FOLLOWING WEATHER WAS RECORDED YESTERDAY.
  NO SIGNIFICANT WEATHER WAS OBSERVED.


RELATIVE HUMIDITY (PERCENT)
 HIGHEST    65           500 AM
 LOWEST     33           200 PM
 AVERAGE    49

..........................................................


THE PROVIDENCE RI CLIMATE NORMALS FOR TODAY
                         NORMAL    RECORD    YEAR
 MAXIMUM TEMPERATURE (F)   41        72      1981
 MINIMUM TEMPERATURE (F)   24        -6      1979


SUNRISE AND SUNSET
FEBRUARY 18 2017......SUNRISE   637 AM EST   SUNSET   523 PM EST
FEBRUARY 19 2017......SUNRISE   635 AM EST   SUNSET   524 PM EST


-  INDICATES NEGATIVE NUMBERS.
R  INDICATES RECORD WAS SET OR TIED.
MM INDICATES DATA IS MISSING.
T  INDICATES TRACE AMOUNT.




$$
