000
CDUS41 KBOX 240547
CLIPVD


CLIMATE REPORT
NATIONAL WEATHER SERVICE TAUNTON MA
137 AM EDT THU APR 24 2014


...................................

...THE PROVIDENCE RI CLIMATE SUMMARY FOR APRIL 23 2014...

CLIMATE NORMAL PERIOD 1981 TO 2010
CLIMATE RECORD PERIOD 1904 TO 2014


WEATHER ITEM   OBSERVED TIME   RECORD YEAR NORMAL DEPARTURE LAST
                VALUE   (LST)  VALUE       VALUE  FROM      YEAR
                                                  NORMAL
..................................................................
TEMPERATURE (F)
 YESTERDAY
  MAXIMUM         56    405 PM  85    1908  61     -5       45
  MINIMUM         47   1159 PM  28    1989  42      5       40
                                      1933
  AVERAGE         52                        52      0       43

PRECIPITATION (IN)
  YESTERDAY        0.59          1.60 2012   0.13   0.46     0.01
  MONTH TO DATE    4.00                      3.45   0.55     1.64
  SINCE MAR 1     10.98                      8.46   2.52     4.58
  SINCE JAN 1     19.38                     15.61   3.77    11.54

SNOWFALL (IN)
  YESTERDAY        0.0           T    1986   0.0    0.0      0.0
  MONTH TO DATE    0.3                       0.6   -0.3      0.0
  SINCE MAR 1      1.5                       6.1   -4.6      4.9
  SINCE JUL 1     43.6                      33.8    9.8     46.3
  SNOW DEPTH       0

DEGREE DAYS
 HEATING
  YESTERDAY       13                        13      0       22
  MONTH TO DATE  369                       393    -24      389
  SINCE MAR 1   1323                      1202    121     1201
  SINCE JUL 1   5595                      5264    331     5022

 COOLING
  YESTERDAY        0                         0      0        0
  MONTH TO DATE    0                         0      0        0
  SINCE MAR 1      0                         0      0        0
  SINCE JAN 1      0                         0      0        0
..................................................................


WIND (MPH)
  RESULTANT WIND SPEED   9   RESULTANT WIND DIRECTION  NW (320)
  HIGHEST WIND SPEED    26   HIGHEST WIND DIRECTION     N (340)
  HIGHEST GUST SPEED    39   HIGHEST GUST DIRECTION     N (340)
  AVERAGE WIND SPEED    11.2


SKY COVER
  POSSIBLE SUNSHINE  MM
  AVERAGE SKY COVER 0.8


WEATHER CONDITIONS
 THE FOLLOWING WEATHER WAS RECORDED YESTERDAY.
  THUNDERSTORM
  HEAVY RAIN
  RAIN
  LIGHT RAIN
  FOG


RELATIVE HUMIDITY (PERCENT)
 HIGHEST   100           200 AM
 LOWEST     44           800 PM
 AVERAGE    72

..........................................................


THE PROVIDENCE RI CLIMATE NORMALS FOR TODAY
                         NORMAL    RECORD    YEAR
 MAXIMUM TEMPERATURE (F)   62        78      2011
 MINIMUM TEMPERATURE (F)   42        27      1930


SUNRISE AND SUNSET
APRIL 24 2014.........SUNRISE   552 AM EDT   SUNSET   736 PM EDT
APRIL 25 2014.........SUNRISE   551 AM EDT   SUNSET   737 PM EDT


-  INDICATES NEGATIVE NUMBERS.
R  INDICATES RECORD WAS SET OR TIED.
MM INDICATES DATA IS MISSING.
T  INDICATES TRACE AMOUNT.




$$
