000
CDUS41 KBOX 102142
CLIPVD


CLIMATE REPORT
NATIONAL WEATHER SERVICE TAUNTON MA
542 PM EDT SAT JUN 10 2017


...................................

...THE PROVIDENCE RI CLIMATE SUMMARY FOR JUNE 10 2017...
VALID AS OF 0500 PM LOCAL TIME.

CLIMATE NORMAL PERIOD 1981 TO 2010
CLIMATE RECORD PERIOD 1904 TO 2017


WEATHER ITEM   OBSERVED TIME   RECORD YEAR NORMAL DEPARTURE LAST
                VALUE   (LST)  VALUE       VALUE  FROM      YEAR
                                                  NORMAL
..................................................................
TEMPERATURE (F)
 TODAY
  MAXIMUM         84    219 PM  96    2008  76      8       73
  MINIMUM         59    426 AM  43    1988  57      2       54
                                      1957
  AVERAGE         72                        66      6       64

PRECIPITATION (IN)
  TODAY            0.00          1.65 1977   0.14  -0.14     0.00
  MONTH TO DATE    0.98                      1.42  -0.44     0.62
  SINCE JUN 1      0.98                      1.42  -0.44     0.62
  SINCE JAN 1     26.00                     21.49   4.51    18.74

SNOWFALL (IN)
  TODAY            0.0           0.0  2002   0.0    0.0      0.0
                                      2001
                                      2000
  MONTH TO DATE    0.0                       0.0    0.0      0.0
  SINCE JUN 1      0.0                       0.0    0.0      0.0
  SINCE JUL 1     45.9                      33.8   12.1     28.7
  SNOW DEPTH       0

DEGREE DAYS
 HEATING
  TODAY            0                         2     -2        1
  MONTH TO DATE   45                        26     19        7
  SINCE JUN 1     45                        26     19        7
  SINCE JUL 1   5153                      5601   -448     4752

 COOLING
  TODAY            7                         3      4        0
  MONTH TO DATE   11                        26    -15       29
  SINCE JUN 1     11                        26    -15       29
  SINCE JAN 1     69                        52     17       80
..................................................................


WIND (MPH)
  HIGHEST WIND SPEED    22   HIGHEST WIND DIRECTION     S (200)
  HIGHEST GUST SPEED    27   HIGHEST GUST DIRECTION     S (200)
  AVERAGE WIND SPEED     8.6


SKY COVER
  POSSIBLE SUNSHINE  MM
  AVERAGE SKY COVER 0.5


WEATHER CONDITIONS
 THE FOLLOWING WEATHER WAS RECORDED TODAY.
  NO SIGNIFICANT WEATHER WAS OBSERVED.


RELATIVE HUMIDITY (PERCENT)
 HIGHEST    84           100 AM
 LOWEST     37           100 PM
 AVERAGE    61

..........................................................


THE PROVIDENCE RI CLIMATE NORMALS FOR TOMORROW
                         NORMAL    RECORD    YEAR
 MAXIMUM TEMPERATURE (F)   76        95      1973
 MINIMUM TEMPERATURE (F)   57        41      1980


SUNRISE AND SUNSET
JUNE 10 2017..........SUNRISE   511 AM EDT   SUNSET   820 PM EDT
JUNE 11 2017..........SUNRISE   511 AM EDT   SUNSET   820 PM EDT


-  INDICATES NEGATIVE NUMBERS.
R  INDICATES RECORD WAS SET OR TIED.
MM INDICATES DATA IS MISSING.
T  INDICATES TRACE AMOUNT.




$$
