038
CDUS41 KBOX 170559
CLIPVD


CLIMATE REPORT
NATIONAL WEATHER SERVICE TAUNTON MA
157 AM EDT MON APR 17 2017


...................................

...THE PROVIDENCE RI CLIMATE SUMMARY FOR APRIL 16 2017...

CLIMATE NORMAL PERIOD 1981 TO 2010
CLIMATE RECORD PERIOD 1904 TO 2017


WEATHER ITEM   OBSERVED TIME   RECORD YEAR NORMAL DEPARTURE LAST
                VALUE   (LST)  VALUE       VALUE  FROM      YEAR
                                                  NORMAL
..................................................................
TEMPERATURE (F)
 YESTERDAY
  MAXIMUM         86    251 PM  88    2003  59     27       57
  MINIMUM         57    437 AM  27    1943  40     17       40
  AVERAGE         72                        49     23       49

PRECIPITATION (IN)
  YESTERDAY        0.02          2.12 1961   0.14  -0.12     0.00
  MONTH TO DATE    3.87                      2.51   1.36     3.58
  SINCE MAR 1      7.72                      7.52   0.20     6.26
  SINCE JAN 1     14.90                     14.67   0.23    14.61

SNOWFALL (IN)
  YESTERDAY        0.0           2.0  1992   0.0    0.0      0.0
  MONTH TO DATE    T                         0.5   -0.5      6.7
  SINCE MAR 1      7.7                       6.0    1.7      9.3
  SINCE JUL 1     45.9                      33.7   12.2     28.7
  SNOW DEPTH       0

DEGREE DAYS
 HEATING
  YESTERDAY        0                        16    -16       16
  MONTH TO DATE  234                       293    -59      341
  SINCE MAR 1   1154                      1102     52      988
  SINCE JUL 1   4712                      5164   -452     4359

 COOLING
  YESTERDAY        7                         0      7        0
  MONTH TO DATE    7                         0      7        0
  SINCE MAR 1      7                         0      7        0
  SINCE JAN 1      7                         0      7        0
..................................................................


WIND (MPH)
  RESULTANT WIND SPEED  14   RESULTANT WIND DIRECTION  SW (240)
  HIGHEST WIND SPEED    26   HIGHEST WIND DIRECTION     W (290)
  HIGHEST GUST SPEED    46   HIGHEST GUST DIRECTION     W (250)
  AVERAGE WIND SPEED    13.8


SKY COVER
  POSSIBLE SUNSHINE  MM
  AVERAGE SKY COVER 0.2


WEATHER CONDITIONS
 THE FOLLOWING WEATHER WAS RECORDED YESTERDAY.
  LIGHT RAIN


RELATIVE HUMIDITY (PERCENT)
 HIGHEST    87          1100 PM
 LOWEST     27           300 PM
 AVERAGE    57

..........................................................


THE PROVIDENCE RI CLIMATE NORMALS FOR TODAY
                         NORMAL    RECORD    YEAR
 MAXIMUM TEMPERATURE (F)   59        93      2002
                                             1976
 MINIMUM TEMPERATURE (F)   40        23      1908


SUNRISE AND SUNSET
APRIL 17 2017.........SUNRISE   602 AM EDT   SUNSET   729 PM EDT
APRIL 18 2017.........SUNRISE   601 AM EDT   SUNSET   730 PM EDT


-  INDICATES NEGATIVE NUMBERS.
R  INDICATES RECORD WAS SET OR TIED.
MM INDICATES DATA IS MISSING.
T  INDICATES TRACE AMOUNT.




$$
