000
CDUS41 KBOX 122134
CLIPVD


CLIMATE REPORT
NATIONAL WEATHER SERVICE TAUNTON MA
434 PM EST WED NOV 12 2014


...................................

...THE PROVIDENCE RI CLIMATE SUMMARY FOR NOVEMBER 12 2014...
VALID AS OF 0400 PM LOCAL TIME.

CLIMATE NORMAL PERIOD 1981 TO 2010
CLIMATE RECORD PERIOD 1904 TO 2014


WEATHER ITEM   OBSERVED TIME   RECORD YEAR NORMAL DEPARTURE LAST
                VALUE   (LST)  VALUE       VALUE  FROM      YEAR
                                                  NORMAL
..................................................................
TEMPERATURE (F)
 TODAY
  MAXIMUM         63    309 PM  75    1909  55      8       52
  MINIMUM         51    810 AM  21    1926  37     14       28
  AVERAGE         57                        46     11       40

PRECIPITATION (IN)
  TODAY            0.00          3.46 1947   0.15  -0.15     0.05
  MONTH TO DATE    0.79                      1.71  -0.92     0.44
  SINCE SEP 1      4.83                      9.56  -4.73     5.64
  SINCE JAN 1     36.28                     40.16  -3.88    36.45

SNOWFALL (IN)
  TODAY            0.0           7.3  1987   0.0    0.0      0.1
  MONTH TO DATE    T                         0.2   -0.2      0.1
  SINCE SEP 1      T                         0.2   -0.2      0.1
  SINCE JUL 1      T                         0.2   -0.2      0.1
  SNOW DEPTH       0

DEGREE DAYS
 HEATING
  TODAY            8                        19    -11       25
  MONTH TO DATE  216                       213      3      220
  SINCE SEP 1    568                       662    -94      633
  SINCE JUL 1    568                       671   -103      633

 COOLING
  TODAY            0                         0      0        0
  MONTH TO DATE    0                         0      0        0
  SINCE SEP 1    127                        88     39       70
  SINCE JAN 1    709                       744    -35      892
..................................................................


WIND (MPH)
  HIGHEST WIND SPEED     9   HIGHEST WIND DIRECTION     W (250)
  HIGHEST GUST SPEED    13   HIGHEST GUST DIRECTION     W (250)
  AVERAGE WIND SPEED     2.8


SKY COVER
  POSSIBLE SUNSHINE  MM
  AVERAGE SKY COVER 1.0


WEATHER CONDITIONS
 THE FOLLOWING WEATHER WAS RECORDED TODAY.
  LIGHT RAIN
  FOG
  FOG W/VISIBILITY <= 1/4 MILE
  HAZE


RELATIVE HUMIDITY (PERCENT)
 HIGHEST   100          1200 AM
 LOWEST     72           400 PM
 AVERAGE    86

..........................................................


THE PROVIDENCE RI CLIMATE NORMALS FOR TOMORROW
                         NORMAL    RECORD    YEAR
 MAXIMUM TEMPERATURE (F)   54        70      1964
 MINIMUM TEMPERATURE (F)   37        20      2001


SUNRISE AND SUNSET
NOVEMBER 12 2014......SUNRISE   631 AM EST   SUNSET   428 PM EST
NOVEMBER 13 2014......SUNRISE   632 AM EST   SUNSET   427 PM EST


-  INDICATES NEGATIVE NUMBERS.
R  INDICATES RECORD WAS SET OR TIED.
MM INDICATES DATA IS MISSING.
T  INDICATES TRACE AMOUNT.




$$
