000
CDUS41 KBOX 150545
CLIPVD


CLIMATE REPORT
NATIONAL WEATHER SERVICE TAUNTON MA
140 AM EDT MON AUG 15 2016


...................................

...THE PROVIDENCE RI CLIMATE SUMMARY FOR AUGUST 14 2016...

CLIMATE NORMAL PERIOD 1981 TO 2010
CLIMATE RECORD PERIOD 1904 TO 2016


WEATHER ITEM   OBSERVED TIME   RECORD YEAR NORMAL DEPARTURE LAST
                VALUE   (LST)  VALUE       VALUE  FROM      YEAR
                                                  NORMAL
..................................................................
TEMPERATURE (F)
 YESTERDAY
  MAXIMUM         96    246 PM  98    2002  82     14       85
  MINIMUM         71   1236 AM  47    1964  64      7       61
  AVERAGE         84                        73     11       73

PRECIPITATION (IN)
  YESTERDAY        0.02          1.35 1927   0.12  -0.10     0.00
  MONTH TO DATE    1.97                      1.65   0.32     2.07
  SINCE JUN 1      6.97                      8.58  -1.61     9.76
  SINCE JAN 1     25.09                     28.65  -3.56    26.71

SNOWFALL (IN)
  YESTERDAY        0.0           0.0  2002   0.0    0.0      0.0
                                      2001
                                      2000
  MONTH TO DATE    0.0                       0.0    0.0      0.0
  SINCE JUN 1      0.0                       0.0    0.0      0.0
  SINCE JUL 1      0.0                       0.0    0.0      0.0
  SNOW DEPTH       0

DEGREE DAYS
 HEATING
  YESTERDAY        0                         0      0        0
  MONTH TO DATE    0                         0      0        0
  SINCE JUN 1     12                        46    -34       72
  SINCE JUL 1      0                         3     -3        0

 COOLING
  YESTERDAY       19                         8     11        8
  MONTH TO DATE  157                       118     39      116
  SINCE JUN 1    640                       516    124      538
  SINCE JAN 1    691                       542    149      602
..................................................................


WIND (MPH)
  RESULTANT WIND SPEED   7   RESULTANT WIND DIRECTION   W (250)
  HIGHEST WIND SPEED    17   HIGHEST WIND DIRECTION     W (270)
  HIGHEST GUST SPEED    23   HIGHEST GUST DIRECTION     W (270)
  AVERAGE WIND SPEED     8.1


SKY COVER
  POSSIBLE SUNSHINE  MM
  AVERAGE SKY COVER 0.4


WEATHER CONDITIONS
 THE FOLLOWING WEATHER WAS RECORDED YESTERDAY.
  THUNDERSTORM
  RAIN
  LIGHT RAIN
  FOG


RELATIVE HUMIDITY (PERCENT)
 HIGHEST   100           600 AM
 LOWEST     45           200 PM
 AVERAGE    73

..........................................................


THE PROVIDENCE RI CLIMATE NORMALS FOR TODAY
                         NORMAL    RECORD    YEAR
 MAXIMUM TEMPERATURE (F)   82        97      1947
 MINIMUM TEMPERATURE (F)   64        51      1964
                                             1909


SUNRISE AND SUNSET
AUGUST 15 2016........SUNRISE   555 AM EDT   SUNSET   745 PM EDT
AUGUST 16 2016........SUNRISE   556 AM EDT   SUNSET   743 PM EDT


-  INDICATES NEGATIVE NUMBERS.
R  INDICATES RECORD WAS SET OR TIED.
MM INDICATES DATA IS MISSING.
T  INDICATES TRACE AMOUNT.




$$
