000
CDUS41 KBOX 171250
CLIPVD


CLIMATE REPORT
NATIONAL WEATHER SERVICE TAUNTON MA
842 AM EDT TUE MAY 17 2016


...................................

...THE PROVIDENCE RI CLIMATE SUMMARY FOR MAY 16 2016...

CLIMATE NORMAL PERIOD 1981 TO 2010
CLIMATE RECORD PERIOD 1904 TO 2016


WEATHER ITEM   OBSERVED TIME   RECORD YEAR NORMAL DEPARTURE LAST
                VALUE   (LST)  VALUE       VALUE  FROM      YEAR
                                                  NORMAL
..................................................................
TEMPERATURE (F)
 YESTERDAY
  MAXIMUM         62    523 PM  89    1951  68     -6       67
  MINIMUM         41    501 AM  35    1936  49     -8       53
  AVERAGE         52                        58     -6       60

PRECIPITATION (IN)
  YESTERDAY        0.00          1.08 1971   0.10  -0.10      T
  MONTH TO DATE    1.48                      1.74  -0.26     0.22
  SINCE MAR 1      8.07                     11.11  -3.04     7.13
  SINCE JAN 1     16.42                     18.26  -1.84    13.48

SNOWFALL (IN)
  YESTERDAY        0.0           0.0  2001   0.0    0.0      0.0
                                      2000
  MONTH TO DATE    0.0                       0.0    0.0      0.0
  SINCE MAR 1      9.3                       6.1    3.2     16.3
  SINCE JUL 1     28.7                      33.8   -5.1     76.2
  SNOW DEPTH       0

DEGREE DAYS
 HEATING
  YESTERDAY       13                         7      6        5
  MONTH TO DATE  181                       146     35       85
  SINCE MAR 1   1337                      1434    -97     1549
  SINCE JUL 1   4708                      5496   -788     5911

 COOLING
  YESTERDAY        0                         1     -1        0
  MONTH TO DATE    1                         3     -2       24
  SINCE MAR 1      1                         5     -4       24
  SINCE JAN 1      1                         5     -4       24
..................................................................


WIND (MPH)
  RESULTANT WIND SPEED  16   RESULTANT WIND DIRECTION   W (280)
  HIGHEST WIND SPEED    30   HIGHEST WIND DIRECTION     W (290)
  HIGHEST GUST SPEED    40   HIGHEST GUST DIRECTION     W (280)
  AVERAGE WIND SPEED    15.8


SKY COVER
  POSSIBLE SUNSHINE  MM
  AVERAGE SKY COVER 0.2


WEATHER CONDITIONS
 THE FOLLOWING WEATHER WAS RECORDED YESTERDAY.
  NO SIGNIFICANT WEATHER WAS OBSERVED.


RELATIVE HUMIDITY (PERCENT)
 HIGHEST    57          1200 AM
 LOWEST     20           600 PM
 AVERAGE    39

..........................................................


THE PROVIDENCE RI CLIMATE NORMALS FOR TODAY
                         NORMAL    RECORD    YEAR
 MAXIMUM TEMPERATURE (F)   69        91      1977
                                             1974
 MINIMUM TEMPERATURE (F)   49        35      1956


SUNRISE AND SUNSET
MAY 17 2016...........SUNRISE   524 AM EDT   SUNSET   801 PM EDT
MAY 18 2016...........SUNRISE   523 AM EDT   SUNSET   802 PM EDT


-  INDICATES NEGATIVE NUMBERS.
R  INDICATES RECORD WAS SET OR TIED.
MM INDICATES DATA IS MISSING.
T  INDICATES TRACE AMOUNT.




$$
