000
CDUS41 KBOX 230546
CLIPVD


CLIMATE REPORT
NATIONAL WEATHER SERVICE TAUNTON MA
143 AM EDT WED JUL 23 2014


...................................

...THE PROVIDENCE RI CLIMATE SUMMARY FOR JULY 22 2014...

CLIMATE NORMAL PERIOD 1981 TO 2010
CLIMATE RECORD PERIOD 1904 TO 2014


WEATHER ITEM   OBSERVED TIME   RECORD YEAR NORMAL DEPARTURE LAST
                VALUE   (LST)  VALUE       VALUE  FROM      YEAR
                                                  NORMAL
..................................................................
TEMPERATURE (F)
 YESTERDAY
  MAXIMUM         87    255 PM 101    2011  83      4       84
  MINIMUM         63    434 AM  54    1937  65     -2       69
  AVERAGE         75                        74      1       77

PRECIPITATION (IN)
  YESTERDAY        0.00          1.47 1947   0.11  -0.11      T
  MONTH TO DATE    3.40                      2.22   1.18     1.03
  SINCE JUN 1      5.76                      5.86  -0.10    11.11
  SINCE JAN 1     28.56                     25.93   2.63    25.71

SNOWFALL (IN)
  YESTERDAY        0.0           0.0  2002   0.0    0.0      0.0
                                      2001
                                      2000
  MONTH TO DATE    0.0                       0.0    0.0      0.0
  SINCE JUN 1      0.0                       0.0    0.0      0.0
  SINCE JUL 1      0.0                       0.0    0.0      0.0
  SNOW DEPTH       0

DEGREE DAYS
 HEATING
  YESTERDAY        0                         0      0        0
  MONTH TO DATE    0                         0      0        0
  SINCE JUN 1     13                        43    -30       24
  SINCE JUL 1      0                         0      0        0

 COOLING
  YESTERDAY       10                         9      1       12
  MONTH TO DATE  217                       186     31      341
  SINCE JUN 1    320                       318      2      505
  SINCE JAN 1    331                       344    -13      549
..................................................................


WIND (MPH)
  RESULTANT WIND SPEED   7   RESULTANT WIND DIRECTION  SW (210)
  HIGHEST WIND SPEED    17   HIGHEST WIND DIRECTION    SW (220)
  HIGHEST GUST SPEED    22   HIGHEST GUST DIRECTION    SW (230)
  AVERAGE WIND SPEED     8.2


SKY COVER
  POSSIBLE SUNSHINE  MM
  AVERAGE SKY COVER 0.2


WEATHER CONDITIONS
 THE FOLLOWING WEATHER WAS RECORDED YESTERDAY.
  NO SIGNIFICANT WEATHER WAS OBSERVED.


RELATIVE HUMIDITY (PERCENT)
 HIGHEST    87           100 AM
 LOWEST     51           400 PM
 AVERAGE    69

..........................................................


THE PROVIDENCE RI CLIMATE NORMALS FOR TODAY
                         NORMAL    RECORD    YEAR
 MAXIMUM TEMPERATURE (F)   83        97      1978
                                             1918
 MINIMUM TEMPERATURE (F)   65        54      1976
                                             1950


SUNRISE AND SUNSET
JULY 23 2014..........SUNRISE   531 AM EDT   SUNSET   813 PM EDT
JULY 24 2014..........SUNRISE   532 AM EDT   SUNSET   812 PM EDT


-  INDICATES NEGATIVE NUMBERS.
R  INDICATES RECORD WAS SET OR TIED.
MM INDICATES DATA IS MISSING.
T  INDICATES TRACE AMOUNT.




$$
