000
CDUS41 KBOX 110541
CLIPVD


CLIMATE REPORT
NATIONAL WEATHER SERVICE TAUNTON MA
1235 AM EST THU DEC 11 2014


...................................

...THE PROVIDENCE RI CLIMATE SUMMARY FOR DECEMBER 10 2014...

CLIMATE NORMAL PERIOD 1981 TO 2010
CLIMATE RECORD PERIOD 1904 TO 2014


WEATHER ITEM   OBSERVED TIME   RECORD YEAR NORMAL DEPARTURE LAST
                VALUE   (LST)  VALUE       VALUE  FROM      YEAR
                                                  NORMAL
..................................................................
TEMPERATURE (F)
 YESTERDAY
  MAXIMUM         43    355 PM  67    1946  44     -1       36
  MINIMUM         37   1159 PM   5    1968  28      9       25
  AVERAGE         40                        36      4       31

PRECIPITATION (IN)
  YESTERDAY        0.31          2.78 1936   0.15   0.16     0.10
  MONTH TO DATE    4.61                      1.52   3.09     1.74
  SINCE DEC 1      4.61                      1.52   3.09     1.74
  SINCE JAN 1     45.55                     44.48   1.07    42.38

SNOWFALL (IN)
  YESTERDAY        0.0           3.6  1905   0.2   -0.2      1.2
  MONTH TO DATE    T                         2.2   -2.2      1.5
  SINCE DEC 1      T                         2.2   -2.2      1.5
  SINCE JUL 1      1.6                       3.7   -2.1      1.6
  SNOW DEPTH       0

DEGREE DAYS
 HEATING
  YESTERDAY       25                        29     -4       34
  MONTH TO DATE  262                       273    -11      267
  SINCE DEC 1    262                       273    -11      267
  SINCE JUL 1   1298                      1348    -50     1370

 COOLING
  YESTERDAY        0                         0      0        0
  MONTH TO DATE    0                         0      0        0
  SINCE DEC 1      0                         0      0        0
  SINCE JAN 1    709                       744    -35      892
..................................................................


WIND (MPH)
  RESULTANT WIND SPEED   7   RESULTANT WIND DIRECTION   N (350)
  HIGHEST WIND SPEED    16   HIGHEST WIND DIRECTION     N (10)
  HIGHEST GUST SPEED    19   HIGHEST GUST DIRECTION     N (10)
  AVERAGE WIND SPEED     8.1


SKY COVER
  POSSIBLE SUNSHINE  MM
  AVERAGE SKY COVER 1.0


WEATHER CONDITIONS
 THE FOLLOWING WEATHER WAS RECORDED YESTERDAY.
  RAIN
  LIGHT RAIN
  FOG


RELATIVE HUMIDITY (PERCENT)
 HIGHEST   100           400 AM
 LOWEST     89           100 AM
 AVERAGE    95

..........................................................


THE PROVIDENCE RI CLIMATE NORMALS FOR TODAY
                         NORMAL    RECORD    YEAR
 MAXIMUM TEMPERATURE (F)   44        68      1971
 MINIMUM TEMPERATURE (F)   28         4      1988
                                             1958


SUNRISE AND SUNSET
DECEMBER 11 2014......SUNRISE   703 AM EST   SUNSET   415 PM EST
DECEMBER 12 2014......SUNRISE   704 AM EST   SUNSET   415 PM EST


-  INDICATES NEGATIVE NUMBERS.
R  INDICATES RECORD WAS SET OR TIED.
MM INDICATES DATA IS MISSING.
T  INDICATES TRACE AMOUNT.




$$
