043
CDUS41 KBOX 162141
CLIPVD


CLIMATE REPORT
NATIONAL WEATHER SERVICE TAUNTON MA
539 PM EDT SAT JUL 16 2016


...................................

...THE PROVIDENCE RI CLIMATE SUMMARY FOR JULY 16 2016...
VALID TODAY AS OF 0500 PM LOCAL TIME.

CLIMATE NORMAL PERIOD 1981 TO 2010
CLIMATE RECORD PERIOD 1904 TO 2016


WEATHER ITEM   OBSERVED TIME   RECORD YEAR NORMAL DEPARTURE LAST
                VALUE   (LST)  VALUE       VALUE  FROM      YEAR
                                                  NORMAL
..................................................................
TEMPERATURE (F)
 TODAY
  MAXIMUM         89   1258 PM  97    1983  83      6       76
  MINIMUM         68    440 AM  52    1954  65      3       59
  AVERAGE         79                        74      5       68

PRECIPITATION (IN)
  TODAY            0.00          0.85 1910   0.10  -0.10     0.00
  MONTH TO DATE    1.68                      1.57   0.11     1.74
  SINCE JUN 1      2.73                      5.21  -2.48     7.09
  SINCE JAN 1     20.85                     25.28  -4.43    24.04

SNOWFALL (IN)
  TODAY            0.0           0.0  2002   0.0    0.0      0.0
                                      2001
                                      2000
  MONTH TO DATE    0.0                       0.0    0.0      0.0
  SINCE JUN 1      0.0                       0.0    0.0      0.0
  SINCE JUL 1      0.0                       0.0    0.0      0.0
  SNOW DEPTH       0

DEGREE DAYS
 HEATING
  TODAY            0                         0      0        0
  MONTH TO DATE    0                         0      0        0
  SINCE JUN 1     12                        43    -31       72
  SINCE JUL 1      0                         0      0        0

 COOLING
  TODAY           14                         9      5        3
  MONTH TO DATE  146                       132     14      137
  SINCE JUN 1    281                       264     17      255
  SINCE JAN 1    332                       290     42      319
..................................................................


WIND (MPH)
  HIGHEST WIND SPEED    18   HIGHEST WIND DIRECTION     S (160)
  HIGHEST GUST SPEED    22   HIGHEST GUST DIRECTION     S (160)
  AVERAGE WIND SPEED     5.8


SKY COVER
  POSSIBLE SUNSHINE  MM
  AVERAGE SKY COVER 0.4


WEATHER CONDITIONS
 THE FOLLOWING WEATHER WAS RECORDED TODAY.
  FOG


RELATIVE HUMIDITY (PERCENT)
 HIGHEST    93           400 AM
 LOWEST     36           400 PM
 AVERAGE    65

..........................................................


THE PROVIDENCE RI CLIMATE NORMALS FOR TOMORROW
                         NORMAL    RECORD    YEAR
 MAXIMUM TEMPERATURE (F)   83        97      1999
                                             1977
 MINIMUM TEMPERATURE (F)   65        49      1954


SUNRISE AND SUNSET
JULY 16 2016..........SUNRISE   525 AM EDT   SUNSET   818 PM EDT
JULY 17 2016..........SUNRISE   526 AM EDT   SUNSET   817 PM EDT


-  INDICATES NEGATIVE NUMBERS.
R  INDICATES RECORD WAS SET OR TIED.
MM INDICATES DATA IS MISSING.
T  INDICATES TRACE AMOUNT.




$$
