000
CDUS41 KBOX 300602
CLIPVD


CLIMATE REPORT
NATIONAL WEATHER SERVICE TAUNTON MA
102 AM EST SAT JAN 30 2016


...................................

...THE PROVIDENCE RI CLIMATE SUMMARY FOR JANUARY 29 2016...

CLIMATE NORMAL PERIOD 1981 TO 2010
CLIMATE RECORD PERIOD 1904 TO 2016


WEATHER ITEM   OBSERVED TIME   RECORD YEAR NORMAL DEPARTURE LAST
                VALUE   (LST)  VALUE       VALUE  FROM      YEAR
                                                  NORMAL
..................................................................
TEMPERATURE (F)
 YESTERDAY
  MAXIMUM         44   1202 PM  69    2002  38      6       33
  MINIMUM         32   1159 PM   0    1934  21     11        3
  AVERAGE         38                        30      8       18

PRECIPITATION (IN)
  YESTERDAY        0.00          1.34 1990   0.12  -0.12      T
  MONTH TO DATE    3.03                      3.61  -0.58     3.53
  SINCE DEC 1      7.83                      7.83   0.00     9.78
  SINCE JAN 1      3.03                      3.61  -0.58     3.53

SNOWFALL (IN)
  YESTERDAY        0.0           6.7  1912   0.3   -0.3       T
  MONTH TO DATE    7.3                       8.4   -1.1     25.1
  SINCE DEC 1      7.9                      17.1   -9.2     26.0
  SINCE JUL 1      7.9                      18.6  -10.7     27.6
  SNOW DEPTH       0

DEGREE DAYS
 HEATING
  YESTERDAY       27                        35     -8       47
  MONTH TO DATE  964                      1039    -75     1110
  SINCE DEC 1   1547                      1991   -444     1945
  SINCE JUL 1   2428                      3066   -638     2981

 COOLING
  YESTERDAY        0                         0      0        0
  MONTH TO DATE    0                         0      0        0
  SINCE DEC 1      0                         0      0        0
  SINCE JAN 1      0                         0      0        0
..................................................................


WIND (MPH)
  RESULTANT WIND SPEED   4   RESULTANT WIND DIRECTION  NW (320)
  HIGHEST WIND SPEED    20   HIGHEST WIND DIRECTION    NW (320)
  HIGHEST GUST SPEED    28   HIGHEST GUST DIRECTION    NW (320)
  AVERAGE WIND SPEED     6.2


SKY COVER
  POSSIBLE SUNSHINE  MM
  AVERAGE SKY COVER 0.9


WEATHER CONDITIONS
 THE FOLLOWING WEATHER WAS RECORDED YESTERDAY.
  FOG
  FOG W/VISIBILITY <= 1/4 MILE
  HAZE


RELATIVE HUMIDITY (PERCENT)
 HIGHEST   100           300 AM
 LOWEST     45          1200 PM
 AVERAGE    73

..........................................................


THE PROVIDENCE RI CLIMATE NORMALS FOR TODAY
                         NORMAL    RECORD    YEAR
 MAXIMUM TEMPERATURE (F)   38        62      1914
 MINIMUM TEMPERATURE (F)   21        -2      1965
                                             1948


SUNRISE AND SUNSET
JANUARY 30 2016.......SUNRISE   700 AM EST   SUNSET   458 PM EST
JANUARY 31 2016.......SUNRISE   659 AM EST   SUNSET   459 PM EST


-  INDICATES NEGATIVE NUMBERS.
R  INDICATES RECORD WAS SET OR TIED.
MM INDICATES DATA IS MISSING.
T  INDICATES TRACE AMOUNT.




$$
