000
CDUS41 KBOX 120550
CLIPVD


CLIMATE REPORT
NATIONAL WEATHER SERVICE TAUNTON MA
139 AM EDT WED JUL 12 2017


...................................

...THE PROVIDENCE RI CLIMATE SUMMARY FOR JULY 11 2017...

CLIMATE NORMAL PERIOD 1981 TO 2010
CLIMATE RECORD PERIOD 1904 TO 2017


WEATHER ITEM   OBSERVED TIME   RECORD YEAR NORMAL DEPARTURE LAST
                VALUE   (LST)  VALUE       VALUE  FROM      YEAR
                                                  NORMAL
..................................................................
TEMPERATURE (F)
 YESTERDAY
  MAXIMUM         86    209 PM  97    1988  83      3       78
                                      1911
  MINIMUM         69    816 AM  53    2009  64      5       58
                                      1953
  AVERAGE         78                        73      5       68

PRECIPITATION (IN)
  YESTERDAY        0.75          1.75 1959   0.11   0.64     0.00
  MONTH TO DATE    1.78                      1.03   0.75     0.86
  SINCE JUN 1      6.04                      4.67   1.37     1.91
  SINCE JAN 1     31.06                     24.74   6.32    20.03

SNOWFALL (IN)
  YESTERDAY        0.0           0.0  2002   0.0    0.0      0.0
                                      2001
                                      2000
  MONTH TO DATE    0.0                       0.0    0.0      0.0
  SINCE JUN 1      0.0                       0.0    0.0      0.0
  SINCE JUL 1      0.0                       0.0    0.0      0.0
  SNOW DEPTH       0

DEGREE DAYS
 HEATING
  YESTERDAY        0                         0      0        0
  MONTH TO DATE    0                         0      0        0
  SINCE JUN 1     49                        43      6       12
  SINCE JUL 1      0                         0      0        0

 COOLING
  YESTERDAY       13                         9      4        3
  MONTH TO DATE  106                        87     19       82
  SINCE JUN 1    275                       219     56      217
  SINCE JAN 1    333                       245     88      268
..................................................................


WIND (MPH)
  RESULTANT WIND SPEED   5   RESULTANT WIND DIRECTION   S (200)
  HIGHEST WIND SPEED    16   HIGHEST WIND DIRECTION    SW (230)
  HIGHEST GUST SPEED    26   HIGHEST GUST DIRECTION    SW (240)
  AVERAGE WIND SPEED     6.7


SKY COVER
  POSSIBLE SUNSHINE  MM
  AVERAGE SKY COVER 0.7


WEATHER CONDITIONS
 THE FOLLOWING WEATHER WAS RECORDED YESTERDAY.
  HEAVY RAIN
  RAIN
  LIGHT RAIN
  FOG
  FOG W/VISIBILITY <= 1/4 MILE


RELATIVE HUMIDITY (PERCENT)
 HIGHEST   100           200 AM
 LOWEST     65           200 PM
 AVERAGE    83

..........................................................


THE PROVIDENCE RI CLIMATE NORMALS FOR TODAY
                         NORMAL    RECORD    YEAR
 MAXIMUM TEMPERATURE (F)   83        95      1908
 MINIMUM TEMPERATURE (F)   64        52      1945


SUNRISE AND SUNSET
JULY 12 2017..........SUNRISE   522 AM EDT   SUNSET   820 PM EDT
JULY 13 2017..........SUNRISE   523 AM EDT   SUNSET   820 PM EDT


-  INDICATES NEGATIVE NUMBERS.
R  INDICATES RECORD WAS SET OR TIED.
MM INDICATES DATA IS MISSING.
T  INDICATES TRACE AMOUNT.




$$
