755
CDUS41 KBOX 280607
CLIPVD


CLIMATE REPORT
NATIONAL WEATHER SERVICE TAUNTON MA
105 AM EST MON NOV 28 2016


...................................

...THE PROVIDENCE RI CLIMATE SUMMARY FOR NOVEMBER 27 2016...

CLIMATE NORMAL PERIOD 1981 TO 2010
CLIMATE RECORD PERIOD 1904 TO 2016


WEATHER ITEM   OBSERVED TIME   RECORD YEAR NORMAL DEPARTURE LAST
                VALUE   (LST)  VALUE       VALUE  FROM      YEAR
                                                  NORMAL
..................................................................
TEMPERATURE (F)
 YESTERDAY
  MAXIMUM         48    126 PM  66    1946  49     -1       65
  MINIMUM         33   1159 PM   9    1932  33      0       38
  AVERAGE         41                        41      0       52

PRECIPITATION (IN)
  YESTERDAY        0.00          3.12 2013   0.16  -0.16     0.00
  MONTH TO DATE    1.52                      4.03  -2.51     2.54
  SINCE SEP 1      9.09                     11.88  -2.79     8.53
  SINCE JAN 1     34.92                     42.48  -7.56    35.95

SNOWFALL (IN)
  YESTERDAY        0.0           6.2  1940   0.1   -0.1      0.0
  MONTH TO DATE    T                         1.2   -1.2      0.0
  SINCE SEP 1      T                         1.2   -1.2      0.0
  SINCE JUL 1      T                         1.2   -1.2      0.0
  SNOW DEPTH       0

DEGREE DAYS
 HEATING
  YESTERDAY       24                        24      0       13
  MONTH TO DATE  493                       543    -50      445
  SINCE SEP 1    831                       992   -161      812
  SINCE JUL 1    831                      1001   -170      812

 COOLING
  YESTERDAY        0                         0      0        0
  MONTH TO DATE    0                         0      0        2
  SINCE SEP 1    166                        88     78      154
  SINCE JAN 1   1049                       744    305      955
..................................................................


WIND (MPH)
  RESULTANT WIND SPEED   9   RESULTANT WIND DIRECTION  NW (310)
  HIGHEST WIND SPEED    18   HIGHEST WIND DIRECTION    NW (300)
  HIGHEST GUST SPEED    24   HIGHEST GUST DIRECTION    NW (300)
  AVERAGE WIND SPEED     9.1


SKY COVER
  POSSIBLE SUNSHINE  MM
  AVERAGE SKY COVER 0.3


WEATHER CONDITIONS
 THE FOLLOWING WEATHER WAS RECORDED YESTERDAY.
  NO SIGNIFICANT WEATHER WAS OBSERVED.


RELATIVE HUMIDITY (PERCENT)
 HIGHEST    85          1200 AM
 LOWEST     42           100 PM
 AVERAGE    64

..........................................................


THE PROVIDENCE RI CLIMATE NORMALS FOR TODAY
                         NORMAL    RECORD    YEAR
 MAXIMUM TEMPERATURE (F)   49        72      1990
 MINIMUM TEMPERATURE (F)   32        13      1904


SUNRISE AND SUNSET
NOVEMBER 28 2016......SUNRISE   651 AM EST   SUNSET   417 PM EST
NOVEMBER 29 2016......SUNRISE   652 AM EST   SUNSET   416 PM EST


-  INDICATES NEGATIVE NUMBERS.
R  INDICATES RECORD WAS SET OR TIED.
MM INDICATES DATA IS MISSING.
T  INDICATES TRACE AMOUNT.




$$
