000
CDUS41 KBOX 160544
CLIPVD


CLIMATE REPORT
NATIONAL WEATHER SERVICE TAUNTON MA
141 AM EDT SAT APR 16 2016


...................................

...THE PROVIDENCE RI CLIMATE SUMMARY FOR APRIL 15 2016...

CLIMATE NORMAL PERIOD 1981 TO 2010
CLIMATE RECORD PERIOD 1904 TO 2016


WEATHER ITEM   OBSERVED TIME   RECORD YEAR NORMAL DEPARTURE LAST
                VALUE   (LST)  VALUE       VALUE  FROM      YEAR
                                                  NORMAL
..................................................................
TEMPERATURE (F)
 YESTERDAY
  MAXIMUM         58    512 PM  82    1938  59     -1       70
  MINIMUM         36    159 AM  27    1923  40     -4       49
  AVERAGE         47                        49     -2       60

PRECIPITATION (IN)
  YESTERDAY        0.00          2.90 2007   0.14  -0.14     0.00
  MONTH TO DATE    3.58                      2.37   1.21     1.13
  SINCE MAR 1      6.26                      7.38  -1.12     5.53
  SINCE JAN 1     14.61                     14.53   0.08    11.88

SNOWFALL (IN)
  YESTERDAY        0.0           T    2007   0.0    0.0      0.0
                                      1916
  MONTH TO DATE    6.7                       0.5    6.2       T
  SINCE MAR 1      9.3                       6.0    3.3     16.3
  SINCE JUL 1     28.7                      33.7   -5.0     76.2
  SNOW DEPTH       0

DEGREE DAYS
 HEATING
  YESTERDAY       18                        16      2        5
  MONTH TO DATE  325                       277     48      274
  SINCE MAR 1    972                      1086   -114     1266
  SINCE JUL 1   4343                      5148   -805     5628

 COOLING
  YESTERDAY        0                         0      0        0
  MONTH TO DATE    0                         0      0        0
  SINCE MAR 1      0                         0      0        0
  SINCE JAN 1      0                         0      0        0
..................................................................


WIND (MPH)
  RESULTANT WIND SPEED  11   RESULTANT WIND DIRECTION  NE (30)
  HIGHEST WIND SPEED    24   HIGHEST WIND DIRECTION    NE (50)
  HIGHEST GUST SPEED    31   HIGHEST GUST DIRECTION    NE (30)
  AVERAGE WIND SPEED    11.5


SKY COVER
  POSSIBLE SUNSHINE  MM
  AVERAGE SKY COVER 0.0


WEATHER CONDITIONS
 THE FOLLOWING WEATHER WAS RECORDED YESTERDAY.
  NO SIGNIFICANT WEATHER WAS OBSERVED.


RELATIVE HUMIDITY (PERCENT)
 HIGHEST    64           100 AM
 LOWEST     16           200 PM
 AVERAGE    40

..........................................................


THE PROVIDENCE RI CLIMATE NORMALS FOR TODAY
                         NORMAL    RECORD    YEAR
 MAXIMUM TEMPERATURE (F)   59        88      2003
 MINIMUM TEMPERATURE (F)   40        27      1943


SUNRISE AND SUNSET
APRIL 16 2016.........SUNRISE   603 AM EDT   SUNSET   728 PM EDT
APRIL 17 2016.........SUNRISE   602 AM EDT   SUNSET   729 PM EDT


-  INDICATES NEGATIVE NUMBERS.
R  INDICATES RECORD WAS SET OR TIED.
MM INDICATES DATA IS MISSING.
T  INDICATES TRACE AMOUNT.




$$
