000
CDUS41 KBOX 092210
CLIPVD


CLIMATE REPORT
NATIONAL WEATHER SERVICE TAUNTON MA
510 PM EST THU FEB 9 2017


...................................

...THE PROVIDENCE RI CLIMATE SUMMARY FOR FEBRUARY 9 2017...
VALID AS OF 0500 PM LOCAL TIME.

CLIMATE NORMAL PERIOD 1981 TO 2010
CLIMATE RECORD PERIOD 1904 TO 2017


WEATHER ITEM   OBSERVED TIME   RECORD YEAR NORMAL DEPARTURE LAST
                VALUE   (LST)  VALUE       VALUE  FROM      YEAR
                                                  NORMAL
..................................................................
TEMPERATURE (F)
 TODAY
  MAXIMUM         38   1236 AM  60    1937  39     -1       30
  MINIMUM         21    359 PM -17    1934  23     -2       20
  AVERAGE         30                        31     -1       25

PRECIPITATION (IN)
  TODAY            0.54          1.50 1969   0.11   0.43      T
  MONTH TO DATE    0.73                      1.02  -0.29     2.73
  SINCE DEC 1      8.83                      9.10  -0.27    10.56
  SINCE JAN 1      5.69                      4.88   0.81     5.76

SNOWFALL (IN)
  TODAY           MM             9.9  1969   0.3   MM         T
  MONTH TO DATE    0.1                       2.8   -2.7     10.7
  SINCE DEC 1     21.5                      20.5    1.0     18.6
  SINCE JUL 1     21.5                      22.0   -0.5     18.6
  SNOW DEPTH       0

DEGREE DAYS
 HEATING
  TODAY           35                        34      1       40
  MONTH TO DATE  288                       311    -23      248
  SINCE DEC 1   2145                      2373   -228     1841
  SINCE JUL 1   3032                      3448   -416     2722

 COOLING
  TODAY            0                         0      0        0
  MONTH TO DATE    0                         0      0        0
  SINCE DEC 1      0                         0      0        0
  SINCE JAN 1      0                         0      0        0
..................................................................


WIND (MPH)
  HIGHEST WIND SPEED    43   HIGHEST WIND DIRECTION     N (20)
  HIGHEST GUST SPEED    54   HIGHEST GUST DIRECTION     N (20)
  AVERAGE WIND SPEED    14.1


SKY COVER
  POSSIBLE SUNSHINE  MM
  AVERAGE SKY COVER 0.9


WEATHER CONDITIONS
 THE FOLLOWING WEATHER WAS RECORDED TODAY.
  THUNDERSTORM
  RAIN
  LIGHT RAIN
  HEAVY SNOW
  SNOW
  LIGHT SNOW
  SLEET
  FOG
  FOG W/VISIBILITY <= 1/4 MILE
  BLOWING SNOW


RELATIVE HUMIDITY (PERCENT)
 HIGHEST    92           400 PM
 LOWEST     54          1200 AM
 AVERAGE    73

..........................................................


THE PROVIDENCE RI CLIMATE NORMALS FOR TOMORROW
                         NORMAL    RECORD    YEAR
 MAXIMUM TEMPERATURE (F)   39        66      2010
 MINIMUM TEMPERATURE (F)   23        -3      1979


SUNRISE AND SUNSET
FEBRUARY  9 2017......SUNRISE   649 AM EST   SUNSET   512 PM EST
FEBRUARY 10 2017......SUNRISE   647 AM EST   SUNSET   513 PM EST


-  INDICATES NEGATIVE NUMBERS.
R  INDICATES RECORD WAS SET OR TIED.
MM INDICATES DATA IS MISSING.
T  INDICATES TRACE AMOUNT.




$$
