000
CDUS41 KBOX 200529
CLIPVD


CLIMATE REPORT
NATIONAL WEATHER SERVICE TAUNTON MA
128 AM EDT THU AUG 20 2015


...................................

...THE PROVIDENCE RI CLIMATE SUMMARY FOR AUGUST 19 2015...

CLIMATE NORMAL PERIOD 1981 TO 2010
CLIMATE RECORD PERIOD 1904 TO 2015


WEATHER ITEM   OBSERVED TIME   RECORD YEAR NORMAL DEPARTURE LAST
                VALUE   (LST)  VALUE       VALUE  FROM      YEAR
                                                  NORMAL
..................................................................
TEMPERATURE (F)
 YESTERDAY
  MAXIMUM         84    313 PM  94    2002  81      3       79
  MINIMUM         71    455 AM  48    1918  63      8       54
  AVERAGE         78                        72      6       67

PRECIPITATION (IN)
  YESTERDAY        0.00          3.28 1955   0.12  -0.12     0.00
  MONTH TO DATE    2.07                      2.24  -0.17     2.45
  SINCE JUN 1      9.76                      9.17   0.59     8.40
  SINCE JAN 1     26.71                     29.24  -2.53    31.20

SNOWFALL (IN)
  YESTERDAY        0.0           0.0  2002   0.0    0.0      0.0
                                      2001
                                      2000
  MONTH TO DATE    0.0                       0.0    0.0      0.0
  SINCE JUN 1      0.0                       0.0    0.0      0.0
  SINCE JUL 1      0.0                       0.0    0.0      0.0
  SNOW DEPTH       0

DEGREE DAYS
 HEATING
  YESTERDAY        0                         0      0        0
  MONTH TO DATE    0                         0      0        0
  SINCE JUN 1     72                        46     26       13
  SINCE JUL 1      0                         3     -3        0

 COOLING
  YESTERDAY       13                         7      6        2
  MONTH TO DATE  187                       156     31      112
  SINCE JUN 1    609                       554     55      504
  SINCE JAN 1    673                       580     93      515
..................................................................


WIND (MPH)
  RESULTANT WIND SPEED   7   RESULTANT WIND DIRECTION   S (180)
  HIGHEST WIND SPEED    20   HIGHEST WIND DIRECTION    SE (150)
  HIGHEST GUST SPEED    23   HIGHEST GUST DIRECTION    SE (150)
  AVERAGE WIND SPEED     8.4


SKY COVER
  POSSIBLE SUNSHINE  MM
  AVERAGE SKY COVER 0.4


WEATHER CONDITIONS
 THE FOLLOWING WEATHER WAS RECORDED YESTERDAY.
  FOG


RELATIVE HUMIDITY (PERCENT)
 HIGHEST   100          1100 PM
 LOWEST     61           100 PM
 AVERAGE    81

..........................................................


THE PROVIDENCE RI CLIMATE NORMALS FOR TODAY
                         NORMAL    RECORD    YEAR
 MAXIMUM TEMPERATURE (F)   81        97      1937
 MINIMUM TEMPERATURE (F)   63        47      1981


SUNRISE AND SUNSET
AUGUST 20 2015........SUNRISE   559 AM EDT   SUNSET   739 PM EDT
AUGUST 21 2015........SUNRISE   600 AM EDT   SUNSET   737 PM EDT


-  INDICATES NEGATIVE NUMBERS.
R  INDICATES RECORD WAS SET OR TIED.
MM INDICATES DATA IS MISSING.
T  INDICATES TRACE AMOUNT.




$$
