000
CDUS41 KBOX 072133
CLIPVD


CLIMATE REPORT
NATIONAL WEATHER SERVICE TAUNTON MA
430 PM EST THU DEC 7 2017


...................................

...THE PROVIDENCE RI CLIMATE SUMMARY FOR DECEMBER 7 2017...
VALID AS OF 0400 PM LOCAL TIME.

CLIMATE NORMAL PERIOD 1981 TO 2010
CLIMATE RECORD PERIOD 1904 TO 2017


WEATHER ITEM   OBSERVED TIME   RECORD YEAR NORMAL DEPARTURE LAST
                VALUE   (LST)  VALUE       VALUE  FROM      YEAR
                                                  NORMAL
..................................................................
TEMPERATURE (F)
 TODAY
  MAXIMUM         48    108 PM  77    1998  45      3       44
  MINIMUM         31    735 AM   4    1906  29      2       37
  AVERAGE         40                        37      3       41

PRECIPITATION (IN)
  TODAY            0.00          1.58 1908   0.15  -0.15     0.17
  MONTH TO DATE    0.83                      1.07  -0.24     0.46
  SINCE DEC 1      0.83                      1.07  -0.24     0.46
  SINCE JAN 1     47.26                     44.03   3.23    37.32

SNOWFALL (IN)
  TODAY            0.0           4.0  2003   0.3   -0.3      0.0
  MONTH TO DATE    0.0                       1.5   -1.5      0.4
  SINCE DEC 1      0.0                       1.5   -1.5      0.4
  SINCE JUL 1      0.0                       3.0   -3.0      0.4
  SNOW DEPTH       0

DEGREE DAYS
 HEATING
  TODAY           25                        28     -3       24
  MONTH TO DATE  160                       187    -27      168
  SINCE DEC 1    160                       187    -27      168
  SINCE JUL 1    974                      1262   -288     1055

 COOLING
  TODAY            0                         0      0        0
  MONTH TO DATE    0                         0      0        0
  SINCE DEC 1      0                         0      0        0
  SINCE JAN 1    880                       744    136     1049
..................................................................


WIND (MPH)
  HIGHEST WIND SPEED    16   HIGHEST WIND DIRECTION     W (270)
  HIGHEST GUST SPEED    21   HIGHEST GUST DIRECTION     W (260)
  AVERAGE WIND SPEED     7.4


SKY COVER
  POSSIBLE SUNSHINE  MM
  AVERAGE SKY COVER 0.2


WEATHER CONDITIONS
 THE FOLLOWING WEATHER WAS RECORDED TODAY.
  NO SIGNIFICANT WEATHER WAS OBSERVED.


RELATIVE HUMIDITY (PERCENT)
 HIGHEST    72           600 AM
 LOWEST     31           200 PM
 AVERAGE    52

..........................................................


THE PROVIDENCE RI CLIMATE NORMALS FOR TOMORROW
                         NORMAL    RECORD    YEAR
 MAXIMUM TEMPERATURE (F)   45        64      1966
 MINIMUM TEMPERATURE (F)   29         0      1906


SUNRISE AND SUNSET
DECEMBER  7 2017......SUNRISE   659 AM EST   SUNSET   415 PM EST
DECEMBER  8 2017......SUNRISE   700 AM EST   SUNSET   415 PM EST


-  INDICATES NEGATIVE NUMBERS.
R  INDICATES RECORD WAS SET OR TIED.
MM INDICATES DATA IS MISSING.
T  INDICATES TRACE AMOUNT.




$$
