286
CDUS41 KBOX 212133
CLIPVD


CLIMATE REPORT
NATIONAL WEATHER SERVICE TAUNTON MA
532 PM EDT TUE MAR 21 2017


...................................

...THE PROVIDENCE RI CLIMATE SUMMARY FOR MARCH 21 2017...
VALID AS OF 0500 PM LOCAL TIME.

CLIMATE NORMAL PERIOD 1981 TO 2010
CLIMATE RECORD PERIOD 1904 TO 2017


WEATHER ITEM   OBSERVED TIME   RECORD YEAR NORMAL DEPARTURE LAST
                VALUE   (LST)  VALUE       VALUE  FROM      YEAR
                                                  NORMAL
..................................................................
TEMPERATURE (F)
 TODAY
  MAXIMUM         57    343 PM  84    1921  49      8       47
  MINIMUM         35    552 AM  12    1986  31      4       29
  AVERAGE         46                        40      6       38

PRECIPITATION (IN)
  TODAY            0.00          2.02 1974   0.19  -0.19     0.23
  MONTH TO DATE    2.22                      3.28  -1.06     2.32
  SINCE MAR 1      2.22                      3.28  -1.06     2.32
  SINCE JAN 1      9.40                     10.43  -1.03    10.67

SNOWFALL (IN)
  TODAY            0.0           4.6  1912   0.1   -0.1      2.6
  MONTH TO DATE    7.7                       4.4    3.3      2.6
  SINCE MAR 1      7.7                       4.4    3.3      2.6
  SINCE JUL 1     45.9                      32.1   13.8     22.0
  SNOW DEPTH       0

DEGREE DAYS
 HEATING
  TODAY           19                        25     -6       27
  MONTH TO DATE  654                       581     73      457
  SINCE MAR 1    654                       581     73      457
  SINCE JUL 1   4212                      4643   -431     3828

 COOLING
  TODAY            0                         0      0        0
  MONTH TO DATE    0                         0      0        0
  SINCE MAR 1      0                         0      0        0
  SINCE JAN 1      0                         0      0        0
..................................................................


WIND (MPH)
  HIGHEST WIND SPEED    16   HIGHEST WIND DIRECTION     W (280)
  HIGHEST GUST SPEED    24   HIGHEST GUST DIRECTION     W (290)
  AVERAGE WIND SPEED     6.2


SKY COVER
  POSSIBLE SUNSHINE  MM
  AVERAGE SKY COVER 0.6


WEATHER CONDITIONS
 THE FOLLOWING WEATHER WAS RECORDED TODAY.
  NO SIGNIFICANT WEATHER WAS OBSERVED.


RELATIVE HUMIDITY (PERCENT)
 HIGHEST    48           700 AM
 LOWEST     26          1000 AM
 AVERAGE    37

..........................................................


THE PROVIDENCE RI CLIMATE NORMALS FOR TOMORROW
                         NORMAL    RECORD    YEAR
 MAXIMUM TEMPERATURE (F)   50        81      2012
 MINIMUM TEMPERATURE (F)   32        15      1988
                                             1956


SUNRISE AND SUNSET
MARCH 21 2017.........SUNRISE   647 AM EDT   SUNSET   659 PM EDT
MARCH 22 2017.........SUNRISE   645 AM EDT   SUNSET   700 PM EDT


-  INDICATES NEGATIVE NUMBERS.
R  INDICATES RECORD WAS SET OR TIED.
MM INDICATES DATA IS MISSING.
T  INDICATES TRACE AMOUNT.




$$
