000
CDUS41 KBOX 170536
CLIPVD


CLIMATE REPORT
NATIONAL WEATHER SERVICE TAUNTON MA
136 AM EDT SUN SEP 17 2017


...................................

...THE PROVIDENCE RI CLIMATE SUMMARY FOR SEPTEMBER 16 2017...

CLIMATE NORMAL PERIOD 1981 TO 2010
CLIMATE RECORD PERIOD 1904 TO 2017


WEATHER ITEM   OBSERVED TIME   RECORD YEAR NORMAL DEPARTURE LAST
                VALUE   (LST)  VALUE       VALUE  FROM      YEAR
                                                  NORMAL
..................................................................
TEMPERATURE (F)
 YESTERDAY
  MAXIMUM         81    310 PM  92    1941  74      7       73
                                      1915
  MINIMUM         62    522 AM  41    1964  55      7       50
  AVERAGE         72                        65      7       62

PRECIPITATION (IN)
  YESTERDAY        0.00          6.17 1932   0.14  -0.14     0.00
  MONTH TO DATE    1.67                      2.04  -0.37     0.75
  SINCE SEP 1      1.67                      2.04  -0.37     0.75
  SINCE JAN 1     35.87                     32.64   3.23    26.58

SNOWFALL (IN)
  YESTERDAY        0.0           0.0  2002   0.0    0.0      0.0
                                      2001
                                      2000
  MONTH TO DATE    0.0                       0.0    0.0      0.0
  SINCE SEP 1      0.0                       0.0    0.0      0.0
  SINCE JUL 1      0.0                       0.0    0.0      0.0
  SNOW DEPTH       0

DEGREE DAYS
 HEATING
  YESTERDAY        0                         3     -3        3
  MONTH TO DATE   15                        24     -9        4
  SINCE SEP 1     15                        24     -9        4
  SINCE JUL 1     23                        33    -10        4

 COOLING
  YESTERDAY        7                         2      5        0
  MONTH TO DATE   62                        60      2      106
  SINCE SEP 1     62                        60      2      106
  SINCE JAN 1    766                       716     50      989
..................................................................


WIND (MPH)
  RESULTANT WIND SPEED   3   RESULTANT WIND DIRECTION  SE (150)
  HIGHEST WIND SPEED    10   HIGHEST WIND DIRECTION    SE (150)
  HIGHEST GUST SPEED    13   HIGHEST GUST DIRECTION     S (170)
  AVERAGE WIND SPEED     3.0


SKY COVER
  POSSIBLE SUNSHINE  MM
  AVERAGE SKY COVER 0.4


WEATHER CONDITIONS
 THE FOLLOWING WEATHER WAS RECORDED YESTERDAY.
  FOG
  FOG W/VISIBILITY <= 1/4 MILE
  HAZE


RELATIVE HUMIDITY (PERCENT)
 HIGHEST   100          1200 AM
 LOWEST     67           200 PM
 AVERAGE    84

..........................................................


THE PROVIDENCE RI CLIMATE NORMALS FOR TODAY
                         NORMAL    RECORD    YEAR
 MAXIMUM TEMPERATURE (F)   74        90      1941
 MINIMUM TEMPERATURE (F)   55        37      1960


SUNRISE AND SUNSET
SEPTEMBER 17 2017.....SUNRISE   628 AM EDT   SUNSET   651 PM EDT
SEPTEMBER 18 2017.....SUNRISE   629 AM EDT   SUNSET   650 PM EDT


-  INDICATES NEGATIVE NUMBERS.
R  INDICATES RECORD WAS SET OR TIED.
MM INDICATES DATA IS MISSING.
T  INDICATES TRACE AMOUNT.




$$
