730
CDUS41 KBOX 102124
CLIPVD


CLIMATE REPORT
NATIONAL WEATHER SERVICE TAUNTON MA
419 PM EST TUE JAN 10 2017


...................................

...THE PROVIDENCE RI CLIMATE SUMMARY FOR JANUARY 10 2017...
VALID AS OF 0400 PM LOCAL TIME.

CLIMATE NORMAL PERIOD 1981 TO 2010
CLIMATE RECORD PERIOD 1904 TO 2017


WEATHER ITEM   OBSERVED TIME   RECORD YEAR NORMAL DEPARTURE LAST
                VALUE   (LST)  VALUE       VALUE  FROM      YEAR
                                                  NORMAL
..................................................................
TEMPERATURE (F)
 TODAY
  MAXIMUM         36    255 PM  59    2016  37     -1       59
  MINIMUM          6    548 AM  -1    2004  21    -15       40
  AVERAGE         21                        29     -8       50

PRECIPITATION (IN)
  TODAY            0.00          2.20 1977   0.12  -0.12     1.41
  MONTH TO DATE    1.68                      1.22   0.46     1.41
  SINCE DEC 1      4.82                      5.44  -0.62     6.21
  SINCE JAN 1      1.68                      1.22   0.46     1.41

SNOWFALL (IN)
  TODAY            0.0           6.8  1942   0.4   -0.4      0.0
  MONTH TO DATE   14.1                       3.0   11.1      0.3
  SINCE DEC 1     18.5                      11.7    6.8      0.9
  SINCE JUL 1     18.5                      13.2    5.3      0.9
  SNOW DEPTH       5

DEGREE DAYS
 HEATING
  TODAY           44                        36      8       15
  MONTH TO DATE  367                       356     11      315
  SINCE DEC 1   1295                      1308    -13      898
  SINCE JUL 1   2182                      2383   -201     1779

 COOLING
  TODAY            0                         0      0        0
  MONTH TO DATE    0                         0      0        0
  SINCE DEC 1      0                         0      0        0
  SINCE JAN 1      0                         0      0        0
..................................................................


WIND (MPH)
  HIGHEST WIND SPEED     7   HIGHEST WIND DIRECTION     W (280)
  HIGHEST GUST SPEED     8   HIGHEST GUST DIRECTION     W (280)
  AVERAGE WIND SPEED     1.6


SKY COVER
  POSSIBLE SUNSHINE  MM
  AVERAGE SKY COVER 0.5


WEATHER CONDITIONS
 THE FOLLOWING WEATHER WAS RECORDED TODAY.
  FOG


RELATIVE HUMIDITY (PERCENT)
 HIGHEST    92           800 AM
 LOWEST     58          1200 PM
 AVERAGE    75

..........................................................


THE PROVIDENCE RI CLIMATE NORMALS FOR TOMORROW
                         NORMAL    RECORD    YEAR
 MAXIMUM TEMPERATURE (F)   37        61      1975
 MINIMUM TEMPERATURE (F)   21        -5      1988


SUNRISE AND SUNSET
JANUARY 10 2017.......SUNRISE   712 AM EST   SUNSET   435 PM EST
JANUARY 11 2017.......SUNRISE   712 AM EST   SUNSET   436 PM EST


-  INDICATES NEGATIVE NUMBERS.
R  INDICATES RECORD WAS SET OR TIED.
MM INDICATES DATA IS MISSING.
T  INDICATES TRACE AMOUNT.




$$
