000
CDUS41 KBOX 022133
CLIPVD


CLIMATE REPORT
NATIONAL WEATHER SERVICE TAUNTON MA
532 PM EDT WED APR 2 2014


...................................

...THE PROVIDENCE RI CLIMATE SUMMARY FOR APRIL 2 2014...
VALID TODAY AS OF 0500 PM LOCAL TIME.

CLIMATE NORMAL PERIOD 1981 TO 2010
CLIMATE RECORD PERIOD 1904 TO 2014


WEATHER ITEM   OBSERVED TIME   RECORD YEAR NORMAL DEPARTURE LAST
                VALUE   (LST)  VALUE       VALUE  FROM      YEAR
                                                  NORMAL
..................................................................
TEMPERATURE (F)
 TODAY
  MAXIMUM         54    238 PM  75    1963  54      0       44
  MINIMUM         31    541 AM  20    1964  35     -4       26
                                      1919
  AVERAGE         43                        44     -1       35

PRECIPITATION (IN)
  TODAY            0.00          2.82 1970   0.16  -0.16     0.00
  MONTH TO DATE    0.00                      0.32  -0.32     0.08
  SINCE MAR 1      6.98                      5.33   1.65     3.02
  SINCE JAN 1     15.38                     12.48   2.90     9.98

SNOWFALL (IN)
  TODAY            0.0           3.0  1924   0.1   -0.1      0.0
  MONTH TO DATE    0.0                       0.1   -0.1      0.0
  SINCE MAR 1      1.2                       5.6   -4.4      4.9
  SINCE JUL 1     43.3                      33.3   10.0     46.3
  SNOW DEPTH       0

DEGREE DAYS
 HEATING
  TODAY           22                        21      1       30
  MONTH TO DATE   42                        42      0       47
  SINCE MAR 1    996                       851    145      859
  SINCE JUL 1   5268                      4913    355     4680

 COOLING
  TODAY            0                         0      0        0
  MONTH TO DATE    0                         0      0        0
  SINCE MAR 1      0                         0      0        0
  SINCE JAN 1      0                         0      0        0
..................................................................


WIND (MPH)
  HIGHEST WIND SPEED    14   HIGHEST WIND DIRECTION    SE (150)
  HIGHEST GUST SPEED    17   HIGHEST GUST DIRECTION    SW (210)
  AVERAGE WIND SPEED     6.0


SKY COVER
  POSSIBLE SUNSHINE  MM
  AVERAGE SKY COVER 0.6


WEATHER CONDITIONS
 THE FOLLOWING WEATHER WAS RECORDED TODAY.
  NO SIGNIFICANT WEATHER WAS OBSERVED.


RELATIVE HUMIDITY (PERCENT)
 HIGHEST    85           500 AM
 LOWEST     30          1100 AM
 AVERAGE    58

..........................................................


THE PROVIDENCE RI CLIMATE NORMALS FOR TOMORROW
                         NORMAL    RECORD    YEAR
 MAXIMUM TEMPERATURE (F)   54        78      1967
 MINIMUM TEMPERATURE (F)   36        18      1954


SUNRISE AND SUNSET
APRIL  2 2014.........SUNRISE   627 AM EDT   SUNSET   712 PM EDT
APRIL  3 2014.........SUNRISE   625 AM EDT   SUNSET   713 PM EDT


-  INDICATES NEGATIVE NUMBERS.
R  INDICATES RECORD WAS SET OR TIED.
MM INDICATES DATA IS MISSING.
T  INDICATES TRACE AMOUNT.




$$
