000
CDUS41 KBOX 052137
CLIPVD


CLIMATE REPORT
NATIONAL WEATHER SERVICE TAUNTON MA
427 PM EST SUN NOV 5 2017


...................................

...THE PROVIDENCE RI CLIMATE SUMMARY FOR NOVEMBER 5 2017...
VALID AS OF 0400 PM LOCAL TIME.

CLIMATE NORMAL PERIOD 1981 TO 2010
CLIMATE RECORD PERIOD 1904 TO 2017


WEATHER ITEM   OBSERVED TIME   RECORD YEAR NORMAL DEPARTURE LAST
                VALUE   (LST)  VALUE       VALUE  FROM      YEAR
                                                  NORMAL
..................................................................
TEMPERATURE (F)
 TODAY
  MAXIMUM         61    354 PM  75    1994  57      4       58
  MINIMUM         44   1239 AM  22    1908  38      6       31
  AVERAGE         53                        48      5       45

PRECIPITATION (IN)
  TODAY            0.00          2.51 1985   0.13  -0.13     0.00
  MONTH TO DATE    T                         0.69  -0.69     0.00
  SINCE SEP 1      9.29                      8.54   0.75     7.57
  SINCE JAN 1     43.49                     39.14   4.35    33.40

SNOWFALL (IN)
  TODAY            0.0           T    1986   0.1   -0.1      0.0
  MONTH TO DATE    0.0                       0.1   -0.1      0.0
  SINCE SEP 1      0.0                       0.1   -0.1      0.0
  SINCE JUL 1      0.0                       0.1   -0.1      0.0
  SNOW DEPTH       0

DEGREE DAYS
 HEATING
  TODAY           12                        17     -5       20
  MONTH TO DATE   32                        84    -52       69
  SINCE SEP 1    214                       533   -319      407
  SINCE JUL 1    222                       542   -320      407

 COOLING
  TODAY            0                         0      0        0
  MONTH TO DATE    0                         0      0        0
  SINCE SEP 1    176                        88     88      166
  SINCE JAN 1    880                       744    136     1049
..................................................................


WIND (MPH)
  HIGHEST WIND SPEED    13   HIGHEST WIND DIRECTION    SE (130)
  HIGHEST GUST SPEED    18   HIGHEST GUST DIRECTION    NE (50)
  AVERAGE WIND SPEED     6.6


SKY COVER
  POSSIBLE SUNSHINE  MM
  AVERAGE SKY COVER 0.7


WEATHER CONDITIONS
 THE FOLLOWING WEATHER WAS RECORDED TODAY.
  NO SIGNIFICANT WEATHER WAS OBSERVED.


RELATIVE HUMIDITY (PERCENT)
 HIGHEST    89           200 AM
 LOWEST     72          1000 AM
 AVERAGE    81

..........................................................


THE PROVIDENCE RI CLIMATE NORMALS FOR TOMORROW
                         NORMAL    RECORD    YEAR
 MAXIMUM TEMPERATURE (F)   57        72      2015
                                             1994
                                             1959
 MINIMUM TEMPERATURE (F)   38        24      2012


SUNRISE AND SUNSET
NOVEMBER  5 2017......SUNRISE   623 AM EST   SUNSET   435 PM EST
NOVEMBER  6 2017......SUNRISE   624 AM EST   SUNSET   434 PM EST


-  INDICATES NEGATIVE NUMBERS.
R  INDICATES RECORD WAS SET OR TIED.
MM INDICATES DATA IS MISSING.
T  INDICATES TRACE AMOUNT.




$$
