000
CDUS41 KBOX 290530
CLIPVD


CLIMATE REPORT
NATIONAL WEATHER SERVICE TAUNTON MA
1230 AM EST FRI JAN 29 2016


...................................

...THE PROVIDENCE RI CLIMATE SUMMARY FOR JANUARY 28 2016...

CLIMATE NORMAL PERIOD 1981 TO 2010
CLIMATE RECORD PERIOD 1904 TO 2016


WEATHER ITEM   OBSERVED TIME   RECORD YEAR NORMAL DEPARTURE LAST
                VALUE   (LST)  VALUE       VALUE  FROM      YEAR
                                                  NORMAL
..................................................................
TEMPERATURE (F)
 YESTERDAY
  MAXIMUM         44    251 PM  63    1947  38      6       26
                                      1916
  MINIMUM         21    736 AM  -5    1935  21      0       12
  AVERAGE         33                        29      4       19

PRECIPITATION (IN)
  YESTERDAY        0.00          1.90 1943   0.12  -0.12      T
  MONTH TO DATE    3.03                      3.49  -0.46     3.53
  SINCE DEC 1      7.83                      7.71   0.12     9.78
  SINCE JAN 1      3.03                      3.49  -0.46     3.53

SNOWFALL (IN)
  YESTERDAY        0.0          14.8  1943   0.3   -0.3       T
  MONTH TO DATE    7.3                       8.1   -0.8     25.1
  SINCE DEC 1      7.9                      16.8   -8.9     26.0
  SINCE JUL 1      7.9                      18.3  -10.4     27.6
  SNOW DEPTH       0

DEGREE DAYS
 HEATING
  YESTERDAY       32                        36     -4       46
  MONTH TO DATE  937                      1004    -67     1063
  SINCE DEC 1   1520                      1956   -436     1898
  SINCE JUL 1   2401                      3031   -630     2934

 COOLING
  YESTERDAY        0                         0      0        0
  MONTH TO DATE    0                         0      0        0
  SINCE DEC 1      0                         0      0        0
  SINCE JAN 1      0                         0      0        0
..................................................................


WIND (MPH)
  RESULTANT WIND SPEED   4   RESULTANT WIND DIRECTION   S (180)
  HIGHEST WIND SPEED    20   HIGHEST WIND DIRECTION     S (200)
  HIGHEST GUST SPEED    24   HIGHEST GUST DIRECTION     S (200)
  AVERAGE WIND SPEED     5.0


SKY COVER
  POSSIBLE SUNSHINE  MM
  AVERAGE SKY COVER 0.4


WEATHER CONDITIONS
 THE FOLLOWING WEATHER WAS RECORDED YESTERDAY.
  NO SIGNIFICANT WEATHER WAS OBSERVED.


RELATIVE HUMIDITY (PERCENT)
 HIGHEST    92          1100 PM
 LOWEST     49           200 PM
 AVERAGE    71

..........................................................


THE PROVIDENCE RI CLIMATE NORMALS FOR TODAY
                         NORMAL    RECORD    YEAR
 MAXIMUM TEMPERATURE (F)   38        69      2002
 MINIMUM TEMPERATURE (F)   21         0      1934


SUNRISE AND SUNSET
JANUARY 29 2016.......SUNRISE   701 AM EST   SUNSET   457 PM EST
JANUARY 30 2016.......SUNRISE   700 AM EST   SUNSET   458 PM EST


-  INDICATES NEGATIVE NUMBERS.
R  INDICATES RECORD WAS SET OR TIED.
MM INDICATES DATA IS MISSING.
T  INDICATES TRACE AMOUNT.




$$
