000
CDUS41 KBOX 020536
CLIPVD


CLIMATE REPORT
NATIONAL WEATHER SERVICE TAUNTON MA
1236 AM EST FRI DEC 2 2016


...................................

...THE PROVIDENCE RI CLIMATE SUMMARY FOR DECEMBER 1 2016...

CLIMATE NORMAL PERIOD 1981 TO 2010
CLIMATE RECORD PERIOD 1904 TO 2016


WEATHER ITEM   OBSERVED TIME   RECORD YEAR NORMAL DEPARTURE LAST
                VALUE   (LST)  VALUE       VALUE  FROM      YEAR
                                                  NORMAL
..................................................................
TEMPERATURE (F)
 YESTERDAY
  MAXIMUM         61    613 AM  71    2001  47     14       46
  MINIMUM         40   1141 PM  10    1936  31      9       28
  AVERAGE         51                        39     12       37

PRECIPITATION (IN)
  YESTERDAY        0.19          1.37 2004   0.15   0.04     0.25
  MONTH TO DATE    0.19                      0.15   0.04     0.25
  SINCE DEC 1      0.19                      0.15   0.04     0.25
  SINCE JAN 1     37.05                     43.11  -6.06    36.28

SNOWFALL (IN)
  YESTERDAY        0.0           0.5  1907   0.2   -0.2      0.0
  MONTH TO DATE    0.0                       0.2   -0.2      0.0
  SINCE DEC 1      0.0                       0.2   -0.2      0.0
  SINCE JUL 1      T                         1.7   -1.7      0.0
  SNOW DEPTH       0

DEGREE DAYS
 HEATING
  YESTERDAY       14                        26    -12       28
  MONTH TO DATE   14                        26    -12       28
  SINCE DEC 1     14                        26    -12       28
  SINCE JUL 1    901                      1101   -200      909

 COOLING
  YESTERDAY        0                         0      0        0
  MONTH TO DATE    0                         0      0        0
  SINCE DEC 1      0                         0      0        0
  SINCE JAN 1   1049                       744    305      955
..................................................................


WIND (MPH)
  RESULTANT WIND SPEED   8   RESULTANT WIND DIRECTION   W (290)
  HIGHEST WIND SPEED    25   HIGHEST WIND DIRECTION     W (280)
  HIGHEST GUST SPEED    31   HIGHEST GUST DIRECTION     W (290)
  AVERAGE WIND SPEED     9.4


SKY COVER
  POSSIBLE SUNSHINE  MM
  AVERAGE SKY COVER 0.7


WEATHER CONDITIONS
 THE FOLLOWING WEATHER WAS RECORDED YESTERDAY.
  RAIN
  LIGHT RAIN
  FOG


RELATIVE HUMIDITY (PERCENT)
 HIGHEST   100           200 AM
 LOWEST     43           100 PM
 AVERAGE    72

..........................................................


THE PROVIDENCE RI CLIMATE NORMALS FOR TODAY
                         NORMAL    RECORD    YEAR
 MAXIMUM TEMPERATURE (F)   47        63      1998
 MINIMUM TEMPERATURE (F)   31        11      1989


SUNRISE AND SUNSET
DECEMBER  2 2016......SUNRISE   655 AM EST   SUNSET   416 PM EST
DECEMBER  3 2016......SUNRISE   656 AM EST   SUNSET   415 PM EST


-  INDICATES NEGATIVE NUMBERS.
R  INDICATES RECORD WAS SET OR TIED.
MM INDICATES DATA IS MISSING.
T  INDICATES TRACE AMOUNT.




$$
