000
CDUS41 KBOX 150540
CLIPVD


CLIMATE REPORT
NATIONAL WEATHER SERVICE TAUNTON MA
138 AM EDT FRI MAY 15 2015


...................................

...THE PROVIDENCE RI CLIMATE SUMMARY FOR MAY 14 2015...

CLIMATE NORMAL PERIOD 1981 TO 2010
CLIMATE RECORD PERIOD 1904 TO 2015


WEATHER ITEM   OBSERVED TIME   RECORD YEAR NORMAL DEPARTURE LAST
                VALUE   (LST)  VALUE       VALUE  FROM      YEAR
                                                  NORMAL
..................................................................
TEMPERATURE (F)
 YESTERDAY
  MAXIMUM         71        MM  83    1991  68      3       65
  MINIMUM         45        MM  35    1987  48     -3       45
  AVERAGE         58                        58      0       55

PRECIPITATION (IN)
  YESTERDAY        0.00          1.15 1962   0.10  -0.10      T
  MONTH TO DATE    0.22                      1.54  -1.32     1.36
  SINCE MAR 1      7.13                     10.91  -3.78    13.51
  SINCE JAN 1     13.48                     18.06  -4.58    21.91

SNOWFALL (IN)
  YESTERDAY        0.0           0.0  2001   0.0    0.0      0.0
                                      2000
  MONTH TO DATE    0.0                       0.0    0.0      0.0
  SINCE MAR 1     16.3                       6.1   10.2      1.5
  SINCE JUL 1     76.2                      33.8   42.4     43.6
  SNOW DEPTH       0

DEGREE DAYS
 HEATING
  YESTERDAY        7                         8     -1       10
  MONTH TO DATE   74                       132    -58       98
  SINCE MAR 1   1538                      1420    118     1538
  SINCE JUL 1   5900                      5482    418     5810

 COOLING
  YESTERDAY        0                         1     -1        0
  MONTH TO DATE   24                         1     23        8
  SINCE MAR 1     24                         3     21        8
  SINCE JAN 1     24                         3     21        8
..................................................................


WIND (MPH)
  RESULTANT WIND SPEED   3   RESULTANT WIND DIRECTION  SW (220)
  HIGHEST WIND SPEED    17   HIGHEST WIND DIRECTION     S (180)
  HIGHEST GUST SPEED    24   HIGHEST GUST DIRECTION     S (180)
  AVERAGE WIND SPEED     8.1


SKY COVER
  POSSIBLE SUNSHINE  MM
  AVERAGE SKY COVER 0.2


WEATHER CONDITIONS
 THE FOLLOWING WEATHER WAS RECORDED YESTERDAY.
  NO SIGNIFICANT WEATHER WAS OBSERVED.


RELATIVE HUMIDITY (PERCENT)
 HIGHEST    60           400 AM
 LOWEST     23           100 PM
 AVERAGE    42

..........................................................


THE PROVIDENCE RI CLIMATE NORMALS FOR TODAY
                         NORMAL    RECORD    YEAR
 MAXIMUM TEMPERATURE (F)   68        87      2004
 MINIMUM TEMPERATURE (F)   48        36      1947


SUNRISE AND SUNSET
MAY 15 2015...........SUNRISE   526 AM EDT   SUNSET   758 PM EDT
MAY 16 2015...........SUNRISE   525 AM EDT   SUNSET   759 PM EDT


-  INDICATES NEGATIVE NUMBERS.
R  INDICATES RECORD WAS SET OR TIED.
MM INDICATES DATA IS MISSING.
T  INDICATES TRACE AMOUNT.




$$
