000
CDUS41 KBOX 200541
CLIPVD


CLIMATE REPORT
NATIONAL WEATHER SERVICE TAUNTON MA
140 AM EDT TUE JUN 20 2017


...................................

...THE PROVIDENCE RI CLIMATE SUMMARY FOR JUNE 19 2017...

CLIMATE NORMAL PERIOD 1981 TO 2010
CLIMATE RECORD PERIOD 1904 TO 2017


WEATHER ITEM   OBSERVED TIME   RECORD YEAR NORMAL DEPARTURE LAST
                VALUE   (LST)  VALUE       VALUE  FROM      YEAR
                                                  NORMAL
..................................................................
TEMPERATURE (F)
 YESTERDAY
  MAXIMUM         80    302 PM  94    1923  79      1       75
  MINIMUM         68   1154 PM  45    1956  60      8       56
  AVERAGE         74                        69      5       66

PRECIPITATION (IN)
  YESTERDAY        0.05          2.17 1922   0.11  -0.06     0.00
  MONTH TO DATE    3.27                      2.57   0.70     0.76
  SINCE JUN 1      3.27                      2.57   0.70     0.76
  SINCE JAN 1     28.29                     22.64   5.65    18.88

SNOWFALL (IN)
  YESTERDAY        0.0           0.0  2016   0.0    0.0      0.0
  MONTH TO DATE    0.0                       0.0    0.0      0.0
  SINCE JUN 1      0.0                       0.0    0.0      0.0
  SINCE JUL 1     45.9                      33.8   12.1     28.7
  SNOW DEPTH       0

DEGREE DAYS
 HEATING
  YESTERDAY        0                         1     -1        0
  MONTH TO DATE   49                        38     11       12
  SINCE JUN 1     49                        38     11       12
  SINCE JUL 1   5157                      5613   -456     4757

 COOLING
  YESTERDAY        9                         5      4        1
  MONTH TO DATE   83                        65     18       60
  SINCE JUN 1     83                        65     18       60
  SINCE JAN 1    141                        91     50      111
..................................................................


WIND (MPH)
  RESULTANT WIND SPEED  14   RESULTANT WIND DIRECTION   S (200)
  HIGHEST WIND SPEED    26   HIGHEST WIND DIRECTION     S (200)
  HIGHEST GUST SPEED    34   HIGHEST GUST DIRECTION    SW (210)
  AVERAGE WIND SPEED    14.2


SKY COVER
  POSSIBLE SUNSHINE  MM
  AVERAGE SKY COVER 0.9


WEATHER CONDITIONS
 THE FOLLOWING WEATHER WAS RECORDED YESTERDAY.
  THUNDERSTORM
  LIGHT RAIN
  FOG


RELATIVE HUMIDITY (PERCENT)
 HIGHEST   100           100 AM
 LOWEST     79          1200 PM
 AVERAGE    90

..........................................................


THE PROVIDENCE RI CLIMATE NORMALS FOR TODAY
                         NORMAL    RECORD    YEAR
 MAXIMUM TEMPERATURE (F)   79        95      1941
 MINIMUM TEMPERATURE (F)   60        45      1918


SUNRISE AND SUNSET
JUNE 20 2017..........SUNRISE   511 AM EDT   SUNSET   824 PM EDT
JUNE 21 2017..........SUNRISE   511 AM EDT   SUNSET   824 PM EDT


-  INDICATES NEGATIVE NUMBERS.
R  INDICATES RECORD WAS SET OR TIED.
MM INDICATES DATA IS MISSING.
T  INDICATES TRACE AMOUNT.




$$
