000
CDUS41 KBOX 060546
CLIPVD


CLIMATE REPORT
NATIONAL WEATHER SERVICE TAUNTON MA
1243 AM EST FRI JAN 6 2017


...................................

...THE PROVIDENCE RI CLIMATE SUMMARY FOR JANUARY 5 2017...

CLIMATE NORMAL PERIOD 1981 TO 2010
CLIMATE RECORD PERIOD 1904 TO 2017


WEATHER ITEM   OBSERVED TIME   RECORD YEAR NORMAL DEPARTURE LAST
                VALUE   (LST)  VALUE       VALUE  FROM      YEAR
                                                  NORMAL
..................................................................
TEMPERATURE (F)
 YESTERDAY
  MAXIMUM         34    253 PM  63    2007  38     -4       28
  MINIMUM         27    801 PM -12    1981  21      6        8
  AVERAGE         31                        30      1       18

PRECIPITATION (IN)
  YESTERDAY        0.00          0.92 1934   0.12  -0.12     0.00
  MONTH TO DATE    1.00                      0.61   0.39      T
  SINCE DEC 1      4.14                      4.83  -0.69     4.80
  SINCE JAN 1      1.00                      0.61   0.39      T

SNOWFALL (IN)
  YESTERDAY        0.0           2.2  1985   0.3   -0.3      0.0
  MONTH TO DATE    0.0                       1.4   -1.4      0.3
  SINCE DEC 1      4.4                      10.1   -5.7      0.9
  SINCE JUL 1      4.4                      11.6   -7.2      0.9
  SNOW DEPTH       0

DEGREE DAYS
 HEATING
  YESTERDAY       34                        36     -2       47
  MONTH TO DATE  142                       176    -34      175
  SINCE DEC 1   1070                      1128    -58      758
  SINCE JUL 1   1957                      2203   -246     1639

 COOLING
  YESTERDAY        0                         0      0        0
  MONTH TO DATE    0                         0      0        0
  SINCE DEC 1      0                         0      0        0
  SINCE JAN 1      0                         0      0        0
..................................................................


WIND (MPH)
  RESULTANT WIND SPEED  10   RESULTANT WIND DIRECTION   W (270)
  HIGHEST WIND SPEED    23   HIGHEST WIND DIRECTION     W (260)
  HIGHEST GUST SPEED    33   HIGHEST GUST DIRECTION     W (260)
  AVERAGE WIND SPEED    10.7


SKY COVER
  POSSIBLE SUNSHINE  MM
  AVERAGE SKY COVER 0.5


WEATHER CONDITIONS
 THE FOLLOWING WEATHER WAS RECORDED YESTERDAY.
  NO SIGNIFICANT WEATHER WAS OBSERVED.


RELATIVE HUMIDITY (PERCENT)
 HIGHEST    59          1200 AM
 LOWEST     35          1200 PM
 AVERAGE    47

..........................................................


THE PROVIDENCE RI CLIMATE NORMALS FOR TODAY
                         NORMAL    RECORD    YEAR
 MAXIMUM TEMPERATURE (F)   38        64      2007
 MINIMUM TEMPERATURE (F)   21         1      1996
                                             1976


SUNRISE AND SUNSET
JANUARY  6 2017.......SUNRISE   713 AM EST   SUNSET   431 PM EST
JANUARY  7 2017.......SUNRISE   713 AM EST   SUNSET   432 PM EST


-  INDICATES NEGATIVE NUMBERS.
R  INDICATES RECORD WAS SET OR TIED.
MM INDICATES DATA IS MISSING.
T  INDICATES TRACE AMOUNT.




$$
