000
CDUS41 KBOX 220526
CLIPVD


CLIMATE REPORT
NATIONAL WEATHER SERVICE TAUNTON MA
1226 AM EST THU JAN 22 2015


...................................

...THE PROVIDENCE RI CLIMATE SUMMARY FOR JANUARY 21 2015...

CLIMATE NORMAL PERIOD 1981 TO 2010
CLIMATE RECORD PERIOD 1904 TO 2015


WEATHER ITEM   OBSERVED TIME   RECORD YEAR NORMAL DEPARTURE LAST
                VALUE   (LST)  VALUE       VALUE  FROM      YEAR
                                                  NORMAL
..................................................................
TEMPERATURE (F)
 YESTERDAY
  MAXIMUM         35    237 PM  62    1906  37     -2       28
  MINIMUM         20    723 AM  -2    1970  21     -1       12
  AVERAGE         28                        29     -1       20

PRECIPITATION (IN)
  YESTERDAY        0.00          2.50 1979   0.12  -0.12     0.14
  MONTH TO DATE    1.69                      2.63  -0.94     3.57
  SINCE DEC 1      7.94                      6.85   1.09     8.39
  SINCE JAN 1      1.69                      2.63  -0.94     3.57

SNOWFALL (IN)
  YESTERDAY        0.0           7.6  2012   0.3   -0.3      4.5
  MONTH TO DATE    3.3                       6.1   -2.8     12.7
  SINCE DEC 1      4.2                      14.8  -10.6     19.7
  SINCE JUL 1      5.8                      16.3  -10.5     19.8
  SNOW DEPTH       0

DEGREE DAYS
 HEATING
  YESTERDAY       37                        36      1       45
  MONTH TO DATE  795                       752     43      731
  SINCE DEC 1   1630                      1704    -74     1707
  SINCE JUL 1   2666                      2779   -113     2810

 COOLING
  YESTERDAY        0                         0      0        0
  MONTH TO DATE    0                         0      0        0
  SINCE DEC 1      0                         0      0        0
  SINCE JAN 1      0                         0      0        0
..................................................................


WIND (MPH)
  RESULTANT WIND SPEED   4   RESULTANT WIND DIRECTION   N (350)
  HIGHEST WIND SPEED    13   HIGHEST WIND DIRECTION     N (10)
  HIGHEST GUST SPEED    17   HIGHEST GUST DIRECTION    NW (300)
  AVERAGE WIND SPEED     5.8


SKY COVER
  POSSIBLE SUNSHINE  MM
  AVERAGE SKY COVER 0.6


WEATHER CONDITIONS
 THE FOLLOWING WEATHER WAS RECORDED YESTERDAY.
  NO SIGNIFICANT WEATHER WAS OBSERVED.


RELATIVE HUMIDITY (PERCENT)
 HIGHEST    72          1100 PM
 LOWEST     29           200 PM
 AVERAGE    51

..........................................................


THE PROVIDENCE RI CLIMATE NORMALS FOR TODAY
                         NORMAL    RECORD    YEAR
 MAXIMUM TEMPERATURE (F)   37        61      1916
 MINIMUM TEMPERATURE (F)   21       -10      1976


SUNRISE AND SUNSET
JANUARY 22 2015.......SUNRISE   707 AM EST   SUNSET   448 PM EST
JANUARY 23 2015.......SUNRISE   706 AM EST   SUNSET   450 PM EST


-  INDICATES NEGATIVE NUMBERS.
R  INDICATES RECORD WAS SET OR TIED.
MM INDICATES DATA IS MISSING.
T  INDICATES TRACE AMOUNT.




$$
