000
CDUS41 KBOX 232122
CLIPVD


CLIMATE REPORT
NATIONAL WEATHER SERVICE TAUNTON MA
522 PM EDT TUE SEP 23 2014


...................................

...THE PROVIDENCE RI CLIMATE SUMMARY FOR SEPTEMBER 23 2014...
VALID TODAY AS OF 0500 PM LOCAL TIME.

CLIMATE NORMAL PERIOD 1981 TO 2010
CLIMATE RECORD PERIOD 1904 TO 2014


WEATHER ITEM   OBSERVED TIME   RECORD YEAR NORMAL DEPARTURE LAST
                VALUE   (LST)  VALUE       VALUE  FROM      YEAR
                                                  NORMAL
..................................................................
TEMPERATURE (F)
 TODAY
  MAXIMUM         68    335 PM  92    1970  72     -4       65
  MINIMUM         43    437 AM  38    1974  52     -9       48
  AVERAGE         56                        62     -6       57

PRECIPITATION (IN)
  TODAY            0.00          2.45 1994   0.13  -0.13     0.00
  MONTH TO DATE    0.56                      2.97  -2.41     4.59
  SINCE SEP 1      0.56                      2.97  -2.41     4.59
  SINCE JAN 1     32.01                     33.57  -1.56    35.40

SNOWFALL (IN)
  TODAY            0.0           0.0  2002   0.0    0.0      0.0
                                      2001
                                      2000
  MONTH TO DATE    0.0                       0.0    0.0      0.0
  SINCE SEP 1      0.0                       0.0    0.0      0.0
  SINCE JUL 1      0.0                       0.0    0.0      0.0
  SNOW DEPTH       0

DEGREE DAYS
 HEATING
  TODAY            9                         4      5        8
  MONTH TO DATE   55                        49      6       60
  SINCE SEP 1     55                        49      6       60
  SINCE JUL 1     55                        58     -3       60

 COOLING
  TODAY            0                         1     -1        0
  MONTH TO DATE  104                        73     31       63
  SINCE SEP 1    104                        73     31       63
  SINCE JAN 1    686                       729    -43      885
..................................................................


WIND (MPH)
  HIGHEST WIND SPEED    15   HIGHEST WIND DIRECTION    SE (140)
  HIGHEST GUST SPEED    20   HIGHEST GUST DIRECTION    SE (150)
  AVERAGE WIND SPEED     6.6


SKY COVER
  POSSIBLE SUNSHINE  MM
  AVERAGE SKY COVER 0.2


WEATHER CONDITIONS
 THE FOLLOWING WEATHER WAS RECORDED TODAY.
  NO SIGNIFICANT WEATHER WAS OBSERVED.


RELATIVE HUMIDITY (PERCENT)
 HIGHEST    83           400 AM
 LOWEST     43          1100 AM
 AVERAGE    63

..........................................................


THE PROVIDENCE RI CLIMATE NORMALS FOR TOMORROW
                         NORMAL    RECORD    YEAR
 MAXIMUM TEMPERATURE (F)   71        87      1959
 MINIMUM TEMPERATURE (F)   52        34      1974


SUNRISE AND SUNSET
SEPTEMBER 23 2014.....SUNRISE   634 AM EDT   SUNSET   641 PM EDT
SEPTEMBER 24 2014.....SUNRISE   635 AM EDT   SUNSET   640 PM EDT


-  INDICATES NEGATIVE NUMBERS.
R  INDICATES RECORD WAS SET OR TIED.
MM INDICATES DATA IS MISSING.
T  INDICATES TRACE AMOUNT.




$$
