000
CDUS41 KBOX 012118
CLIPVD


CLIMATE REPORT
NATIONAL WEATHER SERVICE TAUNTON MA
418 PM EST MON JAN 1 2018


...................................

...THE PROVIDENCE RI CLIMATE SUMMARY FOR JANUARY 1 2018...
VALID AS OF 0400 PM LOCAL TIME.

CLIMATE NORMAL PERIOD 1981 TO 2010
CLIMATE RECORD PERIOD 1904 TO 2017


WEATHER ITEM   OBSERVED TIME   RECORD YEAR NORMAL DEPARTURE LAST
                VALUE   (LST)  VALUE       VALUE  FROM      YEAR
                                                  NORMAL
..................................................................
TEMPERATURE (F)
 TODAY
  MAXIMUM         14    343 PM  64    1973  38    -24       46
  MINIMUM          1    727 AM  -3    1918  22    -21       27
  AVERAGE          8                        30    -22       37

PRECIPITATION (IN)
  TODAY            0.00          1.89 1961   0.12  -0.12     0.07
  MONTH TO DATE    0.00                      0.12  -0.12     0.07
  SINCE DEC 1      2.57                      4.34  -1.77     3.21
  SINCE JAN 1      0.00                      0.12  -0.12     0.07

SNOWFALL (IN)
  TODAY            0.0           6.5  1971   0.3   -0.3      0.0
  MONTH TO DATE    0.0                       0.3   -0.3      0.0
  SINCE DEC 1      7.1                       9.0   -1.9      4.4
  SINCE JUL 1      7.1                      10.5   -3.4      4.4
  SNOW DEPTH       0

DEGREE DAYS
 HEATING
  TODAY           57                        35     22       28
  MONTH TO DATE   57                        35     22       28
  SINCE DEC 1   1098                       987    111      956
  SINCE JUL 1   1912                      2062   -150     1843

 COOLING
  TODAY            0                         0      0        0
  MONTH TO DATE    0                         0      0        0
  SINCE DEC 1      0                         0      0        0
  SINCE JAN 1      0                         0      0        0
..................................................................


WIND (MPH)
  HIGHEST WIND SPEED    20   HIGHEST WIND DIRECTION    NW (310)
  HIGHEST GUST SPEED    26   HIGHEST GUST DIRECTION    NW (330)
  AVERAGE WIND SPEED    13.1


SKY COVER
  POSSIBLE SUNSHINE  MM
  AVERAGE SKY COVER 0.0


WEATHER CONDITIONS
 THE FOLLOWING WEATHER WAS RECORDED TODAY.
  NO SIGNIFICANT WEATHER WAS OBSERVED.


RELATIVE HUMIDITY (PERCENT)
 HIGHEST    69           400 AM
 LOWEST     40           300 PM
 AVERAGE    55

..........................................................


THE PROVIDENCE RI CLIMATE NORMALS FOR TOMORROW
                         NORMAL    RECORD    YEAR
 MAXIMUM TEMPERATURE (F)   38        59      2000
                                             1979
 MINIMUM TEMPERATURE (F)   22        -4      1918


SUNRISE AND SUNSET
JANUARY  1 2018.......SUNRISE   713 AM EST   SUNSET   426 PM EST
JANUARY  2 2018.......SUNRISE   713 AM EST   SUNSET   427 PM EST


-  INDICATES NEGATIVE NUMBERS.
R  INDICATES RECORD WAS SET OR TIED.
MM INDICATES DATA IS MISSING.
T  INDICATES TRACE AMOUNT.




$$
