180
CDUS41 KBOX 152132
CLIPVD


CLIMATE REPORT
NATIONAL WEATHER SERVICE TAUNTON MA
532 PM EDT SUN MAY 15 2016


...................................

...THE PROVIDENCE RI CLIMATE SUMMARY FOR MAY 15 2016...
VALID AS OF 0500 PM LOCAL TIME.

CLIMATE NORMAL PERIOD 1981 TO 2010
CLIMATE RECORD PERIOD 1904 TO 2016


WEATHER ITEM   OBSERVED TIME   RECORD YEAR NORMAL DEPARTURE LAST
                VALUE   (LST)  VALUE       VALUE  FROM      YEAR
                                                  NORMAL
..................................................................
TEMPERATURE (F)
 TODAY
  MAXIMUM         61   1147 AM  87    2004  68     -7       69
  MINIMUM         49    533 AM  36    1947  48      1       48
  AVERAGE         55                        58     -3       59

PRECIPITATION (IN)
  TODAY            0.00          1.53 1938   0.10  -0.10     0.00
  MONTH TO DATE    1.48                      1.64  -0.16     0.22
  SINCE MAR 1      8.07                     11.01  -2.94     7.13
  SINCE JAN 1     16.42                     18.16  -1.74    13.48

SNOWFALL (IN)
  TODAY            0.0           0.0  2002   0.0    0.0      0.0
                                      2001
                                      2000
  MONTH TO DATE    0.0                       0.0    0.0      0.0
  SINCE MAR 1      9.3                       6.1    3.2     16.3
  SINCE JUL 1     28.7                      33.8   -5.1     76.2
  SNOW DEPTH       0

DEGREE DAYS
 HEATING
  TODAY           10                         7      3        6
  MONTH TO DATE  165                       139     26       80
  SINCE MAR 1   1321                      1427   -106     1544
  SINCE JUL 1   4692                      5489   -797     5906

 COOLING
  TODAY            0                         1     -1        0
  MONTH TO DATE    1                         2     -1       24
  SINCE MAR 1      1                         4     -3       24
  SINCE JAN 1      1                         4     -3       24
..................................................................


WIND (MPH)
  HIGHEST WIND SPEED    25   HIGHEST WIND DIRECTION     W (260)
  HIGHEST GUST SPEED    39   HIGHEST GUST DIRECTION     W (260)
  AVERAGE WIND SPEED    15.4


SKY COVER
  POSSIBLE SUNSHINE  MM
  AVERAGE SKY COVER 0.6


WEATHER CONDITIONS
 THE FOLLOWING WEATHER WAS RECORDED TODAY.
  NO SIGNIFICANT WEATHER WAS OBSERVED.


RELATIVE HUMIDITY (PERCENT)
 HIGHEST    86           100 AM
 LOWEST     28          1100 AM
 AVERAGE    57

..........................................................


THE PROVIDENCE RI CLIMATE NORMALS FOR TOMORROW
                         NORMAL    RECORD    YEAR
 MAXIMUM TEMPERATURE (F)   68        89      1951
 MINIMUM TEMPERATURE (F)   49        35      1936


SUNRISE AND SUNSET
MAY 15 2016...........SUNRISE   526 AM EDT   SUNSET   759 PM EDT
MAY 16 2016...........SUNRISE   525 AM EDT   SUNSET   800 PM EDT


-  INDICATES NEGATIVE NUMBERS.
R  INDICATES RECORD WAS SET OR TIED.
MM INDICATES DATA IS MISSING.
T  INDICATES TRACE AMOUNT.




$$
