037
CDUS41 KBOX 122141
CLIPVD


CLIMATE REPORT
NATIONAL WEATHER SERVICE TAUNTON MA
530 PM EDT TUE SEP 12 2017


...................................

...THE PROVIDENCE RI CLIMATE SUMMARY FOR SEPTEMBER 12 2017...
VALID TODAY AS OF 0500 PM LOCAL TIME.

CLIMATE NORMAL PERIOD 1981 TO 2010
CLIMATE RECORD PERIOD 1904 TO 2017


WEATHER ITEM   OBSERVED TIME   RECORD YEAR NORMAL DEPARTURE LAST
                VALUE   (LST)  VALUE       VALUE  FROM      YEAR
                                                  NORMAL
..................................................................
TEMPERATURE (F)
 TODAY
  MAXIMUM         85    253 PM  91    2005  76      9       78
                                      1961
  MINIMUM         56    552 AM  42    1917  57     -1       52
  AVERAGE         71                        66      5       65

PRECIPITATION (IN)
  TODAY            0.00          2.22 1960   0.13  -0.13     0.00
  MONTH TO DATE    1.61                      1.50   0.11     0.68
  SINCE SEP 1      1.61                      1.50   0.11     0.68
  SINCE JAN 1     35.81                     32.10   3.71    26.51

SNOWFALL (IN)
  TODAY            0.0           0.0  2002   0.0    0.0      0.0
                                      2001
                                      2000
  MONTH TO DATE    0.0                       0.0    0.0      0.0
  SINCE SEP 1      0.0                       0.0    0.0      0.0
  SINCE JUL 1      0.0                       0.0    0.0      0.0
  SNOW DEPTH       0

DEGREE DAYS
 HEATING
  TODAY            0                         2     -2        0
  MONTH TO DATE   15                        15      0        0
  SINCE SEP 1     15                        15      0        0
  SINCE JUL 1     23                        24     -1        0

 COOLING
  TODAY            6                         3      3        0
  MONTH TO DATE   31                        49    -18       90
  SINCE SEP 1     31                        49    -18       90
  SINCE JAN 1    735                       705     30      973
..................................................................


WIND (MPH)
  HIGHEST WIND SPEED    15   HIGHEST WIND DIRECTION     W (260)
  HIGHEST GUST SPEED    18   HIGHEST GUST DIRECTION     W (250)
  AVERAGE WIND SPEED     3.9


SKY COVER
  POSSIBLE SUNSHINE  MM
  AVERAGE SKY COVER 0.5


WEATHER CONDITIONS
 THE FOLLOWING WEATHER WAS RECORDED TODAY.
  NO SIGNIFICANT WEATHER WAS OBSERVED.


RELATIVE HUMIDITY (PERCENT)
 HIGHEST    93           200 AM
 LOWEST     37           300 PM
 AVERAGE    65

..........................................................


THE PROVIDENCE RI CLIMATE NORMALS FOR TOMORROW
                         NORMAL    RECORD    YEAR
 MAXIMUM TEMPERATURE (F)   75        91      1957
 MINIMUM TEMPERATURE (F)   57        44      1970
                                             1967
                                             1954


SUNRISE AND SUNSET
SEPTEMBER 12 2017.....SUNRISE   623 AM EDT   SUNSET   700 PM EDT
SEPTEMBER 13 2017.....SUNRISE   624 AM EDT   SUNSET   658 PM EDT


-  INDICATES NEGATIVE NUMBERS.
R  INDICATES RECORD WAS SET OR TIED.
MM INDICATES DATA IS MISSING.
T  INDICATES TRACE AMOUNT.




$$
