000
CDUS41 KBOX 042142
CLIPVD


CLIMATE REPORT
NATIONAL WEATHER SERVICE TAUNTON MA
539 PM EDT THU SEP 4 2014


...................................

...THE PROVIDENCE RI CLIMATE SUMMARY FOR SEPTEMBER 4 2014...
VALID TODAY AS OF 0500 PM LOCAL TIME.

CLIMATE NORMAL PERIOD 1981 TO 2010
CLIMATE RECORD PERIOD 1904 TO 2014


WEATHER ITEM   OBSERVED TIME   RECORD YEAR NORMAL DEPARTURE LAST
                VALUE   (LST)  VALUE       VALUE  FROM      YEAR
                                                  NORMAL
..................................................................
TEMPERATURE (F)
 TODAY
  MAXIMUM         87    257 PM  92    1937  78      9       79
  MINIMUM         60    519 AM  47    1976  60      0       59
  AVERAGE         74                        69      5       69

PRECIPITATION (IN)
  TODAY            0.00          2.50 1922   0.13  -0.13     0.00
  MONTH TO DATE    0.00                      0.48  -0.48     3.58
  SINCE SEP 1      0.00                      0.48  -0.48     3.58
  SINCE JAN 1     31.45                     31.08   0.37    34.39

SNOWFALL (IN)
  TODAY            0.0           0.0  2002   0.0    0.0      0.0
                                      2001
                                      2000
  MONTH TO DATE    0.0                       0.0    0.0      0.0
  SINCE SEP 1      0.0                       0.0    0.0      0.0
  SINCE JUL 1      0.0                       0.0    0.0      0.0
  SNOW DEPTH       0

DEGREE DAYS
 HEATING
  TODAY            0                         1     -1        0
  MONTH TO DATE    0                         4     -4        0
  SINCE SEP 1      0                         4     -4        0
  SINCE JUL 1      0                        13    -13        0

 COOLING
  TODAY            9                         5      4        4
  MONTH TO DATE   51                        20     31       29
  SINCE SEP 1     51                        20     31       29
  SINCE JAN 1    633                       676    -43      851
..................................................................


WIND (MPH)
  HIGHEST WIND SPEED    16   HIGHEST WIND DIRECTION     W (260)
  HIGHEST GUST SPEED    19   HIGHEST GUST DIRECTION     W (260)
  AVERAGE WIND SPEED     4.5


SKY COVER
  POSSIBLE SUNSHINE  MM
  AVERAGE SKY COVER 0.1


WEATHER CONDITIONS
 THE FOLLOWING WEATHER WAS RECORDED TODAY.
  NO SIGNIFICANT WEATHER WAS OBSERVED.


RELATIVE HUMIDITY (PERCENT)
 HIGHEST    84           300 AM
 LOWEST     32           300 PM
 AVERAGE    58

..........................................................


THE PROVIDENCE RI CLIMATE NORMALS FOR TOMORROW
                         NORMAL    RECORD    YEAR
 MAXIMUM TEMPERATURE (F)   78        92      1983
 MINIMUM TEMPERATURE (F)   59        45      1906


SUNRISE AND SUNSET
SEPTEMBER  4 2014.....SUNRISE   615 AM EDT   SUNSET   714 PM EDT
SEPTEMBER  5 2014.....SUNRISE   616 AM EDT   SUNSET   712 PM EDT


-  INDICATES NEGATIVE NUMBERS.
R  INDICATES RECORD WAS SET OR TIED.
MM INDICATES DATA IS MISSING.
T  INDICATES TRACE AMOUNT.




$$
