000
CDUS41 KBOX 230539
CLIPVD


CLIMATE REPORT
NATIONAL WEATHER SERVICE TAUNTON MA
135 AM EDT THU JUL 23 2015


...................................

...THE PROVIDENCE RI CLIMATE SUMMARY FOR JULY 22 2015...

CLIMATE NORMAL PERIOD 1981 TO 2010
CLIMATE RECORD PERIOD 1904 TO 2015


WEATHER ITEM   OBSERVED TIME   RECORD YEAR NORMAL DEPARTURE LAST
                VALUE   (LST)  VALUE       VALUE  FROM      YEAR
                                                  NORMAL
..................................................................
TEMPERATURE (F)
 YESTERDAY
  MAXIMUM         84    153 PM 101    2011  83      1       87
  MINIMUM         67    509 AM  54    1937  65      2       63
  AVERAGE         76                        74      2       75

PRECIPITATION (IN)
  YESTERDAY        0.00          1.47 1947   0.11  -0.11     0.00
  MONTH TO DATE    1.74                      2.22  -0.48     3.40
  SINCE JUN 1      7.09                      5.86   1.23     5.76
  SINCE JAN 1     24.04                     25.93  -1.89    28.56

SNOWFALL (IN)
  YESTERDAY        0.0           0.0  2002   0.0    0.0      0.0
                                      2001
                                      2000
  MONTH TO DATE    0.0                       0.0    0.0      0.0
  SINCE JUN 1      0.0                       0.0    0.0      0.0
  SINCE JUL 1      0.0                       0.0    0.0      0.0
  SNOW DEPTH       0

DEGREE DAYS
 HEATING
  YESTERDAY        0                         0      0        0
  MONTH TO DATE    0                         0      0        0
  SINCE JUN 1     72                        43     29       13
  SINCE JUL 1      0                         0      0        0

 COOLING
  YESTERDAY       11                         9      2       10
  MONTH TO DATE  208                       186     22      217
  SINCE JUN 1    326                       318      8      320
  SINCE JAN 1    390                       344     46      331
..................................................................


WIND (MPH)
  RESULTANT WIND SPEED   8   RESULTANT WIND DIRECTION  NW (310)
  HIGHEST WIND SPEED    17   HIGHEST WIND DIRECTION     W (280)
  HIGHEST GUST SPEED    24   HIGHEST GUST DIRECTION     W (280)
  AVERAGE WIND SPEED     9.1


SKY COVER
  POSSIBLE SUNSHINE  MM
  AVERAGE SKY COVER 0.3


WEATHER CONDITIONS
 THE FOLLOWING WEATHER WAS RECORDED YESTERDAY.
  NO SIGNIFICANT WEATHER WAS OBSERVED.


RELATIVE HUMIDITY (PERCENT)
 HIGHEST    79          1200 AM
 LOWEST     34           400 PM
 AVERAGE    57

..........................................................


THE PROVIDENCE RI CLIMATE NORMALS FOR TODAY
                         NORMAL    RECORD    YEAR
 MAXIMUM TEMPERATURE (F)   83        97      1978
                                             1918
 MINIMUM TEMPERATURE (F)   65        54      1976
                                             1950


SUNRISE AND SUNSET
JULY 23 2015..........SUNRISE   531 AM EDT   SUNSET   813 PM EDT
JULY 24 2015..........SUNRISE   532 AM EDT   SUNSET   812 PM EDT


-  INDICATES NEGATIVE NUMBERS.
R  INDICATES RECORD WAS SET OR TIED.
MM INDICATES DATA IS MISSING.
T  INDICATES TRACE AMOUNT.




$$
