000
CDUS41 KBOX 032214
CLIPVD


CLIMATE REPORT
NATIONAL WEATHER SERVICE TAUNTON MA
614 PM EDT TUE OCT 3 2017


...................................

...THE PROVIDENCE RI CLIMATE SUMMARY FOR OCTOBER 3 2017...
VALID TODAY AS OF 0600 PM LOCAL TIME.

CLIMATE NORMAL PERIOD 1981 TO 2010
CLIMATE RECORD PERIOD 1904 TO 2017


WEATHER ITEM   OBSERVED TIME   RECORD YEAR NORMAL DEPARTURE LAST
                VALUE   (LST)  VALUE       VALUE  FROM      YEAR
                                                  NORMAL
..................................................................
TEMPERATURE (F)
 TODAY
  MAXIMUM         67        MM  83    1922  68     -1       74
                                      1919
  MINIMUM         47        MM  35    1908  48     -1       56
  AVERAGE         57                        58     -1       65

PRECIPITATION (IN)
  TODAY            0.00          1.86 1979   0.12  -0.12     0.00
  MONTH TO DATE    0.00                      0.38  -0.38     0.55
  SINCE SEP 1      3.85                      4.30  -0.45     3.29
  SINCE JAN 1     38.05                     34.90   3.15    29.12

SNOWFALL (IN)
  TODAY            0.0           0.0  2009   0.0    0.0      0.0
                                      2008
                                      2007
  MONTH TO DATE    0.0                       0.0    0.0      0.0
  SINCE SEP 1      0.0                       0.0    0.0      0.0
  SINCE JUL 1      0.0                       0.0    0.0      0.0
  SNOW DEPTH       0

DEGREE DAYS
 HEATING
  TODAY            8                         8      0        0
  MONTH TO DATE   23                        22      1       13
  SINCE SEP 1     55                       110    -55       56
  SINCE JUL 1     63                       119    -56       56

 COOLING
  TODAY            0                         1     -1        0
  MONTH TO DATE    0                         3     -3        0
  SINCE SEP 1    134                        83     51      151
  SINCE JAN 1    838                       739     99     1034
..................................................................


WIND (MPH)
  HIGHEST WIND SPEED    12   HIGHEST WIND DIRECTION     S (160)
  HIGHEST GUST SPEED    MM   HIGHEST GUST DIRECTION    MM
  AVERAGE WIND SPEED     4.5


SKY COVER
  POSSIBLE SUNSHINE  MM
  AVERAGE SKY COVER 0.2


WEATHER CONDITIONS
 THE FOLLOWING WEATHER WAS RECORDED TODAY.
  FOG


RELATIVE HUMIDITY (PERCENT)
 HIGHEST   100           300 AM
 LOWEST     45          1200 PM
 AVERAGE    73

..........................................................


THE PROVIDENCE RI CLIMATE NORMALS FOR TOMORROW
                         NORMAL    RECORD    YEAR
 MAXIMUM TEMPERATURE (F)   67        85      1959
                                             1941
 MINIMUM TEMPERATURE (F)   48        32      1945


SUNRISE AND SUNSET
OCTOBER  3 2017.......SUNRISE   645 AM EDT   SUNSET   624 PM EDT
OCTOBER  4 2017.......SUNRISE   646 AM EDT   SUNSET   622 PM EDT


-  INDICATES NEGATIVE NUMBERS.
R  INDICATES RECORD WAS SET OR TIED.
MM INDICATES DATA IS MISSING.
T  INDICATES TRACE AMOUNT.




$$
