000
CDUS41 KBOX 080545
CLIPVD


CLIMATE REPORT
NATIONAL WEATHER SERVICE TAUNTON MA
1240 AM EST MON JAN 8 2018


...................................

...THE PROVIDENCE RI CLIMATE SUMMARY FOR JANUARY 7 2018...

CLIMATE NORMAL PERIOD 1981 TO 2010
CLIMATE RECORD PERIOD 1904 TO 2018


WEATHER ITEM   OBSERVED TIME   RECORD YEAR NORMAL DEPARTURE LAST
                VALUE   (LST)  VALUE       VALUE  FROM      YEAR
                                                  NORMAL
..................................................................
TEMPERATURE (F)
 YESTERDAY
  MAXIMUM         19   1159 PM  62    1907  37    -18       24
  MINIMUM         -3R   714 AM  -1    1912  21    -24       18
  AVERAGE          8                        29    -21       21

PRECIPITATION (IN)
  YESTERDAY        0.00          1.38 2009   0.12  -0.12     0.55
  MONTH TO DATE    1.02                      0.86   0.16     1.68
  SINCE DEC 1      3.59                      5.08  -1.49     4.82
  SINCE JAN 1      1.02                      0.86   0.16     1.68

SNOWFALL (IN)
  YESTERDAY        0.0          10.7  2017   0.3   -0.3     10.7
  MONTH TO DATE   14.1                       2.0   12.1     14.1
  SINCE DEC 1     21.2                      10.7   10.5     18.5
  SINCE JUL 1     21.2                      12.2    9.0     18.5
  SNOW DEPTH      11

DEGREE DAYS
 HEATING
  YESTERDAY       57                        36     21       44
  MONTH TO DATE  354                       248    106      224
  SINCE DEC 1   1395                      1200    195     1152
  SINCE JUL 1   2209                      2275    -66     2039

 COOLING
  YESTERDAY        0                         0      0        0
  MONTH TO DATE    0                         0      0        0
  SINCE DEC 1      0                         0      0        0
  SINCE JAN 1      0                         0      0        0
..................................................................


WIND (MPH)
  RESULTANT WIND SPEED   7   RESULTANT WIND DIRECTION   W (290)
  HIGHEST WIND SPEED    20   HIGHEST WIND DIRECTION    NW (310)
  HIGHEST GUST SPEED    29   HIGHEST GUST DIRECTION    NW (320)
  AVERAGE WIND SPEED     9.3


SKY COVER
  POSSIBLE SUNSHINE  MM
  AVERAGE SKY COVER 0.2


WEATHER CONDITIONS
 THE FOLLOWING WEATHER WAS RECORDED YESTERDAY.
  NO SIGNIFICANT WEATHER WAS OBSERVED.


RELATIVE HUMIDITY (PERCENT)
 HIGHEST    70          1100 PM
 LOWEST     33           200 PM
 AVERAGE    52

..........................................................


THE PROVIDENCE RI CLIMATE NORMALS FOR TODAY
                         NORMAL    RECORD    YEAR
 MAXIMUM TEMPERATURE (F)   37        66      2008
 MINIMUM TEMPERATURE (F)   21        -4      1968


SUNRISE AND SUNSET
JANUARY  8 2018.......SUNRISE   713 AM EST   SUNSET   433 PM EST
JANUARY  9 2018.......SUNRISE   712 AM EST   SUNSET   434 PM EST


-  INDICATES NEGATIVE NUMBERS.
R  INDICATES RECORD WAS SET OR TIED.
MM INDICATES DATA IS MISSING.
T  INDICATES TRACE AMOUNT.




$$
