000
CDUS41 KBOX 171024
CLIPVD


CLIMATE REPORT
NATIONAL WEATHER SERVICE TAUNTON MA
524 AM EST SAT JAN 17 2015


...................................

...THE PROVIDENCE RI CLIMATE SUMMARY FOR JANUARY 16 2015...

CLIMATE NORMAL PERIOD 1981 TO 2010
CLIMATE RECORD PERIOD 1904 TO 2015


WEATHER ITEM   OBSERVED TIME   RECORD YEAR NORMAL DEPARTURE LAST
                VALUE   (LST)  VALUE       VALUE  FROM      YEAR
                                                  NORMAL
..................................................................
TEMPERATURE (F)
 YESTERDAY
  MAXIMUM         40    127 PM  61    1995  37      3       42
  MINIMUM         17   1159 PM  -6    2004  21     -4       34
  AVERAGE         29                        29      0       38

PRECIPITATION (IN)
  YESTERDAY        0.00          1.33 1991   0.13  -0.13     0.00
  MONTH TO DATE    1.42                      2.01  -0.59     2.90
  SINCE DEC 1      7.67                      6.23   1.44     7.72
  SINCE JAN 1      1.42                      2.01  -0.59     2.90

SNOWFALL (IN)
  YESTERDAY        0.0           6.4  1965   0.3   -0.3      0.0
  MONTH TO DATE    3.3                       4.7   -1.4      8.2
  SINCE DEC 1      4.2                      13.4   -9.2     15.2
  SINCE JUL 1      5.8                      14.9   -9.1     15.3
  SNOW DEPTH       0

DEGREE DAYS
 HEATING
  YESTERDAY       36                        36      0       27
  MONTH TO DATE  623                       572     51      569
  SINCE DEC 1   1458                      1524    -66     1545
  SINCE JUL 1   2494                      2599   -105     2648

 COOLING
  YESTERDAY        0                         0      0        0
  MONTH TO DATE    0                         0      0        0
  SINCE DEC 1      0                         0      0        0
  SINCE JAN 1      0                         0      0        0
..................................................................


WIND (MPH)
  RESULTANT WIND SPEED  11   RESULTANT WIND DIRECTION   W (280)
  HIGHEST WIND SPEED    28   HIGHEST WIND DIRECTION    NW (310)
  HIGHEST GUST SPEED    38   HIGHEST GUST DIRECTION     W (290)
  AVERAGE WIND SPEED    12.6


SKY COVER
  POSSIBLE SUNSHINE  MM
  AVERAGE SKY COVER 0.2


WEATHER CONDITIONS
 THE FOLLOWING WEATHER WAS RECORDED YESTERDAY.
  NO SIGNIFICANT WEATHER WAS OBSERVED.


RELATIVE HUMIDITY (PERCENT)
 HIGHEST    65           200 AM
 LOWEST     32           500 PM
 AVERAGE    49

..........................................................


THE PROVIDENCE RI CLIMATE NORMALS FOR TODAY
                         NORMAL    RECORD    YEAR
 MAXIMUM TEMPERATURE (F)   37        59      1995
 MINIMUM TEMPERATURE (F)   21        -8      1982


SUNRISE AND SUNSET
JANUARY 17 2015.......SUNRISE   710 AM EST   SUNSET   442 PM EST
JANUARY 18 2015.......SUNRISE   709 AM EST   SUNSET   443 PM EST


-  INDICATES NEGATIVE NUMBERS.
R  INDICATES RECORD WAS SET OR TIED.
MM INDICATES DATA IS MISSING.
T  INDICATES TRACE AMOUNT.




$$
