000
CDUS41 KBOX 140558
CLIPVD


CLIMATE REPORT
NATIONAL WEATHER SERVICE TAUNTON MA
155 AM EDT TUE OCT 14 2014


...................................

...THE PROVIDENCE RI CLIMATE SUMMARY FOR OCTOBER 13 2014...

CLIMATE NORMAL PERIOD 1981 TO 2010
CLIMATE RECORD PERIOD 1904 TO 2014


WEATHER ITEM   OBSERVED TIME   RECORD YEAR NORMAL DEPARTURE LAST
                VALUE   (LST)  VALUE       VALUE  FROM      YEAR
                                                  NORMAL
..................................................................
TEMPERATURE (F)
 YESTERDAY
  MAXIMUM         66   1230 PM  85    1954  64      2       62
  MINIMUM         39    546 AM  22    1981  45     -6       44
  AVERAGE         53                        54     -1       53

PRECIPITATION (IN)
  YESTERDAY        0.00          1.95 1927   0.12  -0.12     0.00
  MONTH TO DATE    1.30                      1.63  -0.33     0.47
  SINCE SEP 1      2.04                      5.55  -3.51     5.06
  SINCE JAN 1     33.49                     36.15  -2.66    35.87

SNOWFALL (IN)
  YESTERDAY        0.0           T    1934   0.0    0.0      0.0
  MONTH TO DATE    0.0                       0.0    0.0      0.0
  SINCE SEP 1      0.0                       0.0    0.0      0.0
  SINCE JUL 1      0.0                       0.0    0.0      0.0
  SNOW DEPTH       0

DEGREE DAYS
 HEATING
  YESTERDAY       12                        11      1       12
  MONTH TO DATE  118                       117      1       54
  SINCE SEP 1    192                       205    -13      157
  SINCE JUL 1    192                       214    -22      157

 COOLING
  YESTERDAY        0                         0      0        0
  MONTH TO DATE    0                         6     -6        7
  SINCE SEP 1    115                        86     29       70
  SINCE JAN 1    697                       742    -45      892
..................................................................


WIND (MPH)
  RESULTANT WIND SPEED   5   RESULTANT WIND DIRECTION   S (200)
  HIGHEST WIND SPEED    16   HIGHEST WIND DIRECTION     S (190)
  HIGHEST GUST SPEED    20   HIGHEST GUST DIRECTION     S (190)
  AVERAGE WIND SPEED     5.3


SKY COVER
  POSSIBLE SUNSHINE  MM
  AVERAGE SKY COVER 0.7


WEATHER CONDITIONS
 THE FOLLOWING WEATHER WAS RECORDED YESTERDAY.
  NO SIGNIFICANT WEATHER WAS OBSERVED.


RELATIVE HUMIDITY (PERCENT)
 HIGHEST    92           600 AM
 LOWEST     56          1200 PM
 AVERAGE    74

..........................................................


THE PROVIDENCE RI CLIMATE NORMALS FOR TODAY
                         NORMAL    RECORD    YEAR
 MAXIMUM TEMPERATURE (F)   64        81      1990
 MINIMUM TEMPERATURE (F)   44        28      1953


SUNRISE AND SUNSET
OCTOBER 14 2014.......SUNRISE   657 AM EDT   SUNSET   606 PM EDT
OCTOBER 15 2014.......SUNRISE   658 AM EDT   SUNSET   604 PM EDT


-  INDICATES NEGATIVE NUMBERS.
R  INDICATES RECORD WAS SET OR TIED.
MM INDICATES DATA IS MISSING.
T  INDICATES TRACE AMOUNT.




$$
