000
CDUS41 KBOX 042156
CLIPVD


CLIMATE REPORT
NATIONAL WEATHER SERVICE TAUNTON MA
556 PM EDT MON JUL 4 2016


...................................

...THE PROVIDENCE RI CLIMATE SUMMARY FOR JULY 4 2016...
VALID TODAY AS OF 0500 PM LOCAL TIME.

CLIMATE NORMAL PERIOD 1981 TO 2010
CLIMATE RECORD PERIOD 1904 TO 2016


WEATHER ITEM   OBSERVED TIME   RECORD YEAR NORMAL DEPARTURE LAST
                VALUE   (LST)  VALUE       VALUE  FROM      YEAR
                                                  NORMAL
..................................................................
TEMPERATURE (F)
 TODAY
  MAXIMUM         88    256 PM  99    1949  82      6       75
                                      1919
  MINIMUM         63    437 AM  51    1986  63      0       62
                                      1914
  AVERAGE         76                        73      3       69

PRECIPITATION (IN)
  TODAY            0.00          2.68 2014   0.09  -0.09      T
  MONTH TO DATE    0.32                      0.35  -0.03     0.70
  SINCE JUN 1      1.37                      3.99  -2.62     6.05
  SINCE JAN 1     19.49                     24.06  -4.57    23.00

SNOWFALL (IN)
  TODAY            0.0           0.0  2002   0.0    0.0      0.0
                                      2001
                                      2000
  MONTH TO DATE    0.0                       0.0    0.0      0.0
  SINCE JUN 1      0.0                       0.0    0.0      0.0
  SINCE JUL 1      0.0                       0.0    0.0      0.0
  SNOW DEPTH       0

DEGREE DAYS
 HEATING
  TODAY            0                         0      0        0
  MONTH TO DATE    0                         0      0        0
  SINCE JUN 1     12                        43    -31       72
  SINCE JUL 1      0                         0      0        0

 COOLING
  TODAY           11                         8      3        4
  MONTH TO DATE   33                        30      3       25
  SINCE JUN 1    168                       162      6      143
  SINCE JAN 1    219                       188     31      207
..................................................................


WIND (MPH)
  HIGHEST WIND SPEED    21   HIGHEST WIND DIRECTION    SW (210)
  HIGHEST GUST SPEED    26   HIGHEST GUST DIRECTION    SW (230)
  AVERAGE WIND SPEED     9.7


SKY COVER
  POSSIBLE SUNSHINE  MM
  AVERAGE SKY COVER 0.1


WEATHER CONDITIONS
 THE FOLLOWING WEATHER WAS RECORDED TODAY.
  NO SIGNIFICANT WEATHER WAS OBSERVED.


RELATIVE HUMIDITY (PERCENT)
 HIGHEST    78           200 AM
 LOWEST     24          1200 PM
 AVERAGE    51

..........................................................


THE PROVIDENCE RI CLIMATE NORMALS FOR TOMORROW
                         NORMAL    RECORD    YEAR
 MAXIMUM TEMPERATURE (F)   82        98      1999
                                             1919
 MINIMUM TEMPERATURE (F)   63        49      1979


SUNRISE AND SUNSET
JULY  4 2016..........SUNRISE   517 AM EDT   SUNSET   823 PM EDT
JULY  5 2016..........SUNRISE   517 AM EDT   SUNSET   823 PM EDT


-  INDICATES NEGATIVE NUMBERS.
R  INDICATES RECORD WAS SET OR TIED.
MM INDICATES DATA IS MISSING.
T  INDICATES TRACE AMOUNT.




$$
