000
CDUS41 KBOX 150543
CLIPVD


CLIMATE REPORT
NATIONAL WEATHER SERVICE TAUNTON MA
137 AM EDT THU JUN 15 2017


...................................

...THE PROVIDENCE RI CLIMATE SUMMARY FOR JUNE 14 2017...

CLIMATE NORMAL PERIOD 1981 TO 2010
CLIMATE RECORD PERIOD 1904 TO 2017


WEATHER ITEM   OBSERVED TIME   RECORD YEAR NORMAL DEPARTURE LAST
                VALUE   (LST)  VALUE       VALUE  FROM      YEAR
                                                  NORMAL
..................................................................
TEMPERATURE (F)
 YESTERDAY
  MAXIMUM         82   1243 PM  93    2005  77      5       80
                                      1988
  MINIMUM         57   1129 PM  45    1912  58     -1       55
  AVERAGE         70                        68      2       68

PRECIPITATION (IN)
  YESTERDAY        0.00          1.52 1994   0.14  -0.14     0.00
  MONTH TO DATE    0.99                      1.97  -0.98     0.76
  SINCE JUN 1      0.99                      1.97  -0.98     0.76
  SINCE JAN 1     26.01                     22.04   3.97    18.88

SNOWFALL (IN)
  YESTERDAY        0.0           0.0  2002   0.0    0.0      0.0
                                      2001
                                      2000
  MONTH TO DATE    0.0                       0.0    0.0      0.0
  SINCE JUN 1      0.0                       0.0    0.0      0.0
  SINCE JUL 1     45.9                      33.8   12.1     28.7
  SNOW DEPTH       0

DEGREE DAYS
 HEATING
  YESTERDAY        0                         1     -1        0
  MONTH TO DATE   45                        33     12       12
  SINCE JUN 1     45                        33     12       12
  SINCE JUL 1   5153                      5608   -455     4757

 COOLING
  YESTERDAY        5                         4      1        3
  MONTH TO DATE   62                        42     20       35
  SINCE JUN 1     62                        42     20       35
  SINCE JAN 1    120                        68     52       86
..................................................................


WIND (MPH)
  RESULTANT WIND SPEED   3   RESULTANT WIND DIRECTION   E (110)
  HIGHEST WIND SPEED    18   HIGHEST WIND DIRECTION     S (160)
  HIGHEST GUST SPEED    23   HIGHEST GUST DIRECTION    SE (150)
  AVERAGE WIND SPEED     9.2


SKY COVER
  POSSIBLE SUNSHINE  MM
  AVERAGE SKY COVER 0.6


WEATHER CONDITIONS
 THE FOLLOWING WEATHER WAS RECORDED YESTERDAY.
  NO SIGNIFICANT WEATHER WAS OBSERVED.


RELATIVE HUMIDITY (PERCENT)
 HIGHEST    80          1100 PM
 LOWEST     36          1200 PM
 AVERAGE    58

..........................................................


THE PROVIDENCE RI CLIMATE NORMALS FOR TODAY
                         NORMAL    RECORD    YEAR
 MAXIMUM TEMPERATURE (F)   78        98      1945
 MINIMUM TEMPERATURE (F)   58        45      1965
                                             1912


SUNRISE AND SUNSET
JUNE 15 2017..........SUNRISE   511 AM EDT   SUNSET   822 PM EDT
JUNE 16 2017..........SUNRISE   511 AM EDT   SUNSET   823 PM EDT


-  INDICATES NEGATIVE NUMBERS.
R  INDICATES RECORD WAS SET OR TIED.
MM INDICATES DATA IS MISSING.
T  INDICATES TRACE AMOUNT.




$$
