000
CDUS41 KBOX 090538
CLIPVD


CLIMATE REPORT
NATIONAL WEATHER SERVICE TAUNTON MA
138 AM EDT SUN APR 9 2017


...................................

...THE PROVIDENCE RI CLIMATE SUMMARY FOR APRIL 8 2017...

CLIMATE NORMAL PERIOD 1981 TO 2010
CLIMATE RECORD PERIOD 1904 TO 2017


WEATHER ITEM   OBSERVED TIME   RECORD YEAR NORMAL DEPARTURE LAST
                VALUE   (LST)  VALUE       VALUE  FROM      YEAR
                                                  NORMAL
..................................................................
TEMPERATURE (F)
 YESTERDAY
  MAXIMUM         51    533 PM  87    1991  56     -5       54
  MINIMUM         37    444 AM  22    1972  37      0       34
  AVERAGE         44                        47     -3       44

PRECIPITATION (IN)
  YESTERDAY        T             1.26 1907   0.16  -0.16     0.01
  MONTH TO DATE    3.84                      1.28   2.56     3.32
  SINCE MAR 1      7.69                      6.29   1.40     6.00
  SINCE JAN 1     14.87                     13.44   1.43    14.35

SNOWFALL (IN)
  YESTERDAY        0.0           1.8  1996   0.0    0.0      0.0
  MONTH TO DATE    T                         0.3   -0.3      6.7
  SINCE MAR 1      7.7                       5.8    1.9      9.3
  SINCE JUL 1     45.9                      33.5   12.4     28.7
  SNOW DEPTH       0

DEGREE DAYS
 HEATING
  YESTERDAY       21                        18      3       21
  MONTH TO DATE  161                       158      3      186
  SINCE MAR 1   1081                       967    114      833
  SINCE JUL 1   4639                      5029   -390     4204

 COOLING
  YESTERDAY        0                         0      0        0
  MONTH TO DATE    0                         0      0        0
  SINCE MAR 1      0                         0      0        0
  SINCE JAN 1      0                         0      0        0
..................................................................


WIND (MPH)
  RESULTANT WIND SPEED  14   RESULTANT WIND DIRECTION   W (290)
  HIGHEST WIND SPEED    28   HIGHEST WIND DIRECTION     W (290)
  HIGHEST GUST SPEED    36   HIGHEST GUST DIRECTION    NW (300)
  AVERAGE WIND SPEED    14.1


SKY COVER
  POSSIBLE SUNSHINE  MM
  AVERAGE SKY COVER 0.7


WEATHER CONDITIONS
 THE FOLLOWING WEATHER WAS RECORDED YESTERDAY.
  LIGHT RAIN


RELATIVE HUMIDITY (PERCENT)
 HIGHEST    70           100 AM
 LOWEST     32           600 PM
 AVERAGE    51

..........................................................


THE PROVIDENCE RI CLIMATE NORMALS FOR TODAY
                         NORMAL    RECORD    YEAR
 MAXIMUM TEMPERATURE (F)   56        83      1991
 MINIMUM TEMPERATURE (F)   38        23      1977


SUNRISE AND SUNSET
APRIL  9 2017.........SUNRISE   615 AM EDT   SUNSET   720 PM EDT
APRIL 10 2017.........SUNRISE   613 AM EDT   SUNSET   721 PM EDT


-  INDICATES NEGATIVE NUMBERS.
R  INDICATES RECORD WAS SET OR TIED.
MM INDICATES DATA IS MISSING.
T  INDICATES TRACE AMOUNT.




$$
