000
CDUS41 KBOX 142157
CLIPVD


CLIMATE REPORT
NATIONAL WEATHER SERVICE TAUNTON MA
547 PM EDT SAT MAY 14 2016


...................................

...THE PROVIDENCE RI CLIMATE SUMMARY FOR MAY 14 2016...
VALID AS OF 0500 PM LOCAL TIME.

CLIMATE NORMAL PERIOD 1981 TO 2010
CLIMATE RECORD PERIOD 1904 TO 2016


WEATHER ITEM   OBSERVED TIME   RECORD YEAR NORMAL DEPARTURE LAST
                VALUE   (LST)  VALUE       VALUE  FROM      YEAR
                                                  NORMAL
..................................................................
TEMPERATURE (F)
 TODAY
  MAXIMUM         76    200 PM  83    1991  68      8       71
  MINIMUM         55        MM  35    1987  48      7       45
  AVERAGE         66                        58      8       58

PRECIPITATION (IN)
  TODAY            0.00          1.15 1962   0.10  -0.10     0.00
  MONTH TO DATE    1.48                      1.54  -0.06     0.22
  SINCE MAR 1      8.07                     10.91  -2.84     7.13
  SINCE JAN 1     16.42                     18.06  -1.64    13.48

SNOWFALL (IN)
  TODAY            0.0           0.0  2001   0.0    0.0      0.0
                                      2000
  MONTH TO DATE    0.0                       0.0    0.0      0.0
  SINCE MAR 1      9.3                       6.1    3.2     16.3
  SINCE JUL 1     28.7                      33.8   -5.1     76.2
  SNOW DEPTH       0

DEGREE DAYS
 HEATING
  TODAY            0                         8     -8        7
  MONTH TO DATE  155                       132     23       74
  SINCE MAR 1   1311                      1420   -109     1538
  SINCE JUL 1   4682                      5482   -800     5900

 COOLING
  TODAY            1                         1      0        0
  MONTH TO DATE    1                         1      0       24
  SINCE MAR 1      1                         3     -2       24
  SINCE JAN 1      1                         3     -2       24
..................................................................


WIND (MPH)
  HIGHEST WIND SPEED    18   HIGHEST WIND DIRECTION    SW (230)
  HIGHEST GUST SPEED    32   HIGHEST GUST DIRECTION    SW (230)
  AVERAGE WIND SPEED     7.8


SKY COVER
  POSSIBLE SUNSHINE  MM
  AVERAGE SKY COVER 0.3


WEATHER CONDITIONS
 THE FOLLOWING WEATHER WAS RECORDED TODAY.
  NO SIGNIFICANT WEATHER WAS OBSERVED.


RELATIVE HUMIDITY (PERCENT)
 HIGHEST    93           100 AM
 LOWEST     35          1100 AM
 AVERAGE    64

..........................................................


THE PROVIDENCE RI CLIMATE NORMALS FOR TOMORROW
                         NORMAL    RECORD    YEAR
 MAXIMUM TEMPERATURE (F)   68        87      2004
 MINIMUM TEMPERATURE (F)   48        36      1947


SUNRISE AND SUNSET
MAY 14 2016...........SUNRISE   527 AM EDT   SUNSET   758 PM EDT
MAY 15 2016...........SUNRISE   526 AM EDT   SUNSET   759 PM EDT


-  INDICATES NEGATIVE NUMBERS.
R  INDICATES RECORD WAS SET OR TIED.
MM INDICATES DATA IS MISSING.
T  INDICATES TRACE AMOUNT.




$$
