000
CDUS41 KBOX 280523
CLIPVD


CLIMATE REPORT
NATIONAL WEATHER SERVICE TAUNTON MA
123 AM EDT THU SEP 28 2017


...................................

...THE PROVIDENCE RI CLIMATE SUMMARY FOR SEPTEMBER 27 2017...

CLIMATE NORMAL PERIOD 1981 TO 2010
CLIMATE RECORD PERIOD 1904 TO 2017


WEATHER ITEM   OBSERVED TIME   RECORD YEAR NORMAL DEPARTURE LAST
                VALUE   (LST)  VALUE       VALUE  FROM      YEAR
                                                  NORMAL
..................................................................
TEMPERATURE (F)
 YESTERDAY
  MAXIMUM         84    248 PM  86    1998  70     14       72
  MINIMUM         65    458 AM  35    1980  51     14       58
  AVERAGE         75                        60     15       65

PRECIPITATION (IN)
  YESTERDAY        0.00          2.02 1962   0.13  -0.13     0.26
  MONTH TO DATE    2.14                      3.51  -1.37     2.20
  SINCE SEP 1      2.14                      3.51  -1.37     2.20
  SINCE JAN 1     36.34                     34.11   2.23    28.03

SNOWFALL (IN)
  YESTERDAY        0.0           0.0  2002   0.0    0.0      0.0
                                      2001
                                      2000
  MONTH TO DATE    0.0                       0.0    0.0      0.0
  SINCE SEP 1      0.0                       0.0    0.0      0.0
  SINCE JUL 1      0.0                       0.0    0.0      0.0
  SNOW DEPTH       0

DEGREE DAYS
 HEATING
  YESTERDAY        0                         6     -6        0
  MONTH TO DATE   18                        70    -52       26
  SINCE SEP 1     18                        70    -52       26
  SINCE JUL 1     26                        79    -53       26

 COOLING
  YESTERDAY       10                         1      9        0
  MONTH TO DATE  130                        77     53      151
  SINCE SEP 1    130                        77     53      151
  SINCE JAN 1    834                       733    101     1034
..................................................................


WIND (MPH)
  RESULTANT WIND SPEED   4   RESULTANT WIND DIRECTION   S (170)
  HIGHEST WIND SPEED    15   HIGHEST WIND DIRECTION     S (160)
  HIGHEST GUST SPEED    28   HIGHEST GUST DIRECTION     E (100)
  AVERAGE WIND SPEED     5.0


SKY COVER
  POSSIBLE SUNSHINE  MM
  AVERAGE SKY COVER 0.5


WEATHER CONDITIONS
 THE FOLLOWING WEATHER WAS RECORDED YESTERDAY.
  FOG


RELATIVE HUMIDITY (PERCENT)
 HIGHEST   100          1200 AM
 LOWEST     74          1100 AM
 AVERAGE    87

..........................................................


THE PROVIDENCE RI CLIMATE NORMALS FOR TODAY
                         NORMAL    RECORD    YEAR
 MAXIMUM TEMPERATURE (F)   70        86      2014
 MINIMUM TEMPERATURE (F)   50        33      1980


SUNRISE AND SUNSET
SEPTEMBER 28 2017.....SUNRISE   640 AM EDT   SUNSET   632 PM EDT
SEPTEMBER 29 2017.....SUNRISE   641 AM EDT   SUNSET   630 PM EDT


-  INDICATES NEGATIVE NUMBERS.
R  INDICATES RECORD WAS SET OR TIED.
MM INDICATES DATA IS MISSING.
T  INDICATES TRACE AMOUNT.




$$
