000
CDUS41 KBOX 172139
CLIPVD


CLIMATE REPORT
NATIONAL WEATHER SERVICE TAUNTON MA
435 PM EST SAT JAN 17 2015


...................................

...THE PROVIDENCE RI CLIMATE SUMMARY FOR JANUARY 17 2015...
VALID AS OF 0400 PM LOCAL TIME.

CLIMATE NORMAL PERIOD 1981 TO 2010
CLIMATE RECORD PERIOD 1904 TO 2015


WEATHER ITEM   OBSERVED TIME   RECORD YEAR NORMAL DEPARTURE LAST
                VALUE   (LST)  VALUE       VALUE  FROM      YEAR
                                                  NORMAL
..................................................................
TEMPERATURE (F)
 TODAY
  MAXIMUM         25    157 PM  59    1995  37    -12       46
  MINIMUM         11    741 AM  -8    1982  21    -10       31
  AVERAGE         18                        29    -11       39

PRECIPITATION (IN)
  TODAY            0.00          1.04 1956   0.13  -0.13     0.00
  MONTH TO DATE    1.42                      2.14  -0.72     2.90
  SINCE DEC 1      7.67                      6.36   1.31     7.72
  SINCE JAN 1      1.42                      2.14  -0.72     2.90

SNOWFALL (IN)
  TODAY            0.0           9.6  1956   0.3   -0.3      0.0
  MONTH TO DATE    3.3                       5.0   -1.7      8.2
  SINCE DEC 1      4.2                      13.7   -9.5     15.2
  SINCE JUL 1      5.8                      15.2   -9.4     15.3
  SNOW DEPTH       0

DEGREE DAYS
 HEATING
  TODAY           47                        36     11       26
  MONTH TO DATE  670                       608     62      595
  SINCE DEC 1   1505                      1560    -55     1571
  SINCE JUL 1   2541                      2635    -94     2674

 COOLING
  TODAY            0                         0      0        0
  MONTH TO DATE    0                         0      0        0
  SINCE DEC 1      0                         0      0        0
  SINCE JAN 1      0                         0      0        0
..................................................................


WIND (MPH)
  HIGHEST WIND SPEED    MM   HIGHEST WIND DIRECTION    MM
  HIGHEST GUST SPEED    MM   HIGHEST GUST DIRECTION    MM
  AVERAGE WIND SPEED    MM


SKY COVER
  POSSIBLE SUNSHINE  MM
  AVERAGE SKY COVER 0.0


WEATHER CONDITIONS
 THE FOLLOWING WEATHER WAS RECORDED TODAY.
  NO SIGNIFICANT WEATHER WAS OBSERVED.


RELATIVE HUMIDITY (PERCENT)
 HIGHEST    46           400 AM
 LOWEST     22           200 PM
 AVERAGE    34

..........................................................


THE PROVIDENCE RI CLIMATE NORMALS FOR TOMORROW
                         NORMAL    RECORD    YEAR
 MAXIMUM TEMPERATURE (F)   37        62      1973
 MINIMUM TEMPERATURE (F)   21        -9      1982


SUNRISE AND SUNSET
JANUARY 17 2015.......SUNRISE   710 AM EST   SUNSET   442 PM EST
JANUARY 18 2015.......SUNRISE   709 AM EST   SUNSET   443 PM EST


-  INDICATES NEGATIVE NUMBERS.
R  INDICATES RECORD WAS SET OR TIED.
MM INDICATES DATA IS MISSING.
T  INDICATES TRACE AMOUNT.




$$
