000
CDUS41 KBOX 312154
CLIPVD


CLIMATE REPORT
NATIONAL WEATHER SERVICE TAUNTON MA
544 PM EDT MON JUL 31 2017


...................................

...THE PROVIDENCE RI CLIMATE SUMMARY FOR JULY 31 2017...
VALID AS OF 0500 PM LOCAL TIME.

CLIMATE NORMAL PERIOD 1981 TO 2010
CLIMATE RECORD PERIOD 1904 TO 2017


WEATHER ITEM   OBSERVED TIME   RECORD YEAR NORMAL DEPARTURE LAST
                VALUE   (LST)  VALUE       VALUE  FROM      YEAR
                                                  NORMAL
..................................................................
TEMPERATURE (F)
 TODAY
  MAXIMUM         81    215 PM 100    1917  83     -2       83
  MINIMUM         57    457 AM  51    1956  65     -8       70
  AVERAGE         69                        74     -5       77

PRECIPITATION (IN)
  TODAY            0.00          2.70 1958   0.13  -0.13      T
  MONTH TO DATE    3.27                      3.29  -0.02     3.95
  SINCE JUN 1      7.53                      6.93   0.60     5.00
  SINCE JAN 1     32.55                     27.00   5.55    23.12

SNOWFALL (IN)
  TODAY            0.0           0.0  2002   0.0    0.0      0.0
                                      2001
                                      2000
  MONTH TO DATE    0.0                       0.0    0.0      0.0
  SINCE JUN 1      0.0                       0.0    0.0      0.0
  SINCE JUL 1      0.0                       0.0    0.0      0.0
  SNOW DEPTH       0

DEGREE DAYS
 HEATING
  TODAY            0                         0      0        0
  MONTH TO DATE    7                         0      7        0
  SINCE JUN 1     56                        46     10       12
  SINCE JUL 1      7                         3      4        0

 COOLING
  TODAY            4                         9     -5       12
  MONTH TO DATE  254                       266    -12      348
  SINCE JUN 1    423                       398     25      483
  SINCE JAN 1    481                       424     57      534
..................................................................


WIND (MPH)
  HIGHEST WIND SPEED    18   HIGHEST WIND DIRECTION     S (160)
  HIGHEST GUST SPEED    25   HIGHEST GUST DIRECTION     E (110)
  AVERAGE WIND SPEED     4.9


SKY COVER
  POSSIBLE SUNSHINE  MM
  AVERAGE SKY COVER 0.2


WEATHER CONDITIONS
 THE FOLLOWING WEATHER WAS RECORDED TODAY.
  NO SIGNIFICANT WEATHER WAS OBSERVED.


RELATIVE HUMIDITY (PERCENT)
 HIGHEST    97           600 AM
 LOWEST     49           100 PM
 AVERAGE    73

..........................................................


THE PROVIDENCE RI CLIMATE NORMALS FOR TOMORROW
                         NORMAL    RECORD    YEAR
 MAXIMUM TEMPERATURE (F)   83        97      2006
 MINIMUM TEMPERATURE (F)   65        53      1964
                                             1953


SUNRISE AND SUNSET
JULY 31 2017..........SUNRISE   539 AM EDT   SUNSET   804 PM EDT
AUGUST  1 2017........SUNRISE   540 AM EDT   SUNSET   803 PM EDT


-  INDICATES NEGATIVE NUMBERS.
R  INDICATES RECORD WAS SET OR TIED.
MM INDICATES DATA IS MISSING.
T  INDICATES TRACE AMOUNT.




$$
