000
CDUS41 KBOX 032125
CLIPVD


CLIMATE REPORT
NATIONAL WEATHER SERVICE TAUNTON MA
424 PM EST SUN DEC 3 2017


...................................

...THE PROVIDENCE RI CLIMATE SUMMARY FOR DECEMBER 3 2017...
VALID AS OF 0400 PM LOCAL TIME.

CLIMATE NORMAL PERIOD 1981 TO 2010
CLIMATE RECORD PERIOD 1904 TO 2017


WEATHER ITEM   OBSERVED TIME   RECORD YEAR NORMAL DEPARTURE LAST
                VALUE   (LST)  VALUE       VALUE  FROM      YEAR
                                                  NORMAL
..................................................................
TEMPERATURE (F)
 TODAY
  MAXIMUM         46   1209 PM  66    2009  47     -1       48
  MINIMUM         29    714 AM   0    1976  31     -2       33
  AVERAGE         38                        39     -1       41

PRECIPITATION (IN)
  TODAY            0.00          3.28 1986   0.15  -0.15     0.00
  MONTH TO DATE    0.04                      0.46  -0.42     0.19
  SINCE DEC 1      0.04                      0.46  -0.42     0.19
  SINCE JAN 1     46.47                     43.42   3.05    37.05

SNOWFALL (IN)
  TODAY            0.0           3.3  1963   0.2   -0.2      0.0
  MONTH TO DATE    0.0                       0.6   -0.6      0.0
  SINCE DEC 1      0.0                       0.6   -0.6      0.0
  SINCE JUL 1      0.0                       2.1   -2.1       T
  SNOW DEPTH       0

DEGREE DAYS
 HEATING
  TODAY           27                        26      1       24
  MONTH TO DATE   74                        78     -4       58
  SINCE DEC 1     74                        78     -4       58
  SINCE JUL 1    888                      1153   -265      945

 COOLING
  TODAY            0                         0      0        0
  MONTH TO DATE    0                         0      0        0
  SINCE DEC 1      0                         0      0        0
  SINCE JAN 1    880                       744    136     1049
..................................................................


WIND (MPH)
  HIGHEST WIND SPEED     7   HIGHEST WIND DIRECTION     N (340)
  HIGHEST GUST SPEED     9   HIGHEST GUST DIRECTION    NW (330)
  AVERAGE WIND SPEED     2.0


SKY COVER
  POSSIBLE SUNSHINE  MM
  AVERAGE SKY COVER 0.7


WEATHER CONDITIONS
 THE FOLLOWING WEATHER WAS RECORDED TODAY.
  NO SIGNIFICANT WEATHER WAS OBSERVED.


RELATIVE HUMIDITY (PERCENT)
 HIGHEST   100           600 AM
 LOWEST     53           100 PM
 AVERAGE    77

..........................................................


THE PROVIDENCE RI CLIMATE NORMALS FOR TOMORROW
                         NORMAL    RECORD    YEAR
 MAXIMUM TEMPERATURE (F)   46        71      1998
 MINIMUM TEMPERATURE (F)   30         2      1940


SUNRISE AND SUNSET
DECEMBER  3 2017......SUNRISE   656 AM EST   SUNSET   415 PM EST
DECEMBER  4 2017......SUNRISE   657 AM EST   SUNSET   415 PM EST


-  INDICATES NEGATIVE NUMBERS.
R  INDICATES RECORD WAS SET OR TIED.
MM INDICATES DATA IS MISSING.
T  INDICATES TRACE AMOUNT.




$$
