000
CDUS41 KBOX 081738
CLIPVD


CLIMATE REPORT
NATIONAL WEATHER SERVICE TAUNTON MA
1238 PM EST WED FEB 8 2017


...................................

...THE PROVIDENCE RI CLIMATE SUMMARY FOR FEBRUARY 7 2017...

CLIMATE NORMAL PERIOD 1981 TO 2010
CLIMATE RECORD PERIOD 1904 TO 2017


WEATHER ITEM   OBSERVED TIME   RECORD YEAR NORMAL DEPARTURE LAST
                VALUE   (LST)  VALUE       VALUE  FROM      YEAR
                                                  NORMAL
..................................................................
TEMPERATURE (F)
 YESTERDAY
  MAXIMUM         39   1159 PM  53    1946  39      0       44
                                      1925
  MINIMUM         28   1208 AM  -4    1910  22      6       26
  AVERAGE         34                        31      3       35

PRECIPITATION (IN)
  YESTERDAY        0.18          1.81 1941   0.11   0.07     0.00
  MONTH TO DATE    0.19                      0.80  -0.61     2.15
  SINCE DEC 1      8.29                      8.88  -0.59     9.98
  SINCE JAN 1      5.15                      4.66   0.49     5.18

SNOWFALL (IN)
  YESTERDAY        0.0          11.2  1983   0.3   -0.3      0.0
  MONTH TO DATE    0.1                       2.2   -2.1      5.1
  SINCE DEC 1     21.5                      19.9    1.6     13.0
  SINCE JUL 1     21.5                      21.4    0.1     13.0
  SNOW DEPTH       0

DEGREE DAYS
 HEATING
  YESTERDAY       31                        34     -3       30
  MONTH TO DATE  234                       243     -9      172
  SINCE DEC 1   2091                      2305   -214     1765
  SINCE JUL 1   2978                      3380   -402     2646

 COOLING
  YESTERDAY        0                         0      0        0
  MONTH TO DATE    0                         0      0        0
  SINCE DEC 1      0                         0      0        0
  SINCE JAN 1      0                         0      0        0
..................................................................


WIND (MPH)
  RESULTANT WIND SPEED   7   RESULTANT WIND DIRECTION   N (20)
  HIGHEST WIND SPEED    15   HIGHEST WIND DIRECTION     N (20)
  HIGHEST GUST SPEED    19   HIGHEST GUST DIRECTION     N (20)
  AVERAGE WIND SPEED     8.2


SKY COVER
  POSSIBLE SUNSHINE  MM
  AVERAGE SKY COVER 0.9


WEATHER CONDITIONS
 THE FOLLOWING WEATHER WAS RECORDED YESTERDAY.
  LIGHT RAIN
  FOG
  FOG W/VISIBILITY <= 1/4 MILE


RELATIVE HUMIDITY (PERCENT)
 HIGHEST    92           100 PM
 LOWEST     54           400 AM
 AVERAGE    73

..........................................................


THE PROVIDENCE RI CLIMATE NORMALS FOR TODAY
                         NORMAL    RECORD    YEAR
 MAXIMUM TEMPERATURE (F)   39        60      1933
 MINIMUM TEMPERATURE (F)   23        -9      1934


SUNRISE AND SUNSET
FEBRUARY  8 2017......SUNRISE   650 AM EST   SUNSET   510 PM EST
FEBRUARY  9 2017......SUNRISE   649 AM EST   SUNSET   512 PM EST


-  INDICATES NEGATIVE NUMBERS.
R  INDICATES RECORD WAS SET OR TIED.
MM INDICATES DATA IS MISSING.
T  INDICATES TRACE AMOUNT.




$$
