000
CDUS41 KBOX 152149
CLIPVD


CLIMATE REPORT
NATIONAL WEATHER SERVICE TAUNTON MA
538 PM EDT FRI MAY 15 2015


...................................

...THE PROVIDENCE RI CLIMATE SUMMARY FOR MAY 15 2015...
VALID AS OF 0500 PM LOCAL TIME.

CLIMATE NORMAL PERIOD 1981 TO 2010
CLIMATE RECORD PERIOD 1904 TO 2015


WEATHER ITEM   OBSERVED TIME   RECORD YEAR NORMAL DEPARTURE LAST
                VALUE   (LST)  VALUE       VALUE  FROM      YEAR
                                                  NORMAL
..................................................................
TEMPERATURE (F)
 TODAY
  MAXIMUM         69    223 PM  87    2004  68      1       71
  MINIMUM         48    453 AM  36    1947  48      0       56
  AVERAGE         59                        58      1       64

PRECIPITATION (IN)
  TODAY            0.00          1.53 1938   0.10  -0.10     0.01
  MONTH TO DATE    0.22                      1.64  -1.42     1.37
  SINCE MAR 1      7.13                     11.01  -3.88    13.52
  SINCE JAN 1     13.48                     18.16  -4.68    21.92

SNOWFALL (IN)
  TODAY            0.0           0.0  2002   0.0    0.0      0.0
                                      2001
                                      2000
  MONTH TO DATE    0.0                       0.0    0.0      0.0
  SINCE MAR 1     16.3                       6.1   10.2      1.5
  SINCE JUL 1     76.2                      33.8   42.4     43.6
  SNOW DEPTH       0

DEGREE DAYS
 HEATING
  TODAY            6                         7     -1        1
  MONTH TO DATE   80                       139    -59       99
  SINCE MAR 1   1544                      1427    117     1539
  SINCE JUL 1   5906                      5489    417     5811

 COOLING
  TODAY            0                         1     -1        0
  MONTH TO DATE   24                         2     22        8
  SINCE MAR 1     24                         4     20        8
  SINCE JAN 1     24                         4     20        8
..................................................................


WIND (MPH)
  HIGHEST WIND SPEED    17   HIGHEST WIND DIRECTION    SE (150)
  HIGHEST GUST SPEED    21   HIGHEST GUST DIRECTION    SE (150)
  AVERAGE WIND SPEED     7.0


SKY COVER
  POSSIBLE SUNSHINE  MM
  AVERAGE SKY COVER 0.5


WEATHER CONDITIONS
 THE FOLLOWING WEATHER WAS RECORDED TODAY.
  NO SIGNIFICANT WEATHER WAS OBSERVED.


RELATIVE HUMIDITY (PERCENT)
 HIGHEST    71           300 AM
 LOWEST     27           100 PM
 AVERAGE    49

..........................................................


THE PROVIDENCE RI CLIMATE NORMALS FOR TOMORROW
                         NORMAL    RECORD    YEAR
 MAXIMUM TEMPERATURE (F)   68        89      1951
 MINIMUM TEMPERATURE (F)   49        35      1936


SUNRISE AND SUNSET
MAY 15 2015...........SUNRISE   526 AM EDT   SUNSET   758 PM EDT
MAY 16 2015...........SUNRISE   525 AM EDT   SUNSET   759 PM EDT


-  INDICATES NEGATIVE NUMBERS.
R  INDICATES RECORD WAS SET OR TIED.
MM INDICATES DATA IS MISSING.
T  INDICATES TRACE AMOUNT.




$$
