000
CDUS41 KBOX 172137
CLIPVD


CLIMATE REPORT
NATIONAL WEATHER SERVICE TAUNTON MA
426 PM EST WED DEC 17 2014


...................................

...THE PROVIDENCE RI CLIMATE SUMMARY FOR DECEMBER 17 2014...
VALID AS OF 0400 PM LOCAL TIME.

CLIMATE NORMAL PERIOD 1981 TO 2010
CLIMATE RECORD PERIOD 1904 TO 2014


WEATHER ITEM   OBSERVED TIME   RECORD YEAR NORMAL DEPARTURE LAST
                VALUE   (LST)  VALUE       VALUE  FROM      YEAR
                                                  NORMAL
..................................................................
TEMPERATURE (F)
 TODAY
  MAXIMUM         52    130 PM  63    1984  42     10       24
  MINIMUM         41    654 AM  -3    1942  26     15        9
  AVERAGE         47                        34     13       17

PRECIPITATION (IN)
  TODAY            0.31          2.77 1973   0.13   0.18     0.09
  MONTH TO DATE    4.92                      2.49   2.43     2.89
  SINCE DEC 1      4.92                      2.49   2.43     2.89
  SINCE JAN 1     45.86                     45.45   0.41    43.53

SNOWFALL (IN)
  TODAY           MM             4.0  1961   0.3   MM        1.7
  MONTH TO DATE    T                         4.2   -4.2      7.0
  SINCE DEC 1      T                         4.2   -4.2      7.0
  SINCE JUL 1      1.6                       5.7   -4.1      7.1
  SNOW DEPTH       0

DEGREE DAYS
 HEATING
  TODAY           18                        31    -13       48
  MONTH TO DATE  457                       485    -28      558
  SINCE DEC 1    457                       485    -28      558
  SINCE JUL 1   1493                      1560    -67     1661

 COOLING
  TODAY            0                         0      0        0
  MONTH TO DATE    0                         0      0        0
  SINCE DEC 1      0                         0      0        0
  SINCE JAN 1    709                       744    -35      892
..................................................................


WIND (MPH)
  HIGHEST WIND SPEED    21   HIGHEST WIND DIRECTION     W (270)
  HIGHEST GUST SPEED    28   HIGHEST GUST DIRECTION     W (270)
  AVERAGE WIND SPEED    10.2


SKY COVER
  POSSIBLE SUNSHINE  MM
  AVERAGE SKY COVER 0.9


WEATHER CONDITIONS
 THE FOLLOWING WEATHER WAS RECORDED TODAY.
  HEAVY RAIN
  RAIN
  LIGHT RAIN
  FOG


RELATIVE HUMIDITY (PERCENT)
 HIGHEST    96           900 AM
 LOWEST     66           300 PM
 AVERAGE    81

..........................................................


THE PROVIDENCE RI CLIMATE NORMALS FOR TOMORROW
                         NORMAL    RECORD    YEAR
 MAXIMUM TEMPERATURE (F)   41        60      1984
 MINIMUM TEMPERATURE (F)   26        -7      1919


SUNRISE AND SUNSET
DECEMBER 17 2014......SUNRISE   707 AM EST   SUNSET   417 PM EST
DECEMBER 18 2014......SUNRISE   708 AM EST   SUNSET   417 PM EST


-  INDICATES NEGATIVE NUMBERS.
R  INDICATES RECORD WAS SET OR TIED.
MM INDICATES DATA IS MISSING.
T  INDICATES TRACE AMOUNT.




$$
