000
CDUS41 KBOX 200528
CLIPVD


CLIMATE REPORT
NATIONAL WEATHER SERVICE TAUNTON MA
127 AM EDT FRI MAR 20 2015


...................................

...THE PROVIDENCE RI CLIMATE SUMMARY FOR MARCH 19 2015...

CLIMATE NORMAL PERIOD 1981 TO 2010
CLIMATE RECORD PERIOD 1904 TO 2015


WEATHER ITEM   OBSERVED TIME   RECORD YEAR NORMAL DEPARTURE LAST
                VALUE   (LST)  VALUE       VALUE  FROM      YEAR
                                                  NORMAL
..................................................................
TEMPERATURE (F)
 YESTERDAY
  MAXIMUM         37    310 PM  73    2012  49    -12       45
  MINIMUM         19    614 AM   1    1967  31    -12       22
  AVERAGE         28                        40    -12       34

PRECIPITATION (IN)
  YESTERDAY        0.00          1.68 1998   0.18  -0.18     0.02
  MONTH TO DATE    3.08                      2.92   0.16     0.58
  SINCE MAR 1      3.08                      2.92   0.16     0.58
  SINCE JAN 1      9.43                     10.07  -0.64     8.98

SNOWFALL (IN)
  YESTERDAY        0.0          14.7  1956   0.1   -0.1      0.0
  MONTH TO DATE   13.6                       4.1    9.5      1.2
  SINCE MAR 1     13.6                       4.1    9.5      1.2
  SINCE JUL 1     73.5                      31.8   41.7     43.3
  SNOW DEPTH       0

DEGREE DAYS
 HEATING
  YESTERDAY       37                        25     12       31
  MONTH TO DATE  631                       531    100      622
  SINCE MAR 1    631                       531    100      622
  SINCE JUL 1   4993                      4593    400     4894

 COOLING
  YESTERDAY        0                         0      0        0
  MONTH TO DATE    0                         0      0        0
  SINCE MAR 1      0                         0      0        0
  SINCE JAN 1      0                         0      0        0
..................................................................


WIND (MPH)
  RESULTANT WIND SPEED  11   RESULTANT WIND DIRECTION  NW (310)
  HIGHEST WIND SPEED    24   HIGHEST WIND DIRECTION    NW (310)
  HIGHEST GUST SPEED    34   HIGHEST GUST DIRECTION    NW (310)
  AVERAGE WIND SPEED    10.9


SKY COVER
  POSSIBLE SUNSHINE  MM
  AVERAGE SKY COVER 0.1


WEATHER CONDITIONS
 THE FOLLOWING WEATHER WAS RECORDED YESTERDAY.
  NO SIGNIFICANT WEATHER WAS OBSERVED.


RELATIVE HUMIDITY (PERCENT)
 HIGHEST    43           300 AM
 LOWEST     17           200 PM
 AVERAGE    30

..........................................................


THE PROVIDENCE RI CLIMATE NORMALS FOR TODAY
                         NORMAL    RECORD    YEAR
 MAXIMUM TEMPERATURE (F)   49        83      1945
 MINIMUM TEMPERATURE (F)   31         8      1949


SUNRISE AND SUNSET
MARCH 20 2015.........SUNRISE   650 AM EDT   SUNSET   658 PM EDT
MARCH 21 2015.........SUNRISE   648 AM EDT   SUNSET   659 PM EDT


-  INDICATES NEGATIVE NUMBERS.
R  INDICATES RECORD WAS SET OR TIED.
MM INDICATES DATA IS MISSING.
T  INDICATES TRACE AMOUNT.




$$
