000
CDUS41 KBOX 020541
CLIPVD


CLIMATE REPORT
NATIONAL WEATHER SERVICE TAUNTON MA
141 AM EDT WED APR 2 2014


...................................

...THE PROVIDENCE RI CLIMATE SUMMARY FOR APRIL 1 2014...

CLIMATE NORMAL PERIOD 1981 TO 2010
CLIMATE RECORD PERIOD 1904 TO 2014


WEATHER ITEM   OBSERVED TIME   RECORD YEAR NORMAL DEPARTURE LAST
                VALUE   (LST)  VALUE       VALUE  FROM      YEAR
                                                  NORMAL
..................................................................
TEMPERATURE (F)
 YESTERDAY
  MAXIMUM         54    253 PM  77    1945  53      1       61
  MINIMUM         35    600 AM  11    1923  35      0       34
  AVERAGE         45                        44      1       48

PRECIPITATION (IN)
  YESTERDAY        0.00          2.14 1962   0.16  -0.16     0.08
  MONTH TO DATE    0.00                      0.16  -0.16     0.08
  SINCE MAR 1      6.98                      5.17   1.81     3.02
  SINCE JAN 1     15.38                     12.32   3.06     9.98

SNOWFALL (IN)
  YESTERDAY        0.0          18.0  1997   0.0    0.0      0.0
  MONTH TO DATE    0.0                       0.0    0.0      0.0
  SINCE MAR 1      1.2                       5.5   -4.3      4.9
  SINCE JUL 1     43.3                      33.2   10.1     46.3
  SNOW DEPTH       0

DEGREE DAYS
 HEATING
  YESTERDAY       20                        21     -1       17
  MONTH TO DATE   20                        21     -1       17
  SINCE MAR 1    974                       830    144      829
  SINCE JUL 1   5246                      4892    354     4650

 COOLING
  YESTERDAY        0                         0      0        0
  MONTH TO DATE    0                         0      0        0
  SINCE MAR 1      0                         0      0        0
  SINCE JAN 1      0                         0      0        0
..................................................................


WIND (MPH)
  RESULTANT WIND SPEED   6   RESULTANT WIND DIRECTION   N (10)
  HIGHEST WIND SPEED    21   HIGHEST WIND DIRECTION     N (360)
  HIGHEST GUST SPEED    27   HIGHEST GUST DIRECTION     N (360)
  AVERAGE WIND SPEED    10.7


SKY COVER
  POSSIBLE SUNSHINE  MM
  AVERAGE SKY COVER 0.6


WEATHER CONDITIONS
 THE FOLLOWING WEATHER WAS RECORDED YESTERDAY.
  NO SIGNIFICANT WEATHER WAS OBSERVED.


RELATIVE HUMIDITY (PERCENT)
 HIGHEST    64           200 AM
 LOWEST     41           200 PM
 AVERAGE    53

..........................................................


THE PROVIDENCE RI CLIMATE NORMALS FOR TODAY
                         NORMAL    RECORD    YEAR
 MAXIMUM TEMPERATURE (F)   54        75      1963
 MINIMUM TEMPERATURE (F)   35        20      1964
                                             1919


SUNRISE AND SUNSET
APRIL  2 2014.........SUNRISE   627 AM EDT   SUNSET   712 PM EDT
APRIL  3 2014.........SUNRISE   625 AM EDT   SUNSET   713 PM EDT


-  INDICATES NEGATIVE NUMBERS.
R  INDICATES RECORD WAS SET OR TIED.
MM INDICATES DATA IS MISSING.
T  INDICATES TRACE AMOUNT.




$$
