000
CDUS41 KBOX 280531
CLIPVD


CLIMATE REPORT
NATIONAL WEATHER SERVICE TAUNTON MA
1230 AM EST THU JAN 28 2016


...................................

...THE PROVIDENCE RI CLIMATE SUMMARY FOR JANUARY 27 2016...

CLIMATE NORMAL PERIOD 1981 TO 2010
CLIMATE RECORD PERIOD 1904 TO 2016


WEATHER ITEM   OBSERVED TIME   RECORD YEAR NORMAL DEPARTURE LAST
                VALUE   (LST)  VALUE       VALUE  FROM      YEAR
                                                  NORMAL
..................................................................
TEMPERATURE (F)
 YESTERDAY
  MAXIMUM         47    257 PM  66    1974  38      9       21
  MINIMUM         30   1159 PM  -3    1935  21      9       14
  AVERAGE         39                        29     10       18

PRECIPITATION (IN)
  YESTERDAY        T             1.67 1986   0.12  -0.12     0.90
  MONTH TO DATE    3.03                      3.37  -0.34     3.53
  SINCE DEC 1      7.83                      7.59   0.24     9.78
  SINCE JAN 1      3.03                      3.37  -0.34     3.53

SNOWFALL (IN)
  YESTERDAY        0.0          16.0  2015   0.3   -0.3     16.0
  MONTH TO DATE    7.3                       7.8   -0.5     25.1
  SINCE DEC 1      7.9                      16.5   -8.6     26.0
  SINCE JUL 1      7.9                      18.0  -10.1     27.6
  SNOW DEPTH       0

DEGREE DAYS
 HEATING
  YESTERDAY       26                        36    -10       47
  MONTH TO DATE  905                       968    -63     1017
  SINCE DEC 1   1488                      1920   -432     1852
  SINCE JUL 1   2369                      2995   -626     2888

 COOLING
  YESTERDAY        0                         0      0        0
  MONTH TO DATE    0                         0      0        0
  SINCE DEC 1      0                         0      0        0
  SINCE JAN 1      0                         0      0        0
..................................................................


WIND (MPH)
  RESULTANT WIND SPEED   8   RESULTANT WIND DIRECTION  NW (300)
  HIGHEST WIND SPEED    17   HIGHEST WIND DIRECTION    NW (310)
  HIGHEST GUST SPEED    26   HIGHEST GUST DIRECTION    NW (310)
  AVERAGE WIND SPEED     8.9


SKY COVER
  POSSIBLE SUNSHINE  MM
  AVERAGE SKY COVER 0.6


WEATHER CONDITIONS
 THE FOLLOWING WEATHER WAS RECORDED YESTERDAY.
  LIGHT RAIN


RELATIVE HUMIDITY (PERCENT)
 HIGHEST    70           400 AM
 LOWEST     37           300 PM
 AVERAGE    54

..........................................................


THE PROVIDENCE RI CLIMATE NORMALS FOR TODAY
                         NORMAL    RECORD    YEAR
 MAXIMUM TEMPERATURE (F)   38        63      1947
                                             1916
 MINIMUM TEMPERATURE (F)   21        -5      1935


SUNRISE AND SUNSET
JANUARY 28 2016.......SUNRISE   702 AM EST   SUNSET   455 PM EST
JANUARY 29 2016.......SUNRISE   701 AM EST   SUNSET   457 PM EST


-  INDICATES NEGATIVE NUMBERS.
R  INDICATES RECORD WAS SET OR TIED.
MM INDICATES DATA IS MISSING.
T  INDICATES TRACE AMOUNT.




$$
