000
CDUS41 KBOX 180553
CLIPVD


CLIMATE REPORT
NATIONAL WEATHER SERVICE TAUNTON MA
1250 AM EST WED FEB 18 2015


...................................

...THE PROVIDENCE RI CLIMATE SUMMARY FOR FEBRUARY 17 2015...

CLIMATE NORMAL PERIOD 1981 TO 2010
CLIMATE RECORD PERIOD 1904 TO 2015


WEATHER ITEM   OBSERVED TIME   RECORD YEAR NORMAL DEPARTURE LAST
                VALUE   (LST)  VALUE       VALUE  FROM      YEAR
                                                  NORMAL
..................................................................
TEMPERATURE (F)
 YESTERDAY
  MAXIMUM         22    742 PM  66    1981  41    -19       30
  MINIMUM         11   1008 AM  -5    1922  24    -13       13
  AVERAGE         17                        32    -15       22

PRECIPITATION (IN)
  YESTERDAY        0.08          1.85 1936   0.11  -0.03     0.00
  MONTH TO DATE    1.86                      1.91  -0.05     3.49
  SINCE DEC 1     11.73                      9.99   1.74    12.00
  SINCE JAN 1      5.48                      5.77  -0.29     7.18

SNOWFALL (IN)
  YESTERDAY        2.7          14.7  2003   0.3    2.4      0.0
  MONTH TO DATE   26.7                       5.3   21.4     16.0
  SINCE DEC 1     53.2                      23.0   30.2     38.0
  SINCE JUL 1     54.8                      24.5   30.3     38.1
  SNOW DEPTH      21

DEGREE DAYS
 HEATING
  YESTERDAY       48                        33     15       43
  MONTH TO DATE  787                       578    209      636
  SINCE DEC 1   2817                      2640    177     2789
  SINCE JUL 1   3853                      3715    138     3892

 COOLING
  YESTERDAY        0                         0      0        0
  MONTH TO DATE    0                         0      0        0
  SINCE DEC 1      0                         0      0        0
  SINCE JAN 1      0                         0      0        0
..................................................................


WIND (MPH)
  RESULTANT WIND SPEED   6   RESULTANT WIND DIRECTION   N (340)
  HIGHEST WIND SPEED    13   HIGHEST WIND DIRECTION     N (360)
  HIGHEST GUST SPEED    15   HIGHEST GUST DIRECTION     N (350)
  AVERAGE WIND SPEED     6.3


SKY COVER
  POSSIBLE SUNSHINE  MM
  AVERAGE SKY COVER 0.9


WEATHER CONDITIONS
 THE FOLLOWING WEATHER WAS RECORDED YESTERDAY.
  LIGHT SNOW
  FOG
  HAZE


RELATIVE HUMIDITY (PERCENT)
 HIGHEST    84           700 PM
 LOWEST     42          1200 AM
 AVERAGE    63

..........................................................


THE PROVIDENCE RI CLIMATE NORMALS FOR TODAY
                         NORMAL    RECORD    YEAR
 MAXIMUM TEMPERATURE (F)   41        72      1981
 MINIMUM TEMPERATURE (F)   24        -6      1979


SUNRISE AND SUNSET
FEBRUARY 18 2015......SUNRISE   637 AM EST   SUNSET   522 PM EST
FEBRUARY 19 2015......SUNRISE   636 AM EST   SUNSET   524 PM EST


-  INDICATES NEGATIVE NUMBERS.
R  INDICATES RECORD WAS SET OR TIED.
MM INDICATES DATA IS MISSING.
T  INDICATES TRACE AMOUNT.




$$
