000
CDUS41 KBOX 312140
CLIPVD


CLIMATE REPORT
NATIONAL WEATHER SERVICE TAUNTON MA
537 PM EDT WED MAY 31 2017


...................................

...THE PROVIDENCE RI CLIMATE SUMMARY FOR MAY 31 2017...
VALID TODAY AS OF 0500 PM LOCAL TIME.

CLIMATE NORMAL PERIOD 1981 TO 2010
CLIMATE RECORD PERIOD 1904 TO 2017


WEATHER ITEM   OBSERVED TIME   RECORD YEAR NORMAL DEPARTURE LAST
                VALUE   (LST)  VALUE       VALUE  FROM      YEAR
                                                  NORMAL
..................................................................
TEMPERATURE (F)
 TODAY
  MAXIMUM         67    153 PM  95    1944  73     -6       84
  MINIMUM         53    223 AM  37    1961  53      0       67
  AVERAGE         60                        63     -3       76

PRECIPITATION (IN)
  TODAY            0.07          5.15 1984   0.13  -0.06     0.00
  MONTH TO DATE    6.89                      3.55   3.34     3.18
  SINCE MAR 1     17.84                     12.92   4.92     9.77
  SINCE JAN 1     25.02                     20.07   4.95    18.12

SNOWFALL (IN)
  TODAY            0.0           0.0  2002   0.0    0.0      0.0
                                      2001
                                      2000
  MONTH TO DATE    0.0                       0.0    0.0      0.0
  SINCE MAR 1      7.7                       6.1    1.6      9.3
  SINCE JUL 1     45.9                      33.8   12.1     28.7
  SNOW DEPTH       0

DEGREE DAYS
 HEATING
  TODAY            5                         4      1        0
  MONTH TO DATE  247                       225     22      218
  SINCE MAR 1   1550                      1513     37     1374
  SINCE JUL 1   5108                      5575   -467     4745

 COOLING
  TODAY            0                         2     -2       11
  MONTH TO DATE   41                        24     17       51
  SINCE MAR 1     58                        26     32       51
  SINCE JAN 1     58                        26     32       51
..................................................................


WIND (MPH)
  HIGHEST WIND SPEED    13   HIGHEST WIND DIRECTION     S (170)
  HIGHEST GUST SPEED    17   HIGHEST GUST DIRECTION     S (170)
  AVERAGE WIND SPEED     5.7


SKY COVER
  POSSIBLE SUNSHINE  MM
  AVERAGE SKY COVER 1.0


WEATHER CONDITIONS
 THE FOLLOWING WEATHER WAS RECORDED TODAY.
  THUNDERSTORM
  LIGHT RAIN
  FOG
  FOG W/VISIBILITY <= 1/4 MILE


RELATIVE HUMIDITY (PERCENT)
 HIGHEST   100          1200 AM
 LOWEST     87           200 PM
 AVERAGE    94

..........................................................


THE PROVIDENCE RI CLIMATE NORMALS FOR TOMORROW
                         NORMAL    RECORD    YEAR
 MAXIMUM TEMPERATURE (F)   73        93      1937
 MINIMUM TEMPERATURE (F)   54        39      1945


SUNRISE AND SUNSET
MAY 31 2017...........SUNRISE   514 AM EDT   SUNSET   813 PM EDT
JUNE  1 2017..........SUNRISE   513 AM EDT   SUNSET   814 PM EDT


-  INDICATES NEGATIVE NUMBERS.
R  INDICATES RECORD WAS SET OR TIED.
MM INDICATES DATA IS MISSING.
T  INDICATES TRACE AMOUNT.




$$
