307
CDUS41 KBOX 172132
CLIPVD


CLIMATE REPORT
NATIONAL WEATHER SERVICE TAUNTON MA
532 PM EDT FRI MAR 17 2017


...................................

...THE PROVIDENCE RI CLIMATE SUMMARY FOR MARCH 17 2017...
VALID AS OF 0500 PM LOCAL TIME.

CLIMATE NORMAL PERIOD 1981 TO 2010
CLIMATE RECORD PERIOD 1904 TO 2017


WEATHER ITEM   OBSERVED TIME   RECORD YEAR NORMAL DEPARTURE LAST
                VALUE   (LST)  VALUE       VALUE  FROM      YEAR
                                                  NORMAL
..................................................................
TEMPERATURE (F)
 TODAY
  MAXIMUM         44    342 PM  68    2003  48     -4       65
  MINIMUM         25    624 AM   7    1916  30     -5       41
  AVERAGE         35                        39     -4       53

PRECIPITATION (IN)
  TODAY            0.00          2.78 1968   0.17  -0.17     0.04
  MONTH TO DATE    2.22                      2.57  -0.35     2.07
  SINCE MAR 1      2.22                      2.57  -0.35     2.07
  SINCE JAN 1      9.40                      9.72  -0.32    10.42

SNOWFALL (IN)
  TODAY            0.0           3.3  1982   0.1   -0.1      0.0
  MONTH TO DATE    7.7                       3.8    3.9       T
  SINCE MAR 1      7.7                       3.8    3.9       T
  SINCE JUL 1     45.9                      31.5   14.4     19.4
  SNOW DEPTH       0

DEGREE DAYS
 HEATING
  TODAY           30                        26      4       12
  MONTH TO DATE  555                       480     75      353
  SINCE MAR 1    555                       480     75      353
  SINCE JUL 1   4113                      4542   -429     3724

 COOLING
  TODAY            0                         0      0        0
  MONTH TO DATE    0                         0      0        0
  SINCE MAR 1      0                         0      0        0
  SINCE JAN 1      0                         0      0        0
..................................................................


WIND (MPH)
  HIGHEST WIND SPEED    17   HIGHEST WIND DIRECTION    NW (320)
  HIGHEST GUST SPEED    23   HIGHEST GUST DIRECTION    NW (330)
  AVERAGE WIND SPEED     9.7


SKY COVER
  POSSIBLE SUNSHINE  MM
  AVERAGE SKY COVER 0.4


WEATHER CONDITIONS
 THE FOLLOWING WEATHER WAS RECORDED TODAY.
  NO SIGNIFICANT WEATHER WAS OBSERVED.


RELATIVE HUMIDITY (PERCENT)
 HIGHEST    60           600 AM
 LOWEST     24           400 PM
 AVERAGE    42

..........................................................


THE PROVIDENCE RI CLIMATE NORMALS FOR TOMORROW
                         NORMAL    RECORD    YEAR
 MAXIMUM TEMPERATURE (F)   48        73      2011
 MINIMUM TEMPERATURE (F)   30         3      1967


SUNRISE AND SUNSET
MARCH 17 2017.........SUNRISE   654 AM EDT   SUNSET   655 PM EDT
MARCH 18 2017.........SUNRISE   652 AM EDT   SUNSET   656 PM EDT


-  INDICATES NEGATIVE NUMBERS.
R  INDICATES RECORD WAS SET OR TIED.
MM INDICATES DATA IS MISSING.
T  INDICATES TRACE AMOUNT.




$$
