000
CDUS41 KBOX 090541
CLIPVD


CLIMATE REPORT
NATIONAL WEATHER SERVICE TAUNTON MA
1241 AM EST TUE DEC 9 2014


...................................

...THE PROVIDENCE RI CLIMATE SUMMARY FOR DECEMBER 8 2014...

CLIMATE NORMAL PERIOD 1981 TO 2010
CLIMATE RECORD PERIOD 1904 TO 2014


WEATHER ITEM   OBSERVED TIME   RECORD YEAR NORMAL DEPARTURE LAST
                VALUE   (LST)  VALUE       VALUE  FROM      YEAR
                                                  NORMAL
..................................................................
TEMPERATURE (F)
 YESTERDAY
  MAXIMUM         28    819 PM  64    1966  45    -17       32
  MINIMUM         21    710 AM   0    1906  29     -8       23
  AVERAGE         25                        37    -12       28

PRECIPITATION (IN)
  YESTERDAY        T             1.40 1969   0.15  -0.15      T
  MONTH TO DATE    1.56                      1.22   0.34     1.28
  SINCE DEC 1      1.56                      1.22   0.34     1.28
  SINCE JAN 1     42.50                     44.18  -1.68    41.92

SNOWFALL (IN)
  YESTERDAY        T             3.2  2000   0.2   -0.2       T
  MONTH TO DATE    T                         1.7   -1.7       T
  SINCE DEC 1      T                         1.7   -1.7       T
  SINCE JUL 1      1.6                       3.2   -1.6      0.1
  SNOW DEPTH       0

DEGREE DAYS
 HEATING
  YESTERDAY       40                        28     12       37
  MONTH TO DATE  211                       215     -4      202
  SINCE DEC 1    211                       215     -4      202
  SINCE JUL 1   1247                      1290    -43     1305

 COOLING
  YESTERDAY        0                         0      0        0
  MONTH TO DATE    0                         0      0        0
  SINCE DEC 1      0                         0      0        0
  SINCE JAN 1    709                       744    -35      892
..................................................................


WIND (MPH)
  RESULTANT WIND SPEED  14   RESULTANT WIND DIRECTION   N (0)
  HIGHEST WIND SPEED    21   HIGHEST WIND DIRECTION     N (360)
  HIGHEST GUST SPEED    27   HIGHEST GUST DIRECTION     N (360)
  AVERAGE WIND SPEED    13.5


SKY COVER
  POSSIBLE SUNSHINE  MM
  AVERAGE SKY COVER 1.0


WEATHER CONDITIONS
 THE FOLLOWING WEATHER WAS RECORDED YESTERDAY.
  LIGHT SNOW
  FOG


RELATIVE HUMIDITY (PERCENT)
 HIGHEST    92          1100 PM
 LOWEST     45          1200 AM
 AVERAGE    69

..........................................................


THE PROVIDENCE RI CLIMATE NORMALS FOR TODAY
                         NORMAL    RECORD    YEAR
 MAXIMUM TEMPERATURE (F)   44        66      1991
 MINIMUM TEMPERATURE (F)   29         5      1934


SUNRISE AND SUNSET
DECEMBER  9 2014......SUNRISE   701 AM EST   SUNSET   415 PM EST
DECEMBER 10 2014......SUNRISE   702 AM EST   SUNSET   415 PM EST


-  INDICATES NEGATIVE NUMBERS.
R  INDICATES RECORD WAS SET OR TIED.
MM INDICATES DATA IS MISSING.
T  INDICATES TRACE AMOUNT.




$$
