000
CDUS41 KBOX 200559
CLIPVD


CLIMATE REPORT
NATIONAL WEATHER SERVICE TAUNTON MA
1258 AM EST THU NOV 20 2014


...................................

...THE PROVIDENCE RI CLIMATE SUMMARY FOR NOVEMBER 19 2014...

CLIMATE NORMAL PERIOD 1981 TO 2010
CLIMATE RECORD PERIOD 1904 TO 2014


WEATHER ITEM   OBSERVED TIME   RECORD YEAR NORMAL DEPARTURE LAST
                VALUE   (LST)  VALUE       VALUE  FROM      YEAR
                                                  NORMAL
..................................................................
TEMPERATURE (F)
 YESTERDAY
  MAXIMUM         36    201 PM  72    1941  52    -16       50
  MINIMUM         21    651 AM  14    1936  35    -14       32
  AVERAGE         29                        44    -15       41

PRECIPITATION (IN)
  YESTERDAY        0.00          1.67 1926   0.16  -0.16     0.00
  MONTH TO DATE    2.55                      2.77  -0.22     1.11
  SINCE SEP 1      6.59                     10.62  -4.03     6.31
  SINCE JAN 1     38.04                     41.22  -3.18    37.12

SNOWFALL (IN)
  YESTERDAY        0.0           4.2  1986   0.1   -0.1      0.0
  MONTH TO DATE    1.0                       0.5    0.5      0.1
  SINCE SEP 1      1.0                       0.5    0.5      0.1
  SINCE JUL 1      1.0                       0.5    0.5      0.1
  SNOW DEPTH       0

DEGREE DAYS
 HEATING
  YESTERDAY       36                        22     14       24
  MONTH TO DATE  407                       358     49      362
  SINCE SEP 1    759                       807    -48      775
  SINCE JUL 1    759                       816    -57      775

 COOLING
  YESTERDAY        0                         0      0        0
  MONTH TO DATE    0                         0      0        0
  SINCE SEP 1    127                        88     39       70
  SINCE JAN 1    709                       744    -35      892
..................................................................


WIND (MPH)
  RESULTANT WIND SPEED  11   RESULTANT WIND DIRECTION   W (260)
  HIGHEST WIND SPEED    22   HIGHEST WIND DIRECTION     W (260)
  HIGHEST GUST SPEED    31   HIGHEST GUST DIRECTION     W (260)
  AVERAGE WIND SPEED    11.5


SKY COVER
  POSSIBLE SUNSHINE  MM
  AVERAGE SKY COVER 0.2


WEATHER CONDITIONS
 THE FOLLOWING WEATHER WAS RECORDED YESTERDAY.
  NO SIGNIFICANT WEATHER WAS OBSERVED.


RELATIVE HUMIDITY (PERCENT)
 HIGHEST    53           600 PM
 LOWEST     29           300 PM
 AVERAGE    41

..........................................................


THE PROVIDENCE RI CLIMATE NORMALS FOR TODAY
                         NORMAL    RECORD    YEAR
 MAXIMUM TEMPERATURE (F)   52        72      1991
 MINIMUM TEMPERATURE (F)   35        17      1986


SUNRISE AND SUNSET
NOVEMBER 20 2014......SUNRISE   641 AM EST   SUNSET   421 PM EST
NOVEMBER 21 2014......SUNRISE   642 AM EST   SUNSET   421 PM EST


-  INDICATES NEGATIVE NUMBERS.
R  INDICATES RECORD WAS SET OR TIED.
MM INDICATES DATA IS MISSING.
T  INDICATES TRACE AMOUNT.




$$
