000
CDUS41 KBOX 130914
CLIPVD


CLIMATE REPORT
NATIONAL WEATHER SERVICE TAUNTON MA
513 AM EDT MON OCT 13 2014


...................................

...THE PROVIDENCE RI CLIMATE SUMMARY FOR OCTOBER 12 2014...

CLIMATE NORMAL PERIOD 1981 TO 2010
CLIMATE RECORD PERIOD 1904 TO 2014


WEATHER ITEM   OBSERVED TIME   RECORD YEAR NORMAL DEPARTURE LAST
                VALUE   (LST)  VALUE       VALUE  FROM      YEAR
                                                  NORMAL
..................................................................
TEMPERATURE (F)
 YESTERDAY
  MAXIMUM         63    353 PM  87    1928  65     -2       69
  MINIMUM         39    544 AM  27    1956  45     -6       52
  AVERAGE         51                        55     -4       61

PRECIPITATION (IN)
  YESTERDAY        0.00          1.17 1983   0.12  -0.12     0.00
  MONTH TO DATE    1.30                      1.51  -0.21     0.47
  SINCE SEP 1      2.04                      5.43  -3.39     5.06
  SINCE JAN 1     33.49                     36.03  -2.54    35.87

SNOWFALL (IN)
  YESTERDAY        0.0           0.0  2013   0.0    0.0      0.0
  MONTH TO DATE    0.0                       0.0    0.0      0.0
  SINCE SEP 1      0.0                       0.0    0.0      0.0
  SINCE JUL 1      0.0                       0.0    0.0      0.0
  SNOW DEPTH       0

DEGREE DAYS
 HEATING
  YESTERDAY       14                        11      3        4
  MONTH TO DATE  106                       106      0       42
  SINCE SEP 1    180                       194    -14      145
  SINCE JUL 1    180                       203    -23      145

 COOLING
  YESTERDAY        0                         0      0        0
  MONTH TO DATE    0                         6     -6        7
  SINCE SEP 1    115                        86     29       70
  SINCE JAN 1    697                       742    -45      892
..................................................................


WIND (MPH)
  RESULTANT WIND SPEED   2   RESULTANT WIND DIRECTION   N (360)
  HIGHEST WIND SPEED    16   HIGHEST WIND DIRECTION    NE (40)
  HIGHEST GUST SPEED    21   HIGHEST GUST DIRECTION     N (350)
  AVERAGE WIND SPEED     4.7


SKY COVER
  POSSIBLE SUNSHINE  MM
  AVERAGE SKY COVER 0.1


WEATHER CONDITIONS
 THE FOLLOWING WEATHER WAS RECORDED YESTERDAY.
  NO SIGNIFICANT WEATHER WAS OBSERVED.


RELATIVE HUMIDITY (PERCENT)
 HIGHEST    96          1200 AM
 LOWEST     39          1200 PM
 AVERAGE    68

..........................................................


THE PROVIDENCE RI CLIMATE NORMALS FOR TODAY
                         NORMAL    RECORD    YEAR
 MAXIMUM TEMPERATURE (F)   64        85      1954
 MINIMUM TEMPERATURE (F)   45        22      1981


SUNRISE AND SUNSET
OCTOBER 13 2014.......SUNRISE   656 AM EDT   SUNSET   608 PM EDT
OCTOBER 14 2014.......SUNRISE   657 AM EDT   SUNSET   606 PM EDT


-  INDICATES NEGATIVE NUMBERS.
R  INDICATES RECORD WAS SET OR TIED.
MM INDICATES DATA IS MISSING.
T  INDICATES TRACE AMOUNT.




$$
