000
CDUS41 KBOX 200551
CLIPVD


CLIMATE REPORT
NATIONAL WEATHER SERVICE TAUNTON MA
151 AM EDT FRI MAY 20 2016


...................................

...THE PROVIDENCE RI CLIMATE SUMMARY FOR MAY 19 2016...

CLIMATE NORMAL PERIOD 1981 TO 2010
CLIMATE RECORD PERIOD 1904 TO 2016


WEATHER ITEM   OBSERVED TIME   RECORD YEAR NORMAL DEPARTURE LAST
                VALUE   (LST)  VALUE       VALUE  FROM      YEAR
                                                  NORMAL
..................................................................
TEMPERATURE (F)
 YESTERDAY
  MAXIMUM         68   1017 AM  89    1906  69     -1       64
  MINIMUM         52    505 AM  35    2002  49      3       51
  AVERAGE         60                        59      1       58

PRECIPITATION (IN)
  YESTERDAY        0.01          1.15 1966   0.11  -0.10     0.26
  MONTH TO DATE    1.49                      2.07  -0.58     0.48
  SINCE MAR 1      8.08                     11.44  -3.36     7.39
  SINCE JAN 1     16.43                     18.59  -2.16    13.74

SNOWFALL (IN)
  YESTERDAY        0.0           0.0  2001   0.0    0.0      0.0
                                      2000
  MONTH TO DATE    0.0                       0.0    0.0      0.0
  SINCE MAR 1      9.3                       6.1    3.2     16.3
  SINCE JUL 1     28.7                      33.8   -5.1     76.2
  SNOW DEPTH       0

DEGREE DAYS
 HEATING
  YESTERDAY        5                         6     -1        7
  MONTH TO DATE  200                       166     34       96
  SINCE MAR 1   1356                      1454    -98     1560
  SINCE JUL 1   4727                      5516   -789     5922

 COOLING
  YESTERDAY        0                         1     -1        0
  MONTH TO DATE    1                         6     -5       29
  SINCE MAR 1      1                         8     -7       29
  SINCE JAN 1      1                         8     -7       29
..................................................................


WIND (MPH)
  RESULTANT WIND SPEED   5   RESULTANT WIND DIRECTION  SE (150)
  HIGHEST WIND SPEED    18   HIGHEST WIND DIRECTION     S (160)
  HIGHEST GUST SPEED    22   HIGHEST GUST DIRECTION    SE (150)
  AVERAGE WIND SPEED     6.5


SKY COVER
  POSSIBLE SUNSHINE  MM
  AVERAGE SKY COVER 0.7


WEATHER CONDITIONS
 THE FOLLOWING WEATHER WAS RECORDED YESTERDAY.
  LIGHT RAIN


RELATIVE HUMIDITY (PERCENT)
 HIGHEST    83           500 AM
 LOWEST     34          1100 AM
 AVERAGE    59

..........................................................


THE PROVIDENCE RI CLIMATE NORMALS FOR TODAY
                         NORMAL    RECORD    YEAR
 MAXIMUM TEMPERATURE (F)   70        95      1996
 MINIMUM TEMPERATURE (F)   50        40      2002
                                             1992
                                             1950


SUNRISE AND SUNSET
MAY 20 2016...........SUNRISE   521 AM EDT   SUNSET   804 PM EDT
MAY 21 2016...........SUNRISE   520 AM EDT   SUNSET   805 PM EDT


-  INDICATES NEGATIVE NUMBERS.
R  INDICATES RECORD WAS SET OR TIED.
MM INDICATES DATA IS MISSING.
T  INDICATES TRACE AMOUNT.




$$
