000
CDUS41 KBOX 100610
CLIPVD


CLIMATE REPORT
NATIONAL WEATHER SERVICE TAUNTON MA
1258 AM EST SAT FEB 10 2018


...................................

...THE PROVIDENCE RI CLIMATE SUMMARY FOR FEBRUARY 9 2018...

CLIMATE NORMAL PERIOD 1981 TO 2010
CLIMATE RECORD PERIOD 1904 TO 2018


WEATHER ITEM   OBSERVED TIME   RECORD YEAR NORMAL DEPARTURE LAST
                VALUE   (LST)  VALUE       VALUE  FROM      YEAR
                                                  NORMAL
..................................................................
TEMPERATURE (F)
 YESTERDAY
  MAXIMUM         33    240 PM  60    1937  39     -6       38
  MINIMUM         19    707 AM -17    1934  23     -4       14
  AVERAGE         26                        31     -5       26

PRECIPITATION (IN)
  YESTERDAY        T             1.50 1969   0.11  -0.11     1.04
  MONTH TO DATE    1.76                      1.02   0.74     1.23
  SINCE DEC 1     10.82                      9.10   1.72     9.33
  SINCE JAN 1      8.25                      4.88   3.37     6.19

SNOWFALL (IN)
  YESTERDAY        T            11.9  2017   0.3   -0.3     11.9
  MONTH TO DATE    0.5                       2.8   -2.3     12.0
  SINCE DEC 1     28.7                      20.5    8.2     33.4
  SINCE JUL 1     28.7                      22.0    6.7     33.4
  SNOW DEPTH       0

DEGREE DAYS
 HEATING
  YESTERDAY       39                        34      5       39
  MONTH TO DATE  310                       311     -1      292
  SINCE DEC 1   2455                      2373     82     2149
  SINCE JUL 1   3269                      3448   -179     3036

 COOLING
  YESTERDAY        0                         0      0        0
  MONTH TO DATE    0                         0      0        0
  SINCE DEC 1      0                         0      0        0
  SINCE JAN 1      0                         0      0        0
..................................................................


WIND (MPH)
  RESULTANT WIND SPEED   5   RESULTANT WIND DIRECTION  SW (240)
  HIGHEST WIND SPEED    16   HIGHEST WIND DIRECTION    SW (220)
  HIGHEST GUST SPEED    20   HIGHEST GUST DIRECTION    SW (220)
  AVERAGE WIND SPEED     6.9


SKY COVER
  POSSIBLE SUNSHINE  MM
  AVERAGE SKY COVER 0.6


WEATHER CONDITIONS
 THE FOLLOWING WEATHER WAS RECORDED YESTERDAY.
  LIGHT SNOW
  FOG


RELATIVE HUMIDITY (PERCENT)
 HIGHEST    92          1100 PM
 LOWEST     41           200 PM
 AVERAGE    67

..........................................................


THE PROVIDENCE RI CLIMATE NORMALS FOR TODAY
                         NORMAL    RECORD    YEAR
 MAXIMUM TEMPERATURE (F)   39        58      1909
 MINIMUM TEMPERATURE (F)   23        -3      1979


SUNRISE AND SUNSET
FEBRUARY 10 2018......SUNRISE   648 AM EST   SUNSET   513 PM EST
FEBRUARY 11 2018......SUNRISE   646 AM EST   SUNSET   514 PM EST


-  INDICATES NEGATIVE NUMBERS.
R  INDICATES RECORD WAS SET OR TIED.
MM INDICATES DATA IS MISSING.
T  INDICATES TRACE AMOUNT.




$$
