000
CDUS41 KBOX 170628
CLIPVD


CLIMATE REPORT
NATIONAL WEATHER SERVICE TAUNTON MA
227 AM EDT FRI JUL 17 2015


...................................

...THE PROVIDENCE RI CLIMATE SUMMARY FOR JULY 16 2015...

CLIMATE NORMAL PERIOD 1981 TO 2010
CLIMATE RECORD PERIOD 1904 TO 2015


WEATHER ITEM   OBSERVED TIME   RECORD YEAR NORMAL DEPARTURE LAST
                VALUE   (LST)  VALUE       VALUE  FROM      YEAR
                                                  NORMAL
..................................................................
TEMPERATURE (F)
 YESTERDAY
  MAXIMUM         76    506 PM  97    1983  83     -7       76
  MINIMUM         59   1144 PM  52    1954  65     -6       70
  AVERAGE         68                        74     -6       73

PRECIPITATION (IN)
  YESTERDAY        0.00          0.85 1910   0.10  -0.10     0.45
  MONTH TO DATE    1.74                      1.57   0.17     3.32
  SINCE JUN 1      7.09                      5.21   1.88     5.68
  SINCE JAN 1     24.04                     25.28  -1.24    28.48

SNOWFALL (IN)
  YESTERDAY        0.0           0.0  2002   0.0    0.0      0.0
                                      2001
                                      2000
  MONTH TO DATE    0.0                       0.0    0.0      0.0
  SINCE JUN 1      0.0                       0.0    0.0      0.0
  SINCE JUL 1      0.0                       0.0    0.0      0.0
  SNOW DEPTH       0

DEGREE DAYS
 HEATING
  YESTERDAY        0                         0      0        0
  MONTH TO DATE    0                         0      0        0
  SINCE JUN 1     72                        43     29       13
  SINCE JUL 1      0                         0      0        0

 COOLING
  YESTERDAY        3                         9     -6        8
  MONTH TO DATE  137                       132      5      174
  SINCE JUN 1    255                       264     -9      277
  SINCE JAN 1    319                       290     29      288
..................................................................


WIND (MPH)
  RESULTANT WIND SPEED   5   RESULTANT WIND DIRECTION   N (20)
  HIGHEST WIND SPEED    18   HIGHEST WIND DIRECTION     N (10)
  HIGHEST GUST SPEED    26   HIGHEST GUST DIRECTION    NE (40)
  AVERAGE WIND SPEED     9.4


SKY COVER
  POSSIBLE SUNSHINE  MM
  AVERAGE SKY COVER 0.4


WEATHER CONDITIONS
 THE FOLLOWING WEATHER WAS RECORDED YESTERDAY.
  NO SIGNIFICANT WEATHER WAS OBSERVED.


RELATIVE HUMIDITY (PERCENT)
 HIGHEST    87          1200 AM
 LOWEST     46           200 PM
 AVERAGE    67

..........................................................


THE PROVIDENCE RI CLIMATE NORMALS FOR TODAY
                         NORMAL    RECORD    YEAR
 MAXIMUM TEMPERATURE (F)   83        97      1999
                                             1977
 MINIMUM TEMPERATURE (F)   65        49      1954


SUNRISE AND SUNSET
JULY 17 2015..........SUNRISE   526 AM EDT   SUNSET   818 PM EDT
JULY 18 2015..........SUNRISE   527 AM EDT   SUNSET   817 PM EDT


-  INDICATES NEGATIVE NUMBERS.
R  INDICATES RECORD WAS SET OR TIED.
MM INDICATES DATA IS MISSING.
T  INDICATES TRACE AMOUNT.




$$
