000
CDUS41 KBOX 270539
CLIPVD


CLIMATE REPORT
NATIONAL WEATHER SERVICE TAUNTON MA
1239 AM EST MON NOV 27 2017


...................................

...THE PROVIDENCE RI CLIMATE SUMMARY FOR NOVEMBER 26 2017...

CLIMATE NORMAL PERIOD 1981 TO 2010
CLIMATE RECORD PERIOD 1904 TO 2017


WEATHER ITEM   OBSERVED TIME   RECORD YEAR NORMAL DEPARTURE LAST
                VALUE   (LST)  VALUE       VALUE  FROM      YEAR
                                                  NORMAL
..................................................................
TEMPERATURE (F)
 YESTERDAY
  MAXIMUM         50   1245 AM  67    2001  49      1       52
  MINIMUM         34   1159 PM  10    1938  33      1       37
  AVERAGE         42                        41      1       45

PRECIPITATION (IN)
  YESTERDAY        0.00          1.91 2000   0.15  -0.15     0.00
  MONTH TO DATE    2.94                      3.87  -0.93     1.52
  SINCE SEP 1     12.23                     11.72   0.51     9.09
  SINCE JAN 1     46.43                     42.32   4.11    34.92

SNOWFALL (IN)
  YESTERDAY        0.0           1.8  1985   0.1   -0.1      0.0
  MONTH TO DATE    0.0                       1.1   -1.1       T
  SINCE SEP 1      0.0                       1.1   -1.1       T
  SINCE JUL 1      0.0                       1.1   -1.1       T
  SNOW DEPTH       0

DEGREE DAYS
 HEATING
  YESTERDAY       23                        24     -1       20
  MONTH TO DATE  527                       519      8      469
  SINCE SEP 1    709                       968   -259      807
  SINCE JUL 1    717                       977   -260      807

 COOLING
  YESTERDAY        0                         0      0        0
  MONTH TO DATE    0                         0      0        0
  SINCE SEP 1    176                        88     88      166
  SINCE JAN 1    880                       744    136     1049
..................................................................


WIND (MPH)
  RESULTANT WIND SPEED  11   RESULTANT WIND DIRECTION   W (290)
  HIGHEST WIND SPEED    26   HIGHEST WIND DIRECTION     W (280)
  HIGHEST GUST SPEED    36   HIGHEST GUST DIRECTION    NW (320)
  AVERAGE WIND SPEED    11.6


SKY COVER
  POSSIBLE SUNSHINE  MM
  AVERAGE SKY COVER 0.7


WEATHER CONDITIONS
 THE FOLLOWING WEATHER WAS RECORDED YESTERDAY.
  NO SIGNIFICANT WEATHER WAS OBSERVED.


RELATIVE HUMIDITY (PERCENT)
 HIGHEST    80           100 AM
 LOWEST     38           100 PM
 AVERAGE    59

..........................................................


THE PROVIDENCE RI CLIMATE NORMALS FOR TODAY
                         NORMAL    RECORD    YEAR
 MAXIMUM TEMPERATURE (F)   49        66      1946
 MINIMUM TEMPERATURE (F)   33         9      1932


SUNRISE AND SUNSET
NOVEMBER 27 2017......SUNRISE   649 AM EST   SUNSET   417 PM EST
NOVEMBER 28 2017......SUNRISE   650 AM EST   SUNSET   417 PM EST


-  INDICATES NEGATIVE NUMBERS.
R  INDICATES RECORD WAS SET OR TIED.
MM INDICATES DATA IS MISSING.
T  INDICATES TRACE AMOUNT.




$$
