000
CDUS41 KBOX 281235
CLIPVD


CLIMATE REPORT
NATIONAL WEATHER SERVICE TAUNTON MA
835 AM EDT THU MAY 28 2015


...................................

...THE PROVIDENCE RI CLIMATE SUMMARY FOR MAY 27 2015...

CLIMATE NORMAL PERIOD 1981 TO 2010
CLIMATE RECORD PERIOD 1904 TO 2015


WEATHER ITEM   OBSERVED TIME   RECORD YEAR NORMAL DEPARTURE LAST
                VALUE   (LST)  VALUE       VALUE  FROM      YEAR
                                                  NORMAL
..................................................................
TEMPERATURE (F)
 YESTERDAY
  MAXIMUM         80    110 PM  90    1981  72      8       83
                                      1914
  MINIMUM         62    410 AM  35    1972  52     10       51
  AVERAGE         71                        62      9       67

PRECIPITATION (IN)
  YESTERDAY        0.00          1.38 1961   0.12  -0.12      T
  MONTH TO DATE    0.51                      3.05  -2.54     2.09
  SINCE MAR 1      7.42                     12.42  -5.00    14.24
  SINCE JAN 1     13.77                     19.57  -5.80    22.64

SNOWFALL (IN)
  YESTERDAY        0.0           0.0  2002   0.0    0.0      0.0
                                      2001
                                      2000
  MONTH TO DATE    0.0                       0.0    0.0      0.0
  SINCE MAR 1     16.3                       6.1   10.2      1.5
  SINCE JUL 1     76.2                      33.8   42.4     43.6
  SNOW DEPTH       0

DEGREE DAYS
 HEATING
  YESTERDAY        0                         5     -5        0
  MONTH TO DATE  122                       209    -87      143
  SINCE MAR 1   1586                      1497     89     1583
  SINCE JUL 1   5948                      5559    389     5855

 COOLING
  YESTERDAY        6                         1      5        2
  MONTH TO DATE   44                        14     30       11
  SINCE MAR 1     44                        16     28       11
  SINCE JAN 1     44                        16     28       11
..................................................................


WIND (MPH)
  RESULTANT WIND SPEED  11   RESULTANT WIND DIRECTION   S (190)
  HIGHEST WIND SPEED    25   HIGHEST WIND DIRECTION    SW (220)
  HIGHEST GUST SPEED    32   HIGHEST GUST DIRECTION    SW (230)
  AVERAGE WIND SPEED    11.9


SKY COVER
  POSSIBLE SUNSHINE  MM
  AVERAGE SKY COVER 0.5


WEATHER CONDITIONS
 THE FOLLOWING WEATHER WAS RECORDED YESTERDAY.
  NO SIGNIFICANT WEATHER WAS OBSERVED.


RELATIVE HUMIDITY (PERCENT)
 HIGHEST    90           100 AM
 LOWEST     58          1200 PM
 AVERAGE    74

..........................................................


THE PROVIDENCE RI CLIMATE NORMALS FOR TODAY
                         NORMAL    RECORD    YEAR
 MAXIMUM TEMPERATURE (F)   72        91      1931
 MINIMUM TEMPERATURE (F)   52        40      1994


SUNRISE AND SUNSET
MAY 28 2015...........SUNRISE   516 AM EDT   SUNSET   811 PM EDT
MAY 29 2015...........SUNRISE   515 AM EDT   SUNSET   811 PM EDT


-  INDICATES NEGATIVE NUMBERS.
R  INDICATES RECORD WAS SET OR TIED.
MM INDICATES DATA IS MISSING.
T  INDICATES TRACE AMOUNT.




$$
