000
CDUS41 KBOX 292138
CLIPVD


CLIMATE REPORT
NATIONAL WEATHER SERVICE TAUNTON MA
535 PM EDT FRI SEP 29 2017


...................................

...THE PROVIDENCE RI CLIMATE SUMMARY FOR SEPTEMBER 29 2017...
VALID AS OF 0500 PM LOCAL TIME.

CLIMATE NORMAL PERIOD 1981 TO 2010
CLIMATE RECORD PERIOD 1904 TO 2017


WEATHER ITEM   OBSERVED TIME   RECORD YEAR NORMAL DEPARTURE LAST
                VALUE   (LST)  VALUE       VALUE  FROM      YEAR
                                                  NORMAL
..................................................................
TEMPERATURE (F)
 TODAY
  MAXIMUM         69    212 PM  87    1945  69      0       62
  MINIMUM         50    538 AM  33    1914  50      0       55
  AVERAGE         60                        60      0       59

PRECIPITATION (IN)
  TODAY            0.00          2.43 1967   0.13  -0.13     0.00
  MONTH TO DATE    2.14                      3.78  -1.64     2.20
  SINCE SEP 1      2.14                      3.78  -1.64     2.20
  SINCE JAN 1     36.34                     34.38   1.96    28.03

SNOWFALL (IN)
  TODAY            0.0           0.0  2002   0.0    0.0      0.0
                                      2001
                                      2000
  MONTH TO DATE    0.0                       0.0    0.0      0.0
  SINCE SEP 1      0.0                       0.0    0.0      0.0
  SINCE JUL 1      0.0                       0.0    0.0      0.0
  SNOW DEPTH       0

DEGREE DAYS
 HEATING
  TODAY            5                         6     -1        6
  MONTH TO DATE   23                        82    -59       37
  SINCE SEP 1     23                        82    -59       37
  SINCE JUL 1     31                        91    -60       37

 COOLING
  TODAY            0                         1     -1        0
  MONTH TO DATE  134                        79     55      151
  SINCE SEP 1    134                        79     55      151
  SINCE JAN 1    838                       735    103     1034
..................................................................


WIND (MPH)
  HIGHEST WIND SPEED    15   HIGHEST WIND DIRECTION     S (160)
  HIGHEST GUST SPEED    19   HIGHEST GUST DIRECTION     N (10)
  AVERAGE WIND SPEED     8.1


SKY COVER
  POSSIBLE SUNSHINE  MM
  AVERAGE SKY COVER 0.1


WEATHER CONDITIONS
 THE FOLLOWING WEATHER WAS RECORDED TODAY.
  NO SIGNIFICANT WEATHER WAS OBSERVED.


RELATIVE HUMIDITY (PERCENT)
 HIGHEST    68           600 AM
 LOWEST     37           200 PM
 AVERAGE    53

..........................................................


THE PROVIDENCE RI CLIMATE NORMALS FOR TOMORROW
                         NORMAL    RECORD    YEAR
 MAXIMUM TEMPERATURE (F)   69        85      1986
 MINIMUM TEMPERATURE (F)   50        32      1951


SUNRISE AND SUNSET
SEPTEMBER 29 2017.....SUNRISE   641 AM EDT   SUNSET   630 PM EDT
SEPTEMBER 30 2017.....SUNRISE   642 AM EDT   SUNSET   629 PM EDT


-  INDICATES NEGATIVE NUMBERS.
R  INDICATES RECORD WAS SET OR TIED.
MM INDICATES DATA IS MISSING.
T  INDICATES TRACE AMOUNT.




$$
