000
CDUS41 KBOX 290546
CLIPVD


CLIMATE REPORT
NATIONAL WEATHER SERVICE TAUNTON MA
135 AM EDT SAT MAR 29 2014


...................................

...THE PROVIDENCE RI CLIMATE SUMMARY FOR MARCH 28 2014...

CLIMATE NORMAL PERIOD 1981 TO 2010
CLIMATE RECORD PERIOD 1904 TO 2014


WEATHER ITEM   OBSERVED TIME   RECORD YEAR NORMAL DEPARTURE LAST
                VALUE   (LST)  VALUE       VALUE  FROM      YEAR
                                                  NORMAL
..................................................................
TEMPERATURE (F)
 YESTERDAY
  MAXIMUM         57   1222 PM  83    1998  52      5       50
  MINIMUM         33    429 AM   9    1923  34     -1       37
  AVERAGE         45                        43      2       44

PRECIPITATION (IN)
  YESTERDAY        0.06          3.40 2005   0.17  -0.11      T
  MONTH TO DATE    1.39                      4.50  -3.11     2.63
  SINCE MAR 1      1.39                      4.50  -3.11     2.63
  SINCE JAN 1      9.79                     11.65  -1.86     9.59

SNOWFALL (IN)
  YESTERDAY        0.0           1.4  1940   0.1   -0.1      0.0
  MONTH TO DATE    1.2                       5.3   -4.1      4.9
  SINCE MAR 1      1.2                       5.3   -4.1      4.9
  SINCE JUL 1     43.3                      33.0   10.3     46.3
  SNOW DEPTH       0

DEGREE DAYS
 HEATING
  YESTERDAY       20                        22     -2       21
  MONTH TO DATE  884                       744    140      761
  SINCE MAR 1    884                       744    140      761
  SINCE JUL 1   5156                      4806    350     4582

 COOLING
  YESTERDAY        0                         0      0        0
  MONTH TO DATE    0                         0      0        0
  SINCE MAR 1      0                         0      0        0
  SINCE JAN 1      0                         0      0        0
..................................................................


WIND (MPH)
  RESULTANT WIND SPEED  11   RESULTANT WIND DIRECTION  SW (210)
  HIGHEST WIND SPEED    30   HIGHEST WIND DIRECTION    SW (220)
  HIGHEST GUST SPEED    40   HIGHEST GUST DIRECTION    SW (220)
  AVERAGE WIND SPEED    11.6


SKY COVER
  POSSIBLE SUNSHINE  MM
  AVERAGE SKY COVER 0.7


WEATHER CONDITIONS
 THE FOLLOWING WEATHER WAS RECORDED YESTERDAY.
  LIGHT RAIN
  FOG


RELATIVE HUMIDITY (PERCENT)
 HIGHEST    86           600 PM
 LOWEST     59           100 AM
 AVERAGE    73

..........................................................


THE PROVIDENCE RI CLIMATE NORMALS FOR TODAY
                         NORMAL    RECORD    YEAR
 MAXIMUM TEMPERATURE (F)   52        90      1945
 MINIMUM TEMPERATURE (F)   34         4      1923


SUNRISE AND SUNSET
MARCH 29 2014.........SUNRISE   634 AM EDT   SUNSET   708 PM EDT
MARCH 30 2014.........SUNRISE   632 AM EDT   SUNSET   709 PM EDT


-  INDICATES NEGATIVE NUMBERS.
R  INDICATES RECORD WAS SET OR TIED.
MM INDICATES DATA IS MISSING.
T  INDICATES TRACE AMOUNT.




$$
