000
CDUS41 KBOX 180610
CLIPVD


CLIMATE REPORT
NATIONAL WEATHER SERVICE TAUNTON MA
159 AM EDT TUE AUG 18 2015


...................................

...THE PROVIDENCE RI CLIMATE SUMMARY FOR AUGUST 17 2015...

CLIMATE NORMAL PERIOD 1981 TO 2010
CLIMATE RECORD PERIOD 1904 TO 2015


WEATHER ITEM   OBSERVED TIME   RECORD YEAR NORMAL DEPARTURE LAST
                VALUE   (LST)  VALUE       VALUE  FROM      YEAR
                                                  NORMAL
..................................................................
TEMPERATURE (F)
 YESTERDAY
  MAXIMUM         90   1215 PM  97    1944  82      8       80
  MINIMUM         69    518 AM  50    1981  63      6       64
                                      1912
                                      1905
  AVERAGE         80                        72      8       72

PRECIPITATION (IN)
  YESTERDAY        0.00          1.47 1909   0.12  -0.12     0.00
  MONTH TO DATE    2.07                      2.00   0.07     2.45
  SINCE JUN 1      9.76                      8.93   0.83     8.40
  SINCE JAN 1     26.71                     29.00  -2.29    31.20

SNOWFALL (IN)
  YESTERDAY        0.0           0.0  2002   0.0    0.0      0.0
                                      2001
                                      2000
  MONTH TO DATE    0.0                       0.0    0.0      0.0
  SINCE JUN 1      0.0                       0.0    0.0      0.0
  SINCE JUL 1      0.0                       0.0    0.0      0.0
  SNOW DEPTH       0

DEGREE DAYS
 HEATING
  YESTERDAY        0                         0      0        0
  MONTH TO DATE    0                         0      0        0
  SINCE JUN 1     72                        46     26       13
  SINCE JUL 1      0                         3     -3        0

 COOLING
  YESTERDAY       15                         8      7        7
  MONTH TO DATE  159                       142     17      107
  SINCE JUN 1    581                       540     41      499
  SINCE JAN 1    645                       566     79      510
..................................................................


WIND (MPH)
  RESULTANT WIND SPEED   4   RESULTANT WIND DIRECTION  SW (220)
  HIGHEST WIND SPEED    15   HIGHEST WIND DIRECTION    SW (220)
  HIGHEST GUST SPEED    19   HIGHEST GUST DIRECTION     S (190)
  AVERAGE WIND SPEED     6.3


SKY COVER
  POSSIBLE SUNSHINE  MM
  AVERAGE SKY COVER 0.1


WEATHER CONDITIONS
 THE FOLLOWING WEATHER WAS RECORDED YESTERDAY.
  NO SIGNIFICANT WEATHER WAS OBSERVED.


RELATIVE HUMIDITY (PERCENT)
 HIGHEST    90           400 AM
 LOWEST     44          1200 PM
 AVERAGE    67

..........................................................


THE PROVIDENCE RI CLIMATE NORMALS FOR TODAY
                         NORMAL    RECORD    YEAR
 MAXIMUM TEMPERATURE (F)   81        94      2009
 MINIMUM TEMPERATURE (F)   63        50      1923


SUNRISE AND SUNSET
AUGUST 18 2015........SUNRISE   557 AM EDT   SUNSET   742 PM EDT
AUGUST 19 2015........SUNRISE   558 AM EDT   SUNSET   740 PM EDT


-  INDICATES NEGATIVE NUMBERS.
R  INDICATES RECORD WAS SET OR TIED.
MM INDICATES DATA IS MISSING.
T  INDICATES TRACE AMOUNT.




$$
