000
CDUS41 KBOX 152130
CLIPVD


CLIMATE REPORT
NATIONAL WEATHER SERVICE TAUNTON MA
428 PM EST MON DEC 15 2014


...................................

...THE PROVIDENCE RI CLIMATE SUMMARY FOR DECEMBER 15 2014...
VALID AS OF 0400 PM LOCAL TIME.

CLIMATE NORMAL PERIOD 1981 TO 2010
CLIMATE RECORD PERIOD 1904 TO 2014


WEATHER ITEM   OBSERVED TIME   RECORD YEAR NORMAL DEPARTURE LAST
                VALUE   (LST)  VALUE       VALUE  FROM      YEAR
                                                  NORMAL
..................................................................
TEMPERATURE (F)
 TODAY
  MAXIMUM         44    312 PM  62    2008  42      2       37
                                      1975
  MINIMUM         26    210 AM   6    1904  26      0       24
  AVERAGE         35                        34      1       31

PRECIPITATION (IN)
  TODAY            0.00          1.58 1981   0.14  -0.14     0.78
  MONTH TO DATE    4.61                      2.22   2.39     2.80
  SINCE DEC 1      4.61                      2.22   2.39     2.80
  SINCE JAN 1     45.55                     45.18   0.37    43.44

SNOWFALL (IN)
  TODAY            0.0           8.2  1916   0.3   -0.3      1.1
  MONTH TO DATE    T                         3.6   -3.6      5.3
  SINCE DEC 1      T                         3.6   -3.6      5.3
  SINCE JUL 1      1.6                       5.1   -3.5      5.4
  SNOW DEPTH       0

DEGREE DAYS
 HEATING
  TODAY           30                        31     -1       34
  MONTH TO DATE  410                       423    -13      467
  SINCE DEC 1    410                       423    -13      467
  SINCE JUL 1   1446                      1498    -52     1570

 COOLING
  TODAY            0                         0      0        0
  MONTH TO DATE    0                         0      0        0
  SINCE DEC 1      0                         0      0        0
  SINCE JAN 1    709                       744    -35      892
..................................................................


WIND (MPH)
  HIGHEST WIND SPEED    12   HIGHEST WIND DIRECTION     N (360)
  HIGHEST GUST SPEED    15   HIGHEST GUST DIRECTION     N (350)
  AVERAGE WIND SPEED     3.2


SKY COVER
  POSSIBLE SUNSHINE  MM
  AVERAGE SKY COVER 0.3


WEATHER CONDITIONS
 THE FOLLOWING WEATHER WAS RECORDED TODAY.
  NO SIGNIFICANT WEATHER WAS OBSERVED.


RELATIVE HUMIDITY (PERCENT)
 HIGHEST    92           300 AM
 LOWEST     53           200 PM
 AVERAGE    73

..........................................................


THE PROVIDENCE RI CLIMATE NORMALS FOR TOMORROW
                         NORMAL    RECORD    YEAR
 MAXIMUM TEMPERATURE (F)   42        62      1971
 MINIMUM TEMPERATURE (F)   26         3      1910


SUNRISE AND SUNSET
DECEMBER 15 2014......SUNRISE   706 AM EST   SUNSET   416 PM EST
DECEMBER 16 2014......SUNRISE   706 AM EST   SUNSET   416 PM EST


-  INDICATES NEGATIVE NUMBERS.
R  INDICATES RECORD WAS SET OR TIED.
MM INDICATES DATA IS MISSING.
T  INDICATES TRACE AMOUNT.




$$
