000
CDUS41 KBOX 101040
CLIPVD


CLIMATE REPORT
NATIONAL WEATHER SERVICE TAUNTON MA
639 AM EDT FRI OCT 10 2014


...................................

...THE PROVIDENCE RI CLIMATE SUMMARY FOR OCTOBER 9 2014...

CLIMATE NORMAL PERIOD 1981 TO 2010
CLIMATE RECORD PERIOD 1904 TO 2014


WEATHER ITEM   OBSERVED TIME   RECORD YEAR NORMAL DEPARTURE LAST
                VALUE   (LST)  VALUE       VALUE  FROM      YEAR
                                                  NORMAL
..................................................................
TEMPERATURE (F)
 YESTERDAY
  MAXIMUM         67    258 PM  86    2011  66      1       64
  MINIMUM         44    605 AM  30    1953  46     -2       48
  AVERAGE         56                        56      0       56

PRECIPITATION (IN)
  YESTERDAY        0.00          3.18 1976   0.12  -0.12     0.00
  MONTH TO DATE    0.95                      1.14  -0.19     0.47
  SINCE SEP 1      1.69                      5.06  -3.37     5.06
  SINCE JAN 1     33.14                     35.66  -2.52    35.87

SNOWFALL (IN)
  YESTERDAY        0.0           0.0  2013   0.0    0.0      0.0
  MONTH TO DATE    0.0                       0.0    0.0      0.0
  SINCE SEP 1      0.0                       0.0    0.0      0.0
  SINCE JUL 1      0.0                       0.0    0.0      0.0
  SNOW DEPTH       0

DEGREE DAYS
 HEATING
  YESTERDAY        9                        10     -1        9
  MONTH TO DATE   64                        75    -11       28
  SINCE SEP 1    138                       163    -25      131
  SINCE JUL 1    138                       172    -34      131

 COOLING
  YESTERDAY        0                         0      0        0
  MONTH TO DATE    0                         6     -6        7
  SINCE SEP 1    115                        86     29       70
  SINCE JAN 1    697                       742    -45      892
..................................................................


WIND (MPH)
  RESULTANT WIND SPEED   8   RESULTANT WIND DIRECTION   W (250)
  HIGHEST WIND SPEED    24   HIGHEST WIND DIRECTION     W (250)
  HIGHEST GUST SPEED    28   HIGHEST GUST DIRECTION    SW (230)
  AVERAGE WIND SPEED     9.0


SKY COVER
  POSSIBLE SUNSHINE  MM
  AVERAGE SKY COVER 0.2


WEATHER CONDITIONS
 THE FOLLOWING WEATHER WAS RECORDED YESTERDAY.
  NO SIGNIFICANT WEATHER WAS OBSERVED.


RELATIVE HUMIDITY (PERCENT)
 HIGHEST    86           200 AM
 LOWEST     32           100 PM
 AVERAGE    59

..........................................................


THE PROVIDENCE RI CLIMATE NORMALS FOR TODAY
                         NORMAL    RECORD    YEAR
 MAXIMUM TEMPERATURE (F)   65        88      1949
 MINIMUM TEMPERATURE (F)   46        26      1980


SUNRISE AND SUNSET
OCTOBER 10 2014.......SUNRISE   652 AM EDT   SUNSET   612 PM EDT
OCTOBER 11 2014.......SUNRISE   653 AM EDT   SUNSET   611 PM EDT


-  INDICATES NEGATIVE NUMBERS.
R  INDICATES RECORD WAS SET OR TIED.
MM INDICATES DATA IS MISSING.
T  INDICATES TRACE AMOUNT.




$$
