000
CDUS41 KBOX 190544
CLIPVD


CLIMATE REPORT
NATIONAL WEATHER SERVICE TAUNTON MA
144 AM EDT THU MAR 19 2015


...................................

...THE PROVIDENCE RI CLIMATE SUMMARY FOR MARCH 18 2015...

CLIMATE NORMAL PERIOD 1981 TO 2010
CLIMATE RECORD PERIOD 1904 TO 2015


WEATHER ITEM   OBSERVED TIME   RECORD YEAR NORMAL DEPARTURE LAST
                VALUE   (LST)  VALUE       VALUE  FROM      YEAR
                                                  NORMAL
..................................................................
TEMPERATURE (F)
 YESTERDAY
  MAXIMUM         34    320 PM  73    2011  48    -14       43
  MINIMUM         22   1159 PM   3    1967  30     -8       17
  AVERAGE         28                        39    -11       30

PRECIPITATION (IN)
  YESTERDAY        0.00          2.18 1968   0.17  -0.17     0.00
  MONTH TO DATE    3.08                      2.74   0.34     0.56
  SINCE MAR 1      3.08                      2.74   0.34     0.56
  SINCE JAN 1      9.43                      9.89  -0.46     8.96

SNOWFALL (IN)
  YESTERDAY        0.0           6.9  1949   0.2   -0.2      0.0
  MONTH TO DATE   13.6                       4.0    9.6      1.2
  SINCE MAR 1     13.6                       4.0    9.6      1.2
  SINCE JUL 1     73.5                      31.7   41.8     43.3
  SNOW DEPTH       0

DEGREE DAYS
 HEATING
  YESTERDAY       37                        26     11       35
  MONTH TO DATE  594                       506     88      591
  SINCE MAR 1    594                       506     88      591
  SINCE JUL 1   4956                      4568    388     4863

 COOLING
  YESTERDAY        0                         0      0        0
  MONTH TO DATE    0                         0      0        0
  SINCE MAR 1      0                         0      0        0
  SINCE JAN 1      0                         0      0        0
..................................................................


WIND (MPH)
  RESULTANT WIND SPEED  19   RESULTANT WIND DIRECTION  NW (310)
  HIGHEST WIND SPEED    32   HIGHEST WIND DIRECTION    NW (300)
  HIGHEST GUST SPEED    46   HIGHEST GUST DIRECTION    NW (330)
  AVERAGE WIND SPEED    19.2


SKY COVER
  POSSIBLE SUNSHINE  MM
  AVERAGE SKY COVER 0.2


WEATHER CONDITIONS
 THE FOLLOWING WEATHER WAS RECORDED YESTERDAY.
  NO SIGNIFICANT WEATHER WAS OBSERVED.


RELATIVE HUMIDITY (PERCENT)
 HIGHEST    36           600 AM
 LOWEST     18          1200 PM
 AVERAGE    27

..........................................................


THE PROVIDENCE RI CLIMATE NORMALS FOR TODAY
                         NORMAL    RECORD    YEAR
 MAXIMUM TEMPERATURE (F)   49        73      2012
 MINIMUM TEMPERATURE (F)   31         1      1967


SUNRISE AND SUNSET
MARCH 19 2015.........SUNRISE   651 AM EDT   SUNSET   656 PM EDT
MARCH 20 2015.........SUNRISE   650 AM EDT   SUNSET   658 PM EDT


-  INDICATES NEGATIVE NUMBERS.
R  INDICATES RECORD WAS SET OR TIED.
MM INDICATES DATA IS MISSING.
T  INDICATES TRACE AMOUNT.




$$
