000
CDUS41 KBOX 160612
CLIPVD


CLIMATE REPORT
NATIONAL WEATHER SERVICE TAUNTON MA
211 AM EDT TUE MAY 16 2017


...................................

...THE PROVIDENCE RI CLIMATE SUMMARY FOR MAY 15 2017...

CLIMATE NORMAL PERIOD 1981 TO 2010
CLIMATE RECORD PERIOD 1904 TO 2017


WEATHER ITEM   OBSERVED TIME   RECORD YEAR NORMAL DEPARTURE LAST
                VALUE   (LST)  VALUE       VALUE  FROM      YEAR
                                                  NORMAL
..................................................................
TEMPERATURE (F)
 YESTERDAY
  MAXIMUM         61    630 PM  87    2004  68     -7       61
  MINIMUM         49    640 AM  36    1947  48      1       43
  AVERAGE         55                        58     -3       52

PRECIPITATION (IN)
  YESTERDAY        0.15          1.53 1938   0.10   0.05     0.00
  MONTH TO DATE    4.98                      1.64   3.34     1.48
  SINCE MAR 1     15.93                     11.01   4.92     8.07
  SINCE JAN 1     23.11                     18.16   4.95    16.42

SNOWFALL (IN)
  YESTERDAY        0.0           0.0  2016   0.0    0.0      0.0
  MONTH TO DATE    0.0                       0.0    0.0      0.0
  SINCE MAR 1      7.7                       6.1    1.6      9.3
  SINCE JUL 1     45.9                      33.8   12.1     28.7
  SNOW DEPTH       0

DEGREE DAYS
 HEATING
  YESTERDAY       10                         7      3       13
  MONTH TO DATE  168                       139     29      168
  SINCE MAR 1   1471                      1427     44     1324
  SINCE JUL 1   5029                      5489   -460     4695

 COOLING
  YESTERDAY        0                         1     -1        0
  MONTH TO DATE    1                         2     -1        1
  SINCE MAR 1     18                         4     14        1
  SINCE JAN 1     18                         4     14        1
..................................................................


WIND (MPH)
  RESULTANT WIND SPEED   9   RESULTANT WIND DIRECTION  NW (310)
  HIGHEST WIND SPEED    21   HIGHEST WIND DIRECTION    NW (310)
  HIGHEST GUST SPEED    31   HIGHEST GUST DIRECTION    NW (320)
  AVERAGE WIND SPEED    10.1


SKY COVER
  POSSIBLE SUNSHINE  MM
  AVERAGE SKY COVER 0.9


WEATHER CONDITIONS
 THE FOLLOWING WEATHER WAS RECORDED YESTERDAY.
  LIGHT RAIN
  FOG


RELATIVE HUMIDITY (PERCENT)
 HIGHEST    93           100 AM
 LOWEST     55           700 PM
 AVERAGE    74

..........................................................


THE PROVIDENCE RI CLIMATE NORMALS FOR TODAY
                         NORMAL    RECORD    YEAR
 MAXIMUM TEMPERATURE (F)   68        89      1951
 MINIMUM TEMPERATURE (F)   49        35      1936


SUNRISE AND SUNSET
MAY 16 2017...........SUNRISE   525 AM EDT   SUNSET   800 PM EDT
MAY 17 2017...........SUNRISE   524 AM EDT   SUNSET   801 PM EDT


-  INDICATES NEGATIVE NUMBERS.
R  INDICATES RECORD WAS SET OR TIED.
MM INDICATES DATA IS MISSING.
T  INDICATES TRACE AMOUNT.




$$
