000
CDUS41 KBOX 170547
CLIPVD


CLIMATE REPORT
NATIONAL WEATHER SERVICE TAUNTON MA
1239 AM EST TUE FEB 17 2015


...................................

...THE PROVIDENCE RI CLIMATE SUMMARY FOR FEBRUARY 16 2015...

CLIMATE NORMAL PERIOD 1981 TO 2010
CLIMATE RECORD PERIOD 1904 TO 2015


WEATHER ITEM   OBSERVED TIME   RECORD YEAR NORMAL DEPARTURE LAST
                VALUE   (LST)  VALUE       VALUE  FROM      YEAR
                                                  NORMAL
..................................................................
TEMPERATURE (F)
 YESTERDAY
  MAXIMUM         18    342 PM  60    1910  40    -22       32
  MINIMUM         -3    417 AM -10    1943  24    -27       23
  AVERAGE          8                        32    -24       28

PRECIPITATION (IN)
  YESTERDAY        0.00          2.32 1993   0.12  -0.12      T
  MONTH TO DATE    1.78                      1.80  -0.02     3.49
  SINCE DEC 1     11.65                      9.88   1.77    12.00
  SINCE JAN 1      5.40                      5.66  -0.26     7.18

SNOWFALL (IN)
  YESTERDAY        0.0           9.1  1958   0.4   -0.4      0.4
  MONTH TO DATE   24.0                       5.0   19.0     16.0
  SINCE DEC 1     50.5                      22.7   27.8     38.0
  SINCE JUL 1     52.1                      24.2   27.9     38.1
  SNOW DEPTH      22

DEGREE DAYS
 HEATING
  YESTERDAY       57                        33     24       37
  MONTH TO DATE  739                       545    194      593
  SINCE DEC 1   2769                      2607    162     2746
  SINCE JUL 1   3805                      3682    123     3849

 COOLING
  YESTERDAY        0                         0      0        0
  MONTH TO DATE    0                         0      0        0
  SINCE DEC 1      0                         0      0        0
  SINCE JAN 1      0                         0      0        0
..................................................................


WIND (MPH)
  RESULTANT WIND SPEED  15   RESULTANT WIND DIRECTION  NW (300)
  HIGHEST WIND SPEED    25   HIGHEST WIND DIRECTION    NW (310)
  HIGHEST GUST SPEED    35   HIGHEST GUST DIRECTION     W (290)
  AVERAGE WIND SPEED    14.8


SKY COVER
  POSSIBLE SUNSHINE  MM
  AVERAGE SKY COVER 0.4


WEATHER CONDITIONS
 THE FOLLOWING WEATHER WAS RECORDED YESTERDAY.
  NO SIGNIFICANT WEATHER WAS OBSERVED.


RELATIVE HUMIDITY (PERCENT)
 HIGHEST    47          1200 AM
 LOWEST     28           200 PM
 AVERAGE    38

..........................................................


THE PROVIDENCE RI CLIMATE NORMALS FOR TODAY
                         NORMAL    RECORD    YEAR
 MAXIMUM TEMPERATURE (F)   41        66      1981
 MINIMUM TEMPERATURE (F)   24        -5      1922


SUNRISE AND SUNSET
FEBRUARY 17 2015......SUNRISE   639 AM EST   SUNSET   521 PM EST
FEBRUARY 18 2015......SUNRISE   637 AM EST   SUNSET   522 PM EST


-  INDICATES NEGATIVE NUMBERS.
R  INDICATES RECORD WAS SET OR TIED.
MM INDICATES DATA IS MISSING.
T  INDICATES TRACE AMOUNT.




$$
