000
CDUS41 KBOX 060558
CLIPVD


CLIMATE REPORT
NATIONAL WEATHER SERVICE TAUNTON MA
1247 AM EST MON MAR 6 2017


...................................

...THE PROVIDENCE RI CLIMATE SUMMARY FOR MARCH 5 2017...

CLIMATE NORMAL PERIOD 1981 TO 2010
CLIMATE RECORD PERIOD 1904 TO 2017


WEATHER ITEM   OBSERVED TIME   RECORD YEAR NORMAL DEPARTURE LAST
                VALUE   (LST)  VALUE       VALUE  FROM      YEAR
                                                  NORMAL
..................................................................
TEMPERATURE (F)
 YESTERDAY
  MAXIMUM         34    355 PM  65    1979  44    -10       38
  MINIMUM         11    556 AM   3    1948  27    -16       25
  AVERAGE         23                        36    -13       32

PRECIPITATION (IN)
  YESTERDAY        0.00          1.53 2001   0.15  -0.15     0.00
  MONTH TO DATE    0.19                      0.72  -0.53     0.29
  SINCE MAR 1      0.19                      0.72  -0.53     0.29
  SINCE JAN 1      7.37                      7.87  -0.50     8.64

SNOWFALL (IN)
  YESTERDAY        0.0           6.3  2015   0.3   -0.3      0.0
  MONTH TO DATE    T                         1.3   -1.3       T
  SINCE MAR 1      T                         1.3   -1.3       T
  SINCE JUL 1     38.2                      29.0    9.2     19.4
  SNOW DEPTH       0

DEGREE DAYS
 HEATING
  YESTERDAY       42                        29     13       33
  MONTH TO DATE  157                       149      8      154
  SINCE MAR 1    157                       149      8      154
  SINCE JUL 1   3715                      4211   -496     3525

 COOLING
  YESTERDAY        0                         0      0        0
  MONTH TO DATE    0                         0      0        0
  SINCE MAR 1      0                         0      0        0
  SINCE JAN 1      0                         0      0        0
..................................................................


WIND (MPH)
  RESULTANT WIND SPEED  14   RESULTANT WIND DIRECTION  NW (330)
  HIGHEST WIND SPEED    24   HIGHEST WIND DIRECTION     N (340)
  HIGHEST GUST SPEED    33   HIGHEST GUST DIRECTION    NW (320)
  AVERAGE WIND SPEED    13.7


SKY COVER
  POSSIBLE SUNSHINE  MM
  AVERAGE SKY COVER 0.0


WEATHER CONDITIONS
 THE FOLLOWING WEATHER WAS RECORDED YESTERDAY.
  NO SIGNIFICANT WEATHER WAS OBSERVED.


RELATIVE HUMIDITY (PERCENT)
 HIGHEST    34          1200 AM
 LOWEST     12           200 PM
 AVERAGE    23

..........................................................


THE PROVIDENCE RI CLIMATE NORMALS FOR TODAY
                         NORMAL    RECORD    YEAR
 MAXIMUM TEMPERATURE (F)   45        65      1935
 MINIMUM TEMPERATURE (F)   27         1      1948


SUNRISE AND SUNSET
MARCH  6 2017.........SUNRISE   612 AM EST   SUNSET   542 PM EST
MARCH  7 2017.........SUNRISE   611 AM EST   SUNSET   543 PM EST


-  INDICATES NEGATIVE NUMBERS.
R  INDICATES RECORD WAS SET OR TIED.
MM INDICATES DATA IS MISSING.
T  INDICATES TRACE AMOUNT.




$$
