000
CDUS41 KBOX 130539
CLIPVD


CLIMATE REPORT
NATIONAL WEATHER SERVICE TAUNTON MA
1236 AM EST MON FEB 13 2017


...................................

...THE PROVIDENCE RI CLIMATE SUMMARY FOR FEBRUARY 12 2017...

CLIMATE NORMAL PERIOD 1981 TO 2010
CLIMATE RECORD PERIOD 1904 TO 2017


WEATHER ITEM   OBSERVED TIME   RECORD YEAR NORMAL DEPARTURE LAST
                VALUE   (LST)  VALUE       VALUE  FROM      YEAR
                                                  NORMAL
..................................................................
TEMPERATURE (F)
 YESTERDAY
  MAXIMUM         34   1159 PM  61    1999  40     -6       23
  MINIMUM         20    249 AM  -9    1914  23     -3        7
  AVERAGE         27                        31     -4       15

PRECIPITATION (IN)
  YESTERDAY        0.61          2.30 1988   0.11   0.50     0.00
  MONTH TO DATE    1.97                      1.35   0.62     2.75
  SINCE DEC 1     10.07                      9.43   0.64    10.58
  SINCE JAN 1      6.93                      5.21   1.72     5.78

SNOWFALL (IN)
  YESTERDAY        2.9           9.4  2006   0.3    2.6      0.0
  MONTH TO DATE   16.8                       3.7   13.1     11.0
  SINCE DEC 1     38.2                      21.4   16.8     18.9
  SINCE JUL 1     38.2                      22.9   15.3     18.9
  SNOW DEPTH       9

DEGREE DAYS
 HEATING
  YESTERDAY       38                        34      4       50
  MONTH TO DATE  418                       413      5      380
  SINCE DEC 1   2275                      2475   -200     1973
  SINCE JUL 1   3162                      3550   -388     2854

 COOLING
  YESTERDAY        0                         0      0        0
  MONTH TO DATE    0                         0      0        0
  SINCE DEC 1      0                         0      0        0
  SINCE JAN 1      0                         0      0        0
..................................................................


WIND (MPH)
  RESULTANT WIND SPEED  10   RESULTANT WIND DIRECTION   N (10)
  HIGHEST WIND SPEED    16   HIGHEST WIND DIRECTION     N (360)
  HIGHEST GUST SPEED    19   HIGHEST GUST DIRECTION     N (10)
  AVERAGE WIND SPEED     9.9


SKY COVER
  POSSIBLE SUNSHINE  MM
  AVERAGE SKY COVER 1.0


WEATHER CONDITIONS
 THE FOLLOWING WEATHER WAS RECORDED YESTERDAY.
  RAIN
  LIGHT RAIN
  HEAVY SNOW
  SNOW
  LIGHT SNOW
  SLEET
  FOG


RELATIVE HUMIDITY (PERCENT)
 HIGHEST   100           200 PM
 LOWEST     77          1200 AM
 AVERAGE    89

..........................................................


THE PROVIDENCE RI CLIMATE NORMALS FOR TODAY
                         NORMAL    RECORD    YEAR
 MAXIMUM TEMPERATURE (F)   40        64      1951
 MINIMUM TEMPERATURE (F)   23        -5      1967


SUNRISE AND SUNSET
FEBRUARY 13 2017......SUNRISE   644 AM EST   SUNSET   517 PM EST
FEBRUARY 14 2017......SUNRISE   642 AM EST   SUNSET   518 PM EST


-  INDICATES NEGATIVE NUMBERS.
R  INDICATES RECORD WAS SET OR TIED.
MM INDICATES DATA IS MISSING.
T  INDICATES TRACE AMOUNT.




$$
