407
CDUS41 KBOX 200556
CLIPVD


CLIMATE REPORT
NATIONAL WEATHER SERVICE TAUNTON MA
155 AM EDT TUE SEP 20 2016


...................................

...THE PROVIDENCE RI CLIMATE SUMMARY FOR SEPTEMBER 19 2016...

CLIMATE NORMAL PERIOD 1981 TO 2010
CLIMATE RECORD PERIOD 1904 TO 2016


WEATHER ITEM   OBSERVED TIME   RECORD YEAR NORMAL DEPARTURE LAST
                VALUE   (LST)  VALUE       VALUE  FROM      YEAR
                                                  NORMAL
..................................................................
TEMPERATURE (F)
 YESTERDAY
  MAXIMUM         74    840 AM  92    1906  73      1       80
  MINIMUM         68   1059 PM  37    1956  54     14       60
  AVERAGE         71                        64      7       70

PRECIPITATION (IN)
  YESTERDAY        0.83          2.86 1972   0.14   0.69     0.00
  MONTH TO DATE    1.58                      2.44  -0.86     1.11
  SINCE SEP 1      1.58                      2.44  -0.86     1.11
  SINCE JAN 1     27.41                     33.04  -5.63    28.53

SNOWFALL (IN)
  YESTERDAY        0.0           0.0  2002   0.0    0.0      0.0
                                      2001
                                      2000
  MONTH TO DATE    0.0                       0.0    0.0      0.0
  SINCE SEP 1      0.0                       0.0    0.0      0.0
  SINCE JUL 1      0.0                       0.0    0.0      0.0
  SNOW DEPTH       0

DEGREE DAYS
 HEATING
  YESTERDAY        0                         3     -3        0
  MONTH TO DATE    6                        33    -27        1
  SINCE SEP 1      6                        33    -27        1
  SINCE JUL 1      6                        42    -36        1

 COOLING
  YESTERDAY        6                         2      4        5
  MONTH TO DATE  123                        66     57      136
  SINCE SEP 1    123                        66     57      136
  SINCE JAN 1   1006                       722    284      937
..................................................................


WIND (MPH)
  RESULTANT WIND SPEED   4   RESULTANT WIND DIRECTION   S (180)
  HIGHEST WIND SPEED    18   HIGHEST WIND DIRECTION     S (190)
  HIGHEST GUST SPEED    23   HIGHEST GUST DIRECTION     S (190)
  AVERAGE WIND SPEED     4.2


SKY COVER
  POSSIBLE SUNSHINE  MM
  AVERAGE SKY COVER 0.9


WEATHER CONDITIONS
 THE FOLLOWING WEATHER WAS RECORDED YESTERDAY.
  HEAVY RAIN
  RAIN
  LIGHT RAIN
  FOG


RELATIVE HUMIDITY (PERCENT)
 HIGHEST    97           300 PM
 LOWEST     90          1200 AM
 AVERAGE    94

..........................................................


THE PROVIDENCE RI CLIMATE NORMALS FOR TODAY
                         NORMAL    RECORD    YEAR
 MAXIMUM TEMPERATURE (F)   73        93      1983
 MINIMUM TEMPERATURE (F)   54        38      1979


SUNRISE AND SUNSET
SEPTEMBER 20 2016.....SUNRISE   632 AM EDT   SUNSET   646 PM EDT
SEPTEMBER 21 2016.....SUNRISE   633 AM EDT   SUNSET   644 PM EDT


-  INDICATES NEGATIVE NUMBERS.
R  INDICATES RECORD WAS SET OR TIED.
MM INDICATES DATA IS MISSING.
T  INDICATES TRACE AMOUNT.




$$
