000
CDUS41 KBOX 110543
CLIPVD


CLIMATE REPORT
NATIONAL WEATHER SERVICE TAUNTON MA
139 AM EDT THU SEP 11 2014


...................................

...THE PROVIDENCE RI CLIMATE SUMMARY FOR SEPTEMBER 10 2014...

CLIMATE NORMAL PERIOD 1981 TO 2010
CLIMATE RECORD PERIOD 1904 TO 2014


WEATHER ITEM   OBSERVED TIME   RECORD YEAR NORMAL DEPARTURE LAST
                VALUE   (LST)  VALUE       VALUE  FROM      YEAR
                                                  NORMAL
..................................................................
TEMPERATURE (F)
 YESTERDAY
  MAXIMUM         74    423 PM  94    1983  76     -2       74
  MINIMUM         61    606 AM  41    1917  58      3       56
  AVERAGE         68                        67      1       65

PRECIPITATION (IN)
  YESTERDAY        0.00          2.65 1924   0.13  -0.13     0.02
  MONTH TO DATE    0.37                      1.24  -0.87     3.60
  SINCE SEP 1      0.37                      1.24  -0.87     3.60
  SINCE JAN 1     31.82                     31.84  -0.02    34.41

SNOWFALL (IN)
  YESTERDAY        0.0           0.0  2002   0.0    0.0      0.0
                                      2001
                                      2000
  MONTH TO DATE    0.0                       0.0    0.0      0.0
  SINCE SEP 1      0.0                       0.0    0.0      0.0
  SINCE JUL 1      0.0                       0.0    0.0      0.0
  SNOW DEPTH       0

DEGREE DAYS
 HEATING
  YESTERDAY        0                         2     -2        0
  MONTH TO DATE    0                        11    -11       14
  SINCE SEP 1      0                        11    -11       14
  SINCE JUL 1      0                        20    -20       14

 COOLING
  YESTERDAY        3                         3      0        0
  MONTH TO DATE   92                        43     49       31
  SINCE SEP 1     92                        43     49       31
  SINCE JAN 1    674                       699    -25      853
..................................................................


WIND (MPH)
  RESULTANT WIND SPEED   7   RESULTANT WIND DIRECTION  NE (30)
  HIGHEST WIND SPEED    15   HIGHEST WIND DIRECTION     N (360)
  HIGHEST GUST SPEED    22   HIGHEST GUST DIRECTION    NE (30)
  AVERAGE WIND SPEED     7.6


SKY COVER
  POSSIBLE SUNSHINE  MM
  AVERAGE SKY COVER 0.7


WEATHER CONDITIONS
 THE FOLLOWING WEATHER WAS RECORDED YESTERDAY.
  NO SIGNIFICANT WEATHER WAS OBSERVED.


RELATIVE HUMIDITY (PERCENT)
 HIGHEST    93           900 PM
 LOWEST     57          1200 PM
 AVERAGE    75

..........................................................


THE PROVIDENCE RI CLIMATE NORMALS FOR TODAY
                         NORMAL    RECORD    YEAR
 MAXIMUM TEMPERATURE (F)   76       100      1983
 MINIMUM TEMPERATURE (F)   57        38      1917


SUNRISE AND SUNSET
SEPTEMBER 11 2014.....SUNRISE   622 AM EDT   SUNSET   702 PM EDT
SEPTEMBER 12 2014.....SUNRISE   623 AM EDT   SUNSET   700 PM EDT


-  INDICATES NEGATIVE NUMBERS.
R  INDICATES RECORD WAS SET OR TIED.
MM INDICATES DATA IS MISSING.
T  INDICATES TRACE AMOUNT.




$$
