547
CDUS41 KBOX 182128
CLIPVD


CLIMATE REPORT
NATIONAL WEATHER SERVICE TAUNTON MA
523 PM EDT THU MAY 18 2017


...................................

...THE PROVIDENCE RI CLIMATE SUMMARY FOR MAY 18 2017...
VALID AS OF 0500 PM LOCAL TIME.

CLIMATE NORMAL PERIOD 1981 TO 2010
CLIMATE RECORD PERIOD 1904 TO 2017


WEATHER ITEM   OBSERVED TIME   RECORD YEAR NORMAL DEPARTURE LAST
                VALUE   (LST)  VALUE       VALUE  FROM      YEAR
                                                  NORMAL
..................................................................
TEMPERATURE (F)
 TODAY
  MAXIMUM         93R   141 PM  92    1936  69     24       67
  MINIMUM         70    420 AM  35    1983  49     21       51
  AVERAGE         82                        59     23       59

PRECIPITATION (IN)
  TODAY            0.00          1.45 2007   0.11  -0.11     0.00
  MONTH TO DATE    4.98                      1.96   3.02     1.48
  SINCE MAR 1     15.93                     11.33   4.60     8.07
  SINCE JAN 1     23.11                     18.48   4.63    16.42

SNOWFALL (IN)
  TODAY            0.0           0.0  2001   0.0    0.0      0.0
                                      2000
  MONTH TO DATE    0.0                       0.0    0.0      0.0
  SINCE MAR 1      7.7                       6.1    1.6      9.3
  SINCE JUL 1     45.9                      33.8   12.1     28.7
  SNOW DEPTH       0

DEGREE DAYS
 HEATING
  TODAY            0                         7     -7        6
  MONTH TO DATE  168                       160      8      195
  SINCE MAR 1   1471                      1448     23     1351
  SINCE JUL 1   5029                      5510   -481     4722

 COOLING
  TODAY           17                         1     16        0
  MONTH TO DATE   29                         5     24        1
  SINCE MAR 1     46                         7     39        1
  SINCE JAN 1     46                         7     39        1
..................................................................


WIND (MPH)
  HIGHEST WIND SPEED    22   HIGHEST WIND DIRECTION     S (200)
  HIGHEST GUST SPEED    26   HIGHEST GUST DIRECTION    SW (210)
  AVERAGE WIND SPEED     9.7


SKY COVER
  POSSIBLE SUNSHINE  MM
  AVERAGE SKY COVER 0.4


WEATHER CONDITIONS
 THE FOLLOWING WEATHER WAS RECORDED TODAY.
  NO SIGNIFICANT WEATHER WAS OBSERVED.


RELATIVE HUMIDITY (PERCENT)
 HIGHEST    84           400 AM
 LOWEST     36          1100 AM
 AVERAGE    60

..........................................................


THE PROVIDENCE RI CLIMATE NORMALS FOR TOMORROW
                         NORMAL    RECORD    YEAR
 MAXIMUM TEMPERATURE (F)   69        89      1906
 MINIMUM TEMPERATURE (F)   49        35      2002


SUNRISE AND SUNSET
MAY 18 2017...........SUNRISE   523 AM EDT   SUNSET   802 PM EDT
MAY 19 2017...........SUNRISE   522 AM EDT   SUNSET   803 PM EDT


-  INDICATES NEGATIVE NUMBERS.
R  INDICATES RECORD WAS SET OR TIED.
MM INDICATES DATA IS MISSING.
T  INDICATES TRACE AMOUNT.




$$
