000
CDUS41 KBOX 052132
CLIPVD


CLIMATE REPORT
NATIONAL WEATHER SERVICE TAUNTON MA
529 PM EDT TUE SEP 5 2017


...................................

...THE PROVIDENCE RI CLIMATE SUMMARY FOR SEPTEMBER 5 2017...
VALID TODAY AS OF 0500 PM LOCAL TIME.

CLIMATE NORMAL PERIOD 1981 TO 2010
CLIMATE RECORD PERIOD 1904 TO 2017


WEATHER ITEM   OBSERVED TIME   RECORD YEAR NORMAL DEPARTURE LAST
                VALUE   (LST)  VALUE       VALUE  FROM      YEAR
                                                  NORMAL
..................................................................
TEMPERATURE (F)
 TODAY
  MAXIMUM         84   1213 PM  92    1983  78      6       76
  MINIMUM         64    200 AM  45    1906  59      5       61
  AVERAGE         74                        69      5       69

PRECIPITATION (IN)
  TODAY            0.00          2.09 1907   0.12  -0.12     0.02
  MONTH TO DATE    0.38                      0.60  -0.22     0.51
  SINCE SEP 1      0.38                      0.60  -0.22     0.51
  SINCE JAN 1     34.58                     31.20   3.38    26.34

SNOWFALL (IN)
  TODAY            0.0           0.0  2002   0.0    0.0      0.0
                                      2001
                                      2000
  MONTH TO DATE    0.0                       0.0    0.0      0.0
  SINCE SEP 1      0.0                       0.0    0.0      0.0
  SINCE JUL 1      0.0                       0.0    0.0      0.0
  SNOW DEPTH       0

DEGREE DAYS
 HEATING
  TODAY            0                         1     -1        0
  MONTH TO DATE   14                         5      9        0
  SINCE SEP 1     14                         5      9        0
  SINCE JUL 1     22                        14      8        0

 COOLING
  TODAY            9                         4      5        4
  MONTH TO DATE   14                        24    -10       24
  SINCE SEP 1     14                        24    -10       24
  SINCE JAN 1    718                       680     38      907
..................................................................


WIND (MPH)
  HIGHEST WIND SPEED    22   HIGHEST WIND DIRECTION     S (200)
  HIGHEST GUST SPEED    26   HIGHEST GUST DIRECTION     S (200)
  AVERAGE WIND SPEED    13.0


SKY COVER
  POSSIBLE SUNSHINE  MM
  AVERAGE SKY COVER 0.2


WEATHER CONDITIONS
 THE FOLLOWING WEATHER WAS RECORDED TODAY.
  NO SIGNIFICANT WEATHER WAS OBSERVED.


RELATIVE HUMIDITY (PERCENT)
 HIGHEST    97           700 AM
 LOWEST     63           300 PM
 AVERAGE    80

..........................................................


THE PROVIDENCE RI CLIMATE NORMALS FOR TOMORROW
                         NORMAL    RECORD    YEAR
 MAXIMUM TEMPERATURE (F)   78        95      1983
 MINIMUM TEMPERATURE (F)   59        45      1909


SUNRISE AND SUNSET
SEPTEMBER  5 2017.....SUNRISE   616 AM EDT   SUNSET   712 PM EDT
SEPTEMBER  6 2017.....SUNRISE   617 AM EDT   SUNSET   710 PM EDT


-  INDICATES NEGATIVE NUMBERS.
R  INDICATES RECORD WAS SET OR TIED.
MM INDICATES DATA IS MISSING.
T  INDICATES TRACE AMOUNT.




$$
