000
CDUS41 KBOX 140530
CLIPVD


CLIMATE REPORT
NATIONAL WEATHER SERVICE TAUNTON MA
129 AM EDT THU MAY 14 2015


...................................

...THE PROVIDENCE RI CLIMATE SUMMARY FOR MAY 13 2015...

CLIMATE NORMAL PERIOD 1981 TO 2010
CLIMATE RECORD PERIOD 1904 TO 2015


WEATHER ITEM   OBSERVED TIME   RECORD YEAR NORMAL DEPARTURE LAST
                VALUE   (LST)  VALUE       VALUE  FROM      YEAR
                                                  NORMAL
..................................................................
TEMPERATURE (F)
 YESTERDAY
  MAXIMUM         71   1218 PM  88    1956  68      3       64
  MINIMUM         50   1159 PM  36    1962  48      2       46
  AVERAGE         61                        58      3       55

PRECIPITATION (IN)
  YESTERDAY        0.00          1.97 2006   0.10  -0.10     0.00
  MONTH TO DATE    0.22                      1.44  -1.22     1.36
  SINCE MAR 1      7.13                     10.81  -3.68    13.51
  SINCE JAN 1     13.48                     17.96  -4.48    21.91

SNOWFALL (IN)
  YESTERDAY        0.0           0.0  2001   0.0    0.0      0.0
                                      2000
  MONTH TO DATE    0.0                       0.0    0.0      0.0
  SINCE MAR 1     16.3                       6.1   10.2      1.5
  SINCE JUL 1     76.2                      33.8   42.4     43.6
  SNOW DEPTH       0

DEGREE DAYS
 HEATING
  YESTERDAY        4                         8     -4       10
  MONTH TO DATE   67                       124    -57       88
  SINCE MAR 1   1531                      1412    119     1528
  SINCE JUL 1   5893                      5474    419     5800

 COOLING
  YESTERDAY        0                         0      0        0
  MONTH TO DATE   24                         0     24        8
  SINCE MAR 1     24                         2     22        8
  SINCE JAN 1     24                         2     22        8
..................................................................


WIND (MPH)
  RESULTANT WIND SPEED  10   RESULTANT WIND DIRECTION  NW (320)
  HIGHEST WIND SPEED    23   HIGHEST WIND DIRECTION    NW (310)
  HIGHEST GUST SPEED    30   HIGHEST GUST DIRECTION     W (280)
  AVERAGE WIND SPEED    12.0


SKY COVER
  POSSIBLE SUNSHINE  MM
  AVERAGE SKY COVER 0.4


WEATHER CONDITIONS
 THE FOLLOWING WEATHER WAS RECORDED YESTERDAY.
  NO SIGNIFICANT WEATHER WAS OBSERVED.


RELATIVE HUMIDITY (PERCENT)
 HIGHEST    66           500 AM
 LOWEST     31           400 PM
 AVERAGE    49

..........................................................


THE PROVIDENCE RI CLIMATE NORMALS FOR TODAY
                         NORMAL    RECORD    YEAR
 MAXIMUM TEMPERATURE (F)   68        83      1991
 MINIMUM TEMPERATURE (F)   48        35      1987


SUNRISE AND SUNSET
MAY 14 2015...........SUNRISE   527 AM EDT   SUNSET   757 PM EDT
MAY 15 2015...........SUNRISE   526 AM EDT   SUNSET   758 PM EDT


-  INDICATES NEGATIVE NUMBERS.
R  INDICATES RECORD WAS SET OR TIED.
MM INDICATES DATA IS MISSING.
T  INDICATES TRACE AMOUNT.




$$
