000
CDUS41 KBOX 112137
CLIPVD


CLIMATE REPORT
NATIONAL WEATHER SERVICE TAUNTON MA
531 PM EDT MON AUG 11 2014


...................................

...THE PROVIDENCE RI CLIMATE SUMMARY FOR AUGUST 11 2014...
VALID AS OF 0500 PM LOCAL TIME.

CLIMATE NORMAL PERIOD 1981 TO 2010
CLIMATE RECORD PERIOD 1904 TO 2014


WEATHER ITEM   OBSERVED TIME   RECORD YEAR NORMAL DEPARTURE LAST
                VALUE   (LST)  VALUE       VALUE  FROM      YEAR
                                                  NORMAL
..................................................................
TEMPERATURE (F)
 TODAY
  MAXIMUM         82    141 PM 100    1944  82      0       80
  MINIMUM         61    511 AM  50    1974  64     -3       57
  AVERAGE         72                        73     -1       69

PRECIPITATION (IN)
  TODAY            0.00          2.26 1989   0.11  -0.11     0.00
  MONTH TO DATE    0.19                      1.31  -1.12     2.00
  SINCE JUN 1      6.14                      8.24  -2.10    14.34
  SINCE JAN 1     28.94                     28.31   0.63    28.94

SNOWFALL (IN)
  TODAY            0.0           0.0  2002   0.0    0.0      0.0
                                      2001
                                      2000
  MONTH TO DATE    0.0                       0.0    0.0      0.0
  SINCE JUN 1      0.0                       0.0    0.0      0.0
  SINCE JUL 1      0.0                       0.0    0.0      0.0
  SNOW DEPTH       0

DEGREE DAYS
 HEATING
  TODAY            0                         0      0        0
  MONTH TO DATE    0                         0      0        0
  SINCE JUN 1     13                        46    -33       24
  SINCE JUL 1      0                         3     -3        0

 COOLING
  TODAY            7                         8     -1        4
  MONTH TO DATE   82                        94    -12       66
  SINCE JUN 1    474                       492    -18      652
  SINCE JAN 1    485                       518    -33      696
..................................................................


WIND (MPH)
  HIGHEST WIND SPEED    21   HIGHEST WIND DIRECTION    SE (150)
  HIGHEST GUST SPEED    25   HIGHEST GUST DIRECTION    SE (140)
  AVERAGE WIND SPEED     7.1


SKY COVER
  POSSIBLE SUNSHINE  MM
  AVERAGE SKY COVER 0.1


WEATHER CONDITIONS
 THE FOLLOWING WEATHER WAS RECORDED TODAY.
  FOG


RELATIVE HUMIDITY (PERCENT)
 HIGHEST   100           300 AM
 LOWEST     40          1100 AM
 AVERAGE    70

..........................................................


THE PROVIDENCE RI CLIMATE NORMALS FOR TOMORROW
                         NORMAL    RECORD    YEAR
 MAXIMUM TEMPERATURE (F)   82       100      1944
 MINIMUM TEMPERATURE (F)   64        50      1968


SUNRISE AND SUNSET
AUGUST 11 2014........SUNRISE   550 AM EDT   SUNSET   751 PM EDT
AUGUST 12 2014........SUNRISE   551 AM EDT   SUNSET   750 PM EDT


-  INDICATES NEGATIVE NUMBERS.
R  INDICATES RECORD WAS SET OR TIED.
MM INDICATES DATA IS MISSING.
T  INDICATES TRACE AMOUNT.




$$
