000
CDUS41 KBOX 230540
CLIPVD


CLIMATE REPORT
NATIONAL WEATHER SERVICE TAUNTON MA
136 AM EDT TUE JUN 23 2015


...................................

...THE PROVIDENCE RI CLIMATE SUMMARY FOR JUNE 22 2015...

CLIMATE NORMAL PERIOD 1981 TO 2010
CLIMATE RECORD PERIOD 1904 TO 2015


WEATHER ITEM   OBSERVED TIME   RECORD YEAR NORMAL DEPARTURE LAST
                VALUE   (LST)  VALUE       VALUE  FROM      YEAR
                                                  NORMAL
..................................................................
TEMPERATURE (F)
 YESTERDAY
  MAXIMUM         87    107 PM  96    1941  80      7       79
  MINIMUM         67   1134 PM  49    1986  61      6       54
                                      1963
                                      1940
  AVERAGE         77                        70      7       67

PRECIPITATION (IN)
  YESTERDAY        0.00          2.02 1918   0.10  -0.10     0.00
  MONTH TO DATE    3.23                      2.89   0.34     2.19
  SINCE JUN 1      3.23                      2.89   0.34     2.19
  SINCE JAN 1     20.18                     22.96  -2.78    24.99

SNOWFALL (IN)
  YESTERDAY        0.0           0.0  2002   0.0    0.0      0.0
                                      2001
                                      2000
  MONTH TO DATE    0.0                       0.0    0.0      0.0
  SINCE JUN 1      0.0                       0.0    0.0      0.0
  SINCE JUL 1     76.2                      33.8   42.4     43.6
  SNOW DEPTH       0

DEGREE DAYS
 HEATING
  YESTERDAY        0                         1     -1        0
  MONTH TO DATE   65                        41     24       13
  SINCE JUN 1     65                        41     24       13
  SINCE JUL 1   6013                      5616    397     5913

 COOLING
  YESTERDAY       12                         6      6        2
  MONTH TO DATE   82                        81      1       59
  SINCE JUN 1     82                        81      1       59
  SINCE JAN 1    146                       107     39       70
..................................................................


WIND (MPH)
  RESULTANT WIND SPEED   8   RESULTANT WIND DIRECTION   W (280)
  HIGHEST WIND SPEED    18   HIGHEST WIND DIRECTION     W (260)
  HIGHEST GUST SPEED    22   HIGHEST GUST DIRECTION     W (260)
  AVERAGE WIND SPEED     8.3


SKY COVER
  POSSIBLE SUNSHINE  MM
  AVERAGE SKY COVER 0.4


WEATHER CONDITIONS
 THE FOLLOWING WEATHER WAS RECORDED YESTERDAY.
  NO SIGNIFICANT WEATHER WAS OBSERVED.


RELATIVE HUMIDITY (PERCENT)
 HIGHEST    90           100 AM
 LOWEST     37           200 PM
 AVERAGE    64

..........................................................


THE PROVIDENCE RI CLIMATE NORMALS FOR TODAY
                         NORMAL    RECORD    YEAR
 MAXIMUM TEMPERATURE (F)   80        92      1983
 MINIMUM TEMPERATURE (F)   61        47      1919


SUNRISE AND SUNSET
JUNE 23 2015..........SUNRISE   512 AM EDT   SUNSET   824 PM EDT
JUNE 24 2015..........SUNRISE   512 AM EDT   SUNSET   824 PM EDT


-  INDICATES NEGATIVE NUMBERS.
R  INDICATES RECORD WAS SET OR TIED.
MM INDICATES DATA IS MISSING.
T  INDICATES TRACE AMOUNT.




$$
