000
CDUS41 KBOX 012144
CLIPVD


CLIMATE REPORT
NATIONAL WEATHER SERVICE TAUNTON MA
534 PM EDT TUE AUG 1 2017


...................................

...THE PROVIDENCE RI CLIMATE SUMMARY FOR AUGUST 1 2017...
VALID TODAY AS OF 0500 PM LOCAL TIME.

CLIMATE NORMAL PERIOD 1981 TO 2010
CLIMATE RECORD PERIOD 1904 TO 2017


WEATHER ITEM   OBSERVED TIME   RECORD YEAR NORMAL DEPARTURE LAST
                VALUE   (LST)  VALUE       VALUE  FROM      YEAR
                                                  NORMAL
..................................................................
TEMPERATURE (F)
 TODAY
  MAXIMUM         86    207 PM  97    2006  83      3       80
  MINIMUM         64    511 AM  53    1964  65     -1       64
                                      1953
  AVERAGE         75                        74      1       72

PRECIPITATION (IN)
  TODAY            0.00          2.13 1985   0.12  -0.12     0.42
  MONTH TO DATE    0.00                      0.12  -0.12     0.42
  SINCE JUN 1      7.72                      7.05   0.67     5.42
  SINCE JAN 1     32.74                     27.12   5.62    23.54

SNOWFALL (IN)
  TODAY            0.0           0.0  2002   0.0    0.0      0.0
                                      2001
                                      2000
  MONTH TO DATE    0.0                       0.0    0.0      0.0
  SINCE JUN 1      0.0                       0.0    0.0      0.0
  SINCE JUL 1      0.0                       0.0    0.0      0.0
  SNOW DEPTH       0

DEGREE DAYS
 HEATING
  TODAY            0                         0      0        0
  MONTH TO DATE    0                         0      0        0
  SINCE JUN 1     56                        46     10       12
  SINCE JUL 1      7                         3      4        0

 COOLING
  TODAY           10                         9      1        7
  MONTH TO DATE   10                         9      1        7
  SINCE JUN 1    433                       407     26      490
  SINCE JAN 1    491                       433     58      541
..................................................................


WIND (MPH)
  HIGHEST WIND SPEED    15   HIGHEST WIND DIRECTION    SE (150)
  HIGHEST GUST SPEED    18   HIGHEST GUST DIRECTION    SE (150)
  AVERAGE WIND SPEED     4.4


SKY COVER
  POSSIBLE SUNSHINE  MM
  AVERAGE SKY COVER 0.1


WEATHER CONDITIONS
 THE FOLLOWING WEATHER WAS RECORDED TODAY.
  FOG


RELATIVE HUMIDITY (PERCENT)
 HIGHEST   100           200 AM
 LOWEST     55           100 PM
 AVERAGE    78

..........................................................


THE PROVIDENCE RI CLIMATE NORMALS FOR TOMORROW
                         NORMAL    RECORD    YEAR
 MAXIMUM TEMPERATURE (F)   83       104      1975
 MINIMUM TEMPERATURE (F)   65        54      1985
                                             1947


SUNRISE AND SUNSET
AUGUST  1 2017........SUNRISE   540 AM EDT   SUNSET   803 PM EDT
AUGUST  2 2017........SUNRISE   541 AM EDT   SUNSET   802 PM EDT


-  INDICATES NEGATIVE NUMBERS.
R  INDICATES RECORD WAS SET OR TIED.
MM INDICATES DATA IS MISSING.
T  INDICATES TRACE AMOUNT.




$$
