000
CDUS41 KBOX 070527
CLIPVD


CLIMATE REPORT
NATIONAL WEATHER SERVICE TAUNTON MA
1226 AM EST TUE FEB 7 2017


...................................

...THE PROVIDENCE RI CLIMATE SUMMARY FOR FEBRUARY 6 2017...

CLIMATE NORMAL PERIOD 1981 TO 2010
CLIMATE RECORD PERIOD 1904 TO 2017


WEATHER ITEM   OBSERVED TIME   RECORD YEAR NORMAL DEPARTURE LAST
                VALUE   (LST)  VALUE       VALUE  FROM      YEAR
                                                  NORMAL
..................................................................
TEMPERATURE (F)
 YESTERDAY
  MAXIMUM         40    334 PM  57    1909  39      1       35
  MINIMUM         27   1028 PM  -4    1918  22      5       16
  AVERAGE         34                        31      3       26

PRECIPITATION (IN)
  YESTERDAY        0.00          1.98 1978   0.12  -0.12     0.00
  MONTH TO DATE    0.01                      0.69  -0.68     2.15
  SINCE DEC 1      8.11                      8.77  -0.66     9.98
  SINCE JAN 1      4.97                      4.55   0.42     5.18

SNOWFALL (IN)
  YESTERDAY        0.0          18.0  1978   0.3   -0.3      0.0
  MONTH TO DATE    0.1                       1.9   -1.8      5.1
  SINCE DEC 1     21.5                      19.6    1.9     13.0
  SINCE JUL 1     21.5                      21.1    0.4     13.0
  SNOW DEPTH       0

DEGREE DAYS
 HEATING
  YESTERDAY       31                        34     -3       39
  MONTH TO DATE  203                       209     -6      142
  SINCE DEC 1   2060                      2271   -211     1735
  SINCE JUL 1   2947                      3346   -399     2616

 COOLING
  YESTERDAY        0                         0      0        0
  MONTH TO DATE    0                         0      0        0
  SINCE DEC 1      0                         0      0        0
  SINCE JAN 1      0                         0      0        0
..................................................................


WIND (MPH)
  RESULTANT WIND SPEED   9   RESULTANT WIND DIRECTION   W (290)
  HIGHEST WIND SPEED    24   HIGHEST WIND DIRECTION    NW (300)
  HIGHEST GUST SPEED    31   HIGHEST GUST DIRECTION    NW (310)
  AVERAGE WIND SPEED     9.9


SKY COVER
  POSSIBLE SUNSHINE  MM
  AVERAGE SKY COVER 0.4


WEATHER CONDITIONS
 THE FOLLOWING WEATHER WAS RECORDED YESTERDAY.
  NO SIGNIFICANT WEATHER WAS OBSERVED.


RELATIVE HUMIDITY (PERCENT)
 HIGHEST    63           900 PM
 LOWEST     25           200 PM
 AVERAGE    44

..........................................................


THE PROVIDENCE RI CLIMATE NORMALS FOR TODAY
                         NORMAL    RECORD    YEAR
 MAXIMUM TEMPERATURE (F)   39        53      1946
                                             1925
 MINIMUM TEMPERATURE (F)   22        -4      1910


SUNRISE AND SUNSET
FEBRUARY  7 2017......SUNRISE   651 AM EST   SUNSET   509 PM EST
FEBRUARY  8 2017......SUNRISE   650 AM EST   SUNSET   510 PM EST


-  INDICATES NEGATIVE NUMBERS.
R  INDICATES RECORD WAS SET OR TIED.
MM INDICATES DATA IS MISSING.
T  INDICATES TRACE AMOUNT.




$$
