000
CDUS41 KBOX 010534
CLIPVD


CLIMATE REPORT
NATIONAL WEATHER SERVICE TAUNTON MA
134 AM EDT TUE APR 1 2014


...................................

...THE PROVIDENCE RI CLIMATE SUMMARY FOR MARCH 31 2014...

CLIMATE NORMAL PERIOD 1981 TO 2010
CLIMATE RECORD PERIOD 1904 TO 2014


WEATHER ITEM   OBSERVED TIME   RECORD YEAR NORMAL DEPARTURE LAST
                VALUE   (LST)  VALUE       VALUE  FROM      YEAR
                                                  NORMAL
..................................................................
TEMPERATURE (F)
 YESTERDAY
  MAXIMUM         40    819 PM  85    1998  53    -13       59
  MINIMUM         35   1237 PM  15    1923  35      0       32
  AVERAGE         38                        44     -6       46

PRECIPITATION (IN)
  YESTERDAY        0.12          3.15 1987   0.17  -0.05     0.31
  MONTH TO DATE    6.73                      5.01   1.72     2.94
  SINCE MAR 1      6.73                      5.01   1.72     2.94
  SINCE JAN 1     15.13                     12.16   2.97     9.90

SNOWFALL (IN)
  YESTERDAY        T             5.9  1970   0.1   -0.1      0.0
  MONTH TO DATE    1.2                       5.5   -4.3      4.9
  SINCE MAR 1      1.2                       5.5   -4.3      4.9
  SINCE JUL 1     43.3                      33.2   10.1     46.3
  SNOW DEPTH       0

DEGREE DAYS
 HEATING
  YESTERDAY       27                        21      6       19
  MONTH TO DATE  954                       809    145      812
  SINCE MAR 1    954                       809    145      812
  SINCE JUL 1   5226                      4871    355     4633

 COOLING
  YESTERDAY        0                         0      0        0
  MONTH TO DATE    0                         0      0        0
  SINCE MAR 1      0                         0      0        0
  SINCE JAN 1      0                         0      0        0
..................................................................


WIND (MPH)
  RESULTANT WIND SPEED  14   RESULTANT WIND DIRECTION   N (360)
  HIGHEST WIND SPEED    26   HIGHEST WIND DIRECTION     N (20)
  HIGHEST GUST SPEED    33   HIGHEST GUST DIRECTION     N (20)
  AVERAGE WIND SPEED    15.0


SKY COVER
  POSSIBLE SUNSHINE  MM
  AVERAGE SKY COVER 1.0


WEATHER CONDITIONS
 THE FOLLOWING WEATHER WAS RECORDED YESTERDAY.
  RAIN
  LIGHT RAIN
  SNOW
  LIGHT SNOW
  SLEET
  FOG


RELATIVE HUMIDITY (PERCENT)
 HIGHEST    92          1200 AM
 LOWEST     59          1100 PM
 AVERAGE    76

..........................................................


THE PROVIDENCE RI CLIMATE NORMALS FOR TODAY
                         NORMAL    RECORD    YEAR
 MAXIMUM TEMPERATURE (F)   53        77      1945
 MINIMUM TEMPERATURE (F)   35        11      1923


SUNRISE AND SUNSET
APRIL  1 2014.........SUNRISE   629 AM EDT   SUNSET   711 PM EDT
APRIL  2 2014.........SUNRISE   627 AM EDT   SUNSET   712 PM EDT


-  INDICATES NEGATIVE NUMBERS.
R  INDICATES RECORD WAS SET OR TIED.
MM INDICATES DATA IS MISSING.
T  INDICATES TRACE AMOUNT.




$$
