000
CDUS41 KBOX 110917
CLIPVD


CLIMATE REPORT
NATIONAL WEATHER SERVICE TAUNTON MA
516 AM EDT SAT OCT 11 2014


...................................

...THE PROVIDENCE RI CLIMATE SUMMARY FOR OCTOBER 10 2014...

CLIMATE NORMAL PERIOD 1981 TO 2010
CLIMATE RECORD PERIOD 1904 TO 2014


WEATHER ITEM   OBSERVED TIME   RECORD YEAR NORMAL DEPARTURE LAST
                VALUE   (LST)  VALUE       VALUE  FROM      YEAR
                                                  NORMAL
..................................................................
TEMPERATURE (F)
 YESTERDAY
  MAXIMUM         63    240 PM  88    1949  65     -2       67
  MINIMUM         44    500 AM  26    1980  46     -2       50
  AVERAGE         54                        55     -1       59

PRECIPITATION (IN)
  YESTERDAY        0.00          2.04 1971   0.13  -0.13     0.00
  MONTH TO DATE    0.95                      1.27  -0.32     0.47
  SINCE SEP 1      1.69                      5.19  -3.50     5.06
  SINCE JAN 1     33.14                     35.79  -2.65    35.87

SNOWFALL (IN)
  YESTERDAY        0.0           2.5  1979   0.0    0.0      0.0
  MONTH TO DATE    0.0                       0.0    0.0      0.0
  SINCE SEP 1      0.0                       0.0    0.0      0.0
  SINCE JUL 1      0.0                       0.0    0.0      0.0
  SNOW DEPTH       0

DEGREE DAYS
 HEATING
  YESTERDAY       11                        10      1        6
  MONTH TO DATE   75                        85    -10       34
  SINCE SEP 1    149                       173    -24      137
  SINCE JUL 1    149                       182    -33      137

 COOLING
  YESTERDAY        0                         0      0        0
  MONTH TO DATE    0                         6     -6        7
  SINCE SEP 1    115                        86     29       70
  SINCE JAN 1    697                       742    -45      892
..................................................................


WIND (MPH)
  RESULTANT WIND SPEED   6   RESULTANT WIND DIRECTION   W (270)
  HIGHEST WIND SPEED    15   HIGHEST WIND DIRECTION     W (260)
  HIGHEST GUST SPEED    20   HIGHEST GUST DIRECTION     W (260)
  AVERAGE WIND SPEED     6.2


SKY COVER
  POSSIBLE SUNSHINE  MM
  AVERAGE SKY COVER 0.5


WEATHER CONDITIONS
 THE FOLLOWING WEATHER WAS RECORDED YESTERDAY.
  NO SIGNIFICANT WEATHER WAS OBSERVED.


RELATIVE HUMIDITY (PERCENT)
 HIGHEST    83           400 AM
 LOWEST     39           100 PM
 AVERAGE    61

..........................................................


THE PROVIDENCE RI CLIMATE NORMALS FOR TODAY
                         NORMAL    RECORD    YEAR
 MAXIMUM TEMPERATURE (F)   65        82      1955
                                             1949
 MINIMUM TEMPERATURE (F)   45        27      1956


SUNRISE AND SUNSET
OCTOBER 11 2014.......SUNRISE   653 AM EDT   SUNSET   611 PM EDT
OCTOBER 12 2014.......SUNRISE   654 AM EDT   SUNSET   609 PM EDT


-  INDICATES NEGATIVE NUMBERS.
R  INDICATES RECORD WAS SET OR TIED.
MM INDICATES DATA IS MISSING.
T  INDICATES TRACE AMOUNT.




$$
