000
CDUS41 KBOX 062132
CLIPVD


CLIMATE REPORT
NATIONAL WEATHER SERVICE TAUNTON MA
429 PM EST SAT JAN 6 2018


...................................

...THE PROVIDENCE RI CLIMATE SUMMARY FOR JANUARY 6 2018...
VALID AS OF 0400 PM LOCAL TIME.

CLIMATE NORMAL PERIOD 1981 TO 2010
CLIMATE RECORD PERIOD 1904 TO 2018


WEATHER ITEM   OBSERVED TIME   RECORD YEAR NORMAL DEPARTURE LAST
                VALUE   (LST)  VALUE       VALUE  FROM      YEAR
                                                  NORMAL
..................................................................
TEMPERATURE (F)
 TODAY
  MAXIMUM         13    256 PM  64    2007  38    -25       32
  MINIMUM          4    742 AM   1    1996  21    -17       22
                                      1976
  AVERAGE          9                        29    -20       27

PRECIPITATION (IN)
  TODAY            0.00          2.46 1962   0.13  -0.13     0.13
  MONTH TO DATE    1.02                      0.74   0.28     1.13
  SINCE DEC 1      3.59                      4.96  -1.37     4.27
  SINCE JAN 1      1.02                      0.74   0.28     1.13

SNOWFALL (IN)
  TODAY            0.0           4.5  2005   0.3   -0.3      3.4
  MONTH TO DATE   14.1                       1.7   12.4      3.4
  SINCE DEC 1     21.2                      10.4   10.8      7.8
  SINCE JUL 1     21.2                      11.9    9.3      7.8
  SNOW DEPTH      11

DEGREE DAYS
 HEATING
  TODAY           56                        36     20       38
  MONTH TO DATE  296                       212     84      180
  SINCE DEC 1   1337                      1164    173     1108
  SINCE JUL 1   2151                      2239    -88     1995

 COOLING
  TODAY            0                         0      0        0
  MONTH TO DATE    0                         0      0        0
  SINCE DEC 1      0                         0      0        0
  SINCE JAN 1      0                         0      0        0
..................................................................


WIND (MPH)
  HIGHEST WIND SPEED    29   HIGHEST WIND DIRECTION     W (280)
  HIGHEST GUST SPEED    40   HIGHEST GUST DIRECTION    NW (310)
  AVERAGE WIND SPEED    17.0


SKY COVER
  POSSIBLE SUNSHINE  MM
  AVERAGE SKY COVER 0.1


WEATHER CONDITIONS
 THE FOLLOWING WEATHER WAS RECORDED TODAY.
  BLOWING SNOW


RELATIVE HUMIDITY (PERCENT)
 HIGHEST    56           600 AM
 LOWEST     41          1100 AM
 AVERAGE    49

..........................................................


THE PROVIDENCE RI CLIMATE NORMALS FOR TOMORROW
                         NORMAL    RECORD    YEAR
 MAXIMUM TEMPERATURE (F)   37        62      1907
 MINIMUM TEMPERATURE (F)   21        -1      1912


SUNRISE AND SUNSET
JANUARY  6 2018.......SUNRISE   713 AM EST   SUNSET   431 PM EST
JANUARY  7 2018.......SUNRISE   713 AM EST   SUNSET   432 PM EST


-  INDICATES NEGATIVE NUMBERS.
R  INDICATES RECORD WAS SET OR TIED.
MM INDICATES DATA IS MISSING.
T  INDICATES TRACE AMOUNT.




$$
