000
CDUS41 KBOX 052200
CLIPVD


CLIMATE REPORT
NATIONAL WEATHER SERVICE TAUNTON MA
549 PM EDT FRI AUG 5 2016


...................................

...THE PROVIDENCE RI CLIMATE SUMMARY FOR AUGUST 5 2016...
VALID AS OF 0500 PM LOCAL TIME.

CLIMATE NORMAL PERIOD 1981 TO 2010
CLIMATE RECORD PERIOD 1904 TO 2016


WEATHER ITEM   OBSERVED TIME   RECORD YEAR NORMAL DEPARTURE LAST
                VALUE   (LST)  VALUE       VALUE  FROM      YEAR
                                                  NORMAL
..................................................................
TEMPERATURE (F)
 TODAY
  MAXIMUM         83    158 PM 100    1944  83      0       86
  MINIMUM         60    515 AM  51    1972  65     -5       64
  AVERAGE         72                        74     -2       75

PRECIPITATION (IN)
  TODAY            0.00          1.86 2004   0.12  -0.12     0.00
  MONTH TO DATE    0.95                      0.61   0.34     1.08
  SINCE JUN 1      5.95                      7.54  -1.59     8.77
  SINCE JAN 1     24.07                     27.61  -3.54    25.72

SNOWFALL (IN)
  TODAY            0.0           0.0  2002   0.0    0.0      0.0
                                      2001
                                      2000
  MONTH TO DATE    0.0                       0.0    0.0      0.0
  SINCE JUN 1      0.0                       0.0    0.0      0.0
  SINCE JUL 1      0.0                       0.0    0.0      0.0
  SNOW DEPTH       0

DEGREE DAYS
 HEATING
  TODAY            0                         0      0        0
  MONTH TO DATE    0                         0      0        0
  SINCE JUN 1     12                        46    -34       72
  SINCE JUL 1      0                         3     -3        0

 COOLING
  TODAY            7                         9     -2       10
  MONTH TO DATE   29                        45    -16       58
  SINCE JUN 1    512                       443     69      480
  SINCE JAN 1    563                       469     94      544
..................................................................


WIND (MPH)
  HIGHEST WIND SPEED    20   HIGHEST WIND DIRECTION     S (180)
  HIGHEST GUST SPEED    26   HIGHEST GUST DIRECTION    SE (140)
  AVERAGE WIND SPEED     8.2


SKY COVER
  POSSIBLE SUNSHINE  MM
  AVERAGE SKY COVER 0.2


WEATHER CONDITIONS
 THE FOLLOWING WEATHER WAS RECORDED TODAY.
  NO SIGNIFICANT WEATHER WAS OBSERVED.


RELATIVE HUMIDITY (PERCENT)
 HIGHEST    97           500 AM
 LOWEST     54           300 PM
 AVERAGE    76

..........................................................


THE PROVIDENCE RI CLIMATE NORMALS FOR TOMORROW
                         NORMAL    RECORD    YEAR
 MAXIMUM TEMPERATURE (F)   83        96      1918
 MINIMUM TEMPERATURE (F)   64        50      1934


SUNRISE AND SUNSET
AUGUST  5 2016........SUNRISE   544 AM EDT   SUNSET   758 PM EDT
AUGUST  6 2016........SUNRISE   545 AM EDT   SUNSET   757 PM EDT


-  INDICATES NEGATIVE NUMBERS.
R  INDICATES RECORD WAS SET OR TIED.
MM INDICATES DATA IS MISSING.
T  INDICATES TRACE AMOUNT.




$$
