000
CDUS41 KBOX 032144
CLIPVD


CLIMATE REPORT
NATIONAL WEATHER SERVICE TAUNTON MA
534 PM EDT MON APR 3 2017


...................................

...THE PROVIDENCE RI CLIMATE SUMMARY FOR APRIL 3 2017...
VALID TODAY AS OF 0500 PM LOCAL TIME.

CLIMATE NORMAL PERIOD 1981 TO 2010
CLIMATE RECORD PERIOD 1904 TO 2017


WEATHER ITEM   OBSERVED TIME   RECORD YEAR NORMAL DEPARTURE LAST
                VALUE   (LST)  VALUE       VALUE  FROM      YEAR
                                                  NORMAL
..................................................................
TEMPERATURE (F)
 TODAY
  MAXIMUM         61   1218 PM  78    1967  54      7       43
  MINIMUM         33    508 AM  18    1954  36     -3       28
  AVERAGE         47                        45      2       36

PRECIPITATION (IN)
  TODAY            0.00          2.31 1990   0.16  -0.16     0.47
  MONTH TO DATE    1.08                      0.48   0.60     1.20
  SINCE MAR 1      4.93                      5.49  -0.56     3.88
  SINCE JAN 1     12.11                     12.64  -0.53    12.23

SNOWFALL (IN)
  TODAY            0.0           4.0  1915   0.0    0.0      0.8
  MONTH TO DATE    T                         0.1   -0.1      0.8
  SINCE MAR 1      7.7                       5.6    2.1      3.4
  SINCE JUL 1     45.9                      33.3   12.6     22.8
  SNOW DEPTH       0

DEGREE DAYS
 HEATING
  TODAY           18                        20     -2       29
  MONTH TO DATE   62                        62      0       46
  SINCE MAR 1    982                       871    111      693
  SINCE JUL 1   4540                      4933   -393     4064

 COOLING
  TODAY            0                         0      0        0
  MONTH TO DATE    0                         0      0        0
  SINCE MAR 1      0                         0      0        0
  SINCE JAN 1      0                         0      0        0
..................................................................


WIND (MPH)
  HIGHEST WIND SPEED    18   HIGHEST WIND DIRECTION     S (170)
  HIGHEST GUST SPEED    27   HIGHEST GUST DIRECTION    SE (130)
  AVERAGE WIND SPEED     7.3


SKY COVER
  POSSIBLE SUNSHINE  MM
  AVERAGE SKY COVER 0.4


WEATHER CONDITIONS
 THE FOLLOWING WEATHER WAS RECORDED TODAY.
  HAZE


RELATIVE HUMIDITY (PERCENT)
 HIGHEST    75           600 AM
 LOWEST     29          1200 PM
 AVERAGE    52

..........................................................


THE PROVIDENCE RI CLIMATE NORMALS FOR TOMORROW
                         NORMAL    RECORD    YEAR
 MAXIMUM TEMPERATURE (F)   54        76      2010
 MINIMUM TEMPERATURE (F)   36        14      1954


SUNRISE AND SUNSET
APRIL  3 2017.........SUNRISE   625 AM EDT   SUNSET   714 PM EDT
APRIL  4 2017.........SUNRISE   623 AM EDT   SUNSET   715 PM EDT


-  INDICATES NEGATIVE NUMBERS.
R  INDICATES RECORD WAS SET OR TIED.
MM INDICATES DATA IS MISSING.
T  INDICATES TRACE AMOUNT.




$$
