227
CDUS41 KBOX 190553
CLIPVD


CLIMATE REPORT
NATIONAL WEATHER SERVICE TAUNTON MA
153 AM EDT THU MAY 19 2016


...................................

...THE PROVIDENCE RI CLIMATE SUMMARY FOR MAY 18 2016...

CLIMATE NORMAL PERIOD 1981 TO 2010
CLIMATE RECORD PERIOD 1904 TO 2016


WEATHER ITEM   OBSERVED TIME   RECORD YEAR NORMAL DEPARTURE LAST
                VALUE   (LST)  VALUE       VALUE  FROM      YEAR
                                                  NORMAL
..................................................................
TEMPERATURE (F)
 YESTERDAY
  MAXIMUM         67    236 PM  92    1936  69     -2       72
  MINIMUM         51    508 AM  35    1983  49      2       50
  AVERAGE         59                        59      0       61

PRECIPITATION (IN)
  YESTERDAY        0.00          1.45 2007   0.11  -0.11     0.00
  MONTH TO DATE    1.48                      1.96  -0.48     0.22
  SINCE MAR 1      8.07                     11.33  -3.26     7.13
  SINCE JAN 1     16.42                     18.48  -2.06    13.48

SNOWFALL (IN)
  YESTERDAY        0.0           0.0  2001   0.0    0.0      0.0
                                      2000
  MONTH TO DATE    0.0                       0.0    0.0      0.0
  SINCE MAR 1      9.3                       6.1    3.2     16.3
  SINCE JUL 1     28.7                      33.8   -5.1     76.2
  SNOW DEPTH       0

DEGREE DAYS
 HEATING
  YESTERDAY        6                         7     -1        4
  MONTH TO DATE  195                       160     35       89
  SINCE MAR 1   1351                      1448    -97     1553
  SINCE JUL 1   4722                      5510   -788     5915

 COOLING
  YESTERDAY        0                         1     -1        0
  MONTH TO DATE    1                         5     -4       29
  SINCE MAR 1      1                         7     -6       29
  SINCE JAN 1      1                         7     -6       29
..................................................................


WIND (MPH)
  RESULTANT WIND SPEED   1   RESULTANT WIND DIRECTION  SE (130)
  HIGHEST WIND SPEED    20   HIGHEST WIND DIRECTION     S (190)
  HIGHEST GUST SPEED    24   HIGHEST GUST DIRECTION     S (190)
  AVERAGE WIND SPEED     8.4


SKY COVER
  POSSIBLE SUNSHINE  MM
  AVERAGE SKY COVER 0.5


WEATHER CONDITIONS
 THE FOLLOWING WEATHER WAS RECORDED YESTERDAY.
  NO SIGNIFICANT WEATHER WAS OBSERVED.


RELATIVE HUMIDITY (PERCENT)
 HIGHEST    83           200 AM
 LOWEST     34          1100 AM
 AVERAGE    59

..........................................................


THE PROVIDENCE RI CLIMATE NORMALS FOR TODAY
                         NORMAL    RECORD    YEAR
 MAXIMUM TEMPERATURE (F)   69        89      1906
 MINIMUM TEMPERATURE (F)   49        35      2002


SUNRISE AND SUNSET
MAY 19 2016...........SUNRISE   522 AM EDT   SUNSET   803 PM EDT
MAY 20 2016...........SUNRISE   521 AM EDT   SUNSET   804 PM EDT


-  INDICATES NEGATIVE NUMBERS.
R  INDICATES RECORD WAS SET OR TIED.
MM INDICATES DATA IS MISSING.
T  INDICATES TRACE AMOUNT.




$$
