000
CDUS41 KBOX 180542
CLIPVD


CLIMATE REPORT
NATIONAL WEATHER SERVICE TAUNTON MA
138 AM EDT MON MAY 18 2015


...................................

...THE PROVIDENCE RI CLIMATE SUMMARY FOR MAY 17 2015...

CLIMATE NORMAL PERIOD 1981 TO 2010
CLIMATE RECORD PERIOD 1904 TO 2015


WEATHER ITEM   OBSERVED TIME   RECORD YEAR NORMAL DEPARTURE LAST
                VALUE   (LST)  VALUE       VALUE  FROM      YEAR
                                                  NORMAL
..................................................................
TEMPERATURE (F)
 YESTERDAY
  MAXIMUM         85    210 PM  91    1977  69     16       76
                                      1974
  MINIMUM         54    430 AM  35    1956  49      5       56
  AVERAGE         70                        59     11       66

PRECIPITATION (IN)
  YESTERDAY        T             2.02 1916   0.11  -0.11     0.48
  MONTH TO DATE    0.22                      1.85  -1.63     1.90
  SINCE MAR 1      7.13                     11.22  -4.09    14.05
  SINCE JAN 1     13.48                     18.37  -4.89    22.45

SNOWFALL (IN)
  YESTERDAY        0.0           0.0  2002   0.0    0.0      0.0
                                      2001
                                      2000
  MONTH TO DATE    0.0                       0.0    0.0      0.0
  SINCE MAR 1     16.3                       6.1   10.2      1.5
  SINCE JUL 1     76.2                      33.8   42.4     43.6
  SNOW DEPTH       0

DEGREE DAYS
 HEATING
  YESTERDAY        0                         7     -7        0
  MONTH TO DATE   85                       153    -68      101
  SINCE MAR 1   1549                      1441    108     1541
  SINCE JUL 1   5911                      5503    408     5813

 COOLING
  YESTERDAY        5                         1      4        1
  MONTH TO DATE   29                         4     25        9
  SINCE MAR 1     29                         6     23        9
  SINCE JAN 1     29                         6     23        9
..................................................................


WIND (MPH)
  RESULTANT WIND SPEED   5   RESULTANT WIND DIRECTION   S (160)
  HIGHEST WIND SPEED    16   HIGHEST WIND DIRECTION    SE (130)
  HIGHEST GUST SPEED    20   HIGHEST GUST DIRECTION    SE (140)
  AVERAGE WIND SPEED     5.9


SKY COVER
  POSSIBLE SUNSHINE  MM
  AVERAGE SKY COVER 0.4


WEATHER CONDITIONS
 THE FOLLOWING WEATHER WAS RECORDED YESTERDAY.
  FOG


RELATIVE HUMIDITY (PERCENT)
 HIGHEST   100           200 AM
 LOWEST     46           100 PM
 AVERAGE    73

..........................................................


THE PROVIDENCE RI CLIMATE NORMALS FOR TODAY
                         NORMAL    RECORD    YEAR
 MAXIMUM TEMPERATURE (F)   69        92      1936
 MINIMUM TEMPERATURE (F)   49        35      1983


SUNRISE AND SUNSET
MAY 18 2015...........SUNRISE   523 AM EDT   SUNSET   801 PM EDT
MAY 19 2015...........SUNRISE   523 AM EDT   SUNSET   802 PM EDT


-  INDICATES NEGATIVE NUMBERS.
R  INDICATES RECORD WAS SET OR TIED.
MM INDICATES DATA IS MISSING.
T  INDICATES TRACE AMOUNT.




$$
