908
CDUS41 KBOX 132134
CLIPVD


CLIMATE REPORT
NATIONAL WEATHER SERVICE TAUNTON MA
532 PM EDT MON MAR 13 2017


...................................

...THE PROVIDENCE RI CLIMATE SUMMARY FOR MARCH 13 2017...
VALID AS OF 0500 PM LOCAL TIME.

CLIMATE NORMAL PERIOD 1981 TO 2010
CLIMATE RECORD PERIOD 1904 TO 2017


WEATHER ITEM   OBSERVED TIME   RECORD YEAR NORMAL DEPARTURE LAST
                VALUE   (LST)  VALUE       VALUE  FROM      YEAR
                                                  NORMAL
..................................................................
TEMPERATURE (F)
 TODAY
  MAXIMUM         32    359 PM  77    1990  47    -15       65
  MINIMUM         13    617 AM  12    1948  29    -16       45
  AVERAGE         23                        38    -15       55

PRECIPITATION (IN)
  TODAY            0.00          2.44 1993   0.15  -0.15     0.00
  MONTH TO DATE    0.62                      1.91  -1.29     0.38
  SINCE MAR 1      0.62                      1.91  -1.29     0.38
  SINCE JAN 1      7.80                      9.06  -1.26     8.73

SNOWFALL (IN)
  TODAY            0.0           7.0  1993   0.2   -0.2      0.0
  MONTH TO DATE    4.4                       3.1    1.3       T
  SINCE MAR 1      4.4                       3.1    1.3       T
  SINCE JUL 1     42.6                      30.8   11.8     19.4
  SNOW DEPTH       0

DEGREE DAYS
 HEATING
  TODAY           42                        27     15       10
  MONTH TO DATE  419                       374     45      286
  SINCE MAR 1    419                       374     45      286
  SINCE JUL 1   3977                      4436   -459     3657

 COOLING
  TODAY            0                         0      0        0
  MONTH TO DATE    0                         0      0        0
  SINCE MAR 1      0                         0      0        0
  SINCE JAN 1      0                         0      0        0
..................................................................


WIND (MPH)
  HIGHEST WIND SPEED    15   HIGHEST WIND DIRECTION    SE (140)
  HIGHEST GUST SPEED    20   HIGHEST GUST DIRECTION    SE (130)
  AVERAGE WIND SPEED     8.2


SKY COVER
  POSSIBLE SUNSHINE  MM
  AVERAGE SKY COVER 0.3


WEATHER CONDITIONS
 THE FOLLOWING WEATHER WAS RECORDED TODAY.
  NO SIGNIFICANT WEATHER WAS OBSERVED.


RELATIVE HUMIDITY (PERCENT)
 HIGHEST    53           600 AM
 LOWEST     28           100 PM
 AVERAGE    41

..........................................................


THE PROVIDENCE RI CLIMATE NORMALS FOR TOMORROW
                         NORMAL    RECORD    YEAR
 MAXIMUM TEMPERATURE (F)   47        79      1946
 MINIMUM TEMPERATURE (F)   29        12      2014
                                             1948


SUNRISE AND SUNSET
MARCH 13 2017.........SUNRISE   701 AM EDT   SUNSET   650 PM EDT
MARCH 14 2017.........SUNRISE   659 AM EDT   SUNSET   651 PM EDT


-  INDICATES NEGATIVE NUMBERS.
R  INDICATES RECORD WAS SET OR TIED.
MM INDICATES DATA IS MISSING.
T  INDICATES TRACE AMOUNT.




$$
