942
CDUS41 KBOX 150524
CLIPVD


CLIMATE REPORT
NATIONAL WEATHER SERVICE TAUNTON MA
124 AM EDT MON MAY 15 2017


...................................

...THE PROVIDENCE RI CLIMATE SUMMARY FOR MAY 14 2017...

CLIMATE NORMAL PERIOD 1981 TO 2010
CLIMATE RECORD PERIOD 1904 TO 2017


WEATHER ITEM   OBSERVED TIME   RECORD YEAR NORMAL DEPARTURE LAST
                VALUE   (LST)  VALUE       VALUE  FROM      YEAR
                                                  NORMAL
..................................................................
TEMPERATURE (F)
 YESTERDAY
  MAXIMUM         53    343 PM  83    1991  68    -15       77
  MINIMUM         46   1009 AM  35    1987  48     -2       55
  AVERAGE         50                        58     -8       66

PRECIPITATION (IN)
  YESTERDAY        1.01          1.15 1962   0.10   0.91      T
  MONTH TO DATE    4.83                      1.54   3.29     1.48
  SINCE MAR 1     15.78                     10.91   4.87     8.07
  SINCE JAN 1     22.96                     18.06   4.90    16.42

SNOWFALL (IN)
  YESTERDAY        0.0           0.0  2001   0.0    0.0      0.0
                                      2000
  MONTH TO DATE    0.0                       0.0    0.0      0.0
  SINCE MAR 1      7.7                       6.1    1.6      9.3
  SINCE JUL 1     45.9                      33.8   12.1     28.7
  SNOW DEPTH       0

DEGREE DAYS
 HEATING
  YESTERDAY       15                         8      7        0
  MONTH TO DATE  158                       132     26      155
  SINCE MAR 1   1461                      1420     41     1311
  SINCE JUL 1   5019                      5482   -463     4682

 COOLING
  YESTERDAY        0                         1     -1        1
  MONTH TO DATE    1                         1      0        1
  SINCE MAR 1     18                         3     15        1
  SINCE JAN 1     18                         3     15        1
..................................................................


WIND (MPH)
  RESULTANT WIND SPEED  15   RESULTANT WIND DIRECTION   N (350)
  HIGHEST WIND SPEED    25   HIGHEST WIND DIRECTION     N (360)
  HIGHEST GUST SPEED    33   HIGHEST GUST DIRECTION     N (350)
  AVERAGE WIND SPEED    15.2


SKY COVER
  POSSIBLE SUNSHINE  MM
  AVERAGE SKY COVER 1.0


WEATHER CONDITIONS
 THE FOLLOWING WEATHER WAS RECORDED YESTERDAY.
  HEAVY RAIN
  RAIN
  LIGHT RAIN
  FOG


RELATIVE HUMIDITY (PERCENT)
 HIGHEST   100          1200 AM
 LOWEST     77           200 PM
 AVERAGE    89

..........................................................


THE PROVIDENCE RI CLIMATE NORMALS FOR TODAY
                         NORMAL    RECORD    YEAR
 MAXIMUM TEMPERATURE (F)   68        87      2004
 MINIMUM TEMPERATURE (F)   48        36      1947


SUNRISE AND SUNSET
MAY 15 2017...........SUNRISE   526 AM EDT   SUNSET   759 PM EDT
MAY 16 2017...........SUNRISE   525 AM EDT   SUNSET   800 PM EDT


-  INDICATES NEGATIVE NUMBERS.
R  INDICATES RECORD WAS SET OR TIED.
MM INDICATES DATA IS MISSING.
T  INDICATES TRACE AMOUNT.




$$
