000
CDUS41 KBOX 100544
CLIPVD


CLIMATE REPORT
NATIONAL WEATHER SERVICE TAUNTON MA
141 AM EDT WED SEP 10 2014


...................................

...THE PROVIDENCE RI CLIMATE SUMMARY FOR SEPTEMBER 9 2014...

CLIMATE NORMAL PERIOD 1981 TO 2010
CLIMATE RECORD PERIOD 1904 TO 2014


WEATHER ITEM   OBSERVED TIME   RECORD YEAR NORMAL DEPARTURE LAST
                VALUE   (LST)  VALUE       VALUE  FROM      YEAR
                                                  NORMAL
..................................................................
TEMPERATURE (F)
 YESTERDAY
  MAXIMUM         73    128 PM  91    1971  77     -4       68
  MINIMUM         58    541 AM  42    1980  58      0       48
                                      1952
  AVERAGE         66                        67     -1       58

PRECIPITATION (IN)
  YESTERDAY        0.00          2.21 1924   0.13  -0.13     0.00
  MONTH TO DATE    0.37                      1.11  -0.74     3.58
  SINCE SEP 1      0.37                      1.11  -0.74     3.58
  SINCE JAN 1     31.82                     31.71   0.11    34.39

SNOWFALL (IN)
  YESTERDAY        0.0           0.0  2002   0.0    0.0      0.0
                                      2001
                                      2000
  MONTH TO DATE    0.0                       0.0    0.0      0.0
  SINCE SEP 1      0.0                       0.0    0.0      0.0
  SINCE JUL 1      0.0                       0.0    0.0      0.0
  SNOW DEPTH       0

DEGREE DAYS
 HEATING
  YESTERDAY        0                         1     -1        7
  MONTH TO DATE    0                         9     -9       14
  SINCE SEP 1      0                         9     -9       14
  SINCE JUL 1      0                        18    -18       14

 COOLING
  YESTERDAY        1                         4     -3        0
  MONTH TO DATE   89                        40     49       31
  SINCE SEP 1     89                        40     49       31
  SINCE JAN 1    671                       696    -25      853
..................................................................


WIND (MPH)
  RESULTANT WIND SPEED   9   RESULTANT WIND DIRECTION  NE (40)
  HIGHEST WIND SPEED    16   HIGHEST WIND DIRECTION    NE (50)
  HIGHEST GUST SPEED    20   HIGHEST GUST DIRECTION    NE (40)
  AVERAGE WIND SPEED    10.0


SKY COVER
  POSSIBLE SUNSHINE  MM
  AVERAGE SKY COVER 0.6


WEATHER CONDITIONS
 THE FOLLOWING WEATHER WAS RECORDED YESTERDAY.
  NO SIGNIFICANT WEATHER WAS OBSERVED.


RELATIVE HUMIDITY (PERCENT)
 HIGHEST    90          1100 PM
 LOWEST     53          1100 AM
 AVERAGE    72

..........................................................


THE PROVIDENCE RI CLIMATE NORMALS FOR TODAY
                         NORMAL    RECORD    YEAR
 MAXIMUM TEMPERATURE (F)   76        94      1983
 MINIMUM TEMPERATURE (F)   58        41      1917


SUNRISE AND SUNSET
SEPTEMBER 10 2014.....SUNRISE   621 AM EDT   SUNSET   704 PM EDT
SEPTEMBER 11 2014.....SUNRISE   622 AM EDT   SUNSET   702 PM EDT


-  INDICATES NEGATIVE NUMBERS.
R  INDICATES RECORD WAS SET OR TIED.
MM INDICATES DATA IS MISSING.
T  INDICATES TRACE AMOUNT.




$$
