000
CDUS41 KBOX 232235
CLIPVD


CLIMATE REPORT
NATIONAL WEATHER SERVICE TAUNTON MA
635 PM EDT FRI SEP 23 2016


...................................

...THE PROVIDENCE RI CLIMATE SUMMARY FOR SEPTEMBER 23 2016...
VALID TODAY AS OF 0600 PM LOCAL TIME.

CLIMATE NORMAL PERIOD 1981 TO 2010
CLIMATE RECORD PERIOD 1904 TO 2016


WEATHER ITEM   OBSERVED TIME   RECORD YEAR NORMAL DEPARTURE LAST
                VALUE   (LST)  VALUE       VALUE  FROM      YEAR
                                                  NORMAL
..................................................................
TEMPERATURE (F)
 TODAY
  MAXIMUM         82    400 PM  92    1970  72     10       76
  MINIMUM         56        MM  38    1974  52      4       52
  AVERAGE         69                        62      7       64

PRECIPITATION (IN)
  TODAY            0.00          2.45 1994   0.13  -0.13     0.00
  MONTH TO DATE    1.63                      2.97  -1.34     1.11
  SINCE SEP 1      1.63                      2.97  -1.34     1.11
  SINCE JAN 1     27.46                     33.57  -6.11    28.53

SNOWFALL (IN)
  TODAY            0.0           0.0  2002   0.0    0.0      0.0
                                      2001
                                      2000
  MONTH TO DATE    0.0                       0.0    0.0      0.0
  SINCE SEP 1      0.0                       0.0    0.0      0.0
  SINCE JUL 1      0.0                       0.0    0.0      0.0
  SNOW DEPTH       0

DEGREE DAYS
 HEATING
  TODAY            0                         4     -4        1
  MONTH TO DATE    6                        49    -43        5
  SINCE SEP 1      6                        49    -43        5
  SINCE JUL 1      6                        58    -52        5

 COOLING
  TODAY            4                         1      3        0
  MONTH TO DATE  150                        73     77      140
  SINCE SEP 1    150                        73     77      140
  SINCE JAN 1   1033                       729    304      941
..................................................................


WIND (MPH)
  HIGHEST WIND SPEED     8   HIGHEST WIND DIRECTION    NW (310)
  HIGHEST GUST SPEED    MM   HIGHEST GUST DIRECTION    MM
  AVERAGE WIND SPEED     4.4


SKY COVER
  POSSIBLE SUNSHINE  MM
  AVERAGE SKY COVER 0.4


WEATHER CONDITIONS
 THE FOLLOWING WEATHER WAS RECORDED TODAY.
  NO SIGNIFICANT WEATHER WAS OBSERVED.


RELATIVE HUMIDITY (PERCENT)
 HIGHEST    86           300 AM
 LOWEST     34           200 PM
 AVERAGE    60

..........................................................


THE PROVIDENCE RI CLIMATE NORMALS FOR TOMORROW
                         NORMAL    RECORD    YEAR
 MAXIMUM TEMPERATURE (F)   71        87      1959
 MINIMUM TEMPERATURE (F)   52        34      1974


SUNRISE AND SUNSET
SEPTEMBER 23 2016.....SUNRISE   635 AM EDT   SUNSET   640 PM EDT
SEPTEMBER 24 2016.....SUNRISE   636 AM EDT   SUNSET   639 PM EDT


-  INDICATES NEGATIVE NUMBERS.
R  INDICATES RECORD WAS SET OR TIED.
MM INDICATES DATA IS MISSING.
T  INDICATES TRACE AMOUNT.




$$
