000
CDUS41 KBOX 210705
CLIPVD


CLIMATE REPORT
NATIONAL WEATHER SERVICE TAUNTON MA
304 AM EDT MON JUL 21 2014


...................................

...THE PROVIDENCE RI CLIMATE SUMMARY FOR JULY 20 2014...

CLIMATE NORMAL PERIOD 1981 TO 2010
CLIMATE RECORD PERIOD 1904 TO 2014


WEATHER ITEM   OBSERVED TIME   RECORD YEAR NORMAL DEPARTURE LAST
                VALUE   (LST)  VALUE       VALUE  FROM      YEAR
                                                  NORMAL
..................................................................
TEMPERATURE (F)
 YESTERDAY
  MAXIMUM         77    119 PM 101    1991  83     -6       95
  MINIMUM         62   1101 PM  54    1939  65     -3       75
  AVERAGE         70                        74     -4       85

PRECIPITATION (IN)
  YESTERDAY        0.06          1.51 1982   0.10  -0.04     0.11
  MONTH TO DATE    3.38                      2.00   1.38     0.91
  SINCE JUN 1      5.74                      5.64   0.10    10.99
  SINCE JAN 1     28.54                     25.71   2.83    25.59

SNOWFALL (IN)
  YESTERDAY        0.0           0.0  2002   0.0    0.0      0.0
                                      2001
                                      2000
  MONTH TO DATE    0.0                       0.0    0.0      0.0
  SINCE JUN 1      0.0                       0.0    0.0      0.0
  SINCE JUL 1      0.0                       0.0    0.0      0.0
  SNOW DEPTH       0

DEGREE DAYS
 HEATING
  YESTERDAY        0                         0      0        0
  MONTH TO DATE    0                         0      0        0
  SINCE JUN 1     13                        43    -30       24
  SINCE JUL 1      0                         0      0        0

 COOLING
  YESTERDAY        5                         9     -4       20
  MONTH TO DATE  199                       168     31      318
  SINCE JUN 1    302                       300      2      482
  SINCE JAN 1    313                       326    -13      526
..................................................................


WIND (MPH)
  RESULTANT WIND SPEED   6   RESULTANT WIND DIRECTION  NE (50)
  HIGHEST WIND SPEED    14   HIGHEST WIND DIRECTION    NE (60)
  HIGHEST GUST SPEED    17   HIGHEST GUST DIRECTION     E (70)
  AVERAGE WIND SPEED     7.1


SKY COVER
  POSSIBLE SUNSHINE  MM
  AVERAGE SKY COVER 0.8


WEATHER CONDITIONS
 THE FOLLOWING WEATHER WAS RECORDED YESTERDAY.
  RAIN
  LIGHT RAIN
  FOG


RELATIVE HUMIDITY (PERCENT)
 HIGHEST    73          1200 AM
 LOWEST     50           100 PM
 AVERAGE    62

..........................................................


THE PROVIDENCE RI CLIMATE NORMALS FOR TODAY
                         NORMAL    RECORD    YEAR
 MAXIMUM TEMPERATURE (F)   83       102      1991
 MINIMUM TEMPERATURE (F)   65        51      1966


SUNRISE AND SUNSET
JULY 21 2014..........SUNRISE   529 AM EDT   SUNSET   814 PM EDT
JULY 22 2014..........SUNRISE   530 AM EDT   SUNSET   814 PM EDT


-  INDICATES NEGATIVE NUMBERS.
R  INDICATES RECORD WAS SET OR TIED.
MM INDICATES DATA IS MISSING.
T  INDICATES TRACE AMOUNT.




$$
