000
CDUS41 KBOX 212120
CLIPVD


CLIMATE REPORT
NATIONAL WEATHER SERVICE TAUNTON MA
520 PM EDT MON JUL 21 2014


...................................

...THE PROVIDENCE RI CLIMATE SUMMARY FOR JULY 21 2014...
VALID AS OF 0500 PM LOCAL TIME.

CLIMATE NORMAL PERIOD 1981 TO 2010
CLIMATE RECORD PERIOD 1904 TO 2014


WEATHER ITEM   OBSERVED TIME   RECORD YEAR NORMAL DEPARTURE LAST
                VALUE   (LST)  VALUE       VALUE  FROM      YEAR
                                                  NORMAL
..................................................................
TEMPERATURE (F)
 TODAY
  MAXIMUM         82    312 PM 102    1991  83     -1       83
  MINIMUM         63    600 AM  51    1966  65     -2       69
  AVERAGE         73                        74     -1       76

PRECIPITATION (IN)
  TODAY            0.02          1.47 1956   0.11  -0.09     0.12
  MONTH TO DATE    3.40                      2.11   1.29     1.03
  SINCE JUN 1      5.76                      5.75   0.01    11.11
  SINCE JAN 1     28.56                     25.82   2.74    25.71

SNOWFALL (IN)
  TODAY            0.0           0.0  2002   0.0    0.0      0.0
                                      2001
                                      2000
  MONTH TO DATE    0.0                       0.0    0.0      0.0
  SINCE JUN 1      0.0                       0.0    0.0      0.0
  SINCE JUL 1      0.0                       0.0    0.0      0.0
  SNOW DEPTH       0

DEGREE DAYS
 HEATING
  TODAY            0                         0      0        0
  MONTH TO DATE    0                         0      0        0
  SINCE JUN 1     13                        43    -30       24
  SINCE JUL 1      0                         0      0        0

 COOLING
  TODAY            8                         9     -1       11
  MONTH TO DATE  207                       177     30      329
  SINCE JUN 1    310                       309      1      493
  SINCE JAN 1    321                       335    -14      537
..................................................................


WIND (MPH)
  HIGHEST WIND SPEED    14   HIGHEST WIND DIRECTION    NE (60)
  HIGHEST GUST SPEED    18   HIGHEST GUST DIRECTION    NE (40)
  AVERAGE WIND SPEED     8.1


SKY COVER
  POSSIBLE SUNSHINE  MM
  AVERAGE SKY COVER 0.5


WEATHER CONDITIONS
 THE FOLLOWING WEATHER WAS RECORDED TODAY.
  LIGHT RAIN
  FOG


RELATIVE HUMIDITY (PERCENT)
 HIGHEST    90           400 AM
 LOWEST     42           400 PM
 AVERAGE    66

..........................................................


THE PROVIDENCE RI CLIMATE NORMALS FOR TOMORROW
                         NORMAL    RECORD    YEAR
 MAXIMUM TEMPERATURE (F)   83       101      2011
 MINIMUM TEMPERATURE (F)   65        54      1937


SUNRISE AND SUNSET
JULY 21 2014..........SUNRISE   529 AM EDT   SUNSET   814 PM EDT
JULY 22 2014..........SUNRISE   530 AM EDT   SUNSET   814 PM EDT


-  INDICATES NEGATIVE NUMBERS.
R  INDICATES RECORD WAS SET OR TIED.
MM INDICATES DATA IS MISSING.
T  INDICATES TRACE AMOUNT.




$$
