000
CDUS41 KBOX 140550
CLIPVD


CLIMATE REPORT
NATIONAL WEATHER SERVICE TAUNTON MA
140 AM EDT MON AUG 14 2017


...................................

...THE PROVIDENCE RI CLIMATE SUMMARY FOR AUGUST 13 2017...

CLIMATE NORMAL PERIOD 1981 TO 2010
CLIMATE RECORD PERIOD 1904 TO 2017


WEATHER ITEM   OBSERVED TIME   RECORD YEAR NORMAL DEPARTURE LAST
                VALUE   (LST)  VALUE       VALUE  FROM      YEAR
                                                  NORMAL
..................................................................
TEMPERATURE (F)
 YESTERDAY
  MAXIMUM         86    309 PM 100    2005  82      4       89
  MINIMUM         68   1159 PM  50    1957  64      4       70
  AVERAGE         77                        73      4       80

PRECIPITATION (IN)
  YESTERDAY        0.00          2.26 2014   0.11  -0.11     0.19
  MONTH TO DATE    0.77                      1.53  -0.76     1.95
  SINCE JUN 1      8.49                      8.46   0.03     6.95
  SINCE JAN 1     33.51                     28.53   4.98    25.07

SNOWFALL (IN)
  YESTERDAY        0.0           0.0  2002   0.0    0.0      0.0
                                      2001
                                      2000
  MONTH TO DATE    0.0                       0.0    0.0      0.0
  SINCE JUN 1      0.0                       0.0    0.0      0.0
  SINCE JUL 1      0.0                       0.0    0.0      0.0
  SNOW DEPTH       0

DEGREE DAYS
 HEATING
  YESTERDAY        0                         0      0        0
  MONTH TO DATE    0                         0      0        0
  SINCE JUN 1     56                        46     10       12
  SINCE JUL 1      7                         3      4        0

 COOLING
  YESTERDAY       12                         8      4       15
  MONTH TO DATE   96                       110    -14      138
  SINCE JUN 1    519                       508     11      621
  SINCE JAN 1    577                       534     43      672
..................................................................


WIND (MPH)
  RESULTANT WIND SPEED   5   RESULTANT WIND DIRECTION   W (280)
  HIGHEST WIND SPEED    17   HIGHEST WIND DIRECTION    NW (330)
  HIGHEST GUST SPEED    22   HIGHEST GUST DIRECTION    NW (330)
  AVERAGE WIND SPEED     7.1


SKY COVER
  POSSIBLE SUNSHINE  MM
  AVERAGE SKY COVER 0.6


WEATHER CONDITIONS
 THE FOLLOWING WEATHER WAS RECORDED YESTERDAY.
  NO SIGNIFICANT WEATHER WAS OBSERVED.


RELATIVE HUMIDITY (PERCENT)
 HIGHEST   100           100 AM
 LOWEST     40           500 PM
 AVERAGE    70

..........................................................


THE PROVIDENCE RI CLIMATE NORMALS FOR TODAY
                         NORMAL    RECORD    YEAR
 MAXIMUM TEMPERATURE (F)   82        98      2002
 MINIMUM TEMPERATURE (F)   64        47      1964


SUNRISE AND SUNSET
AUGUST 14 2017........SUNRISE   553 AM EDT   SUNSET   747 PM EDT
AUGUST 15 2017........SUNRISE   554 AM EDT   SUNSET   745 PM EDT


-  INDICATES NEGATIVE NUMBERS.
R  INDICATES RECORD WAS SET OR TIED.
MM INDICATES DATA IS MISSING.
T  INDICATES TRACE AMOUNT.




$$
