000
CDUS41 KBOX 200528
CLIPVD


CLIMATE REPORT
NATIONAL WEATHER SERVICE TAUNTON MA
127 AM EDT FRI OCT 20 2017


...................................

...THE PROVIDENCE RI CLIMATE SUMMARY FOR OCTOBER 19 2017...

CLIMATE NORMAL PERIOD 1981 TO 2010
CLIMATE RECORD PERIOD 1904 TO 2017


WEATHER ITEM   OBSERVED TIME   RECORD YEAR NORMAL DEPARTURE LAST
                VALUE   (LST)  VALUE       VALUE  FROM      YEAR
                                                  NORMAL
..................................................................
TEMPERATURE (F)
 YESTERDAY
  MAXIMUM         73   1214 PM  83    2016  62     11       83
  MINIMUM         45    524 AM  24    1974  43      2       56
  AVERAGE         59                        53      6       70

PRECIPITATION (IN)
  YESTERDAY        0.00          2.00 1928   0.13  -0.13     0.00
  MONTH TO DATE    0.60                      2.38  -1.78     2.22
  SINCE SEP 1      4.45                      6.30  -1.85     4.96
  SINCE JAN 1     38.65                     36.90   1.75    30.79

SNOWFALL (IN)
  YESTERDAY        0.0           0.7  1972   0.0    0.0      0.0
  MONTH TO DATE    0.0                       0.0    0.0      0.0
  SINCE SEP 1      0.0                       0.0    0.0      0.0
  SINCE JUL 1      0.0                       0.0    0.0      0.0
  SNOW DEPTH       0

DEGREE DAYS
 HEATING
  YESTERDAY        6                        13     -7        0
  MONTH TO DATE   84                       188   -104      136
  SINCE SEP 1    116                       276   -160      179
  SINCE JUL 1    124                       285   -161      179

 COOLING
  YESTERDAY        0                         0      0        5
  MONTH TO DATE   37                         6     31       14
  SINCE SEP 1    171                        86     85      165
  SINCE JAN 1    875                       742    133     1048
..................................................................


WIND (MPH)
  RESULTANT WIND SPEED   8   RESULTANT WIND DIRECTION  SW (210)
  HIGHEST WIND SPEED    21   HIGHEST WIND DIRECTION    SW (220)
  HIGHEST GUST SPEED    26   HIGHEST GUST DIRECTION    SW (220)
  AVERAGE WIND SPEED     8.0


SKY COVER
  POSSIBLE SUNSHINE  MM
  AVERAGE SKY COVER 0.1


WEATHER CONDITIONS
 THE FOLLOWING WEATHER WAS RECORDED YESTERDAY.
  FOG


RELATIVE HUMIDITY (PERCENT)
 HIGHEST   100          1200 AM
 LOWEST     44          1100 AM
 AVERAGE    72

..........................................................


THE PROVIDENCE RI CLIMATE NORMALS FOR TODAY
                         NORMAL    RECORD    YEAR
 MAXIMUM TEMPERATURE (F)   62        80      1947
 MINIMUM TEMPERATURE (F)   42        23      1970


SUNRISE AND SUNSET
OCTOBER 20 2017.......SUNRISE   704 AM EDT   SUNSET   556 PM EDT
OCTOBER 21 2017.......SUNRISE   705 AM EDT   SUNSET   555 PM EDT


-  INDICATES NEGATIVE NUMBERS.
R  INDICATES RECORD WAS SET OR TIED.
MM INDICATES DATA IS MISSING.
T  INDICATES TRACE AMOUNT.




$$
