000
CDUS41 KBOX 282202
CLIPVD


CLIMATE REPORT
NATIONAL WEATHER SERVICE TAUNTON MA
555 PM EDT FRI APR 28 2017


...................................

...THE PROVIDENCE RI CLIMATE SUMMARY FOR APRIL 28 2017...
VALID TODAY AS OF 0500 PM LOCAL TIME.

CLIMATE NORMAL PERIOD 1981 TO 2010
CLIMATE RECORD PERIOD 1904 TO 2017


WEATHER ITEM   OBSERVED TIME   RECORD YEAR NORMAL DEPARTURE LAST
                VALUE   (LST)  VALUE       VALUE  FROM      YEAR
                                                  NORMAL
..................................................................
TEMPERATURE (F)
 TODAY
  MAXIMUM         75    359 PM  91    1938  63     12       58
  MINIMUM         54    807 AM  31    1992  43     11       40
                                      1972
  AVERAGE         65                        53     12       49

PRECIPITATION (IN)
  TODAY            0.02          2.64 1988   0.12  -0.10      T
  MONTH TO DATE    7.10                      4.10   3.00     3.91
  SINCE MAR 1     10.95                      9.11   1.84     6.59
  SINCE JAN 1     18.13                     16.26   1.87    14.94

SNOWFALL (IN)
  TODAY            0.0           3.5  1916   0.0    0.0      0.0
  MONTH TO DATE    T                         0.6   -0.6      6.7
  SINCE MAR 1      7.7                       6.1    1.6      9.3
  SINCE JUL 1     45.9                      33.8   12.1     28.7
  SNOW DEPTH       0

DEGREE DAYS
 HEATING
  TODAY            0                        12    -12       16
  MONTH TO DATE  374                       456    -82      480
  SINCE MAR 1   1294                      1265     29     1127
  SINCE JUL 1   4852                      5327   -475     4498

 COOLING
  TODAY            0                         0      0        0
  MONTH TO DATE    7                         0      7        0
  SINCE MAR 1      7                         0      7        0
  SINCE JAN 1      7                         0      7        0
..................................................................


WIND (MPH)
  HIGHEST WIND SPEED    14   HIGHEST WIND DIRECTION    SE (150)
  HIGHEST GUST SPEED    17   HIGHEST GUST DIRECTION     S (160)
  AVERAGE WIND SPEED     7.1


SKY COVER
  POSSIBLE SUNSHINE  MM
  AVERAGE SKY COVER 0.8


WEATHER CONDITIONS
 THE FOLLOWING WEATHER WAS RECORDED TODAY.
  LIGHT RAIN
  FOG
  FOG W/VISIBILITY <= 1/4 MILE


RELATIVE HUMIDITY (PERCENT)
 HIGHEST   100          1200 AM
 LOWEST     64           400 PM
 AVERAGE    82

..........................................................


THE PROVIDENCE RI CLIMATE NORMALS FOR TOMORROW
                         NORMAL    RECORD    YEAR
 MAXIMUM TEMPERATURE (F)   63        90      1974
 MINIMUM TEMPERATURE (F)   44        31      1909


SUNRISE AND SUNSET
APRIL 28 2017.........SUNRISE   546 AM EDT   SUNSET   741 PM EDT
APRIL 29 2017.........SUNRISE   545 AM EDT   SUNSET   742 PM EDT


-  INDICATES NEGATIVE NUMBERS.
R  INDICATES RECORD WAS SET OR TIED.
MM INDICATES DATA IS MISSING.
T  INDICATES TRACE AMOUNT.




$$
