600
CDUS41 KBOX 220537
CLIPVD


CLIMATE REPORT
NATIONAL WEATHER SERVICE TAUNTON MA
135 AM EDT THU JUN 22 2017


...................................

...THE PROVIDENCE RI CLIMATE SUMMARY FOR JUNE 21 2017...

CLIMATE NORMAL PERIOD 1981 TO 2010
CLIMATE RECORD PERIOD 1904 TO 2017


WEATHER ITEM   OBSERVED TIME   RECORD YEAR NORMAL DEPARTURE LAST
                VALUE   (LST)  VALUE       VALUE  FROM      YEAR
                                                  NORMAL
..................................................................
TEMPERATURE (F)
 YESTERDAY
  MAXIMUM         85    312 PM  96    1941  79      6       88
  MINIMUM         63    401 AM  45    1947  60      3       63
                                      1918
  AVERAGE         74                        70      4       76

PRECIPITATION (IN)
  YESTERDAY        0.00          1.31 1974   0.11  -0.11     0.08
  MONTH TO DATE    3.34                      2.79   0.55     0.84
  SINCE JUN 1      3.34                      2.79   0.55     0.84
  SINCE JAN 1     28.36                     22.86   5.50    18.96

SNOWFALL (IN)
  YESTERDAY        0.0           T    1955   0.0    0.0      0.0
  MONTH TO DATE    0.0                       0.0    0.0      0.0
  SINCE JUN 1      0.0                       0.0    0.0      0.0
  SINCE JUL 1     45.9                      33.8   12.1     28.7
  SNOW DEPTH       0

DEGREE DAYS
 HEATING
  YESTERDAY        0                         1     -1        0
  MONTH TO DATE   49                        40      9       12
  SINCE JUN 1     49                        40      9       12
  SINCE JUL 1   5157                      5615   -458     4757

 COOLING
  YESTERDAY        9                         5      4       11
  MONTH TO DATE  101                        75     26       75
  SINCE JUN 1    101                        75     26       75
  SINCE JAN 1    159                       101     58      126
..................................................................


WIND (MPH)
  RESULTANT WIND SPEED   9   RESULTANT WIND DIRECTION   W (250)
  HIGHEST WIND SPEED    23   HIGHEST WIND DIRECTION    SW (240)
  HIGHEST GUST SPEED    30   HIGHEST GUST DIRECTION     W (260)
  AVERAGE WIND SPEED     9.9


SKY COVER
  POSSIBLE SUNSHINE  MM
  AVERAGE SKY COVER 0.5


WEATHER CONDITIONS
 THE FOLLOWING WEATHER WAS RECORDED YESTERDAY.
  THUNDERSTORM


RELATIVE HUMIDITY (PERCENT)
 HIGHEST    93           100 AM
 LOWEST     34          1100 AM
 AVERAGE    64

..........................................................


THE PROVIDENCE RI CLIMATE NORMALS FOR TODAY
                         NORMAL    RECORD    YEAR
 MAXIMUM TEMPERATURE (F)   80        96      1941
 MINIMUM TEMPERATURE (F)   61        49      1986
                                             1963
                                             1940


SUNRISE AND SUNSET
JUNE 22 2017..........SUNRISE   511 AM EDT   SUNSET   824 PM EDT
JUNE 23 2017..........SUNRISE   512 AM EDT   SUNSET   824 PM EDT


-  INDICATES NEGATIVE NUMBERS.
R  INDICATES RECORD WAS SET OR TIED.
MM INDICATES DATA IS MISSING.
T  INDICATES TRACE AMOUNT.




$$
