000
CDUS41 KBOX 062217
CLIPVD


CLIMATE REPORT
NATIONAL WEATHER SERVICE TAUNTON MA
608 PM EDT SAT MAY 6 2017


...................................

...THE PROVIDENCE RI CLIMATE SUMMARY FOR MAY 6 2017...
VALID AS OF 0600 PM LOCAL TIME.

CLIMATE NORMAL PERIOD 1981 TO 2010
CLIMATE RECORD PERIOD 1904 TO 2017


WEATHER ITEM   OBSERVED TIME   RECORD YEAR NORMAL DEPARTURE LAST
                VALUE   (LST)  VALUE       VALUE  FROM      YEAR
                                                  NORMAL
..................................................................
TEMPERATURE (F)
 TODAY
  MAXIMUM         66    308 PM  90    1930  66      0       60
  MINIMUM         57    925 AM  34    1970  46     11       46
                                      1917
  AVERAGE         62                        56      6       53

PRECIPITATION (IN)
  TODAY            0.28          0.98 1991   0.12   0.16     0.22
  MONTH TO DATE    3.33                      0.69   2.64     1.08
  SINCE MAR 1     14.28                     10.06   4.22     7.67
  SINCE JAN 1     21.46                     17.21   4.25    16.02

SNOWFALL (IN)
  TODAY            0.0           T    1917   0.0    0.0      0.0
  MONTH TO DATE    0.0                       0.0    0.0      0.0
  SINCE MAR 1      7.7                       6.1    1.6      9.3
  SINCE JUL 1     45.9                      33.8   12.1     28.7
  SNOW DEPTH       0

DEGREE DAYS
 HEATING
  TODAY            3                        10     -7       12
  MONTH TO DATE   45                        63    -18       98
  SINCE MAR 1   1348                      1351     -3     1254
  SINCE JUL 1   4906                      5413   -507     4625

 COOLING
  TODAY            0                         0      0        0
  MONTH TO DATE    1                         0      1        0
  SINCE MAR 1     18                         2     16        0
  SINCE JAN 1     18                         2     16        0
..................................................................


WIND (MPH)
  HIGHEST WIND SPEED    23   HIGHEST WIND DIRECTION     S (170)
  HIGHEST GUST SPEED    32   HIGHEST GUST DIRECTION     S (170)
  AVERAGE WIND SPEED    10.5


SKY COVER
  POSSIBLE SUNSHINE  MM
  AVERAGE SKY COVER 0.9


WEATHER CONDITIONS
 THE FOLLOWING WEATHER WAS RECORDED TODAY.
  HEAVY RAIN
  RAIN
  LIGHT RAIN
  FOG


RELATIVE HUMIDITY (PERCENT)
 HIGHEST   100          1200 AM
 LOWEST     73           300 PM
 AVERAGE    87

..........................................................


THE PROVIDENCE RI CLIMATE NORMALS FOR TOMORROW
                         NORMAL    RECORD    YEAR
 MAXIMUM TEMPERATURE (F)   66        94      1930
 MINIMUM TEMPERATURE (F)   46        32      1970
                                             1967


SUNRISE AND SUNSET
MAY  6 2017...........SUNRISE   536 AM EDT   SUNSET   750 PM EDT
MAY  7 2017...........SUNRISE   534 AM EDT   SUNSET   751 PM EDT


-  INDICATES NEGATIVE NUMBERS.
R  INDICATES RECORD WAS SET OR TIED.
MM INDICATES DATA IS MISSING.
T  INDICATES TRACE AMOUNT.




$$
