000
CDUS41 KBOX 100616
CLIPVD


CLIMATE REPORT
NATIONAL WEATHER SERVICE TAUNTON MA
215 AM EDT SUN AUG 10 2014


...................................

...THE PROVIDENCE RI CLIMATE SUMMARY FOR AUGUST 9 2014...

CLIMATE NORMAL PERIOD 1981 TO 2010
CLIMATE RECORD PERIOD 1904 TO 2014


WEATHER ITEM   OBSERVED TIME   RECORD YEAR NORMAL DEPARTURE LAST
                VALUE   (LST)  VALUE       VALUE  FROM      YEAR
                                                  NORMAL
..................................................................
TEMPERATURE (F)
 YESTERDAY
  MAXIMUM         87    205 PM 100    2001  82      5       76
  MINIMUM         61    503 AM  51    1964  64     -3       72
                                      1955
  AVERAGE         74                        73      1       74

PRECIPITATION (IN)
  YESTERDAY        0.00          2.73 1992   0.11  -0.11     1.74
  MONTH TO DATE    0.19                      1.08  -0.89     2.00
  SINCE JUN 1      6.14                      8.01  -1.87    14.34
  SINCE JAN 1     28.94                     28.08   0.86    28.94

SNOWFALL (IN)
  YESTERDAY        0.0           0.0  2002   0.0    0.0      0.0
  MONTH TO DATE    0.0                       0.0    0.0      0.0
  SINCE JUN 1      0.0                       0.0    0.0      0.0
  SINCE JUL 1      0.0                       0.0    0.0      0.0
  SNOW DEPTH       0

DEGREE DAYS
 HEATING
  YESTERDAY        0                         0      0        0
  MONTH TO DATE    0                         0      0        0
  SINCE JUN 1     13                        46    -33       24
  SINCE JUL 1      0                         3     -3        0

 COOLING
  YESTERDAY        9                         8      1        9
  MONTH TO DATE   66                        78    -12       53
  SINCE JUN 1    458                       476    -18      639
  SINCE JAN 1    469                       502    -33      683
..................................................................


WIND (MPH)
  RESULTANT WIND SPEED   1   RESULTANT WIND DIRECTION   W (270)
  HIGHEST WIND SPEED    17   HIGHEST WIND DIRECTION    SE (150)
  HIGHEST GUST SPEED    21   HIGHEST GUST DIRECTION     S (160)
  AVERAGE WIND SPEED     5.9


SKY COVER
  POSSIBLE SUNSHINE  MM
  AVERAGE SKY COVER 0.3


WEATHER CONDITIONS
 THE FOLLOWING WEATHER WAS RECORDED YESTERDAY.
  NO SIGNIFICANT WEATHER WAS OBSERVED.


RELATIVE HUMIDITY (PERCENT)
 HIGHEST    87          1100 PM
 LOWEST     30           200 PM
 AVERAGE    59

..........................................................


THE PROVIDENCE RI CLIMATE NORMALS FOR TODAY
                         NORMAL    RECORD    YEAR
 MAXIMUM TEMPERATURE (F)   82        94      1973
 MINIMUM TEMPERATURE (F)   64        47      1964


SUNRISE AND SUNSET
AUGUST 10 2014........SUNRISE   549 AM EDT   SUNSET   753 PM EDT
AUGUST 11 2014........SUNRISE   550 AM EDT   SUNSET   751 PM EDT


-  INDICATES NEGATIVE NUMBERS.
R  INDICATES RECORD WAS SET OR TIED.
MM INDICATES DATA IS MISSING.
T  INDICATES TRACE AMOUNT.




$$
