000
CDUS41 KBOX 190535
CLIPVD


CLIMATE REPORT
NATIONAL WEATHER SERVICE TAUNTON MA
135 AM EDT TUE MAY 19 2015


...................................

...THE PROVIDENCE RI CLIMATE SUMMARY FOR MAY 18 2015...

CLIMATE NORMAL PERIOD 1981 TO 2010
CLIMATE RECORD PERIOD 1904 TO 2015


WEATHER ITEM   OBSERVED TIME   RECORD YEAR NORMAL DEPARTURE LAST
                VALUE   (LST)  VALUE       VALUE  FROM      YEAR
                                                  NORMAL
..................................................................
TEMPERATURE (F)
 YESTERDAY
  MAXIMUM         72    148 PM  92    1936  69      3       69
  MINIMUM         50   1141 PM  35    1983  49      1       52
  AVERAGE         61                        59      2       61

PRECIPITATION (IN)
  YESTERDAY        0.00          1.45 2007   0.11  -0.11     0.00
  MONTH TO DATE    0.22                      1.96  -1.74     1.90
  SINCE MAR 1      7.13                     11.33  -4.20    14.05
  SINCE JAN 1     13.48                     18.48  -5.00    22.45

SNOWFALL (IN)
  YESTERDAY        0.0           0.0  2001   0.0    0.0      0.0
                                      2000
  MONTH TO DATE    0.0                       0.0    0.0      0.0
  SINCE MAR 1     16.3                       6.1   10.2      1.5
  SINCE JUL 1     76.2                      33.8   42.4     43.6
  SNOW DEPTH       0

DEGREE DAYS
 HEATING
  YESTERDAY        4                         7     -3        4
  MONTH TO DATE   89                       160    -71      105
  SINCE MAR 1   1553                      1448    105     1545
  SINCE JUL 1   5915                      5510    405     5817

 COOLING
  YESTERDAY        0                         1     -1        0
  MONTH TO DATE   29                         5     24        9
  SINCE MAR 1     29                         7     22        9
  SINCE JAN 1     29                         7     22        9
..................................................................


WIND (MPH)
  RESULTANT WIND SPEED   4   RESULTANT WIND DIRECTION   E (90)
  HIGHEST WIND SPEED    17   HIGHEST WIND DIRECTION     S (170)
  HIGHEST GUST SPEED    21   HIGHEST GUST DIRECTION     S (170)
  AVERAGE WIND SPEED     8.1


SKY COVER
  POSSIBLE SUNSHINE  MM
  AVERAGE SKY COVER 0.8


WEATHER CONDITIONS
 THE FOLLOWING WEATHER WAS RECORDED YESTERDAY.
  FOG


RELATIVE HUMIDITY (PERCENT)
 HIGHEST    96           500 AM
 LOWEST     49           200 PM
 AVERAGE    73

..........................................................


THE PROVIDENCE RI CLIMATE NORMALS FOR TODAY
                         NORMAL    RECORD    YEAR
 MAXIMUM TEMPERATURE (F)   69        89      1906
 MINIMUM TEMPERATURE (F)   49        35      2002


SUNRISE AND SUNSET
MAY 19 2015...........SUNRISE   523 AM EDT   SUNSET   802 PM EDT
MAY 20 2015...........SUNRISE   522 AM EDT   SUNSET   803 PM EDT


-  INDICATES NEGATIVE NUMBERS.
R  INDICATES RECORD WAS SET OR TIED.
MM INDICATES DATA IS MISSING.
T  INDICATES TRACE AMOUNT.




$$
