000
CDUS41 KBOX 302128
CLIPVD


CLIMATE REPORT
NATIONAL WEATHER SERVICE TAUNTON MA
528 PM EDT SUN JUL 30 2017


...................................

...THE PROVIDENCE RI CLIMATE SUMMARY FOR JULY 30 2017...
VALID AS OF 0500 PM LOCAL TIME.

CLIMATE NORMAL PERIOD 1981 TO 2010
CLIMATE RECORD PERIOD 1904 TO 2017


WEATHER ITEM   OBSERVED TIME   RECORD YEAR NORMAL DEPARTURE LAST
                VALUE   (LST)  VALUE       VALUE  FROM      YEAR
                                                  NORMAL
..................................................................
TEMPERATURE (F)
 TODAY
  MAXIMUM         82    339 PM  97    1949  83     -1       85
                                      1933
                                      1917
  MINIMUM         57    451 AM  53    1968  65     -8       68
  AVERAGE         70                        74     -4       77

PRECIPITATION (IN)
  TODAY            0.00          4.78 1976   0.12  -0.12      T
  MONTH TO DATE    3.27                      3.16   0.11     3.95
  SINCE JUN 1      7.53                      6.80   0.73     5.00
  SINCE JAN 1     32.55                     26.87   5.68    23.12

SNOWFALL (IN)
  TODAY            0.0           0.0  2002   0.0    0.0      0.0
                                      2001
                                      2000
  MONTH TO DATE    0.0                       0.0    0.0      0.0
  SINCE JUN 1      0.0                       0.0    0.0      0.0
  SINCE JUL 1      0.0                       0.0    0.0      0.0
  SNOW DEPTH       0

DEGREE DAYS
 HEATING
  TODAY            0                         0      0        0
  MONTH TO DATE    7                         0      7        0
  SINCE JUN 1     56                        43     13       12
  SINCE JUL 1      7                         0      7        0

 COOLING
  TODAY            5                         9     -4       12
  MONTH TO DATE  250                       258     -8      336
  SINCE JUN 1    419                       390     29      471
  SINCE JAN 1    477                       416     61      522
..................................................................


WIND (MPH)
  HIGHEST WIND SPEED    16   HIGHEST WIND DIRECTION     N (360)
  HIGHEST GUST SPEED    23   HIGHEST GUST DIRECTION    NE (30)
  AVERAGE WIND SPEED     9.5


SKY COVER
  POSSIBLE SUNSHINE  MM
  AVERAGE SKY COVER 0.1


WEATHER CONDITIONS
 THE FOLLOWING WEATHER WAS RECORDED TODAY.
  NO SIGNIFICANT WEATHER WAS OBSERVED.


RELATIVE HUMIDITY (PERCENT)
 HIGHEST    77           400 AM
 LOWEST     34           300 PM
 AVERAGE    56

..........................................................


THE PROVIDENCE RI CLIMATE NORMALS FOR TOMORROW
                         NORMAL    RECORD    YEAR
 MAXIMUM TEMPERATURE (F)   83       100      1917
 MINIMUM TEMPERATURE (F)   65        51      1956


SUNRISE AND SUNSET
JULY 30 2017..........SUNRISE   538 AM EDT   SUNSET   806 PM EDT
JULY 31 2017..........SUNRISE   539 AM EDT   SUNSET   804 PM EDT


-  INDICATES NEGATIVE NUMBERS.
R  INDICATES RECORD WAS SET OR TIED.
MM INDICATES DATA IS MISSING.
T  INDICATES TRACE AMOUNT.




$$
