000
CDUS41 KBOX 200605
CLIPVD


CLIMATE REPORT
NATIONAL WEATHER SERVICE TAUNTON MA
205 AM EDT MON JUL 20 2015


...................................

...THE PROVIDENCE RI CLIMATE SUMMARY FOR JULY 19 2015...

CLIMATE NORMAL PERIOD 1981 TO 2010
CLIMATE RECORD PERIOD 1904 TO 2015


WEATHER ITEM   OBSERVED TIME   RECORD YEAR NORMAL DEPARTURE LAST
                VALUE   (LST)  VALUE       VALUE  FROM      YEAR
                                                  NORMAL
..................................................................
TEMPERATURE (F)
 YESTERDAY
  MAXIMUM         87    212 PM 100    1977  83      4       78
  MINIMUM         71   1212 AM  55    1956  65      6       61
  AVERAGE         79                        74      5       70

PRECIPITATION (IN)
  YESTERDAY        0.00          2.45 1971   0.11  -0.11      T
  MONTH TO DATE    1.74                      1.90  -0.16     3.32
  SINCE JUN 1      7.09                      5.54   1.55     5.68
  SINCE JAN 1     24.04                     25.61  -1.57    28.48

SNOWFALL (IN)
  YESTERDAY        0.0           0.0  2002   0.0    0.0      0.0
                                      2001
                                      2000
  MONTH TO DATE    0.0                       0.0    0.0      0.0
  SINCE JUN 1      0.0                       0.0    0.0      0.0
  SINCE JUL 1      0.0                       0.0    0.0      0.0
  SNOW DEPTH       0

DEGREE DAYS
 HEATING
  YESTERDAY        0                         0      0        0
  MONTH TO DATE    0                         0      0        0
  SINCE JUN 1     72                        43     29       13
  SINCE JUL 1      0                         0      0        0

 COOLING
  YESTERDAY       14                         9      5        5
  MONTH TO DATE  163                       159      4      194
  SINCE JUN 1    281                       291    -10      297
  SINCE JAN 1    345                       317     28      308
..................................................................


WIND (MPH)
  RESULTANT WIND SPEED   6   RESULTANT WIND DIRECTION   S (190)
  HIGHEST WIND SPEED    15   HIGHEST WIND DIRECTION     S (160)
  HIGHEST GUST SPEED    19   HIGHEST GUST DIRECTION     S (200)
  AVERAGE WIND SPEED     6.6


SKY COVER
  POSSIBLE SUNSHINE  MM
  AVERAGE SKY COVER 0.7


WEATHER CONDITIONS
 THE FOLLOWING WEATHER WAS RECORDED YESTERDAY.
  FOG


RELATIVE HUMIDITY (PERCENT)
 HIGHEST    93           800 AM
 LOWEST     65           300 PM
 AVERAGE    79

..........................................................


THE PROVIDENCE RI CLIMATE NORMALS FOR TODAY
                         NORMAL    RECORD    YEAR
 MAXIMUM TEMPERATURE (F)   83       101      1991
 MINIMUM TEMPERATURE (F)   65        54      1939


SUNRISE AND SUNSET
JULY 20 2015..........SUNRISE   528 AM EDT   SUNSET   815 PM EDT
JULY 21 2015..........SUNRISE   529 AM EDT   SUNSET   815 PM EDT


-  INDICATES NEGATIVE NUMBERS.
R  INDICATES RECORD WAS SET OR TIED.
MM INDICATES DATA IS MISSING.
T  INDICATES TRACE AMOUNT.




$$
