000
CDUS41 KBOX 310545
CLIPVD


CLIMATE REPORT
NATIONAL WEATHER SERVICE TAUNTON MA
135 AM EDT WED MAY 31 2017


...................................

...THE PROVIDENCE RI CLIMATE SUMMARY FOR MAY 30 2017...

CLIMATE NORMAL PERIOD 1981 TO 2010
CLIMATE RECORD PERIOD 1904 TO 2017


WEATHER ITEM   OBSERVED TIME   RECORD YEAR NORMAL DEPARTURE LAST
                VALUE   (LST)  VALUE       VALUE  FROM      YEAR
                                                  NORMAL
..................................................................
TEMPERATURE (F)
 YESTERDAY
  MAXIMUM         64   1214 PM  94    1929  73     -9       74
  MINIMUM         49    254 AM  37    1970  53     -4       57
  AVERAGE         57                        63     -6       66

PRECIPITATION (IN)
  YESTERDAY        T             2.42 1948   0.13  -0.13     1.50
  MONTH TO DATE    6.82                      3.42   3.40     3.18
  SINCE MAR 1     17.77                     12.79   4.98     9.77
  SINCE JAN 1     24.95                     19.94   5.01    18.12

SNOWFALL (IN)
  YESTERDAY        0.0           0.0  2002   0.0    0.0      0.0
                                      2001
                                      2000
  MONTH TO DATE    0.0                       0.0    0.0      0.0
  SINCE MAR 1      7.7                       6.1    1.6      9.3
  SINCE JUL 1     45.9                      33.8   12.1     28.7
  SNOW DEPTH       0

DEGREE DAYS
 HEATING
  YESTERDAY        8                         4      4        0
  MONTH TO DATE  242                       221     21      218
  SINCE MAR 1   1545                      1509     36     1374
  SINCE JUL 1   5103                      5571   -468     4745

 COOLING
  YESTERDAY        0                         2     -2        1
  MONTH TO DATE   41                        19     22       40
  SINCE MAR 1     58                        21     37       40
  SINCE JAN 1     58                        21     37       40
..................................................................


WIND (MPH)
  RESULTANT WIND SPEED   5   RESULTANT WIND DIRECTION  SE (150)
  HIGHEST WIND SPEED    17   HIGHEST WIND DIRECTION    SE (150)
  HIGHEST GUST SPEED    20   HIGHEST GUST DIRECTION     S (160)
  AVERAGE WIND SPEED     8.1


SKY COVER
  POSSIBLE SUNSHINE  MM
  AVERAGE SKY COVER 0.9


WEATHER CONDITIONS
 THE FOLLOWING WEATHER WAS RECORDED YESTERDAY.
  LIGHT RAIN
  FOG


RELATIVE HUMIDITY (PERCENT)
 HIGHEST   100           200 AM
 LOWEST     78          1100 AM
 AVERAGE    89

..........................................................


THE PROVIDENCE RI CLIMATE NORMALS FOR TODAY
                         NORMAL    RECORD    YEAR
 MAXIMUM TEMPERATURE (F)   73        95      1944
 MINIMUM TEMPERATURE (F)   53        37      1961


SUNRISE AND SUNSET
MAY 31 2017...........SUNRISE   514 AM EDT   SUNSET   813 PM EDT
JUNE  1 2017..........SUNRISE   513 AM EDT   SUNSET   814 PM EDT


-  INDICATES NEGATIVE NUMBERS.
R  INDICATES RECORD WAS SET OR TIED.
MM INDICATES DATA IS MISSING.
T  INDICATES TRACE AMOUNT.




$$
