000
CDUS41 KBOX 211257
CLIPVD


CLIMATE REPORT
NATIONAL WEATHER SERVICE TAUNTON MA
753 AM EST MON NOV 21 2016


...................................

...THE PROVIDENCE RI CLIMATE SUMMARY FOR NOVEMBER 20 2016...

CLIMATE NORMAL PERIOD 1981 TO 2010
CLIMATE RECORD PERIOD 1904 TO 2016


WEATHER ITEM   OBSERVED TIME   RECORD YEAR NORMAL DEPARTURE LAST
                VALUE   (LST)  VALUE       VALUE  FROM      YEAR
                                                  NORMAL
..................................................................
TEMPERATURE (F)
 YESTERDAY
  MAXIMUM         48    603 AM  72    1991  52     -4       61
  MINIMUM         34   1159 PM  17    1986  35     -1       44
  AVERAGE         41                        43     -2       53

PRECIPITATION (IN)
  YESTERDAY        0.16          2.52 1988   0.16   0.00     1.55
  MONTH TO DATE    1.36                      2.93  -1.57     2.11
  SINCE SEP 1      8.93                     10.78  -1.85     8.10
  SINCE JAN 1     34.76                     41.38  -6.62    35.52

SNOWFALL (IN)
  YESTERDAY        0.0           1.7  1961   0.0    0.0      0.0
  MONTH TO DATE    0.0                       0.5   -0.5      0.0
  SINCE SEP 1      0.0                       0.5   -0.5      0.0
  SINCE JUL 1      0.0                       0.5   -0.5      0.0
  SNOW DEPTH       0

DEGREE DAYS
 HEATING
  YESTERDAY       24                        22      2       12
  MONTH TO DATE  322                       380    -58      279
  SINCE SEP 1    660                       829   -169      646
  SINCE JUL 1    660                       838   -178      646

 COOLING
  YESTERDAY        0                         0      0        0
  MONTH TO DATE    0                         0      0        2
  SINCE SEP 1    166                        88     78      154
  SINCE JAN 1   1049                       744    305      955
..................................................................


WIND (MPH)
  RESULTANT WIND SPEED  14   RESULTANT WIND DIRECTION   W (260)
  HIGHEST WIND SPEED    29   HIGHEST WIND DIRECTION     W (250)
  HIGHEST GUST SPEED    37   HIGHEST GUST DIRECTION     W (270)
  AVERAGE WIND SPEED    15.3


SKY COVER
  POSSIBLE SUNSHINE  MM
  AVERAGE SKY COVER 1.0


WEATHER CONDITIONS
 THE FOLLOWING WEATHER WAS RECORDED YESTERDAY.
  RAIN
  LIGHT RAIN
  LIGHT SNOW
  FOG


RELATIVE HUMIDITY (PERCENT)
 HIGHEST   100           200 AM
 LOWEST     53          1200 PM
 AVERAGE    77

..........................................................


THE PROVIDENCE RI CLIMATE NORMALS FOR TODAY
                         NORMAL    RECORD    YEAR
 MAXIMUM TEMPERATURE (F)   51        71      1931
 MINIMUM TEMPERATURE (F)   34        16      1987


SUNRISE AND SUNSET
NOVEMBER 21 2016......SUNRISE   643 AM EST   SUNSET   420 PM EST
NOVEMBER 22 2016......SUNRISE   644 AM EST   SUNSET   420 PM EST


-  INDICATES NEGATIVE NUMBERS.
R  INDICATES RECORD WAS SET OR TIED.
MM INDICATES DATA IS MISSING.
T  INDICATES TRACE AMOUNT.




$$
