000
CDUS41 KBOX 050602
CLIPVD


CLIMATE REPORT
NATIONAL WEATHER SERVICE TAUNTON MA
1256 AM EST FRI JAN 5 2018


...................................

...THE PROVIDENCE RI CLIMATE SUMMARY FOR JANUARY 4 2018...

CLIMATE NORMAL PERIOD 1981 TO 2010
CLIMATE RECORD PERIOD 1904 TO 2018


WEATHER ITEM   OBSERVED TIME   RECORD YEAR NORMAL DEPARTURE LAST
                VALUE   (LST)  VALUE       VALUE  FROM      YEAR
                                                  NORMAL
..................................................................
TEMPERATURE (F)
 YESTERDAY
  MAXIMUM         32    432 PM  61    2000  38     -6       49
                                      1998
                                      1950
  MINIMUM         22   1220 AM  -9    1981  21      1       34
  AVERAGE         27                        30     -3       42

PRECIPITATION (IN)
  YESTERDAY        0.30          2.90 1982   0.13   0.17      T
  MONTH TO DATE    0.30                      0.49  -0.19     1.00
  SINCE DEC 1      2.87                      4.71  -1.84     4.14
  SINCE JAN 1      0.30                      0.49  -0.19     1.00

SNOWFALL (IN)
  YESTERDAY       14.1 R         5.7  1988   0.2   13.9      0.0
  MONTH TO DATE   14.1                       1.1   13.0      0.0
  SINCE DEC 1     21.2                       9.8   11.4      4.4
  SINCE JUL 1     21.2                      11.3    9.9      4.4
  SNOW DEPTH       0

DEGREE DAYS
 HEATING
  YESTERDAY       38                        35      3       23
  MONTH TO DATE  191                       140     51      108
  SINCE DEC 1   1232                      1092    140     1036
  SINCE JUL 1   2046                      2167   -121     1923

 COOLING
  YESTERDAY        0                         0      0        0
  MONTH TO DATE    0                         0      0        0
  SINCE DEC 1      0                         0      0        0
  SINCE JAN 1      0                         0      0        0
..................................................................


WIND (MPH)
  RESULTANT WIND SPEED  20   RESULTANT WIND DIRECTION   N (350)
  HIGHEST WIND SPEED    37   HIGHEST WIND DIRECTION     N (360)
  HIGHEST GUST SPEED    55   HIGHEST GUST DIRECTION     N (350)
  AVERAGE WIND SPEED    22.7


SKY COVER
  POSSIBLE SUNSHINE  MM
  AVERAGE SKY COVER 1.0


WEATHER CONDITIONS
 THE FOLLOWING WEATHER WAS RECORDED YESTERDAY.
  THUNDERSTORM
  HEAVY SNOW
  SNOW
  LIGHT SNOW
  FOG
  FOG W/VISIBILITY <= 1/4 MILE
  HAZE
  BLOWING SNOW


RELATIVE HUMIDITY (PERCENT)
 HIGHEST   100           900 AM
 LOWEST     55           600 AM
 AVERAGE    78

..........................................................


THE PROVIDENCE RI CLIMATE NORMALS FOR TODAY
                         NORMAL    RECORD    YEAR
 MAXIMUM TEMPERATURE (F)   38        63      2007
 MINIMUM TEMPERATURE (F)   21       -12      1981


SUNRISE AND SUNSET
JANUARY  5 2018.......SUNRISE   713 AM EST   SUNSET   430 PM EST
JANUARY  6 2018.......SUNRISE   713 AM EST   SUNSET   431 PM EST


-  INDICATES NEGATIVE NUMBERS.
R  INDICATES RECORD WAS SET OR TIED.
MM INDICATES DATA IS MISSING.
T  INDICATES TRACE AMOUNT.




$$
