000
CDUS41 KBOX 250557
CLIPVD


CLIMATE REPORT
NATIONAL WEATHER SERVICE TAUNTON MA
1254 AM EST FRI NOV 25 2016


...................................

...THE PROVIDENCE RI CLIMATE SUMMARY FOR NOVEMBER 24 2016...

CLIMATE NORMAL PERIOD 1981 TO 2010
CLIMATE RECORD PERIOD 1904 TO 2016


WEATHER ITEM   OBSERVED TIME   RECORD YEAR NORMAL DEPARTURE LAST
                VALUE   (LST)  VALUE       VALUE  FROM      YEAR
                                                  NORMAL
..................................................................
TEMPERATURE (F)
 YESTERDAY
  MAXIMUM         47    244 PM  73    1979  50     -3       44
  MINIMUM         32   1210 AM   6    1989  34     -2       24
  AVERAGE         40                        42     -2       34

PRECIPITATION (IN)
  YESTERDAY        0.05          2.14 1923   0.16  -0.11     0.00
  MONTH TO DATE    1.41                      3.57  -2.16     2.54
  SINCE SEP 1      8.98                     11.42  -2.44     8.53
  SINCE JAN 1     34.81                     42.02  -7.21    35.95

SNOWFALL (IN)
  YESTERDAY        0.0           2.7  1936   0.1   -0.1      0.0
  MONTH TO DATE    T                         0.9   -0.9      0.0
  SINCE SEP 1      T                         0.9   -0.9      0.0
  SINCE JUL 1      T                         0.9   -0.9      0.0
  SNOW DEPTH       0

DEGREE DAYS
 HEATING
  YESTERDAY       25                        23      2       31
  MONTH TO DATE  430                       471    -41      384
  SINCE SEP 1    768                       920   -152      751
  SINCE JUL 1    768                       929   -161      751

 COOLING
  YESTERDAY        0                         0      0        0
  MONTH TO DATE    0                         0      0        2
  SINCE SEP 1    166                        88     78      154
  SINCE JAN 1   1049                       744    305      955
..................................................................


WIND (MPH)
  RESULTANT WIND SPEED   4   RESULTANT WIND DIRECTION   N (10)
  HIGHEST WIND SPEED     9   HIGHEST WIND DIRECTION     E (100)
  HIGHEST GUST SPEED    11   HIGHEST GUST DIRECTION     N (360)
  AVERAGE WIND SPEED     5.3


SKY COVER
  POSSIBLE SUNSHINE  MM
  AVERAGE SKY COVER 0.8


WEATHER CONDITIONS
 THE FOLLOWING WEATHER WAS RECORDED YESTERDAY.
  LIGHT RAIN
  FOG


RELATIVE HUMIDITY (PERCENT)
 HIGHEST    86           800 PM
 LOWEST     57          1100 AM
 AVERAGE    72

..........................................................


THE PROVIDENCE RI CLIMATE NORMALS FOR TODAY
                         NORMAL    RECORD    YEAR
 MAXIMUM TEMPERATURE (F)   50        71      1979
 MINIMUM TEMPERATURE (F)   33        12      1938


SUNRISE AND SUNSET
NOVEMBER 25 2016......SUNRISE   647 AM EST   SUNSET   418 PM EST
NOVEMBER 26 2016......SUNRISE   648 AM EST   SUNSET   418 PM EST


-  INDICATES NEGATIVE NUMBERS.
R  INDICATES RECORD WAS SET OR TIED.
MM INDICATES DATA IS MISSING.
T  INDICATES TRACE AMOUNT.




$$
