000
CDUS41 KBOX 040544
CLIPVD


CLIMATE REPORT
NATIONAL WEATHER SERVICE TAUNTON MA
1240 AM EST THU JAN 4 2018


...................................

...THE PROVIDENCE RI CLIMATE SUMMARY FOR JANUARY 3 2018...

CLIMATE NORMAL PERIOD 1981 TO 2010
CLIMATE RECORD PERIOD 1904 TO 2018


WEATHER ITEM   OBSERVED TIME   RECORD YEAR NORMAL DEPARTURE LAST
                VALUE   (LST)  VALUE       VALUE  FROM      YEAR
                                                  NORMAL
..................................................................
TEMPERATURE (F)
 YESTERDAY
  MAXIMUM         31    241 PM  64    2000  38     -7       45
  MINIMUM         12    551 AM   1    1981  22    -10       38
  AVERAGE         22                        30     -8       42

PRECIPITATION (IN)
  YESTERDAY        0.00          1.70 1999   0.12  -0.12     0.92
  MONTH TO DATE    0.00                      0.36  -0.36     1.00
  SINCE DEC 1      2.57                      4.58  -2.01     4.14
  SINCE JAN 1      0.00                      0.36  -0.36     1.00

SNOWFALL (IN)
  YESTERDAY        0.0           5.8  1923   0.3   -0.3      0.0
  MONTH TO DATE    0.0                       0.9   -0.9      0.0
  SINCE DEC 1      7.1                       9.6   -2.5      4.4
  SINCE JUL 1      7.1                      11.1   -4.0      4.4
  SNOW DEPTH       0

DEGREE DAYS
 HEATING
  YESTERDAY       43                        35      8       23
  MONTH TO DATE  153                       105     48       85
  SINCE DEC 1   1194                      1057    137     1013
  SINCE JUL 1   2008                      2132   -124     1900

 COOLING
  YESTERDAY        0                         0      0        0
  MONTH TO DATE    0                         0      0        0
  SINCE DEC 1      0                         0      0        0
  SINCE JAN 1      0                         0      0        0
..................................................................


WIND (MPH)
  RESULTANT WIND SPEED   4   RESULTANT WIND DIRECTION  SW (230)
  HIGHEST WIND SPEED    15   HIGHEST WIND DIRECTION     W (280)
  HIGHEST GUST SPEED    20   HIGHEST GUST DIRECTION     W (270)
  AVERAGE WIND SPEED     5.4


SKY COVER
  POSSIBLE SUNSHINE  MM
  AVERAGE SKY COVER 0.3


WEATHER CONDITIONS
 THE FOLLOWING WEATHER WAS RECORDED YESTERDAY.
  NO SIGNIFICANT WEATHER WAS OBSERVED.


RELATIVE HUMIDITY (PERCENT)
 HIGHEST    80           900 PM
 LOWEST     39          1200 PM
 AVERAGE    60

..........................................................


THE PROVIDENCE RI CLIMATE NORMALS FOR TODAY
                         NORMAL    RECORD    YEAR
 MAXIMUM TEMPERATURE (F)   38        61      2000
                                             1998
                                             1950
 MINIMUM TEMPERATURE (F)   21        -9      1981


SUNRISE AND SUNSET
JANUARY  4 2018.......SUNRISE   713 AM EST   SUNSET   429 PM EST
JANUARY  5 2018.......SUNRISE   713 AM EST   SUNSET   430 PM EST


-  INDICATES NEGATIVE NUMBERS.
R  INDICATES RECORD WAS SET OR TIED.
MM INDICATES DATA IS MISSING.
T  INDICATES TRACE AMOUNT.




$$
