000
CDUS41 KBOX 012132
CLIPVD


CLIMATE REPORT
NATIONAL WEATHER SERVICE TAUNTON MA
532 PM EDT WED NOV 1 2017


...................................

...THE PROVIDENCE RI CLIMATE SUMMARY FOR NOVEMBER 1 2017...
VALID AS OF 0500 PM LOCAL TIME.

CLIMATE NORMAL PERIOD 1981 TO 2010
CLIMATE RECORD PERIOD 1904 TO 2017


WEATHER ITEM   OBSERVED TIME   RECORD YEAR NORMAL DEPARTURE LAST
                VALUE   (LST)  VALUE       VALUE  FROM      YEAR
                                                  NORMAL
..................................................................
TEMPERATURE (F)
 TODAY
  MAXIMUM         57    359 PM  78    1974  58     -1       56
  MINIMUM         36    605 AM  26    1925  39     -3       32
  AVERAGE         47                        49     -2       44

PRECIPITATION (IN)
  TODAY            T             2.28 1988   0.14  -0.14     0.00
  MONTH TO DATE    T                         0.14  -0.14     0.00
  SINCE SEP 1      9.29                      7.99   1.30     7.57
  SINCE JAN 1     43.49                     38.59   4.90    33.40

SNOWFALL (IN)
  TODAY            0.0           T    1965   0.0    0.0      0.0
  MONTH TO DATE    0.0                       0.0    0.0      0.0
  SINCE SEP 1      0.0                       0.0    0.0      0.0
  SINCE JUL 1      0.0                       0.0    0.0      0.0
  SNOW DEPTH       0

DEGREE DAYS
 HEATING
  TODAY           18                        16      2       21
  MONTH TO DATE   18                        16      2       21
  SINCE SEP 1    200                       465   -265      359
  SINCE JUL 1    208                       474   -266      359

 COOLING
  TODAY            0                         0      0        0
  MONTH TO DATE    0                         0      0        0
  SINCE SEP 1    176                        88     88      166
  SINCE JAN 1    880                       744    136     1049
..................................................................


WIND (MPH)
  HIGHEST WIND SPEED     9   HIGHEST WIND DIRECTION    NW (300)
  HIGHEST GUST SPEED    11   HIGHEST GUST DIRECTION    NW (300)
  AVERAGE WIND SPEED     2.5


SKY COVER
  POSSIBLE SUNSHINE  MM
  AVERAGE SKY COVER 0.6


WEATHER CONDITIONS
 THE FOLLOWING WEATHER WAS RECORDED TODAY.
  LIGHT RAIN


RELATIVE HUMIDITY (PERCENT)
 HIGHEST   100           200 AM
 LOWEST     54          1100 AM
 AVERAGE    77

..........................................................


THE PROVIDENCE RI CLIMATE NORMALS FOR TOMORROW
                         NORMAL    RECORD    YEAR
 MAXIMUM TEMPERATURE (F)   58        81      1950
 MINIMUM TEMPERATURE (F)   39        21      1976


SUNRISE AND SUNSET
NOVEMBER  1 2017......SUNRISE   718 AM EDT   SUNSET   540 PM EDT
NOVEMBER  2 2017......SUNRISE   719 AM EDT   SUNSET   539 PM EDT


-  INDICATES NEGATIVE NUMBERS.
R  INDICATES RECORD WAS SET OR TIED.
MM INDICATES DATA IS MISSING.
T  INDICATES TRACE AMOUNT.




$$
