000
CDUS41 KBOX 100556
CLIPVD


CLIMATE REPORT
NATIONAL WEATHER SERVICE TAUNTON MA
1256 AM EST WED DEC 10 2014


...................................

...THE PROVIDENCE RI CLIMATE SUMMARY FOR DECEMBER 9 2014...

CLIMATE NORMAL PERIOD 1981 TO 2010
CLIMATE RECORD PERIOD 1904 TO 2014


WEATHER ITEM   OBSERVED TIME   RECORD YEAR NORMAL DEPARTURE LAST
                VALUE   (LST)  VALUE       VALUE  FROM      YEAR
                                                  NORMAL
..................................................................
TEMPERATURE (F)
 YESTERDAY
  MAXIMUM         49    835 PM  66    1991  44      5       40
  MINIMUM         28   1246 AM   5    1934  29     -1       27
  AVERAGE         39                        36      3       34

PRECIPITATION (IN)
  YESTERDAY        2.74R         1.55 1978   0.15   2.59     0.36
  MONTH TO DATE    4.30                      1.37   2.93     1.64
  SINCE DEC 1      4.30                      1.37   2.93     1.64
  SINCE JAN 1     45.24                     44.33   0.91    42.28

SNOWFALL (IN)
  YESTERDAY        T             3.8  2005   0.3   -0.3      0.3
  MONTH TO DATE    T                         2.0   -2.0      0.3
  SINCE DEC 1      T                         2.0   -2.0      0.3
  SINCE JUL 1      1.6                       3.5   -1.9      0.4
  SNOW DEPTH       0

DEGREE DAYS
 HEATING
  YESTERDAY       26                        29     -3       31
  MONTH TO DATE  237                       244     -7      233
  SINCE DEC 1    237                       244     -7      233
  SINCE JUL 1   1273                      1319    -46     1336

 COOLING
  YESTERDAY        0                         0      0        0
  MONTH TO DATE    0                         0      0        0
  SINCE DEC 1      0                         0      0        0
  SINCE JAN 1    709                       744    -35      892
..................................................................


WIND (MPH)
  RESULTANT WIND SPEED  15   RESULTANT WIND DIRECTION   N (20)
  HIGHEST WIND SPEED    29   HIGHEST WIND DIRECTION    NE (40)
  HIGHEST GUST SPEED    39   HIGHEST GUST DIRECTION    NE (30)
  AVERAGE WIND SPEED    15.2


SKY COVER
  POSSIBLE SUNSHINE  MM
  AVERAGE SKY COVER 1.0


WEATHER CONDITIONS
 THE FOLLOWING WEATHER WAS RECORDED YESTERDAY.
  HEAVY RAIN
  RAIN
  LIGHT RAIN
  LT FREEZING RAIN
  SLEET
  FOG


RELATIVE HUMIDITY (PERCENT)
 HIGHEST   100           700 PM
 LOWEST     92           100 AM
 AVERAGE    96

..........................................................


THE PROVIDENCE RI CLIMATE NORMALS FOR TODAY
                         NORMAL    RECORD    YEAR
 MAXIMUM TEMPERATURE (F)   44        67      1946
 MINIMUM TEMPERATURE (F)   28         5      1968


SUNRISE AND SUNSET
DECEMBER 10 2014......SUNRISE   702 AM EST   SUNSET   415 PM EST
DECEMBER 11 2014......SUNRISE   703 AM EST   SUNSET   415 PM EST


-  INDICATES NEGATIVE NUMBERS.
R  INDICATES RECORD WAS SET OR TIED.
MM INDICATES DATA IS MISSING.
T  INDICATES TRACE AMOUNT.




$$
