893
CDUS41 KBOX 220601
CLIPVD


CLIMATE REPORT
NATIONAL WEATHER SERVICE TAUNTON MA
149 AM EDT FRI APR 22 2016


...................................

...THE PROVIDENCE RI CLIMATE SUMMARY FOR APRIL 21 2016...

CLIMATE NORMAL PERIOD 1981 TO 2010
CLIMATE RECORD PERIOD 1904 TO 2016


WEATHER ITEM   OBSERVED TIME   RECORD YEAR NORMAL DEPARTURE LAST
                VALUE   (LST)  VALUE       VALUE  FROM      YEAR
                                                  NORMAL
..................................................................
TEMPERATURE (F)
 YESTERDAY
  MAXIMUM         74    240 PM  87    1957  61     13       70
  MINIMUM         38    425 AM  27    1908  41     -3       49
                                      1907
  AVERAGE         56                        51      5       60

PRECIPITATION (IN)
  YESTERDAY        0.00          3.06 1991   0.14  -0.14     0.07
  MONTH TO DATE    3.58                      3.19   0.39     2.34
  SINCE MAR 1      6.26                      8.20  -1.94     6.74
  SINCE JAN 1     14.61                     15.35  -0.74    13.09

SNOWFALL (IN)
  YESTERDAY        0.0           0.4  1947   0.0    0.0      0.0
  MONTH TO DATE    6.7                       0.6    6.1       T
  SINCE MAR 1      9.3                       6.1    3.2     16.3
  SINCE JUL 1     28.7                      33.8   -5.1     76.2
  SNOW DEPTH       0

DEGREE DAYS
 HEATING
  YESTERDAY        9                        14     -5        5
  MONTH TO DATE  394                       366     28      341
  SINCE MAR 1   1041                      1175   -134     1333
  SINCE JUL 1   4412                      5237   -825     5695

 COOLING
  YESTERDAY        0                         0      0        0
  MONTH TO DATE    0                         0      0        0
  SINCE MAR 1      0                         0      0        0
  SINCE JAN 1      0                         0      0        0
..................................................................


WIND (MPH)
  RESULTANT WIND SPEED   7   RESULTANT WIND DIRECTION  SW (230)
  HIGHEST WIND SPEED    23   HIGHEST WIND DIRECTION    SW (210)
  HIGHEST GUST SPEED    28   HIGHEST GUST DIRECTION     S (200)
  AVERAGE WIND SPEED     8.5


SKY COVER
  POSSIBLE SUNSHINE  MM
  AVERAGE SKY COVER 0.5


WEATHER CONDITIONS
 THE FOLLOWING WEATHER WAS RECORDED YESTERDAY.
  NO SIGNIFICANT WEATHER WAS OBSERVED.


RELATIVE HUMIDITY (PERCENT)
 HIGHEST    85           100 AM
 LOWEST     19           200 PM
 AVERAGE    52

..........................................................


THE PROVIDENCE RI CLIMATE NORMALS FOR TODAY
                         NORMAL    RECORD    YEAR
 MAXIMUM TEMPERATURE (F)   61        86      1977
 MINIMUM TEMPERATURE (F)   42        29      1975


SUNRISE AND SUNSET
APRIL 22 2016.........SUNRISE   554 AM EDT   SUNSET   735 PM EDT
APRIL 23 2016.........SUNRISE   553 AM EDT   SUNSET   736 PM EDT


-  INDICATES NEGATIVE NUMBERS.
R  INDICATES RECORD WAS SET OR TIED.
MM INDICATES DATA IS MISSING.
T  INDICATES TRACE AMOUNT.




$$
