000
CDUS41 KBOX 030540
CLIPVD


CLIMATE REPORT
NATIONAL WEATHER SERVICE TAUNTON MA
1236 AM EST TUE JAN 3 2017


...................................

...THE PROVIDENCE RI CLIMATE SUMMARY FOR JANUARY 2 2017...

CLIMATE NORMAL PERIOD 1981 TO 2010
CLIMATE RECORD PERIOD 1904 TO 2017


WEATHER ITEM   OBSERVED TIME   RECORD YEAR NORMAL DEPARTURE LAST
                VALUE   (LST)  VALUE       VALUE  FROM      YEAR
                                                  NORMAL
..................................................................
TEMPERATURE (F)
 YESTERDAY
  MAXIMUM         39   1103 PM  59    2000  38      1       39
                                      1979
  MINIMUM         23    506 AM  -4    1918  22      1       27
  AVERAGE         31                        30      1       33

PRECIPITATION (IN)
  YESTERDAY        0.01          1.85 1979   0.12  -0.11     0.00
  MONTH TO DATE    0.08                      0.24  -0.16     0.00
  SINCE DEC 1      3.22                      4.46  -1.24     4.80
  SINCE JAN 1      0.08                      0.24  -0.16     0.00

SNOWFALL (IN)
  YESTERDAY        0.0           5.4  1948   0.3   -0.3      0.0
  MONTH TO DATE    0.0                       0.6   -0.6      0.0
  SINCE DEC 1      4.4                       9.3   -4.9      0.6
  SINCE JUL 1      4.4                      10.8   -6.4      0.6
  SNOW DEPTH       0

DEGREE DAYS
 HEATING
  YESTERDAY       34                        35     -1       32
  MONTH TO DATE   62                        70     -8       59
  SINCE DEC 1    990                      1022    -32      642
  SINCE JUL 1   1877                      2097   -220     1523

 COOLING
  YESTERDAY        0                         0      0        0
  MONTH TO DATE    0                         0      0        0
  SINCE DEC 1      0                         0      0        0
  SINCE JAN 1      0                         0      0        0
..................................................................


WIND (MPH)
  RESULTANT WIND SPEED   3   RESULTANT WIND DIRECTION  NE (40)
  HIGHEST WIND SPEED     9   HIGHEST WIND DIRECTION    NE (60)
  HIGHEST GUST SPEED    12   HIGHEST GUST DIRECTION    NE (40)
  AVERAGE WIND SPEED     4.2


SKY COVER
  POSSIBLE SUNSHINE  MM
  AVERAGE SKY COVER 0.7


WEATHER CONDITIONS
 THE FOLLOWING WEATHER WAS RECORDED YESTERDAY.
  LIGHT RAIN


RELATIVE HUMIDITY (PERCENT)
 HIGHEST    84           600 AM
 LOWEST     59          1200 PM
 AVERAGE    72

..........................................................


THE PROVIDENCE RI CLIMATE NORMALS FOR TODAY
                         NORMAL    RECORD    YEAR
 MAXIMUM TEMPERATURE (F)   38        64      2000
 MINIMUM TEMPERATURE (F)   22         1      1981


SUNRISE AND SUNSET
JANUARY  3 2017.......SUNRISE   713 AM EST   SUNSET   428 PM EST
JANUARY  4 2017.......SUNRISE   713 AM EST   SUNSET   429 PM EST


-  INDICATES NEGATIVE NUMBERS.
R  INDICATES RECORD WAS SET OR TIED.
MM INDICATES DATA IS MISSING.
T  INDICATES TRACE AMOUNT.




$$
