000
CDUS41 KBOX 082122
CLIPVD


CLIMATE REPORT
NATIONAL WEATHER SERVICE TAUNTON MA
420 PM EST WED FEB 8 2017


...................................

...THE PROVIDENCE RI CLIMATE SUMMARY FOR FEBRUARY 8 2017...
VALID AS OF 0400 PM LOCAL TIME.

CLIMATE NORMAL PERIOD 1981 TO 2010
CLIMATE RECORD PERIOD 1904 TO 2017


WEATHER ITEM   OBSERVED TIME   RECORD YEAR NORMAL DEPARTURE LAST
                VALUE   (LST)  VALUE       VALUE  FROM      YEAR
                                                  NORMAL
..................................................................
TEMPERATURE (F)
 TODAY
  MAXIMUM         57    140 PM  60    1933  39     18       37
  MINIMUM         34    726 AM  -9    1934  23     11       20
  AVERAGE         46                        31     15       29

PRECIPITATION (IN)
  TODAY            0.00          1.57 1945   0.11  -0.11     0.58
  MONTH TO DATE    0.19                      0.91  -0.72     2.73
  SINCE DEC 1      8.29                      8.99  -0.70    10.56
  SINCE JAN 1      5.15                      4.77   0.38     5.76

SNOWFALL (IN)
  TODAY            0.0          14.4  1945   0.3   -0.3      5.6
  MONTH TO DATE    0.1                       2.5   -2.4     10.7
  SINCE DEC 1     21.5                      20.2    1.3     18.6
  SINCE JUL 1     21.5                      21.7   -0.2     18.6
  SNOW DEPTH       0

DEGREE DAYS
 HEATING
  TODAY           19                        34    -15       36
  MONTH TO DATE  253                       277    -24      208
  SINCE DEC 1   2110                      2339   -229     1801
  SINCE JUL 1   2997                      3414   -417     2682

 COOLING
  TODAY            0                         0      0        0
  MONTH TO DATE    0                         0      0        0
  SINCE DEC 1      0                         0      0        0
  SINCE JAN 1      0                         0      0        0
..................................................................


WIND (MPH)
  HIGHEST WIND SPEED    17   HIGHEST WIND DIRECTION    NW (320)
  HIGHEST GUST SPEED    24   HIGHEST GUST DIRECTION    SW (240)
  AVERAGE WIND SPEED     5.3


SKY COVER
  POSSIBLE SUNSHINE  MM
  AVERAGE SKY COVER 0.9


WEATHER CONDITIONS
 THE FOLLOWING WEATHER WAS RECORDED TODAY.
  FOG
  FOG W/VISIBILITY <= 1/4 MILE
  HAZE


RELATIVE HUMIDITY (PERCENT)
 HIGHEST   100           100 AM
 LOWEST     54           300 PM
 AVERAGE    77

..........................................................


THE PROVIDENCE RI CLIMATE NORMALS FOR TOMORROW
                         NORMAL    RECORD    YEAR
 MAXIMUM TEMPERATURE (F)   39        60      1937
 MINIMUM TEMPERATURE (F)   23       -17      1934


SUNRISE AND SUNSET
FEBRUARY  8 2017......SUNRISE   650 AM EST   SUNSET   510 PM EST
FEBRUARY  9 2017......SUNRISE   649 AM EST   SUNSET   512 PM EST


-  INDICATES NEGATIVE NUMBERS.
R  INDICATES RECORD WAS SET OR TIED.
MM INDICATES DATA IS MISSING.
T  INDICATES TRACE AMOUNT.




$$
