000
CDUS41 KBOX 030544
CLIPVD


CLIMATE REPORT
NATIONAL WEATHER SERVICE TAUNTON MA
1241 AM EST WED FEB 3 2016


...................................

...THE PROVIDENCE RI CLIMATE SUMMARY FOR FEBRUARY 2 2016...

CLIMATE NORMAL PERIOD 1981 TO 2010
CLIMATE RECORD PERIOD 1904 TO 2016


WEATHER ITEM   OBSERVED TIME   RECORD YEAR NORMAL DEPARTURE LAST
                VALUE   (LST)  VALUE       VALUE  FROM      YEAR
                                                  NORMAL
..................................................................
TEMPERATURE (F)
 YESTERDAY
  MAXIMUM         51    403 PM  57    1973  38     13       31
  MINIMUM         29    705 AM  -6    1961  22      7       12
  AVERAGE         40                        30     10       22

PRECIPITATION (IN)
  YESTERDAY        0.00          2.16 1973   0.12  -0.12     0.87
  MONTH TO DATE    T                         0.23  -0.23     0.87
  SINCE DEC 1      7.83                      8.31  -0.48    10.74
  SINCE JAN 1      3.03                      4.09  -1.06     4.49

SNOWFALL (IN)
  YESTERDAY        0.0           7.9  2015   0.4   -0.4      7.9
  MONTH TO DATE    0.0                       0.7   -0.7      7.9
  SINCE DEC 1      7.9                      18.4  -10.5     34.4
  SINCE JUL 1      7.9                      19.9  -12.0     36.0
  SNOW DEPTH       0

DEGREE DAYS
 HEATING
  YESTERDAY       25                        35    -10       43
  MONTH TO DATE   36                        70    -34       86
  SINCE DEC 1   1629                      2132   -503     2116
  SINCE JUL 1   2510                      3207   -697     3152

 COOLING
  YESTERDAY        0                         0      0        0
  MONTH TO DATE    0                         0      0        0
  SINCE DEC 1      0                         0      0        0
  SINCE JAN 1      0                         0      0        0
..................................................................


WIND (MPH)
  RESULTANT WIND SPEED   3   RESULTANT WIND DIRECTION  NW (310)
  HIGHEST WIND SPEED    16   HIGHEST WIND DIRECTION     N (360)
  HIGHEST GUST SPEED    20   HIGHEST GUST DIRECTION     N (360)
  AVERAGE WIND SPEED     4.6


SKY COVER
  POSSIBLE SUNSHINE  MM
  AVERAGE SKY COVER 0.1


WEATHER CONDITIONS
 THE FOLLOWING WEATHER WAS RECORDED YESTERDAY.
  NO SIGNIFICANT WEATHER WAS OBSERVED.


RELATIVE HUMIDITY (PERCENT)
 HIGHEST    75           800 AM
 LOWEST     30           100 PM
 AVERAGE    53

..........................................................


THE PROVIDENCE RI CLIMATE NORMALS FOR TODAY
                         NORMAL    RECORD    YEAR
 MAXIMUM TEMPERATURE (F)   38        60      1991
 MINIMUM TEMPERATURE (F)   22        -3      1955


SUNRISE AND SUNSET
FEBRUARY  3 2016......SUNRISE   656 AM EST   SUNSET   503 PM EST
FEBRUARY  4 2016......SUNRISE   655 AM EST   SUNSET   504 PM EST


-  INDICATES NEGATIVE NUMBERS.
R  INDICATES RECORD WAS SET OR TIED.
MM INDICATES DATA IS MISSING.
T  INDICATES TRACE AMOUNT.




$$
