569
CDUS41 KBOX 232130
CLIPVD


CLIMATE REPORT
NATIONAL WEATHER SERVICE TAUNTON MA
420 PM EST FRI FEB 23 2018


...................................

...THE PROVIDENCE RI CLIMATE SUMMARY FOR FEBRUARY 23 2018...
VALID TODAY AS OF 0400 PM LOCAL TIME.

CLIMATE NORMAL PERIOD 1981 TO 2010
CLIMATE RECORD PERIOD 1904 TO 2018


WEATHER ITEM   OBSERVED TIME   RECORD YEAR NORMAL DEPARTURE LAST
                VALUE   (LST)  VALUE       VALUE  FROM      YEAR
                                                  NORMAL
..................................................................
TEMPERATURE (F)
 TODAY
  MAXIMUM         43   1232 PM  66    2017  42      1       66
  MINIMUM         32    704 AM  -4    1907  25      7       35
  AVERAGE         38                        33      5       51

PRECIPITATION (IN)
  TODAY            0.03          0.96 1919   0.13  -0.10     0.00
  MONTH TO DATE    4.25                      2.63   1.62     2.07
  SINCE DEC 1     13.31                     10.71   2.60    10.17
  SINCE JAN 1     10.74                      6.49   4.25     7.03

SNOWFALL (IN)
  TODAY            0.0           3.8  1967   0.3   -0.3      0.0
  MONTH TO DATE    5.7                       7.2   -1.5     16.8
  SINCE DEC 1     33.9                      24.9    9.0     38.2
  SINCE JUL 1     33.9                      26.4    7.5     38.2
  SNOW DEPTH       0

DEGREE DAYS
 HEATING
  TODAY           27                        32     -5       14
  MONTH TO DATE  609                       771   -162      721
  SINCE DEC 1   2754                      2833    -79     2578
  SINCE JUL 1   3568                      3908   -340     3465

 COOLING
  TODAY            0                         0      0        0
  MONTH TO DATE    0                         0      0        0
  SINCE DEC 1      0                         0      0        0
  SINCE JAN 1      0                         0      0        0
..................................................................


WIND (MPH)
  HIGHEST WIND SPEED    14   HIGHEST WIND DIRECTION    SE (150)
  HIGHEST GUST SPEED    18   HIGHEST GUST DIRECTION    SE (120)
  AVERAGE WIND SPEED     6.6


SKY COVER
  POSSIBLE SUNSHINE  MM
  AVERAGE SKY COVER 0.9


WEATHER CONDITIONS
 THE FOLLOWING WEATHER WAS RECORDED TODAY.
  LIGHT RAIN
  FOG


RELATIVE HUMIDITY (PERCENT)
 HIGHEST    96          1200 AM
 LOWEST     57          1100 AM
 AVERAGE    77

..........................................................


THE PROVIDENCE RI CLIMATE NORMALS FOR TOMORROW
                         NORMAL    RECORD    YEAR
 MAXIMUM TEMPERATURE (F)   42        72      1985
 MINIMUM TEMPERATURE (F)   25        -3      2015
                                             1907


SUNRISE AND SUNSET
FEBRUARY 23 2018......SUNRISE   630 AM EST   SUNSET   529 PM EST
FEBRUARY 24 2018......SUNRISE   628 AM EST   SUNSET   530 PM EST


-  INDICATES NEGATIVE NUMBERS.
R  INDICATES RECORD WAS SET OR TIED.
MM INDICATES DATA IS MISSING.
T  INDICATES TRACE AMOUNT.




$$
