000
CDUS41 KBOX 212136
CLIPVD


CLIMATE REPORT
NATIONAL WEATHER SERVICE TAUNTON MA
535 PM EDT MON APR 21 2014


...................................

...THE PROVIDENCE RI CLIMATE SUMMARY FOR APRIL 21 2014...
VALID TODAY AS OF 0500 PM LOCAL TIME.

CLIMATE NORMAL PERIOD 1981 TO 2010
CLIMATE RECORD PERIOD 1904 TO 2014


WEATHER ITEM   OBSERVED TIME   RECORD YEAR NORMAL DEPARTURE LAST
                VALUE   (LST)  VALUE       VALUE  FROM      YEAR
                                                  NORMAL
..................................................................
TEMPERATURE (F)
 TODAY
  MAXIMUM         60    307 PM  87    1957  61     -1       54
  MINIMUM         33    414 AM  27    1908  41     -8       35
                                      1907
  AVERAGE         47                        51     -4       45

PRECIPITATION (IN)
  TODAY            0.00          3.06 1991   0.14  -0.14     0.00
  MONTH TO DATE    3.38                      3.19   0.19     1.63
  SINCE MAR 1     10.36                      8.20   2.16     4.57
  SINCE JAN 1     18.76                     15.35   3.41    11.53

SNOWFALL (IN)
  TODAY            0.0           0.4  1947   0.0    0.0      0.0
  MONTH TO DATE    0.3                       0.6   -0.3      0.0
  SINCE MAR 1      1.5                       6.1   -4.6      4.9
  SINCE JUL 1     43.6                      33.8    9.8     46.3
  SNOW DEPTH       0

DEGREE DAYS
 HEATING
  TODAY           18                        14      4       20
  MONTH TO DATE  347                       366    -19      347
  SINCE MAR 1   1301                      1175    126     1159
  SINCE JUL 1   5573                      5237    336     4980

 COOLING
  TODAY            0                         0      0        0
  MONTH TO DATE    0                         0      0        0
  SINCE MAR 1      0                         0      0        0
  SINCE JAN 1      0                         0      0        0
..................................................................


WIND (MPH)
  HIGHEST WIND SPEED    22   HIGHEST WIND DIRECTION    SE (150)
  HIGHEST GUST SPEED    39   HIGHEST GUST DIRECTION    SE (120)
  AVERAGE WIND SPEED     7.4


SKY COVER
  POSSIBLE SUNSHINE  MM
  AVERAGE SKY COVER 0.5


WEATHER CONDITIONS
 THE FOLLOWING WEATHER WAS RECORDED TODAY.
  FOG
  FOG W/VISIBILITY <= 1/4 MILE


RELATIVE HUMIDITY (PERCENT)
 HIGHEST   100           400 AM
 LOWEST     47           200 PM
 AVERAGE    74

..........................................................


THE PROVIDENCE RI CLIMATE NORMALS FOR TOMORROW
                         NORMAL    RECORD    YEAR
 MAXIMUM TEMPERATURE (F)   61        86      1977
 MINIMUM TEMPERATURE (F)   42        29      1975


SUNRISE AND SUNSET
APRIL 21 2014.........SUNRISE   557 AM EDT   SUNSET   733 PM EDT
APRIL 22 2014.........SUNRISE   555 AM EDT   SUNSET   734 PM EDT


-  INDICATES NEGATIVE NUMBERS.
R  INDICATES RECORD WAS SET OR TIED.
MM INDICATES DATA IS MISSING.
T  INDICATES TRACE AMOUNT.




$$
