000
CDUS41 KBOX 292133
CLIPVD


CLIMATE REPORT
NATIONAL WEATHER SERVICE TAUNTON MA
430 PM EST THU JAN 29 2015


...................................

...THE PROVIDENCE RI CLIMATE SUMMARY FOR JANUARY 29 2015...
VALID AS OF 0400 PM LOCAL TIME.

CLIMATE NORMAL PERIOD 1981 TO 2010
CLIMATE RECORD PERIOD 1904 TO 2015


WEATHER ITEM   OBSERVED TIME   RECORD YEAR NORMAL DEPARTURE LAST
                VALUE   (LST)  VALUE       VALUE  FROM      YEAR
                                                  NORMAL
..................................................................
TEMPERATURE (F)
 TODAY
  MAXIMUM         33    100 PM  69    2002  38     -5       25
  MINIMUM          3    629 AM   0    1934  21    -18       14
  AVERAGE         18                        30    -12       20

PRECIPITATION (IN)
  TODAY            0.00          1.34 1990   0.12  -0.12     0.07
  MONTH TO DATE    3.53                      3.61  -0.08     3.69
  SINCE DEC 1      9.78                      7.83   1.95     8.51
  SINCE JAN 1      3.53                      3.61  -0.08     3.69

SNOWFALL (IN)
  TODAY            0.0           6.7  1912   0.3   -0.3      0.9
  MONTH TO DATE   25.1                       8.4   16.7     15.0
  SINCE DEC 1     26.0                      17.1    8.9     22.0
  SINCE JUL 1     27.6                      18.6    9.0     22.1
  SNOW DEPTH      15

DEGREE DAYS
 HEATING
  TODAY           47                        35     12       45
  MONTH TO DATE 1110                      1039     71     1096
  SINCE DEC 1   1945                      1991    -46     2072
  SINCE JUL 1   2981                      3066    -85     3175

 COOLING
  TODAY            0                         0      0        0
  MONTH TO DATE    0                         0      0        0
  SINCE DEC 1      0                         0      0        0
  SINCE JAN 1      0                         0      0        0
..................................................................


WIND (MPH)
  HIGHEST WIND SPEED     9   HIGHEST WIND DIRECTION     S (170)
  HIGHEST GUST SPEED    12   HIGHEST GUST DIRECTION     N (360)
  AVERAGE WIND SPEED     3.2


SKY COVER
  POSSIBLE SUNSHINE  MM
  AVERAGE SKY COVER 0.2


WEATHER CONDITIONS
 THE FOLLOWING WEATHER WAS RECORDED TODAY.
  NO SIGNIFICANT WEATHER WAS OBSERVED.


RELATIVE HUMIDITY (PERCENT)
 HIGHEST    83           700 AM
 LOWEST     34          1200 PM
 AVERAGE    59

..........................................................


THE PROVIDENCE RI CLIMATE NORMALS FOR TOMORROW
                         NORMAL    RECORD    YEAR
 MAXIMUM TEMPERATURE (F)   38        62      1914
 MINIMUM TEMPERATURE (F)   21        -2      1965
                                             1948


SUNRISE AND SUNSET
JANUARY 29 2015.......SUNRISE   701 AM EST   SUNSET   457 PM EST
JANUARY 30 2015.......SUNRISE   700 AM EST   SUNSET   458 PM EST


-  INDICATES NEGATIVE NUMBERS.
R  INDICATES RECORD WAS SET OR TIED.
MM INDICATES DATA IS MISSING.
T  INDICATES TRACE AMOUNT.




$$
