923
CDUS41 KBOX 260538
CLIPVD


CLIMATE REPORT
NATIONAL WEATHER SERVICE TAUNTON MA
138 AM EDT WED APR 26 2017


...................................

...THE PROVIDENCE RI CLIMATE SUMMARY FOR APRIL 25 2017...

CLIMATE NORMAL PERIOD 1981 TO 2010
CLIMATE RECORD PERIOD 1904 TO 2017


WEATHER ITEM   OBSERVED TIME   RECORD YEAR NORMAL DEPARTURE LAST
                VALUE   (LST)  VALUE       VALUE  FROM      YEAR
                                                  NORMAL
..................................................................
TEMPERATURE (F)
 YESTERDAY
  MAXIMUM         52   1215 PM  83    1982  62    -10       63
  MINIMUM         49    421 PM  29    1919  43      6       45
  AVERAGE         51                        52     -1       54

PRECIPITATION (IN)
  YESTERDAY        1.36          1.70 1945   0.12   1.24     0.00
  MONTH TO DATE    5.99                      3.71   2.28     3.77
  SINCE MAR 1      9.84                      8.72   1.12     6.45
  SINCE JAN 1     17.02                     15.87   1.15    14.80

SNOWFALL (IN)
  YESTERDAY        0.0           T    1987   0.0    0.0      0.0
  MONTH TO DATE    T                         0.6   -0.6      6.7
  SINCE MAR 1      7.7                       6.1    1.6      9.3
  SINCE JUL 1     45.9                      33.8   12.1     28.7
  SNOW DEPTH       0

DEGREE DAYS
 HEATING
  YESTERDAY       14                        13      1       11
  MONTH TO DATE  360                       419    -59      425
  SINCE MAR 1   1280                      1228     52     1072
  SINCE JUL 1   4838                      5290   -452     4443

 COOLING
  YESTERDAY        0                         0      0        0
  MONTH TO DATE    7                         0      7        0
  SINCE MAR 1      7                         0      7        0
  SINCE JAN 1      7                         0      7        0
..................................................................


WIND (MPH)
  RESULTANT WIND SPEED  11   RESULTANT WIND DIRECTION  NE (30)
  HIGHEST WIND SPEED    20   HIGHEST WIND DIRECTION    NE (40)
  HIGHEST GUST SPEED    24   HIGHEST GUST DIRECTION    NE (30)
  AVERAGE WIND SPEED    11.5


SKY COVER
  POSSIBLE SUNSHINE  MM
  AVERAGE SKY COVER 1.0


WEATHER CONDITIONS
 THE FOLLOWING WEATHER WAS RECORDED YESTERDAY.
  HEAVY RAIN
  RAIN
  LIGHT RAIN
  FOG


RELATIVE HUMIDITY (PERCENT)
 HIGHEST   100           400 PM
 LOWEST     86          1200 AM
 AVERAGE    93

..........................................................


THE PROVIDENCE RI CLIMATE NORMALS FOR TODAY
                         NORMAL    RECORD    YEAR
 MAXIMUM TEMPERATURE (F)   62        88      2009
 MINIMUM TEMPERATURE (F)   43        28      1919


SUNRISE AND SUNSET
APRIL 26 2017.........SUNRISE   549 AM EDT   SUNSET   739 PM EDT
APRIL 27 2017.........SUNRISE   547 AM EDT   SUNSET   740 PM EDT


-  INDICATES NEGATIVE NUMBERS.
R  INDICATES RECORD WAS SET OR TIED.
MM INDICATES DATA IS MISSING.
T  INDICATES TRACE AMOUNT.




$$
