000
CDUS41 KBOX 290556
CLIPVD


CLIMATE REPORT
NATIONAL WEATHER SERVICE TAUNTON MA
145 AM EDT FRI AUG 29 2014


...................................

...THE PROVIDENCE RI CLIMATE SUMMARY FOR AUGUST 28 2014...

CLIMATE NORMAL PERIOD 1981 TO 2010
CLIMATE RECORD PERIOD 1904 TO 2014


WEATHER ITEM   OBSERVED TIME   RECORD YEAR NORMAL DEPARTURE LAST
                VALUE   (LST)  VALUE       VALUE  FROM      YEAR
                                                  NORMAL
..................................................................
TEMPERATURE (F)
 YESTERDAY
  MAXIMUM         82    225 PM  95    1948  80      2       84
  MINIMUM         62   1159 PM  47    1986  61      1       63
                                      1968
  AVERAGE         72                        71      1       74

PRECIPITATION (IN)
  YESTERDAY        0.00          2.64 1970   0.11  -0.11     0.00
  MONTH TO DATE    2.48                      3.28  -0.80     3.87
  SINCE JUN 1      8.43                     10.21  -1.78    16.21
  SINCE JAN 1     31.23                     30.28   0.95    30.81

SNOWFALL (IN)
  YESTERDAY        0.0           0.0  2002   0.0    0.0      0.0
                                      2001
                                      2000
  MONTH TO DATE    0.0                       0.0    0.0      0.0
  SINCE JUN 1      0.0                       0.0    0.0      0.0
  SINCE JUL 1      0.0                       0.0    0.0      0.0
  SNOW DEPTH       0

DEGREE DAYS
 HEATING
  YESTERDAY        0                         0      0        0
  MONTH TO DATE    0                         0      0        0
  SINCE JUN 1     13                        46    -33       24
  SINCE JUL 1      0                         3     -3        0

 COOLING
  YESTERDAY        7                         6      1        9
  MONTH TO DATE  165                       215    -50      176
  SINCE JUN 1    557                       613    -56      762
  SINCE JAN 1    568                       639    -71      806
..................................................................


WIND (MPH)
  RESULTANT WIND SPEED  10   RESULTANT WIND DIRECTION  NW (330)
  HIGHEST WIND SPEED    21   HIGHEST WIND DIRECTION     N (360)
  HIGHEST GUST SPEED    26   HIGHEST GUST DIRECTION     N (340)
  AVERAGE WIND SPEED    10.9


SKY COVER
  POSSIBLE SUNSHINE  MM
  AVERAGE SKY COVER 0.4


WEATHER CONDITIONS
 THE FOLLOWING WEATHER WAS RECORDED YESTERDAY.
  NO SIGNIFICANT WEATHER WAS OBSERVED.


RELATIVE HUMIDITY (PERCENT)
 HIGHEST    84           300 AM
 LOWEST     36           300 PM
 AVERAGE    60

..........................................................


THE PROVIDENCE RI CLIMATE NORMALS FOR TODAY
                         NORMAL    RECORD    YEAR
 MAXIMUM TEMPERATURE (F)   80        95      1953
                                             1945
 MINIMUM TEMPERATURE (F)   61        44      1986


SUNRISE AND SUNSET
AUGUST 29 2014........SUNRISE   608 AM EDT   SUNSET   724 PM EDT
AUGUST 30 2014........SUNRISE   609 AM EDT   SUNSET   722 PM EDT


-  INDICATES NEGATIVE NUMBERS.
R  INDICATES RECORD WAS SET OR TIED.
MM INDICATES DATA IS MISSING.
T  INDICATES TRACE AMOUNT.




$$
