000
CDUS41 KBOX 170535
CLIPVD


CLIMATE REPORT
NATIONAL WEATHER SERVICE TAUNTON MA
135 AM EDT TUE OCT 17 2017


...................................

...THE PROVIDENCE RI CLIMATE SUMMARY FOR OCTOBER 16 2017...

CLIMATE NORMAL PERIOD 1981 TO 2010
CLIMATE RECORD PERIOD 1904 TO 2017


WEATHER ITEM   OBSERVED TIME   RECORD YEAR NORMAL DEPARTURE LAST
                VALUE   (LST)  VALUE       VALUE  FROM      YEAR
                                                  NORMAL
..................................................................
TEMPERATURE (F)
 YESTERDAY
  MAXIMUM         71    220 AM  83    1963  63      8       70
  MINIMUM         44   1159 PM  28    1978  44      0       40
  AVERAGE         58                        53      5       55

PRECIPITATION (IN)
  YESTERDAY        T             2.17 1974   0.12  -0.12     0.00
  MONTH TO DATE    0.60                      2.00  -1.40     2.22
  SINCE SEP 1      4.45                      5.92  -1.47     4.96
  SINCE JAN 1     38.65                     36.52   2.13    30.79

SNOWFALL (IN)
  YESTERDAY        0.0           0.0  2009   0.0    0.0      0.0
                                      2008
                                      2007
  MONTH TO DATE    0.0                       0.0    0.0      0.0
  SINCE SEP 1      0.0                       0.0    0.0      0.0
  SINCE JUL 1      0.0                       0.0    0.0      0.0
  SNOW DEPTH       0

DEGREE DAYS
 HEATING
  YESTERDAY        7                        12     -5       10
  MONTH TO DATE   57                       151    -94      136
  SINCE SEP 1     89                       239   -150      179
  SINCE JUL 1     97                       248   -151      179

 COOLING
  YESTERDAY        0                         0      0        0
  MONTH TO DATE   37                         6     31        0
  SINCE SEP 1    171                        86     85      151
  SINCE JAN 1    875                       742    133     1034
..................................................................


WIND (MPH)
  RESULTANT WIND SPEED   9   RESULTANT WIND DIRECTION  NW (320)
  HIGHEST WIND SPEED    21   HIGHEST WIND DIRECTION     N (360)
  HIGHEST GUST SPEED    27   HIGHEST GUST DIRECTION    SW (230)
  AVERAGE WIND SPEED    10.6


SKY COVER
  POSSIBLE SUNSHINE  MM
  AVERAGE SKY COVER 0.8


WEATHER CONDITIONS
 THE FOLLOWING WEATHER WAS RECORDED YESTERDAY.
  LIGHT RAIN


RELATIVE HUMIDITY (PERCENT)
 HIGHEST    90           100 AM
 LOWEST     54           600 PM
 AVERAGE    72

..........................................................


THE PROVIDENCE RI CLIMATE NORMALS FOR TODAY
                         NORMAL    RECORD    YEAR
 MAXIMUM TEMPERATURE (F)   63        88      1947
 MINIMUM TEMPERATURE (F)   43        30      1978
                                             1970
                                             1937


SUNRISE AND SUNSET
OCTOBER 17 2017.......SUNRISE   700 AM EDT   SUNSET   601 PM EDT
OCTOBER 18 2017.......SUNRISE   702 AM EDT   SUNSET   559 PM EDT


-  INDICATES NEGATIVE NUMBERS.
R  INDICATES RECORD WAS SET OR TIED.
MM INDICATES DATA IS MISSING.
T  INDICATES TRACE AMOUNT.




$$
