000
CDUS41 KBOX 290552
CLIPVD


CLIMATE REPORT
NATIONAL WEATHER SERVICE TAUNTON MA
141 AM EDT SUN MAY 29 2016


...................................

...THE PROVIDENCE RI CLIMATE SUMMARY FOR MAY 28 2016...

CLIMATE NORMAL PERIOD 1981 TO 2010
CLIMATE RECORD PERIOD 1904 TO 2016


WEATHER ITEM   OBSERVED TIME   RECORD YEAR NORMAL DEPARTURE LAST
                VALUE   (LST)  VALUE       VALUE  FROM      YEAR
                                                  NORMAL
..................................................................
TEMPERATURE (F)
 YESTERDAY
  MAXIMUM         91R   307 PM  91    1931  72     19       82
  MINIMUM         63    359 AM  40    1994  52     11       64
  AVERAGE         77                        62     15       73

PRECIPITATION (IN)
  YESTERDAY        0.00          1.82 1906   0.12  -0.12     0.00
  MONTH TO DATE    1.68                      3.17  -1.49     0.51
  SINCE MAR 1      8.27                     12.54  -4.27     7.42
  SINCE JAN 1     16.62                     19.69  -3.07    13.77

SNOWFALL (IN)
  YESTERDAY        0.0           0.0  2002   0.0    0.0      0.0
                                      2001
                                      2000
  MONTH TO DATE    0.0                       0.0    0.0      0.0
  SINCE MAR 1      9.3                       6.1    3.2     16.3
  SINCE JUL 1     28.7                      33.8   -5.1     76.2
  SNOW DEPTH       0

DEGREE DAYS
 HEATING
  YESTERDAY        0                         4     -4        0
  MONTH TO DATE  218                       213      5      122
  SINCE MAR 1   1374                      1501   -127     1586
  SINCE JUL 1   4745                      5563   -818     5948

 COOLING
  YESTERDAY       12                         1     11        8
  MONTH TO DATE   35                        15     20       52
  SINCE MAR 1     35                        17     18       52
  SINCE JAN 1     35                        17     18       52
..................................................................


WIND (MPH)
  RESULTANT WIND SPEED   8   RESULTANT WIND DIRECTION   S (200)
  HIGHEST WIND SPEED    17   HIGHEST WIND DIRECTION    SW (220)
  HIGHEST GUST SPEED    25   HIGHEST GUST DIRECTION    SW (210)
  AVERAGE WIND SPEED     9.7


SKY COVER
  POSSIBLE SUNSHINE  MM
  AVERAGE SKY COVER 0.4


WEATHER CONDITIONS
 THE FOLLOWING WEATHER WAS RECORDED YESTERDAY.
  NO SIGNIFICANT WEATHER WAS OBSERVED.


RELATIVE HUMIDITY (PERCENT)
 HIGHEST    78           400 AM
 LOWEST     43           400 PM
 AVERAGE    61

..........................................................


THE PROVIDENCE RI CLIMATE NORMALS FOR TODAY
                         NORMAL    RECORD    YEAR
 MAXIMUM TEMPERATURE (F)   72        93      1931
 MINIMUM TEMPERATURE (F)   53        40      1949
                                             1907


SUNRISE AND SUNSET
MAY 29 2016...........SUNRISE   515 AM EDT   SUNSET   812 PM EDT
MAY 30 2016...........SUNRISE   514 AM EDT   SUNSET   813 PM EDT


-  INDICATES NEGATIVE NUMBERS.
R  INDICATES RECORD WAS SET OR TIED.
MM INDICATES DATA IS MISSING.
T  INDICATES TRACE AMOUNT.




$$
