000
CDUS41 KBOX 231235
CLIPVD


CLIMATE REPORT
NATIONAL WEATHER SERVICE TAUNTON MA
835 AM EDT SAT MAY 23 2015


...................................

...THE PROVIDENCE RI CLIMATE SUMMARY FOR MAY 22 2015...

CLIMATE NORMAL PERIOD 1981 TO 2010
CLIMATE RECORD PERIOD 1904 TO 2015


WEATHER ITEM   OBSERVED TIME   RECORD YEAR NORMAL DEPARTURE LAST
                VALUE   (LST)  VALUE       VALUE  FROM      YEAR
                                                  NORMAL
..................................................................
TEMPERATURE (F)
 YESTERDAY
  MAXIMUM         75    300 PM  94    1992  70      5       61
                                      1941
  MINIMUM         50    452 AM  37    1907  50      0       53
  AVERAGE         63                        60      3       57

PRECIPITATION (IN)
  YESTERDAY        0.03          1.60 1920   0.12  -0.09     0.16
  MONTH TO DATE    0.51                      2.42  -1.91     2.07
  SINCE MAR 1      7.42                     11.79  -4.37    14.22
  SINCE JAN 1     13.77                     18.94  -5.17    22.62

SNOWFALL (IN)
  YESTERDAY        0.0           0.0  2002   0.0    0.0      0.0
                                      2001
                                      2000
  MONTH TO DATE    0.0                       0.0    0.0      0.0
  SINCE MAR 1     16.3                       6.1   10.2      1.5
  SINCE JUL 1     76.2                      33.8   42.4     43.6
  SNOW DEPTH       0

DEGREE DAYS
 HEATING
  YESTERDAY        2                         6     -4        8
  MONTH TO DATE  113                       184    -71      125
  SINCE MAR 1   1577                      1472    105     1565
  SINCE JUL 1   5939                      5534    405     5837

 COOLING
  YESTERDAY        0                         1     -1        0
  MONTH TO DATE   29                         9     20        9
  SINCE MAR 1     29                        11     18        9
  SINCE JAN 1     29                        11     18        9
..................................................................


WIND (MPH)
  RESULTANT WIND SPEED   9   RESULTANT WIND DIRECTION   W (290)
  HIGHEST WIND SPEED    23   HIGHEST WIND DIRECTION    NW (310)
  HIGHEST GUST SPEED    31   HIGHEST GUST DIRECTION     W (270)
  AVERAGE WIND SPEED    10.2


SKY COVER
  POSSIBLE SUNSHINE  MM
  AVERAGE SKY COVER 0.5


WEATHER CONDITIONS
 THE FOLLOWING WEATHER WAS RECORDED YESTERDAY.
  LIGHT RAIN


RELATIVE HUMIDITY (PERCENT)
 HIGHEST    93           300 AM
 LOWEST     20           400 PM
 AVERAGE    57

..........................................................


THE PROVIDENCE RI CLIMATE NORMALS FOR TODAY
                         NORMAL    RECORD    YEAR
 MAXIMUM TEMPERATURE (F)   70        94      1964
 MINIMUM TEMPERATURE (F)   51        40      1950


SUNRISE AND SUNSET
MAY 23 2015...........SUNRISE   519 AM EDT   SUNSET   806 PM EDT
MAY 24 2015...........SUNRISE   519 AM EDT   SUNSET   807 PM EDT


-  INDICATES NEGATIVE NUMBERS.
R  INDICATES RECORD WAS SET OR TIED.
MM INDICATES DATA IS MISSING.
T  INDICATES TRACE AMOUNT.




$$
