000
CDUS41 KBOX 300557
CLIPVD


CLIMATE REPORT
NATIONAL WEATHER SERVICE TAUNTON MA
156 AM EDT TUE JUN 30 2015


...................................

...THE PROVIDENCE RI CLIMATE SUMMARY FOR JUNE 29 2015...

CLIMATE NORMAL PERIOD 1981 TO 2010
CLIMATE RECORD PERIOD 1904 TO 2015


WEATHER ITEM   OBSERVED TIME   RECORD YEAR NORMAL DEPARTURE LAST
                VALUE   (LST)  VALUE       VALUE  FROM      YEAR
                                                  NORMAL
..................................................................
TEMPERATURE (F)
 YESTERDAY
  MAXIMUM         75    435 PM  96    1934  81     -6       82
  MINIMUM         54    310 AM  46    1919  62     -8       55
  AVERAGE         65                        72     -7       69

PRECIPITATION (IN)
  YESTERDAY        0.00          0.68 1943   0.09  -0.09     0.00
  MONTH TO DATE    5.35                      3.55   1.80     2.36
  SINCE JUN 1      5.35                      3.55   1.80     2.36
  SINCE JAN 1     22.30                     23.62  -1.32    25.16

SNOWFALL (IN)
  YESTERDAY        0.0           0.0  2002   0.0    0.0      0.0
                                      2001
                                      2000
  MONTH TO DATE    0.0                       0.0    0.0      0.0
  SINCE JUN 1      0.0                       0.0    0.0      0.0
  SINCE JUL 1     76.2                      33.8   42.4     43.6
  SNOW DEPTH       0

DEGREE DAYS
 HEATING
  YESTERDAY        0                         0      0        0
  MONTH TO DATE   72                        41     31       13
  SINCE JUN 1     72                        41     31       13
  SINCE JUL 1   6020                      5616    404     5913

 COOLING
  YESTERDAY        0                         7     -7        4
  MONTH TO DATE  112                       126    -14       93
  SINCE JUN 1    112                       126    -14       93
  SINCE JAN 1    176                       152     24      104
..................................................................


WIND (MPH)
  RESULTANT WIND SPEED   5   RESULTANT WIND DIRECTION  SW (230)
  HIGHEST WIND SPEED    14   HIGHEST WIND DIRECTION    SW (220)
  HIGHEST GUST SPEED    18   HIGHEST GUST DIRECTION    SW (230)
  AVERAGE WIND SPEED     6.0


SKY COVER
  POSSIBLE SUNSHINE  MM
  AVERAGE SKY COVER 0.8


WEATHER CONDITIONS
 THE FOLLOWING WEATHER WAS RECORDED YESTERDAY.
  NO SIGNIFICANT WEATHER WAS OBSERVED.


RELATIVE HUMIDITY (PERCENT)
 HIGHEST    93           200 AM
 LOWEST     61           100 PM
 AVERAGE    77

..........................................................


THE PROVIDENCE RI CLIMATE NORMALS FOR TODAY
                         NORMAL    RECORD    YEAR
 MAXIMUM TEMPERATURE (F)   81        98      1945
 MINIMUM TEMPERATURE (F)   62        48      1919


SUNRISE AND SUNSET
JUNE 30 2015..........SUNRISE   514 AM EDT   SUNSET   824 PM EDT
JULY  1 2015..........SUNRISE   515 AM EDT   SUNSET   824 PM EDT


-  INDICATES NEGATIVE NUMBERS.
R  INDICATES RECORD WAS SET OR TIED.
MM INDICATES DATA IS MISSING.
T  INDICATES TRACE AMOUNT.




$$
