000
CDUS41 KBOX 270625
CLIPVD


CLIMATE REPORT
NATIONAL WEATHER SERVICE TAUNTON MA
220 AM EDT SAT MAY 27 2017


...................................

...THE PROVIDENCE RI CLIMATE SUMMARY FOR MAY 26 2017...

CLIMATE NORMAL PERIOD 1981 TO 2010
CLIMATE RECORD PERIOD 1904 TO 2017


WEATHER ITEM   OBSERVED TIME   RECORD YEAR NORMAL DEPARTURE LAST
                VALUE   (LST)  VALUE       VALUE  FROM      YEAR
                                                  NORMAL
..................................................................
TEMPERATURE (F)
 YESTERDAY
  MAXIMUM         59    928 PM  96    2010  71    -12       86
  MINIMUM         50    842 AM  35    1972  52     -2       61
  AVERAGE         55                        62     -7       74

PRECIPITATION (IN)
  YESTERDAY        0.45          1.67 1961   0.13   0.32     0.00
  MONTH TO DATE    6.61                      2.93   3.68     1.68
  SINCE MAR 1     17.56                     12.30   5.26     8.27
  SINCE JAN 1     24.74                     19.45   5.29    16.62

SNOWFALL (IN)
  YESTERDAY        0.0           0.0  2001   0.0    0.0      0.0
                                      2000
  MONTH TO DATE    0.0                       0.0    0.0      0.0
  SINCE MAR 1      7.7                       6.1    1.6      9.3
  SINCE JUL 1     45.9                      33.8   12.1     28.7
  SNOW DEPTH       0

DEGREE DAYS
 HEATING
  YESTERDAY       10                         5      5        0
  MONTH TO DATE  215                       204     11      218
  SINCE MAR 1   1518                      1492     26     1374
  SINCE JUL 1   5076                      5554   -478     4745

 COOLING
  YESTERDAY        0                         1     -1        9
  MONTH TO DATE   41                        13     28       17
  SINCE MAR 1     58                        15     43       17
  SINCE JAN 1     58                        15     43       17
..................................................................


WIND (MPH)
  RESULTANT WIND SPEED   6   RESULTANT WIND DIRECTION  NW (320)
  HIGHEST WIND SPEED    17   HIGHEST WIND DIRECTION     N (10)
  HIGHEST GUST SPEED    22   HIGHEST GUST DIRECTION     N (10)
  AVERAGE WIND SPEED     7.2


SKY COVER
  POSSIBLE SUNSHINE  MM
  AVERAGE SKY COVER 0.9


WEATHER CONDITIONS
 THE FOLLOWING WEATHER WAS RECORDED YESTERDAY.
  RAIN
  LIGHT RAIN
  FOG


RELATIVE HUMIDITY (PERCENT)
 HIGHEST   100           100 AM
 LOWEST     93          1100 AM
 AVERAGE    97

..........................................................


THE PROVIDENCE RI CLIMATE NORMALS FOR TODAY
                         NORMAL    RECORD    YEAR
 MAXIMUM TEMPERATURE (F)   72        90      1981
                                             1914
 MINIMUM TEMPERATURE (F)   52        35      1972


SUNRISE AND SUNSET
MAY 27 2017...........SUNRISE   516 AM EDT   SUNSET   810 PM EDT
MAY 28 2017...........SUNRISE   516 AM EDT   SUNSET   811 PM EDT


-  INDICATES NEGATIVE NUMBERS.
R  INDICATES RECORD WAS SET OR TIED.
MM INDICATES DATA IS MISSING.
T  INDICATES TRACE AMOUNT.




$$
