000
CDUS41 KBOX 062120
CLIPVD


CLIMATE REPORT
NATIONAL WEATHER SERVICE TAUNTON MA
418 PM EST TUE DEC 6 2016


...................................

...THE PROVIDENCE RI CLIMATE SUMMARY FOR DECEMBER 6 2016...
VALID AS OF 0400 PM LOCAL TIME.

CLIMATE NORMAL PERIOD 1981 TO 2010
CLIMATE RECORD PERIOD 1904 TO 2016


WEATHER ITEM   OBSERVED TIME   RECORD YEAR NORMAL DEPARTURE LAST
                VALUE   (LST)  VALUE       VALUE  FROM      YEAR
                                                  NORMAL
..................................................................
TEMPERATURE (F)
 TODAY
  MAXIMUM         46    125 PM  72    2001  46      0       58
  MINIMUM         29    649 AM  10    1935  30     -1       28
  AVERAGE         38                        38      0       43

PRECIPITATION (IN)
  TODAY            0.00          2.16 1945   0.15  -0.15     0.00
  MONTH TO DATE    0.28                      0.92  -0.64     0.40
  SINCE DEC 1      0.28                      0.92  -0.64     0.40
  SINCE JAN 1     37.14                     43.88  -6.74    36.43

SNOWFALL (IN)
  TODAY            0.0           8.7  2003   0.2   -0.2      0.0
  MONTH TO DATE    0.4                       1.2   -0.8      0.0
  SINCE DEC 1      0.4                       1.2   -0.8      0.0
  SINCE JUL 1      0.4                       2.7   -2.3      0.0
  SNOW DEPTH       0

DEGREE DAYS
 HEATING
  TODAY           27                        27      0       22
  MONTH TO DATE  144                       159    -15      127
  SINCE DEC 1    144                       159    -15      127
  SINCE JUL 1   1031                      1234   -203     1008

 COOLING
  TODAY            0                         0      0        0
  MONTH TO DATE    0                         0      0        0
  SINCE DEC 1      0                         0      0        0
  SINCE JAN 1   1049                       744    305      955
..................................................................


WIND (MPH)
  HIGHEST WIND SPEED    15   HIGHEST WIND DIRECTION    NE (30)
  HIGHEST GUST SPEED    20   HIGHEST GUST DIRECTION     N (20)
  AVERAGE WIND SPEED     6.5


SKY COVER
  POSSIBLE SUNSHINE  MM
  AVERAGE SKY COVER 0.3


WEATHER CONDITIONS
 THE FOLLOWING WEATHER WAS RECORDED TODAY.
  NO SIGNIFICANT WEATHER WAS OBSERVED.


RELATIVE HUMIDITY (PERCENT)
 HIGHEST    85           700 AM
 LOWEST     49           100 PM
 AVERAGE    67

..........................................................


THE PROVIDENCE RI CLIMATE NORMALS FOR TOMORROW
                         NORMAL    RECORD    YEAR
 MAXIMUM TEMPERATURE (F)   45        77      1998
 MINIMUM TEMPERATURE (F)   29         4      1906


SUNRISE AND SUNSET
DECEMBER  6 2016......SUNRISE   659 AM EST   SUNSET   415 PM EST
DECEMBER  7 2016......SUNRISE   700 AM EST   SUNSET   415 PM EST


-  INDICATES NEGATIVE NUMBERS.
R  INDICATES RECORD WAS SET OR TIED.
MM INDICATES DATA IS MISSING.
T  INDICATES TRACE AMOUNT.




$$
