000
CDUS41 KBOX 240538
CLIPVD


CLIMATE REPORT
NATIONAL WEATHER SERVICE TAUNTON MA
1235 AM EST SAT JAN 24 2015


...................................

...THE PROVIDENCE RI CLIMATE SUMMARY FOR JANUARY 23 2015...

CLIMATE NORMAL PERIOD 1981 TO 2010
CLIMATE RECORD PERIOD 1904 TO 2015


WEATHER ITEM   OBSERVED TIME   RECORD YEAR NORMAL DEPARTURE LAST
                VALUE   (LST)  VALUE       VALUE  FROM      YEAR
                                                  NORMAL
..................................................................
TEMPERATURE (F)
 YESTERDAY
  MAXIMUM         38    332 PM  64    1906  37      1       20
  MINIMUM         22    705 AM -13    1976  21      1        2
  AVERAGE         30                        29      1       11

PRECIPITATION (IN)
  YESTERDAY        0.00          2.37 1992   0.12  -0.12     0.00
  MONTH TO DATE    1.70                      2.88  -1.18     3.61
  SINCE DEC 1      7.95                      7.10   0.85     8.43
  SINCE JAN 1      1.70                      2.88  -1.18     3.61

SNOWFALL (IN)
  YESTERDAY        0.0          16.4  2005   0.2   -0.2      0.0
  MONTH TO DATE    3.4                       6.6   -3.2     13.9
  SINCE DEC 1      4.3                      15.3  -11.0     20.9
  SINCE JUL 1      5.9                      16.8  -10.9     21.0
  SNOW DEPTH       0

DEGREE DAYS
 HEATING
  YESTERDAY       35                        36     -1       54
  MONTH TO DATE  861                       824     37      837
  SINCE DEC 1   1696                      1776    -80     1813
  SINCE JUL 1   2732                      2851   -119     2916

 COOLING
  YESTERDAY        0                         0      0        0
  MONTH TO DATE    0                         0      0        0
  SINCE DEC 1      0                         0      0        0
  SINCE JAN 1      0                         0      0        0
..................................................................


WIND (MPH)
  RESULTANT WIND SPEED   5   RESULTANT WIND DIRECTION   W (250)
  HIGHEST WIND SPEED    15   HIGHEST WIND DIRECTION    SW (240)
  HIGHEST GUST SPEED    19   HIGHEST GUST DIRECTION    SW (220)
  AVERAGE WIND SPEED     7.5


SKY COVER
  POSSIBLE SUNSHINE  MM
  AVERAGE SKY COVER 0.2


WEATHER CONDITIONS
 THE FOLLOWING WEATHER WAS RECORDED YESTERDAY.
  NO SIGNIFICANT WEATHER WAS OBSERVED.


RELATIVE HUMIDITY (PERCENT)
 HIGHEST    78          1100 PM
 LOWEST     40           200 PM
 AVERAGE    59

..........................................................


THE PROVIDENCE RI CLIMATE NORMALS FOR TODAY
                         NORMAL    RECORD    YEAR
 MAXIMUM TEMPERATURE (F)   37        65      1967
 MINIMUM TEMPERATURE (F)   21        -9      1907


SUNRISE AND SUNSET
JANUARY 24 2015.......SUNRISE   705 AM EST   SUNSET   451 PM EST
JANUARY 25 2015.......SUNRISE   704 AM EST   SUNSET   452 PM EST


-  INDICATES NEGATIVE NUMBERS.
R  INDICATES RECORD WAS SET OR TIED.
MM INDICATES DATA IS MISSING.
T  INDICATES TRACE AMOUNT.




$$
