342
CDUS41 KBOX 200539
CLIPVD


CLIMATE REPORT
NATIONAL WEATHER SERVICE TAUNTON MA
1239 AM EST MON NOV 20 2017


...................................

...THE PROVIDENCE RI CLIMATE SUMMARY FOR NOVEMBER 19 2017...

CLIMATE NORMAL PERIOD 1981 TO 2010
CLIMATE RECORD PERIOD 1904 TO 2017


WEATHER ITEM   OBSERVED TIME   RECORD YEAR NORMAL DEPARTURE LAST
                VALUE   (LST)  VALUE       VALUE  FROM      YEAR
                                                  NORMAL
..................................................................
TEMPERATURE (F)
 YESTERDAY
  MAXIMUM         62    428 AM  72    1941  52     10       59
  MINIMUM         38   1159 PM  14    1936  35      3       43
  AVERAGE         50                        44      6       51

PRECIPITATION (IN)
  YESTERDAY        0.49          1.67 1926   0.16   0.33     0.02
  MONTH TO DATE    1.66                      2.77  -1.11     1.20
  SINCE SEP 1     10.95                     10.62   0.33     8.77
  SINCE JAN 1     45.15                     41.22   3.93    34.60

SNOWFALL (IN)
  YESTERDAY        0.0           4.2  1986   0.1   -0.1      0.0
  MONTH TO DATE    0.0                       0.5   -0.5      0.0
  SINCE SEP 1      0.0                       0.5   -0.5      0.0
  SINCE JUL 1      0.0                       0.5   -0.5      0.0
  SNOW DEPTH       0

DEGREE DAYS
 HEATING
  YESTERDAY       15                        22     -7       14
  MONTH TO DATE  370                       358     12      298
  SINCE SEP 1    552                       807   -255      636
  SINCE JUL 1    560                       816   -256      636

 COOLING
  YESTERDAY        0                         0      0        0
  MONTH TO DATE    0                         0      0        0
  SINCE SEP 1    176                        88     88      166
  SINCE JAN 1    880                       744    136     1049
..................................................................


WIND (MPH)
  RESULTANT WIND SPEED  14   RESULTANT WIND DIRECTION   W (260)
  HIGHEST WIND SPEED    30   HIGHEST WIND DIRECTION     W (290)
  HIGHEST GUST SPEED    41   HIGHEST GUST DIRECTION    NW (300)
  AVERAGE WIND SPEED    17.8


SKY COVER
  POSSIBLE SUNSHINE  MM
  AVERAGE SKY COVER 0.6


WEATHER CONDITIONS
 THE FOLLOWING WEATHER WAS RECORDED YESTERDAY.
  RAIN
  LIGHT RAIN
  FOG


RELATIVE HUMIDITY (PERCENT)
 HIGHEST   100           100 AM
 LOWEST     50           300 PM
 AVERAGE    75

..........................................................


THE PROVIDENCE RI CLIMATE NORMALS FOR TODAY
                         NORMAL    RECORD    YEAR
 MAXIMUM TEMPERATURE (F)   52        72      1991
 MINIMUM TEMPERATURE (F)   35        17      1986


SUNRISE AND SUNSET
NOVEMBER 20 2017......SUNRISE   641 AM EST   SUNSET   421 PM EST
NOVEMBER 21 2017......SUNRISE   642 AM EST   SUNSET   421 PM EST


-  INDICATES NEGATIVE NUMBERS.
R  INDICATES RECORD WAS SET OR TIED.
MM INDICATES DATA IS MISSING.
T  INDICATES TRACE AMOUNT.




$$
