000
CDUS41 KBOX 210543
CLIPVD


CLIMATE REPORT
NATIONAL WEATHER SERVICE TAUNTON MA
135 AM EDT SUN MAY 21 2017


...................................

...THE PROVIDENCE RI CLIMATE SUMMARY FOR MAY 20 2017...

CLIMATE NORMAL PERIOD 1981 TO 2010
CLIMATE RECORD PERIOD 1904 TO 2017


WEATHER ITEM   OBSERVED TIME   RECORD YEAR NORMAL DEPARTURE LAST
                VALUE   (LST)  VALUE       VALUE  FROM      YEAR
                                                  NORMAL
..................................................................
TEMPERATURE (F)
 YESTERDAY
  MAXIMUM         70    224 PM  95    1996  70      0       76
  MINIMUM         49   1159 PM  40    2002  50     -1       47
                                      1992
                                      1950
  AVERAGE         60                        60      0       62

PRECIPITATION (IN)
  YESTERDAY        T             1.26 1972   0.12  -0.12     0.00
  MONTH TO DATE    4.99                      2.19   2.80     1.49
  SINCE MAR 1     15.94                     11.56   4.38     8.08
  SINCE JAN 1     23.12                     18.71   4.41    16.43

SNOWFALL (IN)
  YESTERDAY        0.0           0.0  2002   0.0    0.0      0.0
                                      2001
                                      2000
  MONTH TO DATE    0.0                       0.0    0.0      0.0
  SINCE MAR 1      7.7                       6.1    1.6      9.3
  SINCE JUL 1     45.9                      33.8   12.1     28.7
  SNOW DEPTH       0

DEGREE DAYS
 HEATING
  YESTERDAY        5                         6     -1        3
  MONTH TO DATE  173                       172      1      203
  SINCE MAR 1   1476                      1460     16     1359
  SINCE JUL 1   5034                      5522   -488     4730

 COOLING
  YESTERDAY        0                         1     -1        0
  MONTH TO DATE   41                         7     34        1
  SINCE MAR 1     58                         9     49        1
  SINCE JAN 1     58                         9     49        1
..................................................................


WIND (MPH)
  RESULTANT WIND SPEED   4   RESULTANT WIND DIRECTION  NE (50)
  HIGHEST WIND SPEED    22   HIGHEST WIND DIRECTION     N (10)
  HIGHEST GUST SPEED    26   HIGHEST GUST DIRECTION     N (10)
  AVERAGE WIND SPEED     9.8


SKY COVER
  POSSIBLE SUNSHINE  MM
  AVERAGE SKY COVER 0.5


WEATHER CONDITIONS
 THE FOLLOWING WEATHER WAS RECORDED YESTERDAY.
  NO SIGNIFICANT WEATHER WAS OBSERVED.


RELATIVE HUMIDITY (PERCENT)
 HIGHEST    86          1100 PM
 LOWEST     31           200 PM
 AVERAGE    59

..........................................................


THE PROVIDENCE RI CLIMATE NORMALS FOR TODAY
                         NORMAL    RECORD    YEAR
 MAXIMUM TEMPERATURE (F)   70        93      1996
 MINIMUM TEMPERATURE (F)   50        36      2002


SUNRISE AND SUNSET
MAY 21 2017...........SUNRISE   520 AM EDT   SUNSET   805 PM EDT
MAY 22 2017...........SUNRISE   520 AM EDT   SUNSET   806 PM EDT


-  INDICATES NEGATIVE NUMBERS.
R  INDICATES RECORD WAS SET OR TIED.
MM INDICATES DATA IS MISSING.
T  INDICATES TRACE AMOUNT.




$$
