000
CDUS41 KBOX 230601
CLIPVD


CLIMATE REPORT
NATIONAL WEATHER SERVICE TAUNTON MA
1259 AM EST TUE DEC 23 2014


...................................

...THE PROVIDENCE RI CLIMATE SUMMARY FOR DECEMBER 22 2014...

CLIMATE NORMAL PERIOD 1981 TO 2010
CLIMATE RECORD PERIOD 1904 TO 2014


WEATHER ITEM   OBSERVED TIME   RECORD YEAR NORMAL DEPARTURE LAST
                VALUE   (LST)  VALUE       VALUE  FROM      YEAR
                                                  NORMAL
..................................................................
TEMPERATURE (F)
 YESTERDAY
  MAXIMUM         44    222 PM  64    2013  40      4       64
  MINIMUM         33    208 AM   3    1921  24      9       44
  AVERAGE         39                        32      7       54

PRECIPITATION (IN)
  YESTERDAY        0.01          2.42 1969   0.12  -0.11      T
  MONTH TO DATE    5.06                      3.13   1.93     2.89
  SINCE DEC 1      5.06                      3.13   1.93     2.89
  SINCE JAN 1     46.00                     46.09  -0.09    43.53

SNOWFALL (IN)
  YESTERDAY        0.0           3.3  1962   0.3   -0.3      0.0
  MONTH TO DATE    0.9                       5.8   -4.9      7.0
  SINCE DEC 1      0.9                       5.8   -4.9      7.0
  SINCE JUL 1      2.5                       7.3   -4.8      7.1
  SNOW DEPTH       0

DEGREE DAYS
 HEATING
  YESTERDAY       26                        33     -7       11
  MONTH TO DATE  608                       646    -38      677
  SINCE DEC 1    608                       646    -38      677
  SINCE JUL 1   1644                      1721    -77     1780

 COOLING
  YESTERDAY        0                         0      0        0
  MONTH TO DATE    0                         0      0        0
  SINCE DEC 1      0                         0      0        0
  SINCE JAN 1    709                       744    -35      892
..................................................................


WIND (MPH)
  RESULTANT WIND SPEED   5   RESULTANT WIND DIRECTION   N (20)
  HIGHEST WIND SPEED    13   HIGHEST WIND DIRECTION    NE (40)
  HIGHEST GUST SPEED    15   HIGHEST GUST DIRECTION    NE (40)
  AVERAGE WIND SPEED     5.8


SKY COVER
  POSSIBLE SUNSHINE  MM
  AVERAGE SKY COVER 0.9


WEATHER CONDITIONS
 THE FOLLOWING WEATHER WAS RECORDED YESTERDAY.
  LIGHT RAIN
  FOG
  HAZE


RELATIVE HUMIDITY (PERCENT)
 HIGHEST    93           700 PM
 LOWEST     70          1100 AM
 AVERAGE    82

..........................................................


THE PROVIDENCE RI CLIMATE NORMALS FOR TODAY
                         NORMAL    RECORD    YEAR
 MAXIMUM TEMPERATURE (F)   40        62      1990
 MINIMUM TEMPERATURE (F)   24         2      1989
                                             1955


SUNRISE AND SUNSET
DECEMBER 23 2014......SUNRISE   710 AM EST   SUNSET   419 PM EST
DECEMBER 24 2014......SUNRISE   711 AM EST   SUNSET   420 PM EST


-  INDICATES NEGATIVE NUMBERS.
R  INDICATES RECORD WAS SET OR TIED.
MM INDICATES DATA IS MISSING.
T  INDICATES TRACE AMOUNT.




$$
