081
CDUS41 KBOX 280556
CLIPVD


CLIMATE REPORT
NATIONAL WEATHER SERVICE TAUNTON MA
153 AM EDT TUE MAR 28 2017


...................................

...THE PROVIDENCE RI CLIMATE SUMMARY FOR MARCH 27 2017...

CLIMATE NORMAL PERIOD 1981 TO 2010
CLIMATE RECORD PERIOD 1904 TO 2017


WEATHER ITEM   OBSERVED TIME   RECORD YEAR NORMAL DEPARTURE LAST
                VALUE   (LST)  VALUE       VALUE  FROM      YEAR
                                                  NORMAL
..................................................................
TEMPERATURE (F)
 YESTERDAY
  MAXIMUM         48    328 PM  81    1998  51     -3       49
  MINIMUM         36    454 AM  16    1975  33      3       29
  AVERAGE         42                        42      0       39

PRECIPITATION (IN)
  YESTERDAY        0.36          1.25 1978   0.18   0.18     0.00
  MONTH TO DATE    2.60                      4.33  -1.73     2.35
  SINCE MAR 1      2.60                      4.33  -1.73     2.35
  SINCE JAN 1      9.78                     11.48  -1.70    10.70

SNOWFALL (IN)
  YESTERDAY        0.0           3.3  1959   0.2   -0.2      0.0
  MONTH TO DATE    7.7                       5.2    2.5      2.6
  SINCE MAR 1      7.7                       5.2    2.5      2.6
  SINCE JUL 1     45.9                      32.9   13.0     22.0
  SNOW DEPTH       0

DEGREE DAYS
 HEATING
  YESTERDAY       23                        23      0       26
  MONTH TO DATE  828                       722    106      578
  SINCE MAR 1    828                       722    106      578
  SINCE JUL 1   4386                      4784   -398     3949

 COOLING
  YESTERDAY        0                         0      0        0
  MONTH TO DATE    0                         0      0        0
  SINCE MAR 1      0                         0      0        0
  SINCE JAN 1      0                         0      0        0
..................................................................


WIND (MPH)
  RESULTANT WIND SPEED   3   RESULTANT WIND DIRECTION   E (70)
  HIGHEST WIND SPEED    12   HIGHEST WIND DIRECTION     N (350)
  HIGHEST GUST SPEED    14   HIGHEST GUST DIRECTION    SE (120)
  AVERAGE WIND SPEED     5.8


SKY COVER
  POSSIBLE SUNSHINE  MM
  AVERAGE SKY COVER 1.0


WEATHER CONDITIONS
 THE FOLLOWING WEATHER WAS RECORDED YESTERDAY.
  RAIN
  LIGHT RAIN
  FOG


RELATIVE HUMIDITY (PERCENT)
 HIGHEST    93           200 PM
 LOWEST     70          1200 AM
 AVERAGE    82

..........................................................


THE PROVIDENCE RI CLIMATE NORMALS FOR TODAY
                         NORMAL    RECORD    YEAR
 MAXIMUM TEMPERATURE (F)   52        83      1998
 MINIMUM TEMPERATURE (F)   34         9      1923


SUNRISE AND SUNSET
MARCH 28 2017.........SUNRISE   635 AM EDT   SUNSET   707 PM EDT
MARCH 29 2017.........SUNRISE   633 AM EDT   SUNSET   708 PM EDT


-  INDICATES NEGATIVE NUMBERS.
R  INDICATES RECORD WAS SET OR TIED.
MM INDICATES DATA IS MISSING.
T  INDICATES TRACE AMOUNT.




$$
