000
CDUS41 KBOX 170545
CLIPVD


CLIMATE REPORT
NATIONAL WEATHER SERVICE TAUNTON MA
1241 AM EST TUE JAN 17 2017


...................................

...THE PROVIDENCE RI CLIMATE SUMMARY FOR JANUARY 16 2017...

CLIMATE NORMAL PERIOD 1981 TO 2010
CLIMATE RECORD PERIOD 1904 TO 2017


WEATHER ITEM   OBSERVED TIME   RECORD YEAR NORMAL DEPARTURE LAST
                VALUE   (LST)  VALUE       VALUE  FROM      YEAR
                                                  NORMAL
..................................................................
TEMPERATURE (F)
 YESTERDAY
  MAXIMUM         42    327 PM  61    1995  37      5       44
  MINIMUM         19    730 AM  -6    2004  21     -2       37
  AVERAGE         31                        29      2       41

PRECIPITATION (IN)
  YESTERDAY        0.00          1.33 1991   0.13  -0.13     0.83
  MONTH TO DATE    2.40                      2.01   0.39     2.46
  SINCE DEC 1      5.54                      6.23  -0.69     7.26
  SINCE JAN 1      2.40                      2.01   0.39     2.46

SNOWFALL (IN)
  YESTERDAY        0.0           6.4  1965   0.3   -0.3      0.0
  MONTH TO DATE   14.1                       4.7    9.4      0.3
  SINCE DEC 1     18.5                      13.4    5.1      0.9
  SINCE JUL 1     18.5                      14.9    3.6      0.9
  SNOW DEPTH       0

DEGREE DAYS
 HEATING
  YESTERDAY       34                        36     -2       24
  MONTH TO DATE  522                       572    -50      512
  SINCE DEC 1   1450                      1524    -74     1095
  SINCE JUL 1   2337                      2599   -262     1976

 COOLING
  YESTERDAY        0                         0      0        0
  MONTH TO DATE    0                         0      0        0
  SINCE DEC 1      0                         0      0        0
  SINCE JAN 1      0                         0      0        0
..................................................................


WIND (MPH)
  RESULTANT WIND SPEED   4   RESULTANT WIND DIRECTION  SW (230)
  HIGHEST WIND SPEED    15   HIGHEST WIND DIRECTION     W (260)
  HIGHEST GUST SPEED    20   HIGHEST GUST DIRECTION     W (260)
  AVERAGE WIND SPEED     5.4


SKY COVER
  POSSIBLE SUNSHINE  MM
  AVERAGE SKY COVER 0.5


WEATHER CONDITIONS
 THE FOLLOWING WEATHER WAS RECORDED YESTERDAY.
  FOG


RELATIVE HUMIDITY (PERCENT)
 HIGHEST    84           300 AM
 LOWEST     29           300 PM
 AVERAGE    57

..........................................................


THE PROVIDENCE RI CLIMATE NORMALS FOR TODAY
                         NORMAL    RECORD    YEAR
 MAXIMUM TEMPERATURE (F)   37        59      1995
 MINIMUM TEMPERATURE (F)   21        -8      1982


SUNRISE AND SUNSET
JANUARY 17 2017.......SUNRISE   709 AM EST   SUNSET   443 PM EST
JANUARY 18 2017.......SUNRISE   709 AM EST   SUNSET   444 PM EST


-  INDICATES NEGATIVE NUMBERS.
R  INDICATES RECORD WAS SET OR TIED.
MM INDICATES DATA IS MISSING.
T  INDICATES TRACE AMOUNT.




$$
