000
CDUS41 KBOX 152125
CLIPVD


CLIMATE REPORT
NATIONAL WEATHER SERVICE TAUNTON MA
424 PM EST WED NOV 15 2017


...................................

...THE PROVIDENCE RI CLIMATE SUMMARY FOR NOVEMBER 15 2017...
VALID AS OF 0400 PM LOCAL TIME.

CLIMATE NORMAL PERIOD 1981 TO 2010
CLIMATE RECORD PERIOD 1904 TO 2017


WEATHER ITEM   OBSERVED TIME   RECORD YEAR NORMAL DEPARTURE LAST
                VALUE   (LST)  VALUE       VALUE  FROM      YEAR
                                                  NORMAL
..................................................................
TEMPERATURE (F)
 TODAY
  MAXIMUM         49    126 PM  78    1993  54     -5       59
  MINIMUM         33    654 AM  18    1905  36     -3       44
  AVERAGE         41                        45     -4       52

PRECIPITATION (IN)
  TODAY            0.00          1.13 2016   0.15  -0.15     1.13
  MONTH TO DATE    0.61                      2.16  -1.55     1.18
  SINCE SEP 1      9.90                     10.01  -0.11     8.75
  SINCE JAN 1     44.10                     40.61   3.49    34.58

SNOWFALL (IN)
  TODAY            0.0           1.5  1906   0.0    0.0      0.0
  MONTH TO DATE    0.0                       0.3   -0.3      0.0
  SINCE SEP 1      0.0                       0.3   -0.3      0.0
  SINCE JUL 1      0.0                       0.3   -0.3      0.0
  SNOW DEPTH       0

DEGREE DAYS
 HEATING
  TODAY           24                        20      4       13
  MONTH TO DATE  283                       273     10      241
  SINCE SEP 1    465                       722   -257      579
  SINCE JUL 1    473                       731   -258      579

 COOLING
  TODAY            0                         0      0        0
  MONTH TO DATE    0                         0      0        0
  SINCE SEP 1    176                        88     88      166
  SINCE JAN 1    880                       744    136     1049
..................................................................


WIND (MPH)
  HIGHEST WIND SPEED    12   HIGHEST WIND DIRECTION    NE (50)
  HIGHEST GUST SPEED    14   HIGHEST GUST DIRECTION     N (20)
  AVERAGE WIND SPEED     7.7


SKY COVER
  POSSIBLE SUNSHINE  MM
  AVERAGE SKY COVER 0.4


WEATHER CONDITIONS
 THE FOLLOWING WEATHER WAS RECORDED TODAY.
  NO SIGNIFICANT WEATHER WAS OBSERVED.


RELATIVE HUMIDITY (PERCENT)
 HIGHEST    82           400 AM
 LOWEST     46           200 PM
 AVERAGE    64

..........................................................


THE PROVIDENCE RI CLIMATE NORMALS FOR TOMORROW
                         NORMAL    RECORD    YEAR
 MAXIMUM TEMPERATURE (F)   53        72      1990
 MINIMUM TEMPERATURE (F)   36        14      1933


SUNRISE AND SUNSET
NOVEMBER 15 2017......SUNRISE   635 AM EST   SUNSET   425 PM EST
NOVEMBER 16 2017......SUNRISE   636 AM EST   SUNSET   424 PM EST


-  INDICATES NEGATIVE NUMBERS.
R  INDICATES RECORD WAS SET OR TIED.
MM INDICATES DATA IS MISSING.
T  INDICATES TRACE AMOUNT.




$$
