024
CDUS41 KBOX 212139
CLIPVD


CLIMATE REPORT
NATIONAL WEATHER SERVICE TAUNTON MA
529 PM EDT THU SEP 21 2017


...................................

...THE PROVIDENCE RI CLIMATE SUMMARY FOR SEPTEMBER 21 2017...
VALID AS OF 0500 PM LOCAL TIME.

CLIMATE NORMAL PERIOD 1981 TO 2010
CLIMATE RECORD PERIOD 1904 TO 2017


WEATHER ITEM   OBSERVED TIME   RECORD YEAR NORMAL DEPARTURE LAST
                VALUE   (LST)  VALUE       VALUE  FROM      YEAR
                                                  NORMAL
..................................................................
TEMPERATURE (F)
 TODAY
  MAXIMUM         75    136 PM  89    1914  72      3       85
  MINIMUM         70    813 AM  35    1956  53     17       62
  AVERAGE         73                        63     10       74

PRECIPITATION (IN)
  TODAY            0.00          4.71 1961   0.13  -0.13     0.00
  MONTH TO DATE    1.94                      2.70  -0.76     1.63
  SINCE SEP 1      1.94                      2.70  -0.76     1.63
  SINCE JAN 1     36.14                     33.30   2.84    27.46

SNOWFALL (IN)
  TODAY            0.0           0.0  2002   0.0    0.0      0.0
                                      2001
                                      2000
  MONTH TO DATE    0.0                       0.0    0.0      0.0
  SINCE SEP 1      0.0                       0.0    0.0      0.0
  SINCE JUL 1      0.0                       0.0    0.0      0.0
  SNOW DEPTH       0

DEGREE DAYS
 HEATING
  TODAY            0                         4     -4        0
  MONTH TO DATE   15                        41    -26        6
  SINCE SEP 1     15                        41    -26        6
  SINCE JUL 1     23                        50    -27        6

 COOLING
  TODAY            8                         2      6        9
  MONTH TO DATE   89                        70     19      141
  SINCE SEP 1     89                        70     19      141
  SINCE JAN 1    793                       726     67     1024
..................................................................


WIND (MPH)
  HIGHEST WIND SPEED    36   HIGHEST WIND DIRECTION    NE (30)
  HIGHEST GUST SPEED    45   HIGHEST GUST DIRECTION    NE (30)
  AVERAGE WIND SPEED    22.9


SKY COVER
  POSSIBLE SUNSHINE  MM
  AVERAGE SKY COVER 0.9


WEATHER CONDITIONS
 THE FOLLOWING WEATHER WAS RECORDED TODAY.
  NO SIGNIFICANT WEATHER WAS OBSERVED.


RELATIVE HUMIDITY (PERCENT)
 HIGHEST    84          1200 AM
 LOWEST     41           200 PM
 AVERAGE    63

..........................................................


THE PROVIDENCE RI CLIMATE NORMALS FOR TOMORROW
                         NORMAL    RECORD    YEAR
 MAXIMUM TEMPERATURE (F)   72        93      1980
 MINIMUM TEMPERATURE (F)   53        34      1962


SUNRISE AND SUNSET
SEPTEMBER 21 2017.....SUNRISE   632 AM EDT   SUNSET   644 PM EDT
SEPTEMBER 22 2017.....SUNRISE   633 AM EDT   SUNSET   643 PM EDT


-  INDICATES NEGATIVE NUMBERS.
R  INDICATES RECORD WAS SET OR TIED.
MM INDICATES DATA IS MISSING.
T  INDICATES TRACE AMOUNT.




$$
