000
CDUS41 KBOX 112129
CLIPVD


CLIMATE REPORT
NATIONAL WEATHER SERVICE TAUNTON MA
527 PM EDT FRI JUL 11 2014


...................................

...THE PROVIDENCE RI CLIMATE SUMMARY FOR JULY 11 2014...
VALID AS OF 0500 PM LOCAL TIME.

CLIMATE NORMAL PERIOD 1981 TO 2010
CLIMATE RECORD PERIOD 1904 TO 2014


WEATHER ITEM   OBSERVED TIME   RECORD YEAR NORMAL DEPARTURE LAST
                VALUE   (LST)  VALUE       VALUE  FROM      YEAR
                                                  NORMAL
..................................................................
TEMPERATURE (F)
 TODAY
  MAXIMUM         83    131 PM  97    1988  83      0       79
                                      1911
  MINIMUM         66    547 AM  53    2009  64      2       71
                                      1953
  AVERAGE         75                        73      2       75

PRECIPITATION (IN)
  TODAY            0.00          1.75 1959   0.11  -0.11     0.43
  MONTH TO DATE    2.68                      1.03   1.65     0.73
  SINCE JUN 1      5.04                      4.67   0.37    10.81
  SINCE JAN 1     27.84                     24.74   3.10    25.41

SNOWFALL (IN)
  TODAY            0.0           0.0  2002   0.0    0.0      0.0
                                      2001
                                      2000
  MONTH TO DATE    0.0                       0.0    0.0      0.0
  SINCE JUN 1      0.0                       0.0    0.0      0.0
  SINCE JUL 1      0.0                       0.0    0.0      0.0
  SNOW DEPTH       0

DEGREE DAYS
 HEATING
  TODAY            0                         0      0        0
  MONTH TO DATE    0                         0      0        0
  SINCE JUN 1     13                        43    -30       24
  SINCE JUL 1      0                         0      0        0

 COOLING
  TODAY           10                         9      1       10
  MONTH TO DATE  126                        87     39      163
  SINCE JUN 1    229                       219     10      327
  SINCE JAN 1    240                       245     -5      371
..................................................................


WIND (MPH)
  HIGHEST WIND SPEED    14   HIGHEST WIND DIRECTION     S (190)
  HIGHEST GUST SPEED    15   HIGHEST GUST DIRECTION     S (180)
  AVERAGE WIND SPEED     6.1


SKY COVER
  POSSIBLE SUNSHINE  MM
  AVERAGE SKY COVER 0.4


WEATHER CONDITIONS
 THE FOLLOWING WEATHER WAS RECORDED TODAY.
  NO SIGNIFICANT WEATHER WAS OBSERVED.


RELATIVE HUMIDITY (PERCENT)
 HIGHEST    81           100 AM
 LOWEST     45           200 PM
 AVERAGE    63

..........................................................


THE PROVIDENCE RI CLIMATE NORMALS FOR TOMORROW
                         NORMAL    RECORD    YEAR
 MAXIMUM TEMPERATURE (F)   83        95      1908
 MINIMUM TEMPERATURE (F)   64        52      1945


SUNRISE AND SUNSET
JULY 11 2014..........SUNRISE   521 AM EDT   SUNSET   821 PM EDT
JULY 12 2014..........SUNRISE   522 AM EDT   SUNSET   820 PM EDT


-  INDICATES NEGATIVE NUMBERS.
R  INDICATES RECORD WAS SET OR TIED.
MM INDICATES DATA IS MISSING.
T  INDICATES TRACE AMOUNT.




$$
