000
CDUS41 KBOX 160540
CLIPVD


CLIMATE REPORT
NATIONAL WEATHER SERVICE TAUNTON MA
1230 AM EST TUE JAN 16 2018


...................................

...THE PROVIDENCE RI CLIMATE SUMMARY FOR JANUARY 15 2018...

CLIMATE NORMAL PERIOD 1981 TO 2010
CLIMATE RECORD PERIOD 1904 TO 2018


WEATHER ITEM   OBSERVED TIME   RECORD YEAR NORMAL DEPARTURE LAST
                VALUE   (LST)  VALUE       VALUE  FROM      YEAR
                                                  NORMAL
..................................................................
TEMPERATURE (F)
 YESTERDAY
  MAXIMUM         23   1159 PM  67    1995  37    -14       40
  MINIMUM         15    115 AM  -9    1957  21     -6       21
  AVERAGE         19                        29    -10       31

PRECIPITATION (IN)
  YESTERDAY        T             1.93 1936   0.14  -0.14     0.00
  MONTH TO DATE    4.39                      1.88   2.51     2.40
  SINCE DEC 1      6.96                      6.10   0.86     5.54
  SINCE JAN 1      4.39                      1.88   2.51     2.40

SNOWFALL (IN)
  YESTERDAY        0.1           4.8  1910   0.2   -0.1      0.0
  MONTH TO DATE   14.5                       4.4   10.1     14.1
  SINCE DEC 1     21.6                      13.1    8.5     18.5
  SINCE JUL 1     21.6                      14.6    7.0     18.5
  SNOW DEPTH       0

DEGREE DAYS
 HEATING
  YESTERDAY       46                        36     10       34
  MONTH TO DATE  608                       536     72      488
  SINCE DEC 1   1649                      1488    161     1416
  SINCE JUL 1   2463                      2563   -100     2303

 COOLING
  YESTERDAY        0                         0      0        0
  MONTH TO DATE    0                         0      0        0
  SINCE DEC 1      0                         0      0        0
  SINCE JAN 1      0                         0      0        0
..................................................................


WIND (MPH)
  RESULTANT WIND SPEED  14   RESULTANT WIND DIRECTION   N (0)
  HIGHEST WIND SPEED    22   HIGHEST WIND DIRECTION     N (20)
  HIGHEST GUST SPEED    25   HIGHEST GUST DIRECTION     N (10)
  AVERAGE WIND SPEED    14.6


SKY COVER
  POSSIBLE SUNSHINE  MM
  AVERAGE SKY COVER 0.9


WEATHER CONDITIONS
 THE FOLLOWING WEATHER WAS RECORDED YESTERDAY.
  LIGHT SNOW


RELATIVE HUMIDITY (PERCENT)
 HIGHEST    74           500 AM
 LOWEST     47           800 PM
 AVERAGE    61

..........................................................


THE PROVIDENCE RI CLIMATE NORMALS FOR TODAY
                         NORMAL    RECORD    YEAR
 MAXIMUM TEMPERATURE (F)   37        61      1995
 MINIMUM TEMPERATURE (F)   21        -6      2004


SUNRISE AND SUNSET
JANUARY 16 2018.......SUNRISE   710 AM EST   SUNSET   441 PM EST
JANUARY 17 2018.......SUNRISE   709 AM EST   SUNSET   443 PM EST


-  INDICATES NEGATIVE NUMBERS.
R  INDICATES RECORD WAS SET OR TIED.
MM INDICATES DATA IS MISSING.
T  INDICATES TRACE AMOUNT.




$$
