000
CDUS41 KBOX 280616
CLIPVD


CLIMATE REPORT
NATIONAL WEATHER SERVICE TAUNTON MA
111 AM EST WED JAN 28 2015


...................................

...THE PROVIDENCE RI CLIMATE SUMMARY FOR JANUARY 27 2015...

CLIMATE NORMAL PERIOD 1981 TO 2010
CLIMATE RECORD PERIOD 1904 TO 2015


WEATHER ITEM   OBSERVED TIME   RECORD YEAR NORMAL DEPARTURE LAST
                VALUE   (LST)  VALUE       VALUE  FROM      YEAR
                                                  NORMAL
..................................................................
TEMPERATURE (F)
 YESTERDAY
  MAXIMUM         21   1210 AM  66    1974  38    -17       49
  MINIMUM         14   1159 PM  -3    1935  21     -7       20
  AVERAGE         18                        29    -11       35

PRECIPITATION (IN)
  YESTERDAY        0.90          1.67 1986   0.12   0.78      T
  MONTH TO DATE    3.53                      3.37   0.16     3.62
  SINCE DEC 1      9.78                      7.59   2.19     8.44
  SINCE JAN 1      3.53                      3.37   0.16     3.62

SNOWFALL (IN)
  YESTERDAY       16.0 R        16.0  2015   0.3   15.7      0.0
  MONTH TO DATE   25.1                       7.8   17.3     14.1
  SINCE DEC 1     26.0                      16.5    9.5     21.1
  SINCE JUL 1     27.6                      18.0    9.6     21.2
  SNOW DEPTH      10

DEGREE DAYS
 HEATING
  YESTERDAY       47                        36     11       30
  MONTH TO DATE 1017                       968     49     1003
  SINCE DEC 1   1852                      1920    -68     1979
  SINCE JUL 1   2888                      2995   -107     3082

 COOLING
  YESTERDAY        0                         0      0        0
  MONTH TO DATE    0                         0      0        0
  SINCE DEC 1      0                         0      0        0
  SINCE JAN 1      0                         0      0        0
..................................................................


WIND (MPH)
  RESULTANT WIND SPEED  23   RESULTANT WIND DIRECTION   N (350)
  HIGHEST WIND SPEED    38   HIGHEST WIND DIRECTION     N (360)
  HIGHEST GUST SPEED    49   HIGHEST GUST DIRECTION     N (360)
  AVERAGE WIND SPEED    22.5


SKY COVER
  POSSIBLE SUNSHINE  MM
  AVERAGE SKY COVER 1.0


WEATHER CONDITIONS
 THE FOLLOWING WEATHER WAS RECORDED YESTERDAY.
  HEAVY SNOW
  SNOW
  LIGHT SNOW
  FOG
  FOG W/VISIBILITY <= 1/4 MILE
  BLOWING SNOW


RELATIVE HUMIDITY (PERCENT)
 HIGHEST    88           300 AM
 LOWEST     73           200 PM
 AVERAGE    81

..........................................................


THE PROVIDENCE RI CLIMATE NORMALS FOR TODAY
                         NORMAL    RECORD    YEAR
 MAXIMUM TEMPERATURE (F)   38        63      1947
                                             1916
 MINIMUM TEMPERATURE (F)   21        -5      1935


SUNRISE AND SUNSET
JANUARY 28 2015.......SUNRISE   702 AM EST   SUNSET   456 PM EST
JANUARY 29 2015.......SUNRISE   701 AM EST   SUNSET   457 PM EST


-  INDICATES NEGATIVE NUMBERS.
R  INDICATES RECORD WAS SET OR TIED.
MM INDICATES DATA IS MISSING.
T  INDICATES TRACE AMOUNT.




$$
