000
CDUS41 KBOX 232137
CLIPVD


CLIMATE REPORT
NATIONAL WEATHER SERVICE TAUNTON MA
426 PM EST SUN NOV 23 2014


...................................

...THE PROVIDENCE RI CLIMATE SUMMARY FOR NOVEMBER 23 2014...
VALID AS OF 0400 PM LOCAL TIME.

CLIMATE NORMAL PERIOD 1981 TO 2010
CLIMATE RECORD PERIOD 1904 TO 2014


WEATHER ITEM   OBSERVED TIME   RECORD YEAR NORMAL DEPARTURE LAST
                VALUE   (LST)  VALUE       VALUE  FROM      YEAR
                                                  NORMAL
..................................................................
TEMPERATURE (F)
 TODAY
  MAXIMUM         59    231 PM  72    1979  51      8       51
                                      1931
  MINIMUM         42    702 AM  14    1972  34      8       31
  AVERAGE         51                        42      9       41

PRECIPITATION (IN)
  TODAY            T             3.38 1953   0.16  -0.16     0.00
  MONTH TO DATE    2.55                      3.41  -0.86     1.29
  SINCE SEP 1      6.59                     11.26  -4.67     6.49
  SINCE JAN 1     38.04                     41.86  -3.82    37.30

SNOWFALL (IN)
  TODAY           MM             8.0  1989   0.1   MM        0.0
  MONTH TO DATE    1.0                       0.8    0.2      0.1
  SINCE SEP 1      1.0                       0.8    0.2      0.1
  SINCE JUL 1      1.0                       0.8    0.2      0.1
  SNOW DEPTH       0

DEGREE DAYS
 HEATING
  TODAY           14                        23     -9       24
  MONTH TO DATE  515                       448     67      465
  SINCE SEP 1    867                       897    -30      878
  SINCE JUL 1    867                       906    -39      878

 COOLING
  TODAY            0                         0      0        0
  MONTH TO DATE    0                         0      0        0
  SINCE SEP 1    127                        88     39       70
  SINCE JAN 1    709                       744    -35      892
..................................................................


WIND (MPH)
  HIGHEST WIND SPEED    17   HIGHEST WIND DIRECTION    SW (230)
  HIGHEST GUST SPEED    23   HIGHEST GUST DIRECTION    SW (240)
  AVERAGE WIND SPEED     9.8


SKY COVER
  POSSIBLE SUNSHINE  MM
  AVERAGE SKY COVER 0.7


WEATHER CONDITIONS
 THE FOLLOWING WEATHER WAS RECORDED TODAY.
  LIGHT RAIN


RELATIVE HUMIDITY (PERCENT)
 HIGHEST    53           200 AM
 LOWEST     38          1200 PM
 AVERAGE    46

..........................................................


THE PROVIDENCE RI CLIMATE NORMALS FOR TOMORROW
                         NORMAL    RECORD    YEAR
 MAXIMUM TEMPERATURE (F)   50        73      1979
 MINIMUM TEMPERATURE (F)   34         6      1989


SUNRISE AND SUNSET
NOVEMBER 23 2014......SUNRISE   644 AM EST   SUNSET   420 PM EST
NOVEMBER 24 2014......SUNRISE   646 AM EST   SUNSET   419 PM EST


-  INDICATES NEGATIVE NUMBERS.
R  INDICATES RECORD WAS SET OR TIED.
MM INDICATES DATA IS MISSING.
T  INDICATES TRACE AMOUNT.




$$
