000
CDUS41 KBOX 010540
CLIPVD


CLIMATE REPORT
NATIONAL WEATHER SERVICE TAUNTON MA
136 AM EDT TUE SEP 1 2015


...................................

...THE PROVIDENCE RI CLIMATE SUMMARY FOR AUGUST 31 2015...

CLIMATE NORMAL PERIOD 1981 TO 2010
CLIMATE RECORD PERIOD 1904 TO 2015


WEATHER ITEM   OBSERVED TIME   RECORD YEAR NORMAL DEPARTURE LAST
                VALUE   (LST)  VALUE       VALUE  FROM      YEAR
                                                  NORMAL
..................................................................
TEMPERATURE (F)
 YESTERDAY
  MAXIMUM         88   1042 AM  96    1953  79      9       85
  MINIMUM         70    426 AM  40    1965  61      9       66
  AVERAGE         79                        70      9       76

PRECIPITATION (IN)
  YESTERDAY        0.00          2.60 1954   0.11  -0.11     0.22
  MONTH TO DATE    2.78                      3.60  -0.82     2.70
  SINCE JUN 1     10.47                     10.53  -0.06     8.65
  SINCE JAN 1     27.42                     30.60  -3.18    31.45

SNOWFALL (IN)
  YESTERDAY        0.0           0.0  2002   0.0    0.0      0.0
                                      2001
                                      2000
  MONTH TO DATE    0.0                       0.0    0.0      0.0
  SINCE JUN 1      0.0                       0.0    0.0      0.0
  SINCE JUL 1      0.0                       0.0    0.0      0.0
  SNOW DEPTH       0

DEGREE DAYS
 HEATING
  YESTERDAY        0                         1     -1        0
  MONTH TO DATE    0                         2     -2        0
  SINCE JUN 1     72                        52     20       13
  SINCE JUL 1      0                         9     -9        0

 COOLING
  YESTERDAY       14                         5      9       11
  MONTH TO DATE  315                       232     83      179
  SINCE JUN 1    737                       630    107      571
  SINCE JAN 1    801                       656    145      582
..................................................................


WIND (MPH)
  RESULTANT WIND SPEED   8   RESULTANT WIND DIRECTION   W (270)
  HIGHEST WIND SPEED    18   HIGHEST WIND DIRECTION     W (270)
  HIGHEST GUST SPEED    24   HIGHEST GUST DIRECTION     W (260)
  AVERAGE WIND SPEED     8.4


SKY COVER
  POSSIBLE SUNSHINE  MM
  AVERAGE SKY COVER 0.4


WEATHER CONDITIONS
 THE FOLLOWING WEATHER WAS RECORDED YESTERDAY.
  FOG


RELATIVE HUMIDITY (PERCENT)
 HIGHEST    90           100 AM
 LOWEST     48          1100 AM
 AVERAGE    69

..........................................................


THE PROVIDENCE RI CLIMATE NORMALS FOR TODAY
                         NORMAL    RECORD    YEAR
 MAXIMUM TEMPERATURE (F)   79        95      2010
 MINIMUM TEMPERATURE (F)   60        43      1975


SUNRISE AND SUNSET
SEPTEMBER  1 2015.....SUNRISE   611 AM EDT   SUNSET   719 PM EDT
SEPTEMBER  2 2015.....SUNRISE   612 AM EDT   SUNSET   718 PM EDT


-  INDICATES NEGATIVE NUMBERS.
R  INDICATES RECORD WAS SET OR TIED.
MM INDICATES DATA IS MISSING.
T  INDICATES TRACE AMOUNT.




$$
