440
CDUS41 KBOX 050601
CLIPVD


CLIMATE REPORT
NATIONAL WEATHER SERVICE TAUNTON MA
101 AM EST MON DEC 5 2016


...................................

...THE PROVIDENCE RI CLIMATE SUMMARY FOR DECEMBER 4 2016...

CLIMATE NORMAL PERIOD 1981 TO 2010
CLIMATE RECORD PERIOD 1904 TO 2016


WEATHER ITEM   OBSERVED TIME   RECORD YEAR NORMAL DEPARTURE LAST
                VALUE   (LST)  VALUE       VALUE  FROM      YEAR
                                                  NORMAL
..................................................................
TEMPERATURE (F)
 YESTERDAY
  MAXIMUM         42    313 PM  71    1998  46     -4       50
  MINIMUM         28   1029 PM   2    1940  30     -2       30
  AVERAGE         35                        38     -3       40

PRECIPITATION (IN)
  YESTERDAY        0.00          2.22 1968   0.16  -0.16     0.00
  MONTH TO DATE    0.19                      0.62  -0.43     0.40
  SINCE DEC 1      0.19                      0.62  -0.43     0.40
  SINCE JAN 1     37.05                     43.58  -6.53    36.43

SNOWFALL (IN)
  YESTERDAY        0.0           2.8  1907   0.2   -0.2      0.0
  MONTH TO DATE    0.0                       0.8   -0.8      0.0
  SINCE DEC 1      0.0                       0.8   -0.8      0.0
  SINCE JUL 1      T                         2.3   -2.3      0.0
  SNOW DEPTH       0

DEGREE DAYS
 HEATING
  YESTERDAY       30                        27      3       25
  MONTH TO DATE   88                       105    -17       83
  SINCE DEC 1     88                       105    -17       83
  SINCE JUL 1    975                      1180   -205      964

 COOLING
  YESTERDAY        0                         0      0        0
  MONTH TO DATE    0                         0      0        0
  SINCE DEC 1      0                         0      0        0
  SINCE JAN 1   1049                       744    305      955
..................................................................


WIND (MPH)
  RESULTANT WIND SPEED   6   RESULTANT WIND DIRECTION  NW (320)
  HIGHEST WIND SPEED    16   HIGHEST WIND DIRECTION     N (350)
  HIGHEST GUST SPEED    20   HIGHEST GUST DIRECTION    NW (320)
  AVERAGE WIND SPEED     6.7


SKY COVER
  POSSIBLE SUNSHINE  MM
  AVERAGE SKY COVER 0.4


WEATHER CONDITIONS
 THE FOLLOWING WEATHER WAS RECORDED YESTERDAY.
  NO SIGNIFICANT WEATHER WAS OBSERVED.


RELATIVE HUMIDITY (PERCENT)
 HIGHEST    75          1000 PM
 LOWEST     39           300 PM
 AVERAGE    57

..........................................................


THE PROVIDENCE RI CLIMATE NORMALS FOR TODAY
                         NORMAL    RECORD    YEAR
 MAXIMUM TEMPERATURE (F)   46        68      2001
 MINIMUM TEMPERATURE (F)   30         4      1926


SUNRISE AND SUNSET
DECEMBER  5 2016......SUNRISE   658 AM EST   SUNSET   415 PM EST
DECEMBER  6 2016......SUNRISE   659 AM EST   SUNSET   415 PM EST


-  INDICATES NEGATIVE NUMBERS.
R  INDICATES RECORD WAS SET OR TIED.
MM INDICATES DATA IS MISSING.
T  INDICATES TRACE AMOUNT.




$$
