000
CDUS41 KBOX 040542
CLIPVD


CLIMATE REPORT
NATIONAL WEATHER SERVICE TAUNTON MA
141 AM EDT TUE AUG 4 2015


...................................

...THE PROVIDENCE RI CLIMATE SUMMARY FOR AUGUST 3 2015...

CLIMATE NORMAL PERIOD 1981 TO 2010
CLIMATE RECORD PERIOD 1904 TO 2015


WEATHER ITEM   OBSERVED TIME   RECORD YEAR NORMAL DEPARTURE LAST
                VALUE   (LST)  VALUE       VALUE  FROM      YEAR
                                                  NORMAL
..................................................................
TEMPERATURE (F)
 YESTERDAY
  MAXIMUM         90   1230 PM  98    2006  83      7       73
  MINIMUM         67    303 AM  51    1953  65      2       62
                                      1940
  AVERAGE         79                        74      5       68

PRECIPITATION (IN)
  YESTERDAY        0.00          1.00 1954   0.12  -0.12      T
  MONTH TO DATE    T                         0.37  -0.37     0.18
  SINCE JUN 1      7.69                      7.30   0.39     6.13
  SINCE JAN 1     24.64                     27.37  -2.73    28.93

SNOWFALL (IN)
  YESTERDAY        0.0           0.0  2002   0.0    0.0      0.0
                                      2001
                                      2000
  MONTH TO DATE    0.0                       0.0    0.0      0.0
  SINCE JUN 1      0.0                       0.0    0.0      0.0
  SINCE JUL 1      0.0                       0.0    0.0      0.0
  SNOW DEPTH       0

DEGREE DAYS
 HEATING
  YESTERDAY        0                         0      0        0
  MONTH TO DATE    0                         0      0        0
  SINCE JUN 1     72                        46     26       13
  SINCE JUL 1      0                         3     -3        0

 COOLING
  YESTERDAY       14                         9      5        3
  MONTH TO DATE   38                        27     11       13
  SINCE JUN 1    460                       425     35      405
  SINCE JAN 1    524                       451     73      416
..................................................................


WIND (MPH)
  RESULTANT WIND SPEED  10   RESULTANT WIND DIRECTION   S (200)
  HIGHEST WIND SPEED    23   HIGHEST WIND DIRECTION     S (190)
  HIGHEST GUST SPEED    29   HIGHEST GUST DIRECTION     S (200)
  AVERAGE WIND SPEED    10.9


SKY COVER
  POSSIBLE SUNSHINE  MM
  AVERAGE SKY COVER 0.3


WEATHER CONDITIONS
 THE FOLLOWING WEATHER WAS RECORDED YESTERDAY.
  NO SIGNIFICANT WEATHER WAS OBSERVED.


RELATIVE HUMIDITY (PERCENT)
 HIGHEST    97          1200 AM
 LOWEST     36          1200 PM
 AVERAGE    67

..........................................................


THE PROVIDENCE RI CLIMATE NORMALS FOR TODAY
                         NORMAL    RECORD    YEAR
 MAXIMUM TEMPERATURE (F)   83        98      1944
 MINIMUM TEMPERATURE (F)   65        52      1959


SUNRISE AND SUNSET
AUGUST  4 2015........SUNRISE   543 AM EDT   SUNSET   800 PM EDT
AUGUST  5 2015........SUNRISE   544 AM EDT   SUNSET   759 PM EDT


-  INDICATES NEGATIVE NUMBERS.
R  INDICATES RECORD WAS SET OR TIED.
MM INDICATES DATA IS MISSING.
T  INDICATES TRACE AMOUNT.




$$
