672
CDUS41 KBOX 100537
CLIPVD


CLIMATE REPORT
NATIONAL WEATHER SERVICE TAUNTON MA
1236 AM EST WED FEB 10 2016


...................................

...THE PROVIDENCE RI CLIMATE SUMMARY FOR FEBRUARY 9 2016...

CLIMATE NORMAL PERIOD 1981 TO 2010
CLIMATE RECORD PERIOD 1904 TO 2016


WEATHER ITEM   OBSERVED TIME   RECORD YEAR NORMAL DEPARTURE LAST
                VALUE   (LST)  VALUE       VALUE  FROM      YEAR
                                                  NORMAL
..................................................................
TEMPERATURE (F)
 YESTERDAY
  MAXIMUM         30    638 PM  60    1937  39     -9       22
  MINIMUM         20   1053 PM -17    1934  23     -3       16
  AVERAGE         25                        31     -6       19

PRECIPITATION (IN)
  YESTERDAY        T             1.50 1969   0.11  -0.11     0.28
  MONTH TO DATE    2.64                      1.02   1.62     1.38
  SINCE DEC 1     10.47                      9.10   1.37    11.25
  SINCE JAN 1      5.67                      4.88   0.79     5.00

SNOWFALL (IN)
  YESTERDAY        T             9.9  1969   0.3   -0.3      4.6
  MONTH TO DATE   10.7                       2.8    7.9     15.6
  SINCE DEC 1     18.6                      20.5   -1.9     42.1
  SINCE JUL 1     18.6                      22.0   -3.4     43.7
  SNOW DEPTH       6

DEGREE DAYS
 HEATING
  YESTERDAY       40                        34      6       46
  MONTH TO DATE  248                       311    -63      403
  SINCE DEC 1   1841                      2373   -532     2433
  SINCE JUL 1   2722                      3448   -726     3469

 COOLING
  YESTERDAY        0                         0      0        0
  MONTH TO DATE    0                         0      0        0
  SINCE DEC 1      0                         0      0        0
  SINCE JAN 1      0                         0      0        0
..................................................................


WIND (MPH)
  RESULTANT WIND SPEED   7   RESULTANT WIND DIRECTION   N (10)
  HIGHEST WIND SPEED    20   HIGHEST WIND DIRECTION     N (10)
  HIGHEST GUST SPEED    22   HIGHEST GUST DIRECTION     N (10)
  AVERAGE WIND SPEED     7.8


SKY COVER
  POSSIBLE SUNSHINE  MM
  AVERAGE SKY COVER 0.8


WEATHER CONDITIONS
 THE FOLLOWING WEATHER WAS RECORDED YESTERDAY.
  LIGHT SNOW


RELATIVE HUMIDITY (PERCENT)
 HIGHEST    84           600 AM
 LOWEST     63           300 PM
 AVERAGE    74

..........................................................


THE PROVIDENCE RI CLIMATE NORMALS FOR TODAY
                         NORMAL    RECORD    YEAR
 MAXIMUM TEMPERATURE (F)   39        66      2010
 MINIMUM TEMPERATURE (F)   23        -3      1979


SUNRISE AND SUNSET
FEBRUARY 10 2016......SUNRISE   648 AM EST   SUNSET   512 PM EST
FEBRUARY 11 2016......SUNRISE   647 AM EST   SUNSET   513 PM EST


-  INDICATES NEGATIVE NUMBERS.
R  INDICATES RECORD WAS SET OR TIED.
MM INDICATES DATA IS MISSING.
T  INDICATES TRACE AMOUNT.




$$
