000
CDUS41 KBOX 172143
CLIPVD


CLIMATE REPORT
NATIONAL WEATHER SERVICE TAUNTON MA
540 PM EDT WED SEP 17 2014


...................................

...THE PROVIDENCE RI CLIMATE SUMMARY FOR SEPTEMBER 17 2014...
VALID TODAY AS OF 0500 PM LOCAL TIME.

CLIMATE NORMAL PERIOD 1981 TO 2010
CLIMATE RECORD PERIOD 1904 TO 2014


WEATHER ITEM   OBSERVED TIME   RECORD YEAR NORMAL DEPARTURE LAST
                VALUE   (LST)  VALUE       VALUE  FROM      YEAR
                                                  NORMAL
..................................................................
TEMPERATURE (F)
 TODAY
  MAXIMUM         73    103 PM  90    1941  74     -1       63
  MINIMUM         48    552 AM  37    1960  55     -7       44
  AVERAGE         61                        64     -3       54

PRECIPITATION (IN)
  TODAY            0.00          2.72 1995   0.13  -0.13     0.00
  MONTH TO DATE    0.54                      2.17  -1.63     4.32
  SINCE SEP 1      0.54                      2.17  -1.63     4.32
  SINCE JAN 1     31.99                     32.77  -0.78    35.13

SNOWFALL (IN)
  TODAY            0.0           0.0  2002   0.0    0.0      0.0
                                      2001
                                      2000
  MONTH TO DATE    0.0                       0.0    0.0      0.0
  SINCE SEP 1      0.0                       0.0    0.0      0.0
  SINCE JUL 1      0.0                       0.0    0.0      0.0
  SNOW DEPTH       0

DEGREE DAYS
 HEATING
  TODAY            4                         3      1       11
  MONTH TO DATE   20                        27     -7       39
  SINCE SEP 1     20                        27     -7       39
  SINCE JUL 1     20                        36    -16       39

 COOLING
  TODAY            0                         2     -2        0
  MONTH TO DATE  100                        62     38       63
  SINCE SEP 1    100                        62     38       63
  SINCE JAN 1    682                       718    -36      885
..................................................................


WIND (MPH)
  HIGHEST WIND SPEED    17   HIGHEST WIND DIRECTION     S (160)
  HIGHEST GUST SPEED    20   HIGHEST GUST DIRECTION     S (160)
  AVERAGE WIND SPEED     5.9


SKY COVER
  POSSIBLE SUNSHINE  MM
  AVERAGE SKY COVER 0.1


WEATHER CONDITIONS
 THE FOLLOWING WEATHER WAS RECORDED TODAY.
  NO SIGNIFICANT WEATHER WAS OBSERVED.


RELATIVE HUMIDITY (PERCENT)
 HIGHEST    93          1200 AM
 LOWEST     35          1200 PM
 AVERAGE    64

..........................................................


THE PROVIDENCE RI CLIMATE NORMALS FOR TOMORROW
                         NORMAL    RECORD    YEAR
 MAXIMUM TEMPERATURE (F)   74        89      1906
 MINIMUM TEMPERATURE (F)   55        39      1990
                                             1959


SUNRISE AND SUNSET
SEPTEMBER 17 2014.....SUNRISE   628 AM EDT   SUNSET   652 PM EDT
SEPTEMBER 18 2014.....SUNRISE   629 AM EDT   SUNSET   650 PM EDT


-  INDICATES NEGATIVE NUMBERS.
R  INDICATES RECORD WAS SET OR TIED.
MM INDICATES DATA IS MISSING.
T  INDICATES TRACE AMOUNT.




$$
