000
CXUS54 KOUN 031459
CF6PWA
PRELIMINARY LOCAL CLIMATOLOGICAL DATA (WS FORM: F-6)
STATION: BETHANY/WILEY POST
MONTH: AUGUST
YEAR: 2021
LATITUDE: 35 31 N
LONGITUDE: 97 38 W
TEMPERATURE IN F: :PCPN: SNOW: WIND :SUNSHINE: SKY :PK WND
================================================================================
1 2 3 4 5 6A 6B 7 8 9 10 11 12 13 14 15 16 17 18
12Z AVG MX 2MIN
DY MAX MIN AVG DEP HDD CDD WTR SNW DPTH SPD SPD DIR MIN PSBL S-S WX SPD DR
================================================================================
1 86 72 79 -6 0 14 M M M 10.5 29 40 M M 6 138 36 30
2 87 64 76 -9 0 11 0.00 M M 8.7 18 350 M M 1 8 24 350
3 88 62 75 -9 0 10 0.00 M M 6.0 12 80 M M 0 18 17 350
4 90 65 78 -6 0 13 0.00 M M 4.7 10 80 M M 0 13 240
5 84 67 76 -8 0 11 T M M 9.6 18 200 M M 2 8 23 210
6 95 69 82 -2 0 17 0.00 M M 14.3 22 170 M M 0 18 29 170
7 96 75 86 2 0 21 0.00 0.0 M 17.0 24 160 M M 0 31 160
8 93 72 83 -1 0 18 0.02 M M 16.2 26 200 M M 3 3 34 200
9 97 80 89 5 0 24 0.00 0.0 M 18.8 26 200 M M 1 34 190
10 96 80 88 4 0 23 0.00 0.0 M 18.4 26 180 M M 0 32 180
11 97 79 88 4 0 23 0.00 0.0 M 17.7 25 190 M M 0 31 190
12 97 80 89 6 0 24 0.00 M M 14.8 24 210 M M 0 30 190
13 95 72 84 1 0 19 0.80 M M 7.4 23 100 M M 3 3 30 80
14 90 72 81 -2 0 16 0.01 M M 3.6 12 180 M M 4 15 170
15 92 70 81 -2 0 16 0.00 M M 4.7 14 130 M M 2 19 110
16 90 71 81 -2 0 16 0.00 M M 8.5 17 140 M M 2 3 23 150
17 87 72 80 -2 0 15 0.04 M M 9.3 23 180 M M 3 3 29 180
18 87 70 79 -3 0 14 0.00 M M 12.4 20 150 M M 7 25 160
19 86 75 81 -1 0 16 0.00 M M 12.7 22 160 M M 5 1 27 160
20 98 78 88 6 0 23 0.00 M M 16.9 23 190 M M 0 31 200
21 97 73 85 3 0 20 0.23 M M 8.4 23 330 M M 2 13 28 330
22 99 74 87 5 0 22 0.00 0.0 0 10.8 20 190 M M 1 28 190
23 98 76 87 6 0 22 0.00 0.0 0 15.0 24 180 M M 0 30 180
24 99 74 87 6 0 22 0.00 0.0 0 15.7 24 180 M M 0 32 190
25 100 74 87 6 0 22 M M M 11.7 17 170 M M 0 23 190
26 97 74 86 5 0 21 0.00 0.0 M 9.7 15 160 M M 0 23 160
27 96 73 85 5 0 20 0.00 M M 11.9 18 150 M M 1 8 24 160
28 95 75 85 5 0 20 0.00 M M 12.0 21 130 M M 1 27 130
29 94 72 83 3 0 18 0.00 M M 8.4 18 160 M M 1 22 160
30 95 72 84 4 0 19 0.00 M M 3.7 22 120 M M 2 29 120
31 98 72 85 6 0 20 0.00 M M 7.4 14 180 M M 0 20 210
================================================================================
SM 2899 2254 0 570 1.10 0.0 346.9 M 47
================================================================================
AV 93.5 72.7 11.2 FASTST M M 2 MAX(MPH)
MISC ----> 29 40 36 30
================================================================================
NOTES:
# LAST OF SEVERAL OCCURRENCES
COLUMN 17 PEAK WIND IN M.P.H.
PRELIMINARY LOCAL CLIMATOLOGICAL DATA (WS FORM: F-6) , PAGE 2
STATION: BETHANY/WILEY POST
MONTH: AUGUST
YEAR: 2021
LATITUDE: 35 31 N
LONGITUDE: 97 38 W
[TEMPERATURE DATA] [PRECIPITATION DATA] SYMBOLS USED IN COLUMN 16
AVERAGE MONTHLY: 83.1 TOTAL FOR MONTH: 1.10 1 = FOG OR MIST
DPTR FM NORMAL: 0.6 DPTR FM NORMAL: -2.39 2 = FOG REDUCING VISIBILITY
HIGHEST: 100 ON 25 GRTST 24HR 0.80 ON 13-13 TO 1/4 MILE OR LESS
LOWEST: 62 ON 3 3 = THUNDER
SNOW, ICE PELLETS, HAIL 4 = ICE PELLETS
TOTAL MONTH: 0.0 INCH 5 = HAIL
GRTST 24HR 0.0 6 = FREEZING RAIN OR DRIZZLE
GRTST DEPTH: 0 7 = DUSTSTORM OR SANDSTORM:
VSBY 1/2 MILE OR LESS
8 = SMOKE OR HAZE
[NO. OF DAYS WITH] [WEATHER - DAYS WITH] 9 = BLOWING SNOW
X = TORNADO
MAX 32 OR BELOW: 0 0.01 INCH OR MORE: 5
MAX 90 OR ABOVE: 24 0.10 INCH OR MORE: 2
MIN 32 OR BELOW: 0 0.50 INCH OR MORE: 1
MIN 0 OR BELOW: 0 1.00 INCH OR MORE: 0
[HDD (BASE 65) ]
TOTAL THIS MO. 0 CLEAR (SCALE 0-3) 25
DPTR FM NORMAL 0 PTCLDY (SCALE 4-7) 6
TOTAL FM JUL 1 0 CLOUDY (SCALE 8-10) 0
DPTR FM NORMAL 0
[CDD (BASE 65) ]
TOTAL THIS MO. 570
DPTR FM NORMAL 29 [PRESSURE DATA]
TOTAL FM JAN 1 1681 HIGHEST SLP 30.19 ON 14
DPTR FM NORMAL -108 LOWEST SLP 29.65 ON 31
[REMARKS]
#FINAL-08-21#