000
CXUS54 KOUN 010910
CF6PWA
PRELIMINARY LOCAL CLIMATOLOGICAL DATA (WS FORM: F-6)
STATION: BETHANY/WILEY POST
MONTH: NOVEMBER
YEAR: 2023
LATITUDE: 35 31 N
LONGITUDE: 97 38 W
TEMPERATURE IN F: :PCPN: SNOW: WIND :SUNSHINE: SKY :PK WND
================================================================================
1 2 3 4 5 6A 6B 7 8 9 10 11 12 13 14 15 16 17 18
12Z AVG MX 2MIN
DY MAX MIN AVG DEP HDD CDD WTR SNW DPTH SPD SPD DIR MIN PSBL S-S WX SPD DR
================================================================================
1 56 25 41 -15 24 0 0.00 M M 12.1 21 210 M M 0 27 170
2 67 37 52 -4 13 0 0.00 M M 16.6 25 180 M M 0 38 180
3 73 43 58 3 7 0 0.00 M M 14.4 23 180 M M 0 32 190
4 74 52 63 8 2 0 0.00 M M 8.0 14 180 M M 1 20 160
5 79 50 65 11 0 0 0.00 M M 11.1 25 190 M M 0 12 35 190
6 81 57 69 15 0 4 0.00 M M 12.1 22 190 M M 0 29 200
7 86 55 71 17 0 6 0.00 M M 14.4 24 170 M M 0 33 170
8 82 56 69 16 0 4 T M M 14.6 22 340 M M 1 28 340
9 56 44 50 -3 15 0 0.00 M M 13.0 22 30 M M 3 30 40
10 65 34 50 -2 15 0 0.00 0.0 0 6.6 16 70 M M 2 20 70
11 61 45 53 1 12 0 T 0.0 0 6.1 16 180 M M 8 22 160
12 69 38 54 2 11 0 0.00 M M 6.2 14 200 M M 0 18 200
13 71 39 55 4 10 0 0.00 M M 3.5 14 150 M M 0 1 19 120
14 70 38 54 3 11 0 0.00 M M 7.5 16 190 M M 0 26 190
15 73 43 58 8 7 0 0.00 M M 7.7 13 150 M M 0 20 180
16 67 48 58 8 7 0 0.00 M M 16.4 26 180 M M 0 1 35 180
17 62 41 52 2 13 0 0.00 M M 8.2 21 180 M M 5 1 29 170
18 69 34 52 3 13 0 T M M 5.5 15 160 M M 1 1 18 160
19 59 53 56 7 9 0 0.45 M M 16.0 26 160 M M 10 13 38 160
20 61 44 53 4 12 0 0.00 M M 14.5 28 340 M M 10 12 37 350
21 55 35 45 -3 20 0 0.00 M M 14.3 25 330 M M 5 37 310
22 59 27 43 -5 22 0 0.00 M M 5.3 12 190 M M 0 16 200
23 67 36 52 5 13 0 0.00 M M 10.3 18 180 M M 0 24 190
24 49 32 41 -6 24 0 0.00 M M 10.3 18 30 M M 0 25 30
25 43 29 36 -11 29 0 0.36 M M 8.4 18 330 M M 8 16 27 320
26 43 23 33 -13 32 0 0.00 M M 9.4 18 340 M M 1 28 330
27 54 24 39 -7 26 0 0.00 0.0 M 3.8 12 270 M M 0 14 320
28 61 26 44 -2 21 0 0.00 0.0 M 9.3 18 210 M M 0 27 250
29 66 34 50 5 15 0 0.00 0.0 M 11.6 22 180 M M 0 30 180
30 56 44 50 5 15 0 0.25 M M 11.9 26 190 M M 8 13 37 190
================================================================================
SM 1934 1186 398 14 1.06 0.0 309.1 M 63
================================================================================
AV 64.5 39.5 10.3 FASTST M M 2 MAX(MPH)
MISC ----> 28 340 # 38 180
================================================================================
NOTES:
# LAST OF SEVERAL OCCURRENCES
COLUMN 17 PEAK WIND IN M.P.H.
PRELIMINARY LOCAL CLIMATOLOGICAL DATA (WS FORM: F-6) , PAGE 2
STATION: BETHANY/WILEY POST
MONTH: NOVEMBER
YEAR: 2023
LATITUDE: 35 31 N
LONGITUDE: 97 38 W
[TEMPERATURE DATA] [PRECIPITATION DATA] SYMBOLS USED IN COLUMN 16
AVERAGE MONTHLY: 52.0 TOTAL FOR MONTH: 1.06 1 = FOG OR MIST
DPTR FM NORMAL: 1.7 DPTR FM NORMAL: -0.41 2 = FOG REDUCING VISIBILITY
HIGHEST: 86 ON 7 GRTST 24HR 0.45 ON 18-19 TO 1/4 MILE OR LESS
LOWEST: 23 ON 26 3 = THUNDER
SNOW, ICE PELLETS, HAIL 4 = ICE PELLETS
TOTAL MONTH: 0.0 INCH 5 = HAIL
GRTST 24HR 0.0 6 = FREEZING RAIN OR DRIZZLE
GRTST DEPTH: 0 7 = DUSTSTORM OR SANDSTORM:
VSBY 1/2 MILE OR LESS
8 = SMOKE OR HAZE
[NO. OF DAYS WITH] [WEATHER - DAYS WITH] 9 = BLOWING SNOW
X = TORNADO
MAX 32 OR BELOW: 0 0.01 INCH OR MORE: 3
MAX 90 OR ABOVE: 0 0.10 INCH OR MORE: 3
MIN 32 OR BELOW: 7 0.50 INCH OR MORE: 0
MIN 0 OR BELOW: 0 1.00 INCH OR MORE: 0
[HDD (BASE 65) ]
TOTAL THIS MO. 398 CLEAR (SCALE 0-3) 22
DPTR FM NORMAL -48 PTCLDY (SCALE 4-7) 3
TOTAL FM JUL 1 575 CLOUDY (SCALE 8-10) 5
DPTR FM NORMAL -46
[CDD (BASE 65) ]
TOTAL THIS MO. 14
DPTR FM NORMAL 7 [PRESSURE DATA]
TOTAL FM JAN 1 2336 HIGHEST SLP 30.50 ON 1
DPTR FM NORMAL 168 LOWEST SLP 29.55 ON 20
[REMARKS]
#FINAL-11-23#