000
CXUS51 KGYX 010900
CF6PWM
PRELIMINARY LOCAL CLIMATOLOGICAL DATA (WS FORM: F-6)
STATION: PORTLAND ME
MONTH: JULY
YEAR: 2023
LATITUDE: 43 39 N
LONGITUDE: 70 19 W
TEMPERATURE IN F: :PCPN: SNOW: WIND :SUNSHINE: SKY :PK WND
================================================================================
1 2 3 4 5 6A 6B 7 8 9 10 11 12 13 14 15 16 17 18
12Z AVG MX 2MIN
DY MAX MIN AVG DEP HDD CDD WTR SNW DPTH SPD SPD DIR MIN PSBL S-S WX SPD DR
================================================================================
1 75 61 68 -1 0 3 0.00 0.0 0 4.3 14 90 M M 9 12 16 90
2 68 61 65 -4 0 0 1.80 0.0 0 5.2 15 70 M M 10 12 20 90
3 77 62 70 1 0 5 0.47 0.0 0 3.7 10 350 M M 8 1 17 180
4 76 65 71 2 0 6 0.27 0.0 0 3.3 9 190 M M 8 128 12 220
5 86 66 76 6 0 11 0.00 0.0 0 5.2 14 180 M M 3 12 17 180
6 86 65 76 6 0 11 0.00 0.0 0 4.7 14 190 M M 1 1 19 180
7 83 64 74 4 0 9 0.00 0.0 0 7.2 20 190 M M 2 1 27 180
8 72 64 68 -2 0 3 0.00 0.0 0 4.6 12 80 M M 10 12 13 90
9 68 64 66 -4 0 1 0.01 0.0 0 4.6 9 90 M M 10 12 10 90
10 64 62 63 -7 2 0 0.93 0.0 0 8.4 18 80 M M 10 12 23 90
11 85 62 74 4 0 9 0.01 0.0 0 5.2 20 300 M M 6 1 25 290
12 89 65 77 7 0 12 0.21 0.0 0 3.5 26 280 M M 2 38 34 280
13 81 65 73 3 0 8 0.02 0.0 0 6.5 17 180 M M 5 1 28 200
14 79 66 73 2 0 8 0.08 0.0 0 4.7 15 160 M M 7 13 18 160
15 78 69 74 3 0 9 0.40 0.0 0 5.8 15 170 M M 9 13 20 170
16 73 69 71 0 0 6 0.86 0.0 0 9.5 22 160 M M 10 1 34 170
17 85 68 77 6 0 12 T 0.0 0 5.8 13 150 M M 5 128 16 140
18 77 66 72 1 0 7 0.00 0.0 0 5.1 15 180 M M 4 18 20 190
19 83 65 74 3 0 9 0.00 0.0 0 4.9 13 90 M M 4 1 15 160
20 83 62 73 2 0 8 0.00 0.0 0 4.4 14 180 M M 2 8 17 180
21 72 62 67 -4 0 2 0.18 0.0 0 5.2 15 90 M M 8 123 19 100
22 76 63 70 -1 0 5 0.00 0.0 0 5.6 12 140 M M 6 12 15 150
23 84 61 73 2 0 8 0.00 0.0 0 5.3 14 270 M M 2 17 150
24 82 62 72 1 0 7 0.00 0.0 0 5.3 16 190 M M 4 22 190
25 80 64 72 1 0 7 T 0.0 0 5.8 16 160 M M 3 18 24 170
26 86 65 76 5 0 11 0.00 0.0 0 5.0 15 150 M M 2 20 150
27 86 70 78 7 0 13 0.04 0.0 0 6.8 17 250 M M 7 13 25 260
28 85 69 77 6 0 12 0.00 0.0 0 5.5 16 180 M M 2 21 180
29 82 60 71 0 0 6 0.46 0.0 0 8.3 28 340 M M 6 13 35 340
30 76 57 67 -4 0 2 0.00 0.0 0 8.9 17 300 M M 3 22 350
31 78 56 67 -4 0 2 0.01 0.0 0 5.2 20 360 M M 5 3 25 320
================================================================================
SM 2455 1980 2 212 5.75 0.0 173.5 M 173
================================================================================
AV 79.2 63.9 5.6 FASTST M M 6 MAX(MPH)
MISC ----> 28 340 35 340
================================================================================
NOTES:
# LAST OF SEVERAL OCCURRENCES
COLUMN 17 PEAK WIND IN M.P.H.
PRELIMINARY LOCAL CLIMATOLOGICAL DATA (WS FORM: F-6) , PAGE 2
STATION: PORTLAND ME
MONTH: JULY
YEAR: 2023
LATITUDE: 43 39 N
LONGITUDE: 70 19 W
[TEMPERATURE DATA] [PRECIPITATION DATA] SYMBOLS USED IN COLUMN 16
AVERAGE MONTHLY: 71.5 TOTAL FOR MONTH: 5.75 1 = FOG OR MIST
DPTR FM NORMAL: 1.1 DPTR FM NORMAL: 2.32 2 = FOG REDUCING VISIBILITY
HIGHEST: 89 ON 12 GRTST 24HR 2.22 ON 2- 3 TO 1/4 MILE OR LESS
LOWEST: 56 ON 31 3 = THUNDER
SNOW, ICE PELLETS, HAIL 4 = ICE PELLETS
TOTAL MONTH: 0.0 INCH 5 = HAIL
GRTST 24HR 0.0 6 = FREEZING RAIN OR DRIZZLE
GRTST DEPTH: 0 7 = DUSTSTORM OR SANDSTORM:
VSBY 1/2 MILE OR LESS
8 = SMOKE OR HAZE
[NO. OF DAYS WITH] [WEATHER - DAYS WITH] 9 = BLOWING SNOW
X = TORNADO
MAX 32 OR BELOW: 0 0.01 INCH OR MORE: 15
MAX 90 OR ABOVE: 0 0.10 INCH OR MORE: 9
MIN 32 OR BELOW: 0 0.50 INCH OR MORE: 3
MIN 0 OR BELOW: 0 1.00 INCH OR MORE: 1
[HDD (BASE 65) ]
TOTAL THIS MO. 2 CLEAR (SCALE 0-3) 10
DPTR FM NORMAL -8 PTCLDY (SCALE 4-7) 14
TOTAL FM JUL 1 2 CLOUDY (SCALE 8-10) 7
DPTR FM NORMAL -2
[CDD (BASE 65) ]
TOTAL THIS MO. 212
DPTR FM NORMAL 36 [PRESSURE DATA]
TOTAL FM JAN 1 247 HIGHEST SLP 30.13 ON 1
DPTR FM NORMAL -8 LOWEST SLP 29.68 ON 29
[REMARKS]
#FINAL-07-23#