000
CDUS41 KGYX 280808
CLIPWM


CLIMATE REPORT
NATIONAL WEATHER SERVICE GRAY ME
408 AM EDT FRI AUG 28 2015


...................................

...THE PORTLAND ME CLIMATE SUMMARY FOR AUGUST 27 2015...

CLIMATE NORMAL PERIOD 1981 TO 2010
CLIMATE RECORD PERIOD 1941 TO 2015


WEATHER ITEM   OBSERVED TIME   RECORD YEAR NORMAL DEPARTURE LAST
                VALUE   (LST)  VALUE       VALUE  FROM      YEAR
                                                  NORMAL
..................................................................
TEMPERATURE (F)
 YESTERDAY
  MAXIMUM         79    224 PM 100    1948  76      3       88
  MINIMUM         59   1159 PM  40    1954  57      2       66
  AVERAGE         69                        66      3       77

PRECIPITATION (IN)
  YESTERDAY        0.00          1.70 1892   0.10  -0.10     0.14
  MONTH TO DATE    2.49                      2.75  -0.26     7.27
  SINCE JUN 1     10.15                     10.15   0.00    17.69
  SINCE JAN 1     26.76                     29.35  -2.59    36.91

SNOWFALL (IN)
  YESTERDAY        0.0           0.0  2002   0.0    0.0      0.0
                                      2001
                                      2000
  MONTH TO DATE    0.0                       0.0    0.0      0.0
  SINCE JUN 1      0.0                       0.0    0.0      0.0
  SINCE JUL 1      0.0                       0.0    0.0      0.0
  SNOW DEPTH       0

DEGREE DAYS
 HEATING
  YESTERDAY        0                         2     -2        0
  MONTH TO DATE    0                        19    -19       16
  SINCE JUN 1    154                       142     12       93
  SINCE JUL 1     10                        36    -26       16

 COOLING
  YESTERDAY        4                         3      1       12
  MONTH TO DATE  153                       110     43       72
  SINCE JUN 1    339                       311     28      287
  SINCE JAN 1    379                       318     61      287
..................................................................


WIND (MPH)
  RESULTANT WIND SPEED   5   RESULTANT WIND DIRECTION   W (280)
  HIGHEST WIND SPEED    17   HIGHEST WIND DIRECTION     W (270)
  HIGHEST GUST SPEED    21   HIGHEST GUST DIRECTION     W (270)
  AVERAGE WIND SPEED     6.5


SKY COVER
  AVERAGE SKY COVER 0.3


WEATHER CONDITIONS
 THE FOLLOWING WEATHER WAS RECORDED YESTERDAY.
  NO SIGNIFICANT WEATHER WAS OBSERVED.


RELATIVE HUMIDITY (PERCENT)
 HIGHEST   100           200 AM
 LOWEST     45          1200 PM
 AVERAGE    73

..........................................................


THE PORTLAND ME CLIMATE NORMALS FOR TODAY
                         NORMAL    RECORD    YEAR
 MAXIMUM TEMPERATURE (F)   76        98      1948
 MINIMUM TEMPERATURE (F)   56        39      1957


SUNRISE AND SUNSET
AUGUST 28 2015........SUNRISE   600 AM EDT   SUNSET   724 PM EDT
AUGUST 29 2015........SUNRISE   601 AM EDT   SUNSET   722 PM EDT


-  INDICATES NEGATIVE NUMBERS.
R  INDICATES RECORD WAS SET OR TIED.
MM INDICATES DATA IS MISSING.
T  INDICATES TRACE AMOUNT.




$$
