000
CDUS41 KGYX 250805
CLIPWM


CLIMATE REPORT
NATIONAL WEATHER SERVICE GRAY ME
405 AM EDT MON SEP 25 2017


...................................

...THE PORTLAND ME CLIMATE SUMMARY FOR SEPTEMBER 24 2017...

CLIMATE NORMAL PERIOD 1981 TO 2010
CLIMATE RECORD PERIOD 1941 TO 2017


WEATHER ITEM   OBSERVED TIME   RECORD YEAR NORMAL DEPARTURE LAST
                VALUE   (LST)  VALUE       VALUE  FROM      YEAR
                                                  NORMAL
..................................................................
TEMPERATURE (F)
 YESTERDAY
  MAXIMUM         86   1128 AM  88    1959  67     19       67
  MINIMUM         61   1252 AM  28    1953  47     14       43
  AVERAGE         74                        57     17       55

PRECIPITATION (IN)
  YESTERDAY        0.00          2.66 1882   0.13  -0.13     0.00
  MONTH TO DATE    2.20                      2.82  -0.62     0.62
  SINCE SEP 1      2.20                      2.82  -0.62     0.62
  SINCE JAN 1     32.90                     32.56   0.34    24.15

SNOWFALL (IN)
  YESTERDAY        0.0           0.0  2002   0.0    0.0      0.0
                                      2001
                                      2000
  MONTH TO DATE    0.0                       0.0    0.0      0.0
  SINCE SEP 1      0.0                       0.0    0.0      0.0
  SINCE JUL 1      0.0                       0.0    0.0      0.0
  SNOW DEPTH       0

DEGREE DAYS
 HEATING
  YESTERDAY        0                         8     -8       10
  MONTH TO DATE   40                       116    -76       40
  SINCE SEP 1     40                       116    -76       40
  SINCE JUL 1     73                       161    -88       54

 COOLING
  YESTERDAY        9                         0      9        0
  MONTH TO DATE   44                        27     17       68
  SINCE SEP 1     44                        27     17       68
  SINCE JAN 1    408                       355     53      553
..................................................................


WIND (MPH)
  RESULTANT WIND SPEED   3   RESULTANT WIND DIRECTION   S (200)
  HIGHEST WIND SPEED    14   HIGHEST WIND DIRECTION     S (180)
  HIGHEST GUST SPEED    22   HIGHEST GUST DIRECTION     S (180)
  AVERAGE WIND SPEED     3.5


SKY COVER
  AVERAGE SKY COVER 0.0


WEATHER CONDITIONS
 THE FOLLOWING WEATHER WAS RECORDED YESTERDAY.
  NO SIGNIFICANT WEATHER WAS OBSERVED.


RELATIVE HUMIDITY (PERCENT)
 HIGHEST    93           200 AM
 LOWEST     55          1000 AM
 AVERAGE    74

..........................................................


THE PORTLAND ME CLIMATE NORMALS FOR TODAY
                         NORMAL    RECORD    YEAR
 MAXIMUM TEMPERATURE (F)   67        88      1970
 MINIMUM TEMPERATURE (F)   47        29      1963


SUNRISE AND SUNSET
SEPTEMBER 25 2017.....SUNRISE   632 AM EDT   SUNSET   633 PM EDT
SEPTEMBER 26 2017.....SUNRISE   633 AM EDT   SUNSET   631 PM EDT


-  INDICATES NEGATIVE NUMBERS.
R  INDICATES RECORD WAS SET OR TIED.
MM INDICATES DATA IS MISSING.
T  INDICATES TRACE AMOUNT.




$$
