311
CDUS41 KGYX 282043
CLIPWM


CLIMATE REPORT
NATIONAL WEATHER SERVICE GRAY ME
443 PM EDT WED SEP 28 2016


...................................

...THE PORTLAND ME CLIMATE SUMMARY FOR SEPTEMBER 28 2016...
VALID TODAY AS OF 0400 PM LOCAL TIME.

CLIMATE NORMAL PERIOD 1981 TO 2010
CLIMATE RECORD PERIOD 1941 TO 2016


WEATHER ITEM   OBSERVED TIME   RECORD YEAR NORMAL DEPARTURE LAST
                VALUE   (LST)  VALUE       VALUE  FROM      YEAR
                                                  NORMAL
..................................................................
TEMPERATURE (F)
 TODAY
  MAXIMUM         62    259 PM  82    1948  65     -3       74
  MINIMUM         53   1059 AM  26    1965  45      8       47
  AVERAGE         58                        55      3       61

PRECIPITATION (IN)
  TODAY            0.00          1.50 1909   0.15  -0.15      T
  MONTH TO DATE    0.86                      3.39  -2.53     1.16
  SINCE SEP 1      0.86                      3.39  -2.53     1.16
  SINCE JAN 1     24.39                     33.13  -8.74    27.92

SNOWFALL (IN)
  TODAY            0.0           T    1914   0.0    0.0      0.0
                                      1928
  MONTH TO DATE    0.0                       0.0    0.0      0.0
  SINCE SEP 1      0.0                       0.0    0.0      0.0
  SINCE JUL 1      0.0                       0.0    0.0      0.0
  SNOW DEPTH       0

DEGREE DAYS
 HEATING
  TODAY            7                        10     -3        4
  MONTH TO DATE   74                       154    -80       78
  SINCE SEP 1     74                       154    -80       78
  SINCE JUL 1     88                       199   -111       88

 COOLING
  TODAY            0                         0      0        0
  MONTH TO DATE   68                        27     41       93
  SINCE SEP 1     68                        27     41       93
  SINCE JAN 1    553                       355    198      488
..................................................................


WIND (MPH)
  HIGHEST WIND SPEED    16   HIGHEST WIND DIRECTION     N (20)
  HIGHEST GUST SPEED    20   HIGHEST GUST DIRECTION    NE (30)
  AVERAGE WIND SPEED    10.3


SKY COVER
  POSSIBLE SUNSHINE  MM
  AVERAGE SKY COVER 1.0


WEATHER CONDITIONS
 THE FOLLOWING WEATHER WAS RECORDED TODAY.
  NO SIGNIFICANT WEATHER WAS OBSERVED.


RELATIVE HUMIDITY (PERCENT)
 HIGHEST    93          1200 AM
 LOWEST     60           200 PM
 AVERAGE    77

..........................................................


THE PORTLAND ME CLIMATE NORMALS FOR TOMORROW
                         NORMAL    RECORD    YEAR
 MAXIMUM TEMPERATURE (F)   65        85      1945
 MINIMUM TEMPERATURE (F)   45        27      1957


SUNRISE AND SUNSET
SEPTEMBER 28 2016.....SUNRISE   636 AM EDT   SUNSET   627 PM EDT
SEPTEMBER 29 2016.....SUNRISE   637 AM EDT   SUNSET   625 PM EDT


-  INDICATES NEGATIVE NUMBERS.
R  INDICATES RECORD WAS SET OR TIED.
MM INDICATES DATA IS MISSING.
T  INDICATES TRACE AMOUNT.




$$
