000
CDUS41 KGYX 210801
CLIPWM


CLIMATE REPORT
NATIONAL WEATHER SERVICE GRAY ME
400 AM EDT TUE OCT 21 2014


...................................

...THE PORTLAND ME CLIMATE SUMMARY FOR OCTOBER 20 2014...

CLIMATE NORMAL PERIOD 1981 TO 2010
CLIMATE RECORD PERIOD 1941 TO 2014


WEATHER ITEM   OBSERVED TIME   RECORD YEAR NORMAL DEPARTURE LAST
                VALUE   (LST)  VALUE       VALUE  FROM      YEAR
                                                  NORMAL
..................................................................
TEMPERATURE (F)
 YESTERDAY
  MAXIMUM         56    357 PM  79    1947  57     -1       62
  MINIMUM         35    401 AM  24    1956  37     -2       45
  AVERAGE         46                        47     -1       54

PRECIPITATION (IN)
  YESTERDAY        0.00          2.78 1996   0.16  -0.16     0.01
  MONTH TO DATE    2.36                      3.09  -0.73     0.76
  SINCE SEP 1      3.23                      6.78  -3.55     7.48
  SINCE JAN 1     41.43                     36.52   4.91    35.70

SNOWFALL (IN)
  YESTERDAY        0.0           T    1924   0.0    0.0      0.0
                                      1943
                                      1979
  MONTH TO DATE    0.0                       0.0    0.0      0.0
  SINCE SEP 1      0.0                       0.0    0.0      0.0
  SINCE JUL 1      0.0                       0.0    0.0      0.0
  SNOW DEPTH       0

DEGREE DAYS
 HEATING
  YESTERDAY       19                        18      1       11
  MONTH TO DATE  169                       289   -120      191
  SINCE SEP 1    355                       465   -110      377
  SINCE JUL 1    379                       510   -131      395

 COOLING
  YESTERDAY        0                         0      0        0
  MONTH TO DATE    8                         0      8        0
  SINCE SEP 1     53                        30     23       37
  SINCE JAN 1    351                       358     -7      454
..................................................................


WIND (MPH)
  RESULTANT WIND SPEED   5   RESULTANT WIND DIRECTION   W (250)
  HIGHEST WIND SPEED    13   HIGHEST WIND DIRECTION     W (260)
  HIGHEST GUST SPEED    16   HIGHEST GUST DIRECTION     W (250)
  AVERAGE WIND SPEED     4.8


SKY COVER
  AVERAGE SKY COVER 0.5


WEATHER CONDITIONS
 THE FOLLOWING WEATHER WAS RECORDED YESTERDAY.
  NO SIGNIFICANT WEATHER WAS OBSERVED.


RELATIVE HUMIDITY (PERCENT)
 HIGHEST    76          1100 PM
 LOWEST     32           400 PM
 AVERAGE    54

..........................................................


THE PORTLAND ME CLIMATE NORMALS FOR TODAY
                         NORMAL    RECORD    YEAR
 MAXIMUM TEMPERATURE (F)   57        75      1979
 MINIMUM TEMPERATURE (F)   37        19      1972


SUNRISE AND SUNSET
OCTOBER 21 2014.......SUNRISE   703 AM EDT   SUNSET   548 PM EDT
OCTOBER 22 2014.......SUNRISE   704 AM EDT   SUNSET   547 PM EDT


-  INDICATES NEGATIVE NUMBERS.
R  INDICATES RECORD WAS SET OR TIED.
MM INDICATES DATA IS MISSING.
T  INDICATES TRACE AMOUNT.




$$
