000
CDUS41 KGYX 182053
CLIPWM


CLIMATE REPORT
NATIONAL WEATHER SERVICE GRAY ME
453 PM EDT MON JUL 18 2016


...................................

...THE PORTLAND ME CLIMATE SUMMARY FOR JULY 18 2016...
VALID TODAY AS OF 0400 PM LOCAL TIME.

CLIMATE NORMAL PERIOD 1981 TO 2010
CLIMATE RECORD PERIOD 1941 TO 2016


WEATHER ITEM   OBSERVED TIME   RECORD YEAR NORMAL DEPARTURE LAST
                VALUE   (LST)  VALUE       VALUE  FROM      YEAR
                                                  NORMAL
..................................................................
TEMPERATURE (F)
 TODAY
  MAXIMUM         85    147 PM  95    1982  79      6       70
  MINIMUM         64    521 AM  44    1946  60      4       63
  AVERAGE         75                        70      5       67

PRECIPITATION (IN)
  TODAY            0.00          1.12 2008   0.12  -0.12     0.10
  MONTH TO DATE    1.28                      2.09  -0.81     0.42
  SINCE JUN 1      5.70                      5.88  -0.18     6.82
  SINCE JAN 1     21.21                     25.08  -3.87    23.43

SNOWFALL (IN)
  TODAY            0.0           0.0  2002   0.0    0.0      0.0
                                      2001
                                      2000
  MONTH TO DATE    0.0                       0.0    0.0      0.0
  SINCE JUN 1      0.0                       0.0    0.0      0.0
  SINCE JUL 1      0.0                       0.0    0.0      0.0
  SNOW DEPTH       0

DEGREE DAYS
 HEATING
  TODAY            0                         0      0        0
  MONTH TO DATE   13                        12      1        6
  SINCE JUN 1     79                       118    -39      150
  SINCE JUL 1     13                        12      1        6

 COOLING
  TODAY           10                         5      5        2
  MONTH TO DATE  102                        80     22       71
  SINCE JUN 1    134                       137     -3      114
  SINCE JAN 1    150                       144      6      154
..................................................................


WIND (MPH)
  HIGHEST WIND SPEED    14   HIGHEST WIND DIRECTION     S (170)
  HIGHEST GUST SPEED    19   HIGHEST GUST DIRECTION     S (170)
  AVERAGE WIND SPEED     4.2


SKY COVER
  POSSIBLE SUNSHINE  MM
  AVERAGE SKY COVER 1.0


WEATHER CONDITIONS
 THE FOLLOWING WEATHER WAS RECORDED TODAY.
  FOG
  FOG W/VISIBILITY <= 1/4 MILE


RELATIVE HUMIDITY (PERCENT)
 HIGHEST   100           500 AM
 LOWEST     55           100 PM
 AVERAGE    78

..........................................................


THE PORTLAND ME CLIMATE NORMALS FOR TOMORROW
                         NORMAL    RECORD    YEAR
 MAXIMUM TEMPERATURE (F)   79        95      2013
 MINIMUM TEMPERATURE (F)   60        47      1956


SUNRISE AND SUNSET
JULY 18 2016..........SUNRISE   517 AM EDT   SUNSET   818 PM EDT
JULY 19 2016..........SUNRISE   518 AM EDT   SUNSET   817 PM EDT


-  INDICATES NEGATIVE NUMBERS.
R  INDICATES RECORD WAS SET OR TIED.
MM INDICATES DATA IS MISSING.
T  INDICATES TRACE AMOUNT.




$$
