000
CDUS41 KGYX 010806
CLIPWM


CLIMATE REPORT
NATIONAL WEATHER SERVICE GRAY ME
405 AM EDT SAT AUG 1 2015


...................................

...THE PORTLAND ME CLIMATE SUMMARY FOR JULY 31 2015...

CLIMATE NORMAL PERIOD 1981 TO 2010
CLIMATE RECORD PERIOD 1941 TO 2015


WEATHER ITEM   OBSERVED TIME   RECORD YEAR NORMAL DEPARTURE LAST
                VALUE   (LST)  VALUE       VALUE  FROM      YEAR
                                                  NORMAL
..................................................................
TEMPERATURE (F)
 YESTERDAY
  MAXIMUM         86    239 PM  95    1975  79      7       73
  MINIMUM         68   1159 PM  43    1956  60      8       59
  AVERAGE         77                        70      7       66

PRECIPITATION (IN)
  YESTERDAY        0.00          1.80 1976   0.11  -0.11      T
  MONTH TO DATE    1.26                      3.61  -2.35     6.12
  SINCE JUN 1      7.66                      7.40   0.26    10.42
  SINCE JAN 1     24.27                     26.60  -2.33    29.64

SNOWFALL (IN)
  YESTERDAY        0.0           0.0  2002   0.0    0.0      0.0
                                      2001
                                      2000
  MONTH TO DATE    0.0                       0.0    0.0      0.0
  SINCE JUN 1      0.0                       0.0    0.0      0.0
  SINCE JUL 1      0.0                       0.0    0.0      0.0
  SNOW DEPTH       0

DEGREE DAYS
 HEATING
  YESTERDAY        0                         0      0        0
  MONTH TO DATE   10                        12     -2        0
  SINCE JUN 1    154                       123     31       77
  SINCE JUL 1     10                        17     -7        0

 COOLING
  YESTERDAY       12                         5      7        1
  MONTH TO DATE  143                       144     -1      159
  SINCE JUN 1    186                       201    -15      215
  SINCE JAN 1    226                       208     18      215
..................................................................


WIND (MPH)
  RESULTANT WIND SPEED   8   RESULTANT WIND DIRECTION   W (260)
  HIGHEST WIND SPEED    22   HIGHEST WIND DIRECTION     W (290)
  HIGHEST GUST SPEED    28   HIGHEST GUST DIRECTION     W (250)
  AVERAGE WIND SPEED     8.3


SKY COVER
  AVERAGE SKY COVER 0.1


WEATHER CONDITIONS
 THE FOLLOWING WEATHER WAS RECORDED YESTERDAY.
  NO SIGNIFICANT WEATHER WAS OBSERVED.


RELATIVE HUMIDITY (PERCENT)
 HIGHEST   100          1200 AM
 LOWEST     37           100 PM
 AVERAGE    69

..........................................................


THE PORTLAND ME CLIMATE NORMALS FOR TODAY
                         NORMAL    RECORD    YEAR
 MAXIMUM TEMPERATURE (F)   79        98      1975
 MINIMUM TEMPERATURE (F)   60        43      1953


SUNRISE AND SUNSET
AUGUST  1 2015........SUNRISE   530 AM EDT   SUNSET   804 PM EDT
AUGUST  2 2015........SUNRISE   531 AM EDT   SUNSET   803 PM EDT


-  INDICATES NEGATIVE NUMBERS.
R  INDICATES RECORD WAS SET OR TIED.
MM INDICATES DATA IS MISSING.
T  INDICATES TRACE AMOUNT.




$$
