000
CDUS41 KGYX 252049
CLIPWM


CLIMATE REPORT
NATIONAL WEATHER SERVICE GRAY ME
449 PM EDT TUE APR 25 2017


...................................

...THE PORTLAND ME CLIMATE SUMMARY FOR APRIL 25 2017...
VALID TODAY AS OF 0400 PM LOCAL TIME.

CLIMATE NORMAL PERIOD 1981 TO 2010
CLIMATE RECORD PERIOD 1941 TO 2017


WEATHER ITEM   OBSERVED TIME   RECORD YEAR NORMAL DEPARTURE LAST
                VALUE   (LST)  VALUE       VALUE  FROM      YEAR
                                                  NORMAL
..................................................................
TEMPERATURE (F)
 TODAY
  MAXIMUM         48   1244 PM  79    1942  57     -9       62
  MINIMUM         41    654 AM  21    1965  38      3       28
  AVERAGE         45                        47     -2       45

PRECIPITATION (IN)
  TODAY            0.06          0.84 1968   0.14  -0.08     0.00
  MONTH TO DATE    4.25                      3.59   0.66     1.16
  SINCE MAR 1      7.75                      7.83  -0.08     5.53
  SINCE JAN 1     15.95                     14.46   1.49    13.07

SNOWFALL (IN)
  TODAY            0.0           2.2  1962   0.0    0.0      0.0
  MONTH TO DATE    7.9                       2.7    5.2      1.5
  SINCE MAR 1     29.1                      15.4   13.7      8.6
  SINCE JUL 1     95.3                      61.8   33.5     49.6
  SNOW DEPTH       0

DEGREE DAYS
 HEATING
  TODAY           20                        18      2       20
  MONTH TO DATE  489                       546    -57      543
  SINCE MAR 1   1603                      1522     81     1379
  SINCE JUL 1   6081                      6564   -483     5670

 COOLING
  TODAY            0                         0      0        0
  MONTH TO DATE    2                         0      2        0
  SINCE MAR 1      2                         0      2        0
  SINCE JAN 1      2                         0      2        0
..................................................................


WIND (MPH)
  HIGHEST WIND SPEED    21   HIGHEST WIND DIRECTION     S (170)
  HIGHEST GUST SPEED    31   HIGHEST GUST DIRECTION     S (190)
  AVERAGE WIND SPEED     9.0


SKY COVER
  POSSIBLE SUNSHINE  MM
  AVERAGE SKY COVER 1.0


WEATHER CONDITIONS
 THE FOLLOWING WEATHER WAS RECORDED TODAY.
  LIGHT RAIN
  FOG
  FOG W/VISIBILITY <= 1/4 MILE


RELATIVE HUMIDITY (PERCENT)
 HIGHEST   100           300 AM
 LOWEST     71           200 PM
 AVERAGE    86

..........................................................


THE PORTLAND ME CLIMATE NORMALS FOR TOMORROW
                         NORMAL    RECORD    YEAR
 MAXIMUM TEMPERATURE (F)   57        80      2009
 MINIMUM TEMPERATURE (F)   38        27      2006
                                             1948


SUNRISE AND SUNSET
APRIL 25 2017.........SUNRISE   542 AM EDT   SUNSET   737 PM EDT
APRIL 26 2017.........SUNRISE   541 AM EDT   SUNSET   738 PM EDT


-  INDICATES NEGATIVE NUMBERS.
R  INDICATES RECORD WAS SET OR TIED.
MM INDICATES DATA IS MISSING.
T  INDICATES TRACE AMOUNT.




$$
